114.119.139.148 - - [01/Sep/2022:00:03:25 -0700] "GET /2test/index.php/2020/04/03/sample-page/ HTTP/1.1" 200 21003 "http://savemoki.com/2test/index.php/courses/fifth-grade/" "Mozilla/5.0 (Linux; Android 7.0;) AppleWebKit/537.36 (KHTML, like Gecko) Mobile Safari/537.36 (compatible; PetalBot;+https://webmaster.petalsearch.com/site/petalbot)" "savemoki.com"
10.213.116.64 - - [01/Sep/2022:00:03:28 -0700] "POST /2test/wp-cron.php?doing_wp_cron=1662015808.5208759307861328125000 HTTP/1.1" 200 - "http://savemoki.com/2test/wp-cron.php?doing_wp_cron=1662015808.5208759307861328125000" "WordPress/5.4.11; http://savemoki.com/2test" "savemoki.com"
185.119.81.103 - - [01/Sep/2022:00:04:04 -0700] "GET /2test/wp-login.php HTTP/1.1" 200 6062 "-" "Mozilla/5.0 (Windows NT 6.1; Win64; x64) AppleWebKit/537.36 (KHTML, like Gecko) Chrome/80.0.3987.132 Safari/537.36" "savemoki.com"
185.119.81.103 - - [01/Sep/2022:00:04:07 -0700] "POST /2test/wp-login.php HTTP/1.1" 200 6341 "http://savemoki.com/2test/wp-login.php" "Mozilla/5.0 (Windows NT 6.1; Win64; x64) AppleWebKit/537.36 (KHTML, like Gecko) Chrome/80.0.3987.132 Safari/537.36" "savemoki.com"
114.119.139.183 - - [01/Sep/2022:00:12:24 -0700] "GET /sitebuilder/scripts/?C=M%3BO%3DA HTTP/1.1" 200 373 "https://www.savemoki.com/sitebuilder/scripts?N=D" "Mozilla/5.0 (Linux; Android 7.0;) AppleWebKit/537.36 (KHTML, like Gecko) Mobile Safari/537.36 (compatible; PetalBot;+https://webmaster.petalsearch.com/site/petalbot)" "www.savemoki.com"
51.222.253.19 - - [01/Sep/2022:00:17:22 -0700] "GET /clipart/buttons/themes/swoosh_blue/?C=D;O=A HTTP/1.1" 200 418 "-" "Mozilla/5.0 (compatible; AhrefsBot/7.0; +http://ahrefs.com/robot/)" "www.savemoki.com"
114.119.134.192 - - [01/Sep/2022:00:21:12 -0700] "GET /clipart/lines?M=A HTTP/1.1" 301 1417 "https://savemoki.com/clipart/lines?S=D" "Mozilla/5.0 (Linux; Android 7.0;) AppleWebKit/537.36 (KHTML, like Gecko) Mobile Safari/537.36 (compatible; PetalBot;+https://webmaster.petalsearch.com/site/petalbot)" "savemoki.com"
114.119.134.192 - - [01/Sep/2022:00:21:15 -0700] "GET /clipart/lines/?M=A HTTP/1.1" 200 361 "https://savemoki.com/clipart/lines?S=D" "Mozilla/5.0 (Linux; Android 7.0;) AppleWebKit/537.36 (KHTML, like Gecko) Mobile Safari/537.36 (compatible; PetalBot;+https://webmaster.petalsearch.com/site/petalbot)" "savemoki.com"
206.119.79.13 - - [01/Sep/2022:00:22:03 -0700] "GET /contact_us.html HTTP/1.1" 200 18024 "http://savemoki.com/contact_us.html" "Mozilla/5.0 (Windows NT 6.1; Win64; x64) AppleWebKit/537.36 (KHTML, like Gecko) Chrome/90.0.4430.85 Safari/537.36" "savemoki.com"
206.119.79.13 - - [01/Sep/2022:00:22:45 -0700] "GET / HTTP/1.1" 200 7350 "http://savemoki.com/" "Mozilla/5.0 (Windows NT 6.1; Win64; x64) AppleWebKit/537.36 (KHTML, like Gecko) Chrome/90.0.4430.85 Safari/537.36" "savemoki.com"
216.244.66.249 - - [01/Sep/2022:00:22:57 -0700] "GET /robots.txt HTTP/1.1" 200 39 "-" "Mozilla/5.0 (compatible; DotBot/1.2; +https://opensiteexplorer.org/dotbot; help@moz.com)" "www.savemoki.com"
216.244.66.249 - - [01/Sep/2022:00:22:57 -0700] "GET /robots.txt HTTP/1.1" 200 39 "-" "Mozilla/5.0 (compatible; DotBot/1.2; +https://opensiteexplorer.org/dotbot; help@moz.com)" "savemoki.com"
206.119.79.13 - - [01/Sep/2022:00:23:05 -0700] "GET /blog/ HTTP/1.1" 200 698 "http://savemoki.com/blog/" "Mozilla/5.0 (Windows NT 6.1; Win64; x64) AppleWebKit/537.36 (KHTML, like Gecko) Chrome/90.0.4430.85 Safari/537.36" "savemoki.com"
206.119.79.13 - - [01/Sep/2022:00:23:09 -0700] "GET /blog/contact_us.html HTTP/1.1" 404 73 "http://savemoki.com/blog/contact_us.html" "Mozilla/5.0 (Windows NT 6.1; Win64; x64) AppleWebKit/537.36 (KHTML, like Gecko) Chrome/90.0.4430.85 Safari/537.36" "savemoki.com"
206.119.79.13 - - [01/Sep/2022:00:23:23 -0700] "GET /contact_us.html HTTP/1.1" 200 18024 "http://savemoki.com/contact_us.html" "Mozilla/5.0 (Windows NT 6.1; Win64; x64) AppleWebKit/537.36 (KHTML, like Gecko) Chrome/90.0.4430.85 Safari/537.36" "savemoki.com"
51.222.253.13 - - [01/Sep/2022:00:27:00 -0700] "GET /clipart/buttons/themes/?C=N;O=D HTTP/1.1" 200 397 "-" "Mozilla/5.0 (compatible; AhrefsBot/7.0; +http://ahrefs.com/robot/)" "savemoki.com"
145.255.11.253 - - [01/Sep/2022:00:27:04 -0700] "GET /blog1/2015/05/07/test-post/ HTTP/1.1" 404 73 "http://savemoki.com/blog1/2015/05/07/test-post/" "Mozilla/5.0 (Windows NT 6.1; Win64; x64) AppleWebKit/537.36 (KHTML, like Gecko) Chrome/90.0.4430.85 Safari/537.36" "savemoki.com"
145.255.11.253 - - [01/Sep/2022:00:27:05 -0700] "GET / HTTP/1.1" 200 7350 "http://savemoki.com/" "Mozilla/5.0 (Windows NT 6.1; Win64; x64) AppleWebKit/537.36 (KHTML, like Gecko) Chrome/90.0.4430.85 Safari/537.36" "savemoki.com"
145.255.11.253 - - [01/Sep/2022:00:27:05 -0700] "GET /blog/ HTTP/1.1" 200 698 "http://savemoki.com/blog/" "Mozilla/5.0 (Windows NT 6.1; Win64; x64) AppleWebKit/537.36 (KHTML, like Gecko) Chrome/90.0.4430.85 Safari/537.36" "savemoki.com"
145.255.11.253 - - [01/Sep/2022:00:27:06 -0700] "GET /blog/contact_us.html HTTP/1.1" 404 73 "http://savemoki.com/blog/contact_us.html" "Mozilla/5.0 (Windows NT 6.1; Win64; x64) AppleWebKit/537.36 (KHTML, like Gecko) Chrome/90.0.4430.85 Safari/537.36" "savemoki.com"
145.255.11.253 - - [01/Sep/2022:00:27:07 -0700] "GET /contact_us.html HTTP/1.1" 200 18024 "http://savemoki.com/contact_us.html" "Mozilla/5.0 (Windows NT 6.1; Win64; x64) AppleWebKit/537.36 (KHTML, like Gecko) Chrome/90.0.4430.85 Safari/537.36" "savemoki.com"
114.119.139.148 - - [01/Sep/2022:00:30:12 -0700] "GET /blog/wp-content/themes/themeforest-625914-ice-theme-powerful-wordpress-theme-1/documentation/ HTTP/1.1" 200 14882 "https://www.savemoki.com/blog/wp-content/themes/themeforest-625914-ice-theme-powerful-wordpress-theme-1/?C=D%3BO%3DA" "Mozilla/5.0 (Linux; Android 7.0;) AppleWebKit/537.36 (KHTML, like Gecko) Mobile Safari/537.36 (compatible; PetalBot;+https://webmaster.petalsearch.com/site/petalbot)" "www.savemoki.com"
114.119.134.192 - - [01/Sep/2022:00:39:06 -0700] "GET /clipart/images?D=A HTTP/1.1" 301 1419 "https://www.savemoki.com/clipart/images?N=D" "Mozilla/5.0 (Linux; Android 7.0;) AppleWebKit/537.36 (KHTML, like Gecko) Mobile Safari/537.36 (compatible; PetalBot;+https://webmaster.petalsearch.com/site/petalbot)" "www.savemoki.com"
114.119.134.192 - - [01/Sep/2022:00:39:08 -0700] "GET /clipart/images/?D=A HTTP/1.1" 200 489 "https://www.savemoki.com/clipart/images?N=D" "Mozilla/5.0 (Linux; Android 7.0;) AppleWebKit/537.36 (KHTML, like Gecko) Mobile Safari/537.36 (compatible; PetalBot;+https://webmaster.petalsearch.com/site/petalbot)" "www.savemoki.com"
114.119.141.30 - - [01/Sep/2022:00:42:39 -0700] "GET /robots.txt HTTP/1.1" 200 55 "-" "Mozilla/5.0 (compatible;PetalBot;+https://webmaster.petalsearch.com/site/petalbot)" "www.savemoki.com"
51.222.253.6 - - [01/Sep/2022:00:46:49 -0700] "GET /clipart/buttons/themes/swoosh_blue/?C=M;O=A HTTP/1.1" 200 418 "-" "Mozilla/5.0 (compatible; AhrefsBot/7.0; +http://ahrefs.com/robot/)" "www.savemoki.com"
114.119.134.192 - - [01/Sep/2022:00:47:46 -0700] "GET /clipart/backgrounds/fullpage?C=S%3BO%3DA HTTP/1.1" 301 1431 "https://savemoki.com/clipart/backgrounds/fullpage?M=D" "Mozilla/5.0 (Linux; Android 7.0;) AppleWebKit/537.36 (KHTML, like Gecko) Mobile Safari/537.36 (compatible; PetalBot;+https://webmaster.petalsearch.com/site/petalbot)" "savemoki.com"
114.119.134.192 - - [01/Sep/2022:00:47:47 -0700] "GET /clipart/backgrounds/fullpage/?C=S%3BO%3DA HTTP/1.1" 200 389 "https://savemoki.com/clipart/backgrounds/fullpage?M=D" "Mozilla/5.0 (Linux; Android 7.0;) AppleWebKit/537.36 (KHTML, like Gecko) Mobile Safari/537.36 (compatible; PetalBot;+https://webmaster.petalsearch.com/site/petalbot)" "savemoki.com"
51.222.253.1 - - [01/Sep/2022:01:05:39 -0700] "GET /clipart/backgrounds/ HTTP/1.1" 200 366 "-" "Mozilla/5.0 (compatible; AhrefsBot/7.0; +http://ahrefs.com/robot/)" "www.savemoki.com"
114.119.139.148 - - [01/Sep/2022:01:07:09 -0700] "GET /blog/wp-content/themes/themeforest-625914-ice-theme-powerful-wordpress-theme-1?C=S%3BO%3DA HTTP/1.1" 301 1467 "https://savemoki.com/blog/wp-content/themes/themeforest-625914-ice-theme-powerful-wordpress-theme-1?C=N%3BO%3DD" "Mozilla/5.0 (Linux; Android 7.0;) AppleWebKit/537.36 (KHTML, like Gecko) Mobile Safari/537.36 (compatible; PetalBot;+https://webmaster.petalsearch.com/site/petalbot)" "savemoki.com"
114.119.139.148 - - [01/Sep/2022:01:07:09 -0700] "GET /blog/wp-content/themes/themeforest-625914-ice-theme-powerful-wordpress-theme-1/?C=S%3BO%3DA HTTP/1.1" 200 513 "https://savemoki.com/blog/wp-content/themes/themeforest-625914-ice-theme-powerful-wordpress-theme-1?C=N%3BO%3DD" "Mozilla/5.0 (Linux; Android 7.0;) AppleWebKit/537.36 (KHTML, like Gecko) Mobile Safari/537.36 (compatible; PetalBot;+https://webmaster.petalsearch.com/site/petalbot)" "savemoki.com"
216.244.66.249 - - [01/Sep/2022:01:07:52 -0700] "GET /robots.txt HTTP/1.1" 200 39 "-" "Mozilla/5.0 (compatible; DotBot/1.2; +https://opensiteexplorer.org/dotbot; help@moz.com)" "savemoki.com"
216.244.66.249 - - [01/Sep/2022:01:07:52 -0700] "GET /robots.txt HTTP/1.1" 200 39 "-" "Mozilla/5.0 (compatible; DotBot/1.2; +https://opensiteexplorer.org/dotbot; help@moz.com)" "www.savemoki.com"
80.135.206.254 - - [01/Sep/2022:01:09:36 -0700] "GET /contact_us.html HTTP/1.1" 200 18024 "http://savemoki.com/contact_us.html" "Mozilla/5.0 (Windows NT 6.1; WOW64) AppleWebKit/537.36 (KHTML, like Gecko) Chrome/90.0.4430.85 Safari/537.36" "savemoki.com"
207.46.13.131 - - [01/Sep/2022:01:14:15 -0700] "GET /sitemap.xml HTTP/1.1" 200 251 "-" "Mozilla/5.0 (compatible; bingbot/2.0; +http://www.bing.com/bingbot.htm)" "savemoki.com"
94.41.40.123 - - [01/Sep/2022:01:26:38 -0700] "GET /contact_us.html HTTP/1.1" 200 18024 "http://savemoki.com/contact_us.html" "Mozilla/5.0 (Windows NT 6.1; ) AppleWebKit/537.36 (KHTML, like Gecko) Chrome/90.0.4430.85 Safari/537.36" "savemoki.com"
114.119.139.148 - - [01/Sep/2022:01:27:41 -0700] "GET /blog/wp-content/themes/themeforest-625914-ice-theme-powerful-wordpress-theme-1/licensing/GPL.txt HTTP/1.1" 200 5523 "https://savemoki.com/blog/wp-content/themes/themeforest-625914-ice-theme-powerful-wordpress-theme-1/licensing/?C=D%3BO%3DA" "Mozilla/5.0 (Linux; Android 7.0;) AppleWebKit/537.36 (KHTML, like Gecko) Mobile Safari/537.36 (compatible; PetalBot;+https://webmaster.petalsearch.com/site/petalbot)" "savemoki.com"
114.119.156.133 - - [01/Sep/2022:01:48:00 -0700] "GET /clipart/buttons/themes/swoosh_blue/?C=N%3BO%3DD HTTP/1.1" 200 418 "https://savemoki.com/clipart/buttons/themes/swoosh_blue?M=A" "Mozilla/5.0 (Linux; Android 7.0;) AppleWebKit/537.36 (KHTML, like Gecko) Mobile Safari/537.36 (compatible; PetalBot;+https://webmaster.petalsearch.com/site/petalbot)" "savemoki.com"
118.184.177.46 - - [01/Sep/2022:01:49:57 -0700] "GET / HTTP/1.1" 200 1284 "-" "Sogou web spider/4.0(+http://www.sogou.com/docs/help/webmasters.htm#07)" "www.savemoki.com"
216.244.66.249 - - [01/Sep/2022:01:53:14 -0700] "GET /robots.txt HTTP/1.1" 200 39 "-" "Mozilla/5.0 (compatible; DotBot/1.2; +https://opensiteexplorer.org/dotbot; help@moz.com)" "www.savemoki.com"
216.244.66.249 - - [01/Sep/2022:01:53:14 -0700] "GET /robots.txt HTTP/1.1" 200 39 "-" "Mozilla/5.0 (compatible; DotBot/1.2; +https://opensiteexplorer.org/dotbot; help@moz.com)" "savemoki.com"
114.119.156.133 - - [01/Sep/2022:01:58:01 -0700] "GET /blog/wp-content/themes/themeforest-625914-ice-theme-powerful-wordpress-theme-1/licensing/?C=N%3BO%3DD HTTP/1.1" 200 419 "https://www.savemoki.com/blog/wp-content/themes/themeforest-625914-ice-theme-powerful-wordpress-theme-1/licensing?C=M%3BO%3DA" "Mozilla/5.0 (Linux; Android 7.0;) AppleWebKit/537.36 (KHTML, like Gecko) Mobile Safari/537.36 (compatible; PetalBot;+https://webmaster.petalsearch.com/site/petalbot)" "www.savemoki.com"
114.119.139.183 - - [01/Sep/2022:02:08:19 -0700] "GET /media/?C=N%3BO%3DD HTTP/1.1" 200 396 "https://www.savemoki.com/media/?C=D%3BO%3DA" "Mozilla/5.0 (Linux; Android 7.0;) AppleWebKit/537.36 (KHTML, like Gecko) Mobile Safari/537.36 (compatible; PetalBot;+https://webmaster.petalsearch.com/site/petalbot)" "www.savemoki.com"
142.93.3.8 - - [01/Sep/2022:02:11:43 -0700] "GET / HTTP/1.1" 200 1284 "-" "Mozilla/4.0 (compatible; MSIE 7.0; Windows NT 5.1)" "www.savemoki.com"
142.93.3.8 - - [01/Sep/2022:02:11:44 -0700] "GET /Links.html HTTP/1.1" 200 8682 "https://www.savemoki.com" "Mozilla/4.0 (compatible; MSIE 7.0; Windows NT 5.1)" "www.savemoki.com"
142.93.3.8 - - [01/Sep/2022:02:11:46 -0700] "GET /Feline_health.html HTTP/1.1" 200 8098 "https://www.savemoki.com" "Mozilla/4.0 (compatible; MSIE 7.0; Windows NT 5.1)" "www.savemoki.com"
142.93.3.8 - - [01/Sep/2022:02:11:48 -0700] "GET /Donate HTTP/1.1" 200 2982 "https://www.savemoki.com" "Mozilla/4.0 (compatible; MSIE 7.0; Windows NT 5.1)" "www.savemoki.com"
142.93.3.8 - - [01/Sep/2022:02:11:49 -0700] "GET /Cartoon_Pet_Pills.html HTTP/1.1" 200 598 "https://www.savemoki.com" "Mozilla/4.0 (compatible; MSIE 7.0; Windows NT 5.1)" "www.savemoki.com"
142.93.3.8 - - [01/Sep/2022:02:11:51 -0700] "GET /Bud.html HTTP/1.1" 200 1820 "https://www.savemoki.com" "Mozilla/4.0 (compatible; MSIE 7.0; Windows NT 5.1)" "www.savemoki.com"
142.93.3.8 - - [01/Sep/2022:02:11:53 -0700] "GET /Announcements.html HTTP/1.1" 200 5728 "https://www.savemoki.com" "Mozilla/4.0 (compatible; MSIE 7.0; Windows NT 5.1)" "www.savemoki.com"
142.93.3.8 - - [01/Sep/2022:02:11:54 -0700] "GET /2test/ HTTP/1.1" 200 20598 "https://www.savemoki.com" "Mozilla/4.0 (compatible; MSIE 7.0; Windows NT 5.1)" "www.savemoki.com"
142.93.3.8 - - [01/Sep/2022:02:12:00 -0700] "GET /clipart/ HTTP/1.1" 200 440 "https://www.savemoki.com" "Mozilla/4.0 (compatible; MSIE 7.0; Windows NT 5.1)" "www.savemoki.com"
142.93.3.8 - - [01/Sep/2022:02:12:00 -0700] "GET /Ways_U_Can_help.html HTTP/1.1" 200 4289 "https://www.savemoki.com" "Mozilla/4.0 (compatible; MSIE 7.0; Windows NT 5.1)" "www.savemoki.com"
142.93.3.8 - - [01/Sep/2022:02:12:00 -0700] "GET /blog/ HTTP/1.1" 200 352 "https://www.savemoki.com" "Mozilla/4.0 (compatible; MSIE 7.0; Windows NT 5.1)" "www.savemoki.com"
142.93.3.8 - - [01/Sep/2022:02:12:02 -0700] "GET /Videos.html HTTP/1.1" 200 5182 "https://www.savemoki.com" "Mozilla/4.0 (compatible; MSIE 7.0; Windows NT 5.1)" "www.savemoki.com"
142.93.3.8 - - [01/Sep/2022:02:12:03 -0700] "GET /Updates_On_Special_Friends.html HTTP/1.1" 200 2469 "https://www.savemoki.com" "Mozilla/4.0 (compatible; MSIE 7.0; Windows NT 5.1)" "www.savemoki.com"
10.213.116.64 - - [01/Sep/2022:02:11:57 -0700] "POST /2test/wp-cron.php?doing_wp_cron=1662023517.4109890460968017578125 HTTP/1.1" 200 - "https://savemoki.com/2test/wp-cron.php?doing_wp_cron=1662023517.4109890460968017578125" "WordPress/5.4.11; https://savemoki.com/2test" "savemoki.com"
142.93.3.8 - - [01/Sep/2022:02:12:05 -0700] "GET /Special_Thanks.html HTTP/1.1" 200 3182 "https://www.savemoki.com" "Mozilla/4.0 (compatible; MSIE 7.0; Windows NT 5.1)" "www.savemoki.com"
142.93.3.8 - - [01/Sep/2022:02:12:07 -0700] "GET /Shop.html HTTP/1.1" 200 2842 "https://www.savemoki.com" "Mozilla/4.0 (compatible; MSIE 7.0; Windows NT 5.1)" "www.savemoki.com"
142.93.3.8 - - [01/Sep/2022:02:12:08 -0700] "GET /Other_Cats_In_Need.html HTTP/1.1" 200 6033 "https://www.savemoki.com" "Mozilla/4.0 (compatible; MSIE 7.0; Windows NT 5.1)" "www.savemoki.com"
142.93.3.8 - - [01/Sep/2022:02:12:10 -0700] "GET /New4.html HTTP/1.1" 200 1117 "https://www.savemoki.com" "Mozilla/4.0 (compatible; MSIE 7.0; Windows NT 5.1)" "www.savemoki.com"
142.93.3.8 - - [01/Sep/2022:02:12:11 -0700] "GET /New3.html HTTP/1.1" 200 425 "https://www.savemoki.com" "Mozilla/4.0 (compatible; MSIE 7.0; Windows NT 5.1)" "www.savemoki.com"
142.93.3.8 - - [01/Sep/2022:02:12:13 -0700] "GET /New2.html HTTP/1.1" 200 561 "https://www.savemoki.com" "Mozilla/4.0 (compatible; MSIE 7.0; Windows NT 5.1)" "www.savemoki.com"
142.93.3.8 - - [01/Sep/2022:02:12:14 -0700] "GET /New1.html HTTP/1.1" 200 425 "https://www.savemoki.com" "Mozilla/4.0 (compatible; MSIE 7.0; Windows NT 5.1)" "www.savemoki.com"
142.93.3.8 - - [01/Sep/2022:02:12:16 -0700] "GET /Mokismedicalsec.html HTTP/1.1" 200 3973 "https://www.savemoki.com" "Mozilla/4.0 (compatible; MSIE 7.0; Windows NT 5.1)" "www.savemoki.com"
142.93.3.8 - - [01/Sep/2022:02:12:17 -0700] "GET /Mokislabpage3.html HTTP/1.1" 200 3826 "https://www.savemoki.com" "Mozilla/4.0 (compatible; MSIE 7.0; Windows NT 5.1)" "www.savemoki.com"
142.93.3.8 - - [01/Sep/2022:02:12:18 -0700] "GET /Mokislabpage2.html HTTP/1.1" 200 4057 "https://www.savemoki.com" "Mozilla/4.0 (compatible; MSIE 7.0; Windows NT 5.1)" "www.savemoki.com"
142.93.3.8 - - [01/Sep/2022:02:12:19 -0700] "GET /Mokislabpage1.html HTTP/1.1" 200 4020 "https://www.savemoki.com" "Mozilla/4.0 (compatible; MSIE 7.0; Windows NT 5.1)" "www.savemoki.com"
142.93.3.8 - - [01/Sep/2022:02:12:21 -0700] "GET /Mokis_friends.html HTTP/1.1" 200 5925 "https://www.savemoki.com" "Mozilla/4.0 (compatible; MSIE 7.0; Windows NT 5.1)" "www.savemoki.com"
142.93.3.8 - - [01/Sep/2022:02:12:22 -0700] "GET /Mokis_Videos.html HTTP/1.1" 200 5528 "https://www.savemoki.com" "Mozilla/4.0 (compatible; MSIE 7.0; Windows NT 5.1)" "www.savemoki.com"
142.93.3.8 - - [01/Sep/2022:02:12:23 -0700] "GET /Mokis_Story.html HTTP/1.1" 200 11607 "https://www.savemoki.com" "Mozilla/4.0 (compatible; MSIE 7.0; Windows NT 5.1)" "www.savemoki.com"
142.93.3.8 - - [01/Sep/2022:02:12:25 -0700] "GET /Mokis_Medical_Records.html HTTP/1.1" 200 5014 "https://www.savemoki.com" "Mozilla/4.0 (compatible; MSIE 7.0; Windows NT 5.1)" "www.savemoki.com"
142.93.3.8 - - [01/Sep/2022:02:12:26 -0700] "GET /Mokis_Labwork.html HTTP/1.1" 200 4943 "https://www.savemoki.com" "Mozilla/4.0 (compatible; MSIE 7.0; Windows NT 5.1)" "www.savemoki.com"
142.93.3.8 - - [01/Sep/2022:02:12:27 -0700] "GET /MedicalRecord.html HTTP/1.1" 200 4796 "https://www.savemoki.com" "Mozilla/4.0 (compatible; MSIE 7.0; Windows NT 5.1)" "www.savemoki.com"
142.93.3.8 - - [01/Sep/2022:02:12:29 -0700] "GET /Links_Feline_Health.html HTTP/1.1" 200 10246 "https://www.savemoki.com" "Mozilla/4.0 (compatible; MSIE 7.0; Windows NT 5.1)" "www.savemoki.com"
114.119.132.61 - - [01/Sep/2022:02:16:43 -0700] "GET /robots.txt HTTP/1.1" 200 55 "-" "Mozilla/5.0 (compatible;PetalBot;+https://webmaster.petalsearch.com/site/petalbot)" "savemoki.com"
114.119.139.183 - - [01/Sep/2022:02:18:36 -0700] "GET /sitebuilder?N=A HTTP/1.1" 301 1417 "https://www.savemoki.com/sitebuilder?D=D" "Mozilla/5.0 (Linux; Android 7.0;) AppleWebKit/537.36 (KHTML, like Gecko) Mobile Safari/537.36 (compatible; PetalBot;+https://webmaster.petalsearch.com/site/petalbot)" "www.savemoki.com"
114.119.139.183 - - [01/Sep/2022:02:18:37 -0700] "GET /sitebuilder/?N=A HTTP/1.1" 200 372 "https://www.savemoki.com/sitebuilder?D=D" "Mozilla/5.0 (Linux; Android 7.0;) AppleWebKit/537.36 (KHTML, like Gecko) Mobile Safari/537.36 (compatible; PetalBot;+https://webmaster.petalsearch.com/site/petalbot)" "www.savemoki.com"
119.8.44.54 - - [01/Sep/2022:02:21:26 -0700] "GET /contact_us.html HTTP/1.1" 200 18024 "http://savemoki.com/contact_us.html" "Mozilla/5.0 (Windows NT 10.0) AppleWebKit/537.36 (KHTML, like Gecko) Chrome/90.0.4430.85 Safari/537.36 Edg/90.0.818.46" "savemoki.com"
208.67.106.91 - - [01/Sep/2022:02:23:54 -0700] "GET /wp-commentin.php HTTP/1.1" 404 88 "www.google.com" "Mozlila/5.0 (Linux; Android 7.0; SM-G892A Bulid/NRD90M; wv) AppleWebKit/537.36 (KHTML, like Gecko) Version/4.0 Chrome/60.0.3112.107 Moblie Safari/537.36" "savemoki.com"
208.67.106.91 - - [01/Sep/2022:02:24:07 -0700] "GET /wp-commentin.php HTTP/1.1" 404 88 "www.google.com" "Mozlila/5.0 (Linux; Android 7.0; SM-G892A Bulid/NRD90M; wv) AppleWebKit/537.36 (KHTML, like Gecko) Version/4.0 Chrome/60.0.3112.107 Moblie Safari/537.36" "savemoki.com"
51.222.253.17 - - [01/Sep/2022:02:29:52 -0700] "GET /blog/wp-content/themes/themeforest-625914-ice-theme-powerful-wordpress-theme-1/sample%20content/?C=M;O=D HTTP/1.1" 200 570 "-" "Mozilla/5.0 (compatible; AhrefsBot/7.0; +http://ahrefs.com/robot/)" "savemoki.com"
114.119.156.133 - - [01/Sep/2022:02:32:14 -0700] "GET /navigation_bars/navbar.nav HTTP/1.1" 200 7594 "-" "Mozilla/5.0 (Linux; Android 7.0;) AppleWebKit/537.36 (KHTML, like Gecko) Mobile Safari/537.36 (compatible; PetalBot;+https://webmaster.petalsearch.com/site/petalbot)" "savemoki.com"
114.119.129.189 - - [01/Sep/2022:02:34:48 -0700] "GET /robots.txt HTTP/1.1" 200 55 "-" "Mozilla/5.0 (compatible;PetalBot;+https://webmaster.petalsearch.com/site/petalbot)" "www.savemoki.com"
114.119.139.183 - - [01/Sep/2022:02:38:50 -0700] "GET /clipart/buttons?C=S%3BO%3DA HTTP/1.1" 301 1428 "https://savemoki.com/clipart/buttons?C=M%3BO%3DA" "Mozilla/5.0 (Linux; Android 7.0;) AppleWebKit/537.36 (KHTML, like Gecko) Mobile Safari/537.36 (compatible; PetalBot;+https://webmaster.petalsearch.com/site/petalbot)" "savemoki.com"
114.119.139.183 - - [01/Sep/2022:02:38:51 -0700] "GET /clipart/buttons/?C=S%3BO%3DA HTTP/1.1" 200 359 "https://savemoki.com/clipart/buttons?C=M%3BO%3DA" "Mozilla/5.0 (Linux; Android 7.0;) AppleWebKit/537.36 (KHTML, like Gecko) Mobile Safari/537.36 (compatible; PetalBot;+https://webmaster.petalsearch.com/site/petalbot)" "savemoki.com"
216.244.66.249 - - [01/Sep/2022:02:40:05 -0700] "GET /robots.txt HTTP/1.1" 200 39 "-" "Mozilla/5.0 (compatible; DotBot/1.2; +https://opensiteexplorer.org/dotbot; help@moz.com)" "www.savemoki.com"
216.244.66.249 - - [01/Sep/2022:02:40:05 -0700] "GET /robots.txt HTTP/1.1" 200 39 "-" "Mozilla/5.0 (compatible; DotBot/1.2; +https://opensiteexplorer.org/dotbot; help@moz.com)" "savemoki.com"
114.119.139.183 - - [01/Sep/2022:02:49:02 -0700] "GET /clipart/buttons/themes/?C=M%3BO%3DA HTTP/1.1" 200 404 "https://savemoki.com/clipart/buttons/themes?C=N%3BO%3DD" "Mozilla/5.0 (Linux; Android 7.0;) AppleWebKit/537.36 (KHTML, like Gecko) Mobile Safari/537.36 (compatible; PetalBot;+https://webmaster.petalsearch.com/site/petalbot)" "savemoki.com"
114.119.139.183 - - [01/Sep/2022:02:58:48 -0700] "GET /clipart/backgrounds/?C=N%3BO%3DD HTTP/1.1" 200 366 "https://savemoki.com/clipart/backgrounds?N=A" "Mozilla/5.0 (Linux; Android 7.0;) AppleWebKit/537.36 (KHTML, like Gecko) Mobile Safari/537.36 (compatible; PetalBot;+https://webmaster.petalsearch.com/site/petalbot)" "savemoki.com"
114.119.134.192 - - [01/Sep/2022:03:09:00 -0700] "GET /clipart/backgrounds/fullpage?C=M%3BO%3DA HTTP/1.1" 301 1432 "https://www.savemoki.com/clipart/backgrounds/fullpage?M=A" "Mozilla/5.0 (Linux; Android 7.0;) AppleWebKit/537.36 (KHTML, like Gecko) Mobile Safari/537.36 (compatible; PetalBot;+https://webmaster.petalsearch.com/site/petalbot)" "www.savemoki.com"
114.119.134.192 - - [01/Sep/2022:03:09:01 -0700] "GET /clipart/backgrounds/fullpage/?C=M%3BO%3DA HTTP/1.1" 200 389 "https://www.savemoki.com/clipart/backgrounds/fullpage?M=A" "Mozilla/5.0 (Linux; Android 7.0;) AppleWebKit/537.36 (KHTML, like Gecko) Mobile Safari/537.36 (compatible; PetalBot;+https://webmaster.petalsearch.com/site/petalbot)" "www.savemoki.com"
20.163.104.189 - - [01/Sep/2022:03:12:04 -0700] "GET /wp-admin/css/ HTTP/1.1" 404 88 "binance.com" "Mozilla/5.0 (Windows NT 10.0; Win64; x64) AppleWebKit/537.36 (KHTML, like Gecko) Chrome/90.0.4430.85 Safari/537.36" "savemoki.com"
20.163.104.189 - - [01/Sep/2022:03:12:10 -0700] "GET /sites/default/files/ HTTP/1.1" 404 88 "binance.com" "Mozilla/5.0 (Windows NT 10.0; Win64; x64) AppleWebKit/537.36 (KHTML, like Gecko) Chrome/90.0.4430.85 Safari/537.36" "savemoki.com"
20.163.104.189 - - [01/Sep/2022:03:12:15 -0700] "GET /admin/controller/extension/extension/ HTTP/1.1" 404 88 "binance.com" "Mozilla/5.0 (Windows NT 10.0; Win64; x64) AppleWebKit/537.36 (KHTML, like Gecko) Chrome/90.0.4430.85 Safari/537.36" "savemoki.com"
20.163.104.189 - - [01/Sep/2022:03:12:17 -0700] "GET /uploads/ HTTP/1.1" 404 88 "binance.com" "Mozilla/5.0 (Windows NT 10.0; Win64; x64) AppleWebKit/537.36 (KHTML, like Gecko) Chrome/90.0.4430.85 Safari/537.36" "savemoki.com"
20.163.104.189 - - [01/Sep/2022:03:12:21 -0700] "GET /images/ HTTP/1.1" 200 2158 "binance.com" "Mozilla/5.0 (Windows NT 10.0; Win64; x64) AppleWebKit/537.36 (KHTML, like Gecko) Chrome/90.0.4430.85 Safari/537.36" "savemoki.com"
20.163.104.189 - - [01/Sep/2022:03:12:27 -0700] "GET /files/ HTTP/1.1" 200 380 "binance.com" "Mozilla/5.0 (Windows NT 10.0; Win64; x64) AppleWebKit/537.36 (KHTML, like Gecko) Chrome/90.0.4430.85 Safari/537.36" "savemoki.com"
51.222.253.2 - - [01/Sep/2022:03:17:46 -0700] "GET /blog/wp-content/themes/themeforest-625914-ice-theme-powerful-wordpress-theme-1/documentation/ HTTP/1.1" 200 14882 "-" "Mozilla/5.0 (compatible; AhrefsBot/7.0; +http://ahrefs.com/robot/)" "www.savemoki.com"
51.222.253.19 - - [01/Sep/2022:03:17:52 -0700] "GET /blog/wp-content/themes/themeforest-625914-ice-theme-powerful-wordpress-theme-1/documentation/assets/blueprint-css/screen.css HTTP/1.1" 200 3206 "-" "Mozilla/5.0 (compatible; AhrefsBot/7.0; +http://ahrefs.com/robot/)" "www.savemoki.com"
51.222.253.20 - - [01/Sep/2022:03:17:52 -0700] "GET /blog/wp-content/themes/themeforest-625914-ice-theme-powerful-wordpress-theme-1/documentation/assets/images/awkward_slider_options.jpg HTTP/1.1" 200 53374 "-" "Mozilla/5.0 (compatible; AhrefsBot/7.0; +http://ahrefs.com/robot/)" "www.savemoki.com"
51.222.253.12 - - [01/Sep/2022:03:17:53 -0700] "GET /blog/wp-content/themes/themeforest-625914-ice-theme-powerful-wordpress-theme-1/documentation/assets/blueprint-css/plugins/fancy-type/screen.css HTTP/1.1" 200 1142 "-" "Mozilla/5.0 (compatible; AhrefsBot/7.0; +http://ahrefs.com/robot/)" "www.savemoki.com"
51.222.253.14 - - [01/Sep/2022:03:17:53 -0700] "GET /blog/wp-content/themes/themeforest-625914-ice-theme-powerful-wordpress-theme-1/documentation/assets/blueprint-css/print.css HTTP/1.1" 200 666 "-" "Mozilla/5.0 (compatible; AhrefsBot/7.0; +http://ahrefs.com/robot/)" "www.savemoki.com"
114.119.139.148 - - [01/Sep/2022:03:18:52 -0700] "GET /clipart/images/sidebars/ HTTP/1.1" 200 432 "https://www.savemoki.com/clipart/images?S=A" "Mozilla/5.0 (Linux; Android 7.0;) AppleWebKit/537.36 (KHTML, like Gecko) Mobile Safari/537.36 (compatible; PetalBot;+https://webmaster.petalsearch.com/site/petalbot)" "www.savemoki.com"
134.236.19.246 - - [01/Sep/2022:03:21:33 -0700] "GET /contact_us.html HTTP/1.1" 200 18024 "http://savemoki.com/contact_us.html" "Mozilla/5.0 (Windows NT 10.0; WOW64) AppleWebKit/537.36 (KHTML, like Gecko) Chrome/90.0.4430.85 Safari/537.36" "savemoki.com"
185.220.100.255 - - [01/Sep/2022:03:25:33 -0700] "GET /blog1/2015/05/07/test-post/ HTTP/1.1" 404 73 "http://savemoki.com/blog1/2015/05/07/test-post/" "Mozilla/5.0 (Windows NT 6.1; ) AppleWebKit/537.36 (KHTML, like Gecko) Chrome/90.0.4430.85 Safari/537.36" "savemoki.com"
185.220.101.179 - - [01/Sep/2022:03:25:35 -0700] "GET / HTTP/1.1" 200 7350 "http://savemoki.com/" "Mozilla/5.0 (Windows NT 6.1; ) AppleWebKit/537.36 (KHTML, like Gecko) Chrome/90.0.4430.85 Safari/537.36" "savemoki.com"
185.220.101.179 - - [01/Sep/2022:03:25:36 -0700] "GET /blog/ HTTP/1.1" 200 698 "http://savemoki.com/blog/" "Mozilla/5.0 (Windows NT 6.1; ) AppleWebKit/537.36 (KHTML, like Gecko) Chrome/90.0.4430.85 Safari/537.36" "savemoki.com"
185.220.101.179 - - [01/Sep/2022:03:25:36 -0700] "GET /blog/contact_us.html HTTP/1.1" 404 73 "http://savemoki.com/blog/contact_us.html" "Mozilla/5.0 (Windows NT 6.1; ) AppleWebKit/537.36 (KHTML, like Gecko) Chrome/90.0.4430.85 Safari/537.36" "savemoki.com"
185.220.101.179 - - [01/Sep/2022:03:25:37 -0700] "GET /contact_us.html HTTP/1.1" 200 18024 "http://savemoki.com/contact_us.html" "Mozilla/5.0 (Windows NT 6.1; ) AppleWebKit/537.36 (KHTML, like Gecko) Chrome/90.0.4430.85 Safari/537.36" "savemoki.com"
123.145.23.74 - - [01/Sep/2022:03:26:47 -0700] "GET /contact_us.html HTTP/1.1" 200 18024 "http://savemoki.com/contact_us.html" "Mozilla/5.0 (Windows NT 6.1; Win64; x64) AppleWebKit/537.36 (KHTML, like Gecko) Chrome/90.0.4427.0 Safari/537.36" "savemoki.com"
216.244.66.249 - - [01/Sep/2022:03:27:25 -0700] "GET /robots.txt HTTP/1.1" 200 39 "-" "Mozilla/5.0 (compatible; DotBot/1.2; +https://opensiteexplorer.org/dotbot; help@moz.com)" "www.savemoki.com"
216.244.66.249 - - [01/Sep/2022:03:27:25 -0700] "GET /robots.txt HTTP/1.1" 200 39 "-" "Mozilla/5.0 (compatible; DotBot/1.2; +https://opensiteexplorer.org/dotbot; help@moz.com)" "savemoki.com"
114.119.134.192 - - [01/Sep/2022:03:28:58 -0700] "GET /blog/wp-content/themes/themeforest-625914-ice-theme-powerful-wordpress-theme-1?C=D%3BO%3DA HTTP/1.1" 301 1467 "https://savemoki.com/blog/wp-content/themes/themeforest-625914-ice-theme-powerful-wordpress-theme-1?C=N%3BO%3DD" "Mozilla/5.0 (Linux; Android 7.0;) AppleWebKit/537.36 (KHTML, like Gecko) Mobile Safari/537.36 (compatible; PetalBot;+https://webmaster.petalsearch.com/site/petalbot)" "savemoki.com"
114.119.134.192 - - [01/Sep/2022:03:28:58 -0700] "GET /blog/wp-content/themes/themeforest-625914-ice-theme-powerful-wordpress-theme-1/?C=D%3BO%3DA HTTP/1.1" 200 513 "https://savemoki.com/blog/wp-content/themes/themeforest-625914-ice-theme-powerful-wordpress-theme-1?C=N%3BO%3DD" "Mozilla/5.0 (Linux; Android 7.0;) AppleWebKit/537.36 (KHTML, like Gecko) Mobile Safari/537.36 (compatible; PetalBot;+https://webmaster.petalsearch.com/site/petalbot)" "savemoki.com"
208.67.104.40 - - [01/Sep/2022:03:46:27 -0700] "GET /cpanel HTTP/1.1" 404 88 "-" "Mozilla/5.0 (Macintosh; Intel Mac OS X 10_10_1) AppleWebKit/537.36 (KHTML, like Gecko) Chrome/39.0.2171.95 Safari/537.36" "savemoki.com"
114.119.134.192 - - [01/Sep/2022:03:48:54 -0700] "GET /yahoo_site_admin HTTP/1.1" 200 5367 "http://www.savemoki.com" "Mozilla/5.0 (Linux; Android 7.0;) AppleWebKit/537.36 (KHTML, like Gecko) Mobile Safari/537.36 (compatible; PetalBot;+https://webmaster.petalsearch.com/site/petalbot)" "www.savemoki.com"
185.191.171.24 - - [01/Sep/2022:04:02:53 -0700] "GET /robots.txt HTTP/1.1" 200 55 "-" "Mozilla/5.0 (compatible; SemrushBot/7~bl; +http://www.semrush.com/bot.html)" "savemoki.com"
185.191.171.3 - - [01/Sep/2022:04:02:54 -0700] "GET /Mokis_Videos.html HTTP/1.1" 200 5528 "-" "Mozilla/5.0 (compatible; SemrushBot/7~bl; +http://www.semrush.com/bot.html)" "savemoki.com"
216.244.66.249 - - [01/Sep/2022:04:12:51 -0700] "GET /robots.txt HTTP/1.1" 200 39 "-" "Mozilla/5.0 (compatible; DotBot/1.2; +https://opensiteexplorer.org/dotbot; help@moz.com)" "www.savemoki.com"
216.244.66.249 - - [01/Sep/2022:04:12:52 -0700] "GET /robots.txt HTTP/1.1" 200 39 "-" "Mozilla/5.0 (compatible; DotBot/1.2; +https://opensiteexplorer.org/dotbot; help@moz.com)" "savemoki.com"
157.55.39.193 - - [01/Sep/2022:04:15:25 -0700] "GET /updates_on_special_friends.html HTTP/1.1" 404 88 "-" "Mozilla/5.0 (compatible; bingbot/2.0; +http://www.bing.com/bingbot.htm)" "savemoki.com"
95.179.255.140 - - [01/Sep/2022:04:19:19 -0700] "GET /contact_us.html HTTP/1.1" 200 18024 "http://savemoki.com/contact_us.html" "Mozilla/5.0 (Windows NT 6.1) AppleWebKit/537.36 (KHTML, like Gecko) Chrome/90.0.4430.72 Safari/537.36" "savemoki.com"
207.46.13.131 - - [01/Sep/2022:04:30:43 -0700] "GET /Links_Feline_Health.html HTTP/1.1" 200 10246 "-" "Mozilla/5.0 (compatible; bingbot/2.0; +http://www.bing.com/bingbot.htm)" "www.savemoki.com"
114.119.134.192 - - [01/Sep/2022:04:38:29 -0700] "GET /clipart/images/?C=N%3BO%3DD HTTP/1.1" 200 489 "https://savemoki.com/clipart/images/" "Mozilla/5.0 (Linux; Android 7.0;) AppleWebKit/537.36 (KHTML, like Gecko) Mobile Safari/537.36 (compatible; PetalBot;+https://webmaster.petalsearch.com/site/petalbot)" "savemoki.com"
31.184.218.105 - - [01/Sep/2022:04:41:05 -0700] "GET /blog1/2015/05/07/test-post/ HTTP/1.1" 404 73 "http://savemoki.com/blog1/2015/05/07/test-post/" "Mozilla/5.0 (Windows NT 10.0; Win64; x64) AppleWebKit/537.36 (KHTML, like Gecko) Chrome/90.0.4430.85 Safari/537.36 Edg/90.0.818.49" "savemoki.com"
31.184.218.105 - - [01/Sep/2022:04:41:05 -0700] "GET / HTTP/1.1" 200 7350 "http://savemoki.com/" "Mozilla/5.0 (Windows NT 10.0; Win64; x64) AppleWebKit/537.36 (KHTML, like Gecko) Chrome/90.0.4430.85 Safari/537.36 Edg/90.0.818.49" "savemoki.com"
31.184.218.105 - - [01/Sep/2022:04:41:06 -0700] "GET /blog/ HTTP/1.1" 200 698 "http://savemoki.com/blog/" "Mozilla/5.0 (Windows NT 10.0; Win64; x64) AppleWebKit/537.36 (KHTML, like Gecko) Chrome/90.0.4430.85 Safari/537.36 Edg/90.0.818.49" "savemoki.com"
31.184.218.105 - - [01/Sep/2022:04:41:06 -0700] "GET /blog/contact_us.html HTTP/1.1" 404 73 "http://savemoki.com/blog/contact_us.html" "Mozilla/5.0 (Windows NT 10.0; Win64; x64) AppleWebKit/537.36 (KHTML, like Gecko) Chrome/90.0.4430.85 Safari/537.36 Edg/90.0.818.49" "savemoki.com"
31.184.218.105 - - [01/Sep/2022:04:41:07 -0700] "GET /contact_us.html HTTP/1.1" 200 18024 "http://savemoki.com/contact_us.html" "Mozilla/5.0 (Windows NT 10.0; Win64; x64) AppleWebKit/537.36 (KHTML, like Gecko) Chrome/90.0.4430.85 Safari/537.36 Edg/90.0.818.49" "savemoki.com"
184.91.114.192 - - [01/Sep/2022:04:43:06 -0700] "GET /Links_Feline_Health.html HTTP/1.1" 200 10246 "https://www.savemoki.com/Links_Feline_Health.html" "Mozilla/5.0 (Windows NT 10.0; Win64; x64; rv:104.0) Gecko/20100101 Firefox/104.0" "www.savemoki.com"
184.91.114.192 - - [01/Sep/2022:04:43:08 -0700] "GET /sitebuilder/scripts/layers.js HTTP/1.1" 200 1140 "https://www.savemoki.com/Links_Feline_Health.html" "Mozilla/5.0 (Windows NT 10.0; Win64; x64; rv:104.0) Gecko/20100101 Firefox/104.0" "www.savemoki.com"
184.91.114.192 - - [01/Sep/2022:04:43:08 -0700] "GET /sitebuilder/images/navbar-1-inactive-00593.png HTTP/1.1" 200 1717 "https://www.savemoki.com/Links_Feline_Health.html" "Mozilla/5.0 (Windows NT 10.0; Win64; x64; rv:104.0) Gecko/20100101 Firefox/104.0" "www.savemoki.com"
184.91.114.192 - - [01/Sep/2022:04:43:08 -0700] "GET /clipart/images/sidebars/curved_gold_and_blue.gif HTTP/1.1" 200 4615 "https://www.savemoki.com/Links_Feline_Health.html" "Mozilla/5.0 (Windows NT 10.0; Win64; x64; rv:104.0) Gecko/20100101 Firefox/104.0" "www.savemoki.com"
184.91.114.192 - - [01/Sep/2022:04:43:08 -0700] "GET /clipart/images/frames/gold_panel_shadow.gif HTTP/1.1" 200 12480 "https://www.savemoki.com/Links_Feline_Health.html" "Mozilla/5.0 (Windows NT 10.0; Win64; x64; rv:104.0) Gecko/20100101 Firefox/104.0" "www.savemoki.com"
184.91.114.192 - - [01/Sep/2022:04:43:08 -0700] "GET /sitebuilder/images/navbar-9-inactive-19531.png HTTP/1.1" 200 1705 "https://www.savemoki.com/Links_Feline_Health.html" "Mozilla/5.0 (Windows NT 10.0; Win64; x64; rv:104.0) Gecko/20100101 Firefox/104.0" "www.savemoki.com"
184.91.114.192 - - [01/Sep/2022:04:43:08 -0700] "GET /clipart/images/quotemark-preceeding-gold.gif HTTP/1.1" 200 133 "https://www.savemoki.com/Links_Feline_Health.html" "Mozilla/5.0 (Windows NT 10.0; Win64; x64; rv:104.0) Gecko/20100101 Firefox/104.0" "www.savemoki.com"
184.91.114.192 - - [01/Sep/2022:04:43:08 -0700] "GET /clipart/lines/horizontal/blue_wave_bottom.gif HTTP/1.1" 200 650 "https://www.savemoki.com/Links_Feline_Health.html" "Mozilla/5.0 (Windows NT 10.0; Win64; x64; rv:104.0) Gecko/20100101 Firefox/104.0" "www.savemoki.com"
184.91.114.192 - - [01/Sep/2022:04:43:08 -0700] "GET /clipart/pageHeaders/sweeping_curves_blue.gif HTTP/1.1" 200 24925 "https://www.savemoki.com/Links_Feline_Health.html" "Mozilla/5.0 (Windows NT 10.0; Win64; x64; rv:104.0) Gecko/20100101 Firefox/104.0" "www.savemoki.com"
184.91.114.192 - - [01/Sep/2022:04:43:08 -0700] "GET /clipart/images/quotemark-proceeding-gold.gif HTTP/1.1" 200 128 "https://www.savemoki.com/Links_Feline_Health.html" "Mozilla/5.0 (Windows NT 10.0; Win64; x64; rv:104.0) Gecko/20100101 Firefox/104.0" "www.savemoki.com"
184.91.114.192 - - [01/Sep/2022:04:43:08 -0700] "GET /sitebuilder/images/navbar-4-active-01125.png HTTP/1.1" 200 1710 "https://www.savemoki.com/Links_Feline_Health.html" "Mozilla/5.0 (Windows NT 10.0; Win64; x64; rv:104.0) Gecko/20100101 Firefox/104.0" "www.savemoki.com"
184.91.114.192 - - [01/Sep/2022:04:43:08 -0700] "GET /clipart/lines/horizontal/blue_wave_top.gif HTTP/1.1" 200 3687 "https://www.savemoki.com/Links_Feline_Health.html" "Mozilla/5.0 (Windows NT 10.0; Win64; x64; rv:104.0) Gecko/20100101 Firefox/104.0" "www.savemoki.com"
184.91.114.192 - - [01/Sep/2022:04:43:08 -0700] "GET /sitebuilder/images/navbar-0-inactive-00390.png HTTP/1.1" 200 1637 "https://www.savemoki.com/Links_Feline_Health.html" "Mozilla/5.0 (Windows NT 10.0; Win64; x64; rv:104.0) Gecko/20100101 Firefox/104.0" "www.savemoki.com"
184.91.114.192 - - [01/Sep/2022:04:43:08 -0700] "GET /clipart/bullets/catPawPrint_gray.gif HTTP/1.1" 200 291 "https://www.savemoki.com/Links_Feline_Health.html" "Mozilla/5.0 (Windows NT 10.0; Win64; x64; rv:104.0) Gecko/20100101 Firefox/104.0" "www.savemoki.com"
184.91.114.192 - - [01/Sep/2022:04:43:08 -0700] "GET /sitebuilder/images/navbar-8-inactive-19390.png HTTP/1.1" 200 1736 "https://www.savemoki.com/Links_Feline_Health.html" "Mozilla/5.0 (Windows NT 10.0; Win64; x64; rv:104.0) Gecko/20100101 Firefox/104.0" "www.savemoki.com"
184.91.114.192 - - [01/Sep/2022:04:43:08 -0700] "GET /sitebuilder/images/navbar-3-inactive-00921.png HTTP/1.1" 200 1677 "https://www.savemoki.com/Links_Feline_Health.html" "Mozilla/5.0 (Windows NT 10.0; Win64; x64; rv:104.0) Gecko/20100101 Firefox/104.0" "www.savemoki.com"
184.91.114.192 - - [01/Sep/2022:04:43:08 -0700] "GET /clipart/bullets/dotsBigSmall_blue.gif HTTP/1.1" 200 223 "https://www.savemoki.com/Links_Feline_Health.html" "Mozilla/5.0 (Windows NT 10.0; Win64; x64; rv:104.0) Gecko/20100101 Firefox/104.0" "www.savemoki.com"
184.91.114.192 - - [01/Sep/2022:04:43:08 -0700] "GET /clipart/bullets/dogPawWhite.gif HTTP/1.1" 200 176 "https://www.savemoki.com/Links_Feline_Health.html" "Mozilla/5.0 (Windows NT 10.0; Win64; x64; rv:104.0) Gecko/20100101 Firefox/104.0" "www.savemoki.com"
184.91.114.192 - - [01/Sep/2022:04:43:08 -0700] "GET /sitebuilder/images/navbar-10-inactive-19687.png HTTP/1.1" 200 1761 "https://www.savemoki.com/Links_Feline_Health.html" "Mozilla/5.0 (Windows NT 10.0; Win64; x64; rv:104.0) Gecko/20100101 Firefox/104.0" "www.savemoki.com"
184.91.114.192 - - [01/Sep/2022:04:43:08 -0700] "GET /sitebuilder/images/navbar-5-inactive-01203.png HTTP/1.1" 200 1695 "https://www.savemoki.com/Links_Feline_Health.html" "Mozilla/5.0 (Windows NT 10.0; Win64; x64; rv:104.0) Gecko/20100101 Firefox/104.0" "www.savemoki.com"
184.91.114.192 - - [01/Sep/2022:04:43:08 -0700] "GET /sitebuilder/images/Together-436x254.jpg HTTP/1.1" 200 22851 "https://www.savemoki.com/Links_Feline_Health.html" "Mozilla/5.0 (Windows NT 10.0; Win64; x64; rv:104.0) Gecko/20100101 Firefox/104.0" "www.savemoki.com"
184.91.114.192 - - [01/Sep/2022:04:43:08 -0700] "GET /clipart/backgrounds/fullpage/large_blue_circles.gif HTTP/1.1" 200 23233 "https://www.savemoki.com/Links_Feline_Health.html" "Mozilla/5.0 (Windows NT 10.0; Win64; x64; rv:104.0) Gecko/20100101 Firefox/104.0" "www.savemoki.com"
184.91.114.192 - - [01/Sep/2022:04:43:09 -0700] "GET /Links_Feline_Health.html HTTP/1.1" 200 10246 "https://www.pickaxe.app/" "Mozilla/5.0 (Windows NT 10.0; Win64; x64; rv:104.0) Gecko/20100101 Firefox/104.0" "www.savemoki.com"
184.91.114.192 - - [01/Sep/2022:04:43:10 -0700] "GET /sitebuilder/scripts/layers.js HTTP/1.1" 200 1140 "https://www.savemoki.com/Links_Feline_Health.html" "Mozilla/5.0 (Windows NT 10.0; Win64; x64; rv:104.0) Gecko/20100101 Firefox/104.0" "www.savemoki.com"
184.91.114.192 - - [01/Sep/2022:04:43:10 -0700] "GET /clipart/images/quotemark-preceeding-gold.gif HTTP/1.1" 200 133 "https://www.savemoki.com/Links_Feline_Health.html" "Mozilla/5.0 (Windows NT 10.0; Win64; x64; rv:104.0) Gecko/20100101 Firefox/104.0" "www.savemoki.com"
184.91.114.192 - - [01/Sep/2022:04:43:11 -0700] "GET /clipart/backgrounds/fullpage/large_blue_circles.gif HTTP/1.1" 200 23233 "https://www.savemoki.com/Links_Feline_Health.html" "Mozilla/5.0 (Windows NT 10.0; Win64; x64; rv:104.0) Gecko/20100101 Firefox/104.0" "www.savemoki.com"
184.91.114.192 - - [01/Sep/2022:04:43:11 -0700] "GET /clipart/images/quotemark-proceeding-gold.gif HTTP/1.1" 200 128 "https://www.savemoki.com/Links_Feline_Health.html" "Mozilla/5.0 (Windows NT 10.0; Win64; x64; rv:104.0) Gecko/20100101 Firefox/104.0" "www.savemoki.com"
184.91.114.192 - - [01/Sep/2022:04:43:11 -0700] "GET /clipart/lines/horizontal/blue_wave_top.gif HTTP/1.1" 200 3687 "https://www.savemoki.com/Links_Feline_Health.html" "Mozilla/5.0 (Windows NT 10.0; Win64; x64; rv:104.0) Gecko/20100101 Firefox/104.0" "www.savemoki.com"
184.91.114.192 - - [01/Sep/2022:04:43:11 -0700] "GET /clipart/pageHeaders/sweeping_curves_blue.gif HTTP/1.1" 200 24925 "https://www.savemoki.com/Links_Feline_Health.html" "Mozilla/5.0 (Windows NT 10.0; Win64; x64; rv:104.0) Gecko/20100101 Firefox/104.0" "www.savemoki.com"
184.91.114.192 - - [01/Sep/2022:04:43:11 -0700] "GET /clipart/images/sidebars/curved_gold_and_blue.gif HTTP/1.1" 200 4615 "https://www.savemoki.com/Links_Feline_Health.html" "Mozilla/5.0 (Windows NT 10.0; Win64; x64; rv:104.0) Gecko/20100101 Firefox/104.0" "www.savemoki.com"
184.91.114.192 - - [01/Sep/2022:04:43:11 -0700] "GET /sitebuilder/images/navbar-0-inactive-00390.png HTTP/1.1" 200 1637 "https://www.savemoki.com/Links_Feline_Health.html" "Mozilla/5.0 (Windows NT 10.0; Win64; x64; rv:104.0) Gecko/20100101 Firefox/104.0" "www.savemoki.com"
184.91.114.192 - - [01/Sep/2022:04:43:11 -0700] "GET /sitebuilder/images/navbar-1-inactive-00593.png HTTP/1.1" 200 1717 "https://www.savemoki.com/Links_Feline_Health.html" "Mozilla/5.0 (Windows NT 10.0; Win64; x64; rv:104.0) Gecko/20100101 Firefox/104.0" "www.savemoki.com"
184.91.114.192 - - [01/Sep/2022:04:43:11 -0700] "GET /clipart/images/frames/gold_panel_shadow.gif HTTP/1.1" 200 12480 "https://www.savemoki.com/Links_Feline_Health.html" "Mozilla/5.0 (Windows NT 10.0; Win64; x64; rv:104.0) Gecko/20100101 Firefox/104.0" "www.savemoki.com"
184.91.114.192 - - [01/Sep/2022:04:43:11 -0700] "GET /sitebuilder/images/navbar-9-inactive-19531.png HTTP/1.1" 200 1705 "https://www.savemoki.com/Links_Feline_Health.html" "Mozilla/5.0 (Windows NT 10.0; Win64; x64; rv:104.0) Gecko/20100101 Firefox/104.0" "www.savemoki.com"
184.91.114.192 - - [01/Sep/2022:04:43:11 -0700] "GET /sitebuilder/images/navbar-4-active-01125.png HTTP/1.1" 200 1710 "https://www.savemoki.com/Links_Feline_Health.html" "Mozilla/5.0 (Windows NT 10.0; Win64; x64; rv:104.0) Gecko/20100101 Firefox/104.0" "www.savemoki.com"
184.91.114.192 - - [01/Sep/2022:04:43:11 -0700] "GET /sitebuilder/images/navbar-8-inactive-19390.png HTTP/1.1" 200 1736 "https://www.savemoki.com/Links_Feline_Health.html" "Mozilla/5.0 (Windows NT 10.0; Win64; x64; rv:104.0) Gecko/20100101 Firefox/104.0" "www.savemoki.com"
184.91.114.192 - - [01/Sep/2022:04:43:11 -0700] "GET /sitebuilder/images/navbar-10-inactive-19687.png HTTP/1.1" 200 1761 "https://www.savemoki.com/Links_Feline_Health.html" "Mozilla/5.0 (Windows NT 10.0; Win64; x64; rv:104.0) Gecko/20100101 Firefox/104.0" "www.savemoki.com"
184.91.114.192 - - [01/Sep/2022:04:43:11 -0700] "GET /sitebuilder/images/navbar-3-inactive-00921.png HTTP/1.1" 200 1677 "https://www.savemoki.com/Links_Feline_Health.html" "Mozilla/5.0 (Windows NT 10.0; Win64; x64; rv:104.0) Gecko/20100101 Firefox/104.0" "www.savemoki.com"
184.91.114.192 - - [01/Sep/2022:04:43:11 -0700] "GET /sitebuilder/images/navbar-5-inactive-01203.png HTTP/1.1" 200 1695 "https://www.savemoki.com/Links_Feline_Health.html" "Mozilla/5.0 (Windows NT 10.0; Win64; x64; rv:104.0) Gecko/20100101 Firefox/104.0" "www.savemoki.com"
184.91.114.192 - - [01/Sep/2022:04:43:11 -0700] "GET /sitebuilder/images/Together-436x254.jpg HTTP/1.1" 200 22851 "https://www.savemoki.com/Links_Feline_Health.html" "Mozilla/5.0 (Windows NT 10.0; Win64; x64; rv:104.0) Gecko/20100101 Firefox/104.0" "www.savemoki.com"
184.91.114.192 - - [01/Sep/2022:04:43:11 -0700] "GET /clipart/bullets/catPawPrint_gray.gif HTTP/1.1" 200 291 "https://www.savemoki.com/Links_Feline_Health.html" "Mozilla/5.0 (Windows NT 10.0; Win64; x64; rv:104.0) Gecko/20100101 Firefox/104.0" "www.savemoki.com"
184.91.114.192 - - [01/Sep/2022:04:43:11 -0700] "GET /clipart/bullets/dotsBigSmall_blue.gif HTTP/1.1" 200 223 "https://www.savemoki.com/Links_Feline_Health.html" "Mozilla/5.0 (Windows NT 10.0; Win64; x64; rv:104.0) Gecko/20100101 Firefox/104.0" "www.savemoki.com"
184.91.114.192 - - [01/Sep/2022:04:43:11 -0700] "GET /clipart/bullets/dogPawWhite.gif HTTP/1.1" 200 176 "https://www.savemoki.com/Links_Feline_Health.html" "Mozilla/5.0 (Windows NT 10.0; Win64; x64; rv:104.0) Gecko/20100101 Firefox/104.0" "www.savemoki.com"
184.91.114.192 - - [01/Sep/2022:04:43:11 -0700] "GET /clipart/lines/horizontal/blue_wave_bottom.gif HTTP/1.1" 200 650 "https://www.savemoki.com/Links_Feline_Health.html" "Mozilla/5.0 (Windows NT 10.0; Win64; x64; rv:104.0) Gecko/20100101 Firefox/104.0" "www.savemoki.com"
184.91.114.192 - - [01/Sep/2022:04:43:11 -0700] "GET /favicon.ico HTTP/1.1" 404 88 "https://www.savemoki.com/Links_Feline_Health.html" "Mozilla/5.0 (Windows NT 10.0; Win64; x64; rv:104.0) Gecko/20100101 Firefox/104.0" "www.savemoki.com"
54.36.149.33 - - [01/Sep/2022:04:54:36 -0700] "GET /robots.txt HTTP/1.1" 200 55 "-" "Mozilla/5.0 (compatible; AhrefsBot/7.0; +http://ahrefs.com/robot/)" "savemoki.com"
51.222.253.4 - - [01/Sep/2022:04:54:37 -0700] "GET /?C=M;O=A HTTP/1.1" 200 1284 "-" "Mozilla/5.0 (compatible; AhrefsBot/7.0; +http://ahrefs.com/robot/)" "savemoki.com"
216.244.66.249 - - [01/Sep/2022:04:58:32 -0700] "GET /robots.txt HTTP/1.1" 200 39 "-" "Mozilla/5.0 (compatible; DotBot/1.2; +https://opensiteexplorer.org/dotbot; help@moz.com)" "savemoki.com"
216.244.66.249 - - [01/Sep/2022:04:58:32 -0700] "GET /robots.txt HTTP/1.1" 200 39 "-" "Mozilla/5.0 (compatible; DotBot/1.2; +https://opensiteexplorer.org/dotbot; help@moz.com)" "www.savemoki.com"
114.119.156.133 - - [01/Sep/2022:05:10:48 -0700] "GET /photo_album.html HTTP/1.1" 200 6353 "https://www.savemoki.com/Mokis_Medical_Records.html" "Mozilla/5.0 (Linux; Android 7.0;) AppleWebKit/537.36 (KHTML, like Gecko) Mobile Safari/537.36 (compatible; PetalBot;+https://webmaster.petalsearch.com/site/petalbot)" "www.savemoki.com"
124.206.180.144 - - [01/Sep/2022:05:20:14 -0700] "GET /favicon.ico HTTP/1.1" 404 88 "-" "Mozilla/5.0 (Windows NT 10.0; Win64; x64) AppleWebKit/537.36 (KHTML, like Gecko) Chrome/93.0.4577.63 Safari/537.36" "savemoki.com"
37.139.53.9 - - [01/Sep/2022:05:23:48 -0700] "GET /blog1/2015/05/06/testing/ HTTP/1.1" 404 88 "http://savemoki.com/" "Mozilla/5.0 (Macintosh; Intel Mac OS X 12_5) AppleWebKit/537.36 (KHTML, like Gecko) Chrome/103.0.0.0 Safari/537.36 Vivaldi/5.3.2679.68" "savemoki.com"
37.139.53.9 - - [01/Sep/2022:05:23:48 -0700] "GET / HTTP/1.1" 200 1288 "http://savemoki.com" "Mozilla/5.0 (Macintosh; Intel Mac OS X 12_5) AppleWebKit/537.36 (KHTML, like Gecko) Chrome/103.0.0.0 Safari/537.36 Vivaldi/5.3.2679.68" "savemoki.com"
58.153.33.49 - - [01/Sep/2022:05:26:54 -0700] "GET /contact_us.html HTTP/1.1" 200 18024 "http://savemoki.com/contact_us.html" "Mozilla/5.0 (Windows NT 6.1; WOW64) AppleWebKit/537.36 (KHTML, like Gecko) Chrome/90.0.4430.85 Safari/537.36" "savemoki.com"
216.244.66.249 - - [01/Sep/2022:05:45:11 -0700] "GET /robots.txt HTTP/1.1" 200 39 "-" "Mozilla/5.0 (compatible; DotBot/1.2; +https://opensiteexplorer.org/dotbot; help@moz.com)" "www.savemoki.com"
216.244.66.249 - - [01/Sep/2022:05:45:13 -0700] "GET /robots.txt HTTP/1.1" 200 39 "-" "Mozilla/5.0 (compatible; DotBot/1.2; +https://opensiteexplorer.org/dotbot; help@moz.com)" "savemoki.com"
45.138.74.127 - - [01/Sep/2022:05:46:24 -0700] "GET /blog1/2015/05/07/test-post/ HTTP/1.1" 404 73 "https://hexagonit.biz/" "Mozilla/4.0 (compatible; MSIE 5.0; Windows 2000) Opera 6.0 [en]" "savemoki.com"
45.138.74.127 - - [01/Sep/2022:05:46:24 -0700] "GET /blog1/2015/05/07/test-post/ HTTP/1.1" 404 73 "https://hexagonit.biz/" "Mozilla/4.0 (compatible; MSIE 5.0; Windows 2000) Opera 6.0 [en]" "savemoki.com"
45.138.74.127 - - [01/Sep/2022:05:46:25 -0700] "GET /blog1/2015/05/07/test-post/ HTTP/1.1" 404 73 "https://hexagonit.biz/" "Mozilla/4.0 (compatible; MSIE 5.0; Windows 2000) Opera 6.0 [en]" "savemoki.com"
114.119.156.133 - - [01/Sep/2022:05:46:45 -0700] "GET /blog/ HTTP/1.1" 200 352 "https://www.savemoki.com/?C=S%3BO%3DA" "Mozilla/5.0 (Linux; Android 7.0;) AppleWebKit/537.36 (KHTML, like Gecko) Mobile Safari/537.36 (compatible; PetalBot;+https://webmaster.petalsearch.com/site/petalbot)" "www.savemoki.com"
216.244.66.249 - - [01/Sep/2022:05:50:45 -0700] "GET /clipart/ HTTP/1.1" 200 1451 "-" "Mozilla/5.0 (compatible; DotBot/1.2; +https://opensiteexplorer.org/dotbot; help@moz.com)" "savemoki.com"
216.244.66.249 - - [01/Sep/2022:05:50:55 -0700] "GET /contact_us.html HTTP/1.1" 200 18024 "-" "Mozilla/5.0 (compatible; DotBot/1.2; +https://opensiteexplorer.org/dotbot; help@moz.com)" "savemoki.com"
185.191.171.33 - - [01/Sep/2022:05:51:32 -0700] "GET /robots.txt HTTP/1.1" 200 55 "-" "Mozilla/5.0 (compatible; SemrushBot/7~bl; +http://www.semrush.com/bot.html)" "savemoki.com"
185.191.171.1 - - [01/Sep/2022:05:51:32 -0700] "GET /2test/index.php/2020/04/03/hello-world/ HTTP/1.1" 200 22576 "-" "Mozilla/5.0 (compatible; SemrushBot/7~bl; +http://www.semrush.com/bot.html)" "savemoki.com"
10.213.116.64 - - [01/Sep/2022:05:51:36 -0700] "POST /2test/wp-cron.php?doing_wp_cron=1662036696.6154899597167968750000 HTTP/1.1" 200 - "http://savemoki.com/2test/wp-cron.php?doing_wp_cron=1662036696.6154899597167968750000" "WordPress/5.4.11; http://savemoki.com/2test" "savemoki.com"
159.242.234.123 - - [01/Sep/2022:05:51:42 -0700] "GET /wp-content/themes/seotheme/mar.php HTTP/1.1" 404 88 "-" "Linux Mozilla" "savemoki.com"
185.191.171.6 - - [01/Sep/2022:05:52:09 -0700] "GET /2test/index.php/heritage-flex-academy/ HTTP/1.1" 200 19099 "-" "Mozilla/5.0 (compatible; SemrushBot/7~bl; +http://www.semrush.com/bot.html)" "savemoki.com"
114.119.156.133 - - [01/Sep/2022:05:57:05 -0700] "GET /blog/wp-content/themes/themeforest-625914-ice-theme-powerful-wordpress-theme-1/licensing/?C=N%3BO%3DD HTTP/1.1" 200 419 "https://savemoki.com/blog/wp-content/themes/themeforest-625914-ice-theme-powerful-wordpress-theme-1/licensing/?C=D%3BO%3DA" "Mozilla/5.0 (Linux; Android 7.0;) AppleWebKit/537.36 (KHTML, like Gecko) Mobile Safari/537.36 (compatible; PetalBot;+https://webmaster.petalsearch.com/site/petalbot)" "savemoki.com"
