103.77.235.40 - - [04/Sep/2022:14:53:54 -0700] "GET / HTTP/1.1" 200 7350 "-" "Mozilla/5.0 (Windows NT 10.0; Win64; x64) AppleWebKit/537.36 (KHTML, like Gecko) Chrome/76.0.3809.132 Safari/537.36" "savemoki.com"
103.77.235.40 - - [04/Sep/2022:14:53:57 -0700] "GET /blog/wp-includes/wlwmanifest.xml HTTP/1.1" 404 73 "-" "Mozilla/5.0 (Windows NT 10.0; Win64; x64) AppleWebKit/537.36 (KHTML, like Gecko) Chrome/76.0.3809.132 Safari/537.36" "savemoki.com"
103.77.235.40 - - [04/Sep/2022:14:53:57 -0700] "GET /web/wp-includes/wlwmanifest.xml HTTP/1.1" 404 73 "-" "Mozilla/5.0 (Windows NT 10.0; Win64; x64) AppleWebKit/537.36 (KHTML, like Gecko) Chrome/76.0.3809.132 Safari/537.36" "savemoki.com"
103.77.235.39 - - [04/Sep/2022:14:54:25 -0700] "GET /wp/wp-includes/wlwmanifest.xml HTTP/1.1" 404 73 "-" "Mozilla/5.0 (Windows NT 10.0; Win64; x64) AppleWebKit/537.36 (KHTML, like Gecko) Chrome/76.0.3809.132 Safari/537.36" "savemoki.com"
103.77.235.39 - - [04/Sep/2022:14:54:25 -0700] "GET /news/wp-includes/wlwmanifest.xml HTTP/1.1" 404 73 "-" "Mozilla/5.0 (Windows NT 10.0; Win64; x64) AppleWebKit/537.36 (KHTML, like Gecko) Chrome/76.0.3809.132 Safari/537.36" "savemoki.com"
103.77.235.39 - - [04/Sep/2022:14:54:34 -0700] "GET /2018/wp-includes/wlwmanifest.xml HTTP/1.1" 404 73 "-" "Mozilla/5.0 (Windows NT 10.0; Win64; x64) AppleWebKit/537.36 (KHTML, like Gecko) Chrome/76.0.3809.132 Safari/537.36" "savemoki.com"
103.77.235.39 - - [04/Sep/2022:14:54:35 -0700] "GET /2019/wp-includes/wlwmanifest.xml HTTP/1.1" 404 73 "-" "Mozilla/5.0 (Windows NT 10.0; Win64; x64) AppleWebKit/537.36 (KHTML, like Gecko) Chrome/76.0.3809.132 Safari/537.36" "savemoki.com"
103.77.235.39 - - [04/Sep/2022:14:54:39 -0700] "GET /shop/wp-includes/wlwmanifest.xml HTTP/1.1" 404 73 "-" "Mozilla/5.0 (Windows NT 10.0; Win64; x64) AppleWebKit/537.36 (KHTML, like Gecko) Chrome/76.0.3809.132 Safari/537.36" "savemoki.com"
103.77.235.39 - - [04/Sep/2022:14:54:42 -0700] "GET /wp1/wp-includes/wlwmanifest.xml HTTP/1.1" 404 73 "-" "Mozilla/5.0 (Windows NT 10.0; Win64; x64) AppleWebKit/537.36 (KHTML, like Gecko) Chrome/76.0.3809.132 Safari/537.36" "savemoki.com"
103.77.235.39 - - [04/Sep/2022:14:54:43 -0700] "GET /media/wp-includes/wlwmanifest.xml HTTP/1.1" 404 73 "-" "Mozilla/5.0 (Windows NT 10.0; Win64; x64) AppleWebKit/537.36 (KHTML, like Gecko) Chrome/76.0.3809.132 Safari/537.36" "savemoki.com"
103.77.235.39 - - [04/Sep/2022:14:54:43 -0700] "GET /wp2/wp-includes/wlwmanifest.xml HTTP/1.1" 404 73 "-" "Mozilla/5.0 (Windows NT 10.0; Win64; x64) AppleWebKit/537.36 (KHTML, like Gecko) Chrome/76.0.3809.132 Safari/537.36" "savemoki.com"
103.77.235.39 - - [04/Sep/2022:14:54:44 -0700] "GET /site/wp-includes/wlwmanifest.xml HTTP/1.1" 404 73 "-" "Mozilla/5.0 (Windows NT 10.0; Win64; x64) AppleWebKit/537.36 (KHTML, like Gecko) Chrome/76.0.3809.132 Safari/537.36" "savemoki.com"
103.77.235.39 - - [04/Sep/2022:14:54:45 -0700] "GET /sito/wp-includes/wlwmanifest.xml HTTP/1.1" 404 73 "-" "Mozilla/5.0 (Windows NT 10.0; Win64; x64) AppleWebKit/537.36 (KHTML, like Gecko) Chrome/76.0.3809.132 Safari/537.36" "savemoki.com"
154.54.249.194 - - [04/Sep/2022:14:57:06 -0700] "GET /2test/index.php/courses/sample-course/lessons/lesson-15/ HTTP/1.1" 404 18320 "-" "Mozilla/5.0 (compatible; Barkrowler/0.9; +https://babbar.tech/crawler)" "savemoki.com"
10.213.116.64 - - [04/Sep/2022:14:57:09 -0700] "POST /2test/wp-cron.php?doing_wp_cron=1662328629.1857440471649169921875 HTTP/1.1" 200 - "https://savemoki.com/2test/wp-cron.php?doing_wp_cron=1662328629.1857440471649169921875" "WordPress/5.4.11; https://savemoki.com/2test" "savemoki.com"
51.222.253.2 - - [04/Sep/2022:15:11:05 -0700] "GET /blog/?C=M;O=A HTTP/1.1" 200 352 "-" "Mozilla/5.0 (compatible; AhrefsBot/7.0; +http://ahrefs.com/robot/)" "www.savemoki.com"
216.244.66.249 - - [04/Sep/2022:15:16:15 -0700] "GET /robots.txt HTTP/1.1" 200 39 "-" "Mozilla/5.0 (compatible; DotBot/1.2; +https://opensiteexplorer.org/dotbot; help@moz.com)" "savemoki.com"
216.244.66.249 - - [04/Sep/2022:15:16:15 -0700] "GET /robots.txt HTTP/1.1" 200 39 "-" "Mozilla/5.0 (compatible; DotBot/1.2; +https://opensiteexplorer.org/dotbot; help@moz.com)" "www.savemoki.com"
77.75.79.101 - - [04/Sep/2022:15:21:06 -0700] "GET /robots.txt HTTP/1.1" 200 55 "-" "Mozilla/5.0 (compatible; SeznamBot/3.2; +http://napoveda.seznam.cz/en/seznambot-intro/)" "savemoki.com"
77.75.79.101 - - [04/Sep/2022:15:21:08 -0700] "GET /sitebuilder/images/Lab_9-450x600.jpg HTTP/1.1" 304 - "-" "Mozilla/5.0 (compatible; SeznamBot/3.2; +http://napoveda.seznam.cz/en/seznambot-intro/)" "savemoki.com"
43.153.52.248 - - [04/Sep/2022:15:23:06 -0700] "GET /contact_us.html HTTP/1.1" 200 18024 "http://savemoki.com/contact_us.html" "Mozilla/5.0 (Windows NT 10.0; Win64; x64) AppleWebKit/537.36 (KHTML, like Gecko) Chrome/90.0.4430.85 Safari/537.36" "savemoki.com"
185.119.81.99 - - [04/Sep/2022:15:26:06 -0700] "GET /2test/wp-login.php HTTP/1.1" 200 6054 "-" "Mozilla/5.0 (Windows NT 10.0; Win64; x64) AppleWebKit/537.36 (KHTML, like Gecko) Chrome/90.0.4430.85 Safari/537.36" "savemoki.com"
10.213.116.64 - - [04/Sep/2022:15:26:09 -0700] "POST /2test/wp-cron.php?doing_wp_cron=1662330369.5805380344390869140625 HTTP/1.1" 200 - "http://savemoki.com/2test/wp-cron.php?doing_wp_cron=1662330369.5805380344390869140625" "WordPress/5.4.11; http://savemoki.com/2test" "savemoki.com"
185.119.81.99 - - [04/Sep/2022:15:26:11 -0700] "POST /2test/wp-login.php HTTP/1.1" 200 6346 "http://savemoki.com/2test/wp-login.php" "Mozilla/5.0 (Windows NT 10.0; Win64; x64) AppleWebKit/537.36 (KHTML, like Gecko) Chrome/90.0.4430.85 Safari/537.36" "savemoki.com"
51.222.253.8 - - [04/Sep/2022:15:28:39 -0700] "GET /clipart/buttons/themes/ HTTP/1.1" 200 404 "-" "Mozilla/5.0 (compatible; AhrefsBot/7.0; +http://ahrefs.com/robot/)" "www.savemoki.com"
113.35.251.98 - - [04/Sep/2022:15:37:40 -0700] "GET / HTTP/1.1" 200 1285 "-" "Python/3.7 aiohttp/3.8.1" "savemoki.com"
216.244.66.249 - - [04/Sep/2022:15:45:16 -0700] "GET /robots.txt HTTP/1.1" 200 39 "-" "Mozilla/5.0 (compatible; DotBot/1.2; +https://opensiteexplorer.org/dotbot; help@moz.com)" "savemoki.com"
176.31.115.13 - - [04/Sep/2022:15:47:50 -0700] "GET /blog1/2015/05/07/test-post/ HTTP/1.1" 404 73 "http://savemoki.com/blog1/2015/05/07/test-post/#comment-31345/" "Mozilla/5.0 (Windows NT 6.1) AppleWebKit/537.36 (KHTML, like Gecko) Chrome/90.0.4430.93 Safari/537.36" "savemoki.com"
176.31.115.13 - - [04/Sep/2022:15:47:51 -0700] "GET / HTTP/1.1" 200 7350 "http://savemoki.com/" "Mozilla/5.0 (Windows NT 6.1) AppleWebKit/537.36 (KHTML, like Gecko) Chrome/90.0.4430.93 Safari/537.36" "savemoki.com"
176.31.115.13 - - [04/Sep/2022:15:47:51 -0700] "GET /blog/ HTTP/1.1" 200 698 "http://savemoki.com/blog/" "Mozilla/5.0 (Windows NT 6.1) AppleWebKit/537.36 (KHTML, like Gecko) Chrome/90.0.4430.93 Safari/537.36" "savemoki.com"
176.31.115.13 - - [04/Sep/2022:15:47:52 -0700] "GET /blog/contact_us.html HTTP/1.1" 404 73 "http://savemoki.com/blog/contact_us.html" "Mozilla/5.0 (Windows NT 6.1) AppleWebKit/537.36 (KHTML, like Gecko) Chrome/90.0.4430.93 Safari/537.36" "savemoki.com"
176.31.115.13 - - [04/Sep/2022:15:47:52 -0700] "GET /contact_us.html HTTP/1.1" 200 18024 "http://savemoki.com/contact_us.html" "Mozilla/5.0 (Windows NT 6.1) AppleWebKit/537.36 (KHTML, like Gecko) Chrome/90.0.4430.93 Safari/537.36" "savemoki.com"
114.119.134.192 - - [04/Sep/2022:15:53:56 -0700] "GET /clipart/lines/horizontal?D=A HTTP/1.1" 301 1425 "https://savemoki.com/clipart/lines/horizontal?M=D" "Mozilla/5.0 (Linux; Android 7.0;) AppleWebKit/537.36 (KHTML, like Gecko) Mobile Safari/537.36 (compatible; PetalBot;+https://webmaster.petalsearch.com/site/petalbot)" "savemoki.com"
114.119.134.192 - - [04/Sep/2022:15:54:02 -0700] "GET /clipart/lines/horizontal/?D=A HTTP/1.1" 200 408 "https://savemoki.com/clipart/lines/horizontal?M=D" "Mozilla/5.0 (Linux; Android 7.0;) AppleWebKit/537.36 (KHTML, like Gecko) Mobile Safari/537.36 (compatible; PetalBot;+https://webmaster.petalsearch.com/site/petalbot)" "savemoki.com"
216.244.66.249 - - [04/Sep/2022:16:02:33 -0700] "GET /robots.txt HTTP/1.1" 200 39 "-" "Mozilla/5.0 (compatible; DotBot/1.2; +https://opensiteexplorer.org/dotbot; help@moz.com)" "savemoki.com"
216.244.66.249 - - [04/Sep/2022:16:02:33 -0700] "GET /robots.txt HTTP/1.1" 200 39 "-" "Mozilla/5.0 (compatible; DotBot/1.2; +https://opensiteexplorer.org/dotbot; help@moz.com)" "www.savemoki.com"
114.119.139.148 - - [04/Sep/2022:16:03:15 -0700] "GET /clipart/images/frames?C=M%3BO%3DA HTTP/1.1" 301 1431 "https://savemoki.com/clipart/images/frames" "Mozilla/5.0 (Linux; Android 7.0;) AppleWebKit/537.36 (KHTML, like Gecko) Mobile Safari/537.36 (compatible; PetalBot;+https://webmaster.petalsearch.com/site/petalbot)" "savemoki.com"
114.119.139.148 - - [04/Sep/2022:16:03:19 -0700] "GET /clipart/images/frames/?C=M%3BO%3DA HTTP/1.1" 200 379 "https://savemoki.com/clipart/images/frames" "Mozilla/5.0 (Linux; Android 7.0;) AppleWebKit/537.36 (KHTML, like Gecko) Mobile Safari/537.36 (compatible; PetalBot;+https://webmaster.petalsearch.com/site/petalbot)" "savemoki.com"
43.158.219.177 - - [04/Sep/2022:16:05:12 -0700] "GET /contact_us.html HTTP/1.1" 200 18024 "http://savemoki.com/contact_us.html" "Mozilla/5.0 (Windows NT 10.0; Win64; x64) AppleWebKit/537.36 (KHTML, like Gecko) Chrome/90.0.4430.85 Safari/537.36" "savemoki.com"
154.54.249.194 - - [04/Sep/2022:16:06:18 -0700] "GET /2test/index.php/courses/sample-course/lessons/lesson-18/ HTTP/1.1" 404 18320 "-" "Mozilla/5.0 (compatible; Barkrowler/0.9; +https://babbar.tech/crawler)" "savemoki.com"
10.213.116.64 - - [04/Sep/2022:16:06:21 -0700] "POST /2test/wp-cron.php?doing_wp_cron=1662332781.6381409168243408203125 HTTP/1.1" 200 - "https://savemoki.com/2test/wp-cron.php?doing_wp_cron=1662332781.6381409168243408203125" "WordPress/5.4.11; https://savemoki.com/2test" "savemoki.com"
54.36.149.106 - - [04/Sep/2022:16:16:03 -0700] "GET /robots.txt HTTP/1.1" 200 55 "-" "Mozilla/5.0 (compatible; AhrefsBot/7.0; +http://ahrefs.com/robot/)" "savemoki.com"
51.222.253.15 - - [04/Sep/2022:16:16:04 -0700] "GET /clipart/backgrounds/?C=D;O=D HTTP/1.1" 200 364 "-" "Mozilla/5.0 (compatible; AhrefsBot/7.0; +http://ahrefs.com/robot/)" "savemoki.com"
77.75.78.160 - - [04/Sep/2022:16:18:49 -0700] "GET /robots.txt HTTP/1.1" 200 55 "-" "Mozilla/5.0 (compatible; SeznamBot/3.2; +http://napoveda.seznam.cz/en/seznambot-intro/)" "savemoki.com"
77.75.78.160 - - [04/Sep/2022:16:18:50 -0700] "GET /clipart/backgrounds/ HTTP/1.1" 200 366 "-" "Mozilla/5.0 (compatible; SeznamBot/3.2; +http://napoveda.seznam.cz/en/seznambot-intro/)" "savemoki.com"
114.119.139.185 - - [04/Sep/2022:16:21:41 -0700] "GET /clipart/backgrounds?N=A HTTP/1.1" 301 1418 "https://www.savemoki.com/clipart/backgrounds?D=D" "Mozilla/5.0 (Linux; Android 7.0;) AppleWebKit/537.36 (KHTML, like Gecko) Mobile Safari/537.36 (compatible; PetalBot;+https://webmaster.petalsearch.com/site/petalbot)" "www.savemoki.com"
114.119.139.185 - - [04/Sep/2022:16:21:48 -0700] "GET /clipart/backgrounds/?N=A HTTP/1.1" 200 366 "https://www.savemoki.com/clipart/backgrounds?D=D" "Mozilla/5.0 (Linux; Android 7.0;) AppleWebKit/537.36 (KHTML, like Gecko) Mobile Safari/537.36 (compatible; PetalBot;+https://webmaster.petalsearch.com/site/petalbot)" "www.savemoki.com"
37.139.53.84 - - [04/Sep/2022:16:25:08 -0700] "GET /contact_us.html HTTP/1.1" 200 18024 "http://savemoki.com/contact_us.html" "Mozilla/5.0 (Windows NT 6.1; WOW64) AppleWebKit/537.36 (KHTML, like Gecko) Chrome/83.0.4102.0 Safari/537.36" "savemoki.com"
51.222.253.5 - - [04/Sep/2022:16:41:14 -0700] "GET /clipart/images/?C=S;O=D HTTP/1.1" 200 486 "-" "Mozilla/5.0 (compatible; AhrefsBot/7.0; +http://ahrefs.com/robot/)" "savemoki.com"
216.244.66.249 - - [04/Sep/2022:16:48:53 -0700] "GET /robots.txt HTTP/1.1" 200 39 "-" "Mozilla/5.0 (compatible; DotBot/1.2; +https://opensiteexplorer.org/dotbot; help@moz.com)" "www.savemoki.com"
216.244.66.249 - - [04/Sep/2022:16:48:53 -0700] "GET /robots.txt HTTP/1.1" 200 39 "-" "Mozilla/5.0 (compatible; DotBot/1.2; +https://opensiteexplorer.org/dotbot; help@moz.com)" "savemoki.com"
114.119.156.133 - - [04/Sep/2022:16:49:17 -0700] "GET /links HTTP/1.1" 200 3567 "http://www.savemoki.com/mokis_medical_records" "Mozilla/5.0 (Linux; Android 7.0;) AppleWebKit/537.36 (KHTML, like Gecko) Mobile Safari/537.36 (compatible; PetalBot;+https://webmaster.petalsearch.com/site/petalbot)" "www.savemoki.com"
114.119.156.133 - - [04/Sep/2022:16:55:34 -0700] "GET /clipart/bullets?C=M%3BO%3DA HTTP/1.1" 301 1427 "https://www.savemoki.com/clipart/bullets" "Mozilla/5.0 (Linux; Android 7.0;) AppleWebKit/537.36 (KHTML, like Gecko) Mobile Safari/537.36 (compatible; PetalBot;+https://webmaster.petalsearch.com/site/petalbot)" "www.savemoki.com"
114.119.156.133 - - [04/Sep/2022:16:55:44 -0700] "GET /clipart/bullets/?C=M%3BO%3DA HTTP/1.1" 200 429 "https://www.savemoki.com/clipart/bullets" "Mozilla/5.0 (Linux; Android 7.0;) AppleWebKit/537.36 (KHTML, like Gecko) Mobile Safari/537.36 (compatible; PetalBot;+https://webmaster.petalsearch.com/site/petalbot)" "www.savemoki.com"
185.191.171.26 - - [04/Sep/2022:16:59:45 -0700] "GET /robots.txt HTTP/1.1" 200 55 "-" "Mozilla/5.0 (compatible; SemrushBot/7~bl; +http://www.semrush.com/bot.html)" "savemoki.com"
10.213.116.62 - - [04/Sep/2022:16:59:49 -0700] "POST /2test/wp-cron.php?doing_wp_cron=1662335989.1854529380798339843750 HTTP/1.1" 200 - "http://savemoki.com/2test/wp-cron.php?doing_wp_cron=1662335989.1854529380798339843750" "WordPress/5.4.11; http://savemoki.com/2test" "savemoki.com"
185.191.171.19 - - [04/Sep/2022:16:59:46 -0700] "GET /2test/index.php/courses/sixth-grade/ HTTP/1.1" 200 20470 "-" "Mozilla/5.0 (compatible; SemrushBot/7~bl; +http://www.semrush.com/bot.html)" "savemoki.com"
114.119.156.133 - - [04/Sep/2022:17:00:54 -0700] "GET /blog/wp-content/themes/themeforest-625914-ice-theme-powerful-wordpress-theme-1/licensing?C=S%3BO%3DA HTTP/1.1" 301 1473 "https://savemoki.com/blog/wp-content/themes/themeforest-625914-ice-theme-powerful-wordpress-theme-1/licensing" "Mozilla/5.0 (Linux; Android 7.0;) AppleWebKit/537.36 (KHTML, like Gecko) Mobile Safari/537.36 (compatible; PetalBot;+https://webmaster.petalsearch.com/site/petalbot)" "savemoki.com"
114.119.156.133 - - [04/Sep/2022:17:01:04 -0700] "GET /blog/wp-content/themes/themeforest-625914-ice-theme-powerful-wordpress-theme-1/licensing/?C=S%3BO%3DA HTTP/1.1" 200 419 "https://savemoki.com/blog/wp-content/themes/themeforest-625914-ice-theme-powerful-wordpress-theme-1/licensing" "Mozilla/5.0 (Linux; Android 7.0;) AppleWebKit/537.36 (KHTML, like Gecko) Mobile Safari/537.36 (compatible; PetalBot;+https://webmaster.petalsearch.com/site/petalbot)" "savemoki.com"
51.222.253.8 - - [04/Sep/2022:17:07:39 -0700] "GET /?C=N;O=D HTTP/1.1" 200 1300 "-" "Mozilla/5.0 (compatible; AhrefsBot/7.0; +http://ahrefs.com/robot/)" "savemoki.com"
114.119.139.185 - - [04/Sep/2022:17:07:45 -0700] "GET /clipart/images/sidebars?C=D%3BO%3DA HTTP/1.1" 301 1433 "https://savemoki.com/clipart/images/sidebars?C=S%3BO%3DA" "Mozilla/5.0 (Linux; Android 7.0;) AppleWebKit/537.36 (KHTML, like Gecko) Mobile Safari/537.36 (compatible; PetalBot;+https://webmaster.petalsearch.com/site/petalbot)" "savemoki.com"
114.119.139.185 - - [04/Sep/2022:17:07:52 -0700] "GET /clipart/images/sidebars/?C=D%3BO%3DA HTTP/1.1" 200 432 "https://savemoki.com/clipart/images/sidebars?C=S%3BO%3DA" "Mozilla/5.0 (Linux; Android 7.0;) AppleWebKit/537.36 (KHTML, like Gecko) Mobile Safari/537.36 (compatible; PetalBot;+https://webmaster.petalsearch.com/site/petalbot)" "savemoki.com"
77.75.76.167 - - [04/Sep/2022:17:12:17 -0700] "GET /robots.txt HTTP/1.1" 200 55 "-" "Mozilla/5.0 (compatible; SeznamBot/3.2; +http://napoveda.seznam.cz/en/seznambot-intro/)" "savemoki.com"
77.75.76.167 - - [04/Sep/2022:17:12:20 -0700] "GET /sitebuilder/images/Lab_5-450x600.jpg HTTP/1.1" 304 - "-" "Mozilla/5.0 (compatible; SeznamBot/3.2; +http://napoveda.seznam.cz/en/seznambot-intro/)" "savemoki.com"
77.75.76.167 - - [04/Sep/2022:17:12:22 -0700] "GET /robots.txt HTTP/1.1" 200 55 "-" "Mozilla/5.0 (compatible; SeznamBot/3.2; +http://napoveda.seznam.cz/en/seznambot-intro/)" "www.savemoki.com"
77.75.76.167 - - [04/Sep/2022:17:12:23 -0700] "GET /sitebuilder/images/UC_DAvis_Referal-450x600.jpg HTTP/1.1" 304 - "-" "Mozilla/5.0 (compatible; SeznamBot/3.2; +http://napoveda.seznam.cz/en/seznambot-intro/)" "www.savemoki.com"
114.119.134.192 - - [04/Sep/2022:17:16:47 -0700] "GET /files?D=D HTTP/1.1" 301 1412 "https://savemoki.com/files?D=A" "Mozilla/5.0 (Linux; Android 7.0;) AppleWebKit/537.36 (KHTML, like Gecko) Mobile Safari/537.36 (compatible; PetalBot;+https://webmaster.petalsearch.com/site/petalbot)" "savemoki.com"
114.119.134.192 - - [04/Sep/2022:17:17:00 -0700] "GET /files/?D=D HTTP/1.1" 200 380 "https://savemoki.com/files?D=A" "Mozilla/5.0 (Linux; Android 7.0;) AppleWebKit/537.36 (KHTML, like Gecko) Mobile Safari/537.36 (compatible; PetalBot;+https://webmaster.petalsearch.com/site/petalbot)" "savemoki.com"
154.54.249.194 - - [04/Sep/2022:17:18:23 -0700] "GET /2test/index.php/courses/sample-course/lessons/lesson-11/ HTTP/1.1" 404 18320 "-" "Mozilla/5.0 (compatible; Barkrowler/0.9; +https://babbar.tech/crawler)" "savemoki.com"
157.55.39.192 - - [04/Sep/2022:17:27:40 -0700] "GET /media/ HTTP/1.1" 200 396 "-" "Mozilla/5.0 (compatible; bingbot/2.0; +http://www.bing.com/bingbot.htm)" "savemoki.com"
114.119.139.185 - - [04/Sep/2022:17:27:47 -0700] "GET /sitebuilder?N=D HTTP/1.1" 301 1416 "https://savemoki.com/sitebuilder?N=A" "Mozilla/5.0 (Linux; Android 7.0;) AppleWebKit/537.36 (KHTML, like Gecko) Mobile Safari/537.36 (compatible; PetalBot;+https://webmaster.petalsearch.com/site/petalbot)" "savemoki.com"
114.119.139.185 - - [04/Sep/2022:17:27:52 -0700] "GET /sitebuilder/?N=D HTTP/1.1" 200 372 "https://savemoki.com/sitebuilder?N=A" "Mozilla/5.0 (Linux; Android 7.0;) AppleWebKit/537.36 (KHTML, like Gecko) Mobile Safari/537.36 (compatible; PetalBot;+https://webmaster.petalsearch.com/site/petalbot)" "savemoki.com"
51.222.253.16 - - [04/Sep/2022:17:33:48 -0700] "GET /Links_Feline_Health.html HTTP/1.1" 200 10246 "-" "Mozilla/5.0 (compatible; AhrefsBot/7.0; +http://ahrefs.com/robot/)" "www.savemoki.com"
157.55.39.193 - - [04/Sep/2022:17:34:54 -0700] "GET /updates_on_special_friends.html HTTP/1.1" 404 88 "-" "Mozilla/5.0 (compatible; bingbot/2.0; +http://www.bing.com/bingbot.htm)" "savemoki.com"
114.119.139.148 - - [04/Sep/2022:17:35:17 -0700] "GET /clipart/images/sidebars HTTP/1.1" 301 1419 "https://savemoki.com/clipart/images?C=D%3BO%3DA" "Mozilla/5.0 (Linux; Android 7.0;) AppleWebKit/537.36 (KHTML, like Gecko) Mobile Safari/537.36 (compatible; PetalBot;+https://webmaster.petalsearch.com/site/petalbot)" "savemoki.com"
114.119.139.148 - - [04/Sep/2022:17:35:28 -0700] "GET /clipart/images/sidebars/ HTTP/1.1" 200 432 "https://savemoki.com/clipart/images?C=D%3BO%3DA" "Mozilla/5.0 (Linux; Android 7.0;) AppleWebKit/537.36 (KHTML, like Gecko) Mobile Safari/537.36 (compatible; PetalBot;+https://webmaster.petalsearch.com/site/petalbot)" "savemoki.com"
216.244.66.249 - - [04/Sep/2022:17:38:48 -0700] "GET /robots.txt HTTP/1.1" 200 39 "-" "Mozilla/5.0 (compatible; DotBot/1.2; +https://opensiteexplorer.org/dotbot; help@moz.com)" "savemoki.com"
216.244.66.249 - - [04/Sep/2022:17:38:48 -0700] "GET /robots.txt HTTP/1.1" 200 39 "-" "Mozilla/5.0 (compatible; DotBot/1.2; +https://opensiteexplorer.org/dotbot; help@moz.com)" "www.savemoki.com"
114.119.139.183 - - [04/Sep/2022:17:43:01 -0700] "GET /clipart/images/sidebars/?C=D%3BO%3DA HTTP/1.1" 200 432 "https://www.savemoki.com/clipart/images/sidebars?D=D" "Mozilla/5.0 (Linux; Android 7.0;) AppleWebKit/537.36 (KHTML, like Gecko) Mobile Safari/537.36 (compatible; PetalBot;+https://webmaster.petalsearch.com/site/petalbot)" "www.savemoki.com"
17.121.112.155 - - [04/Sep/2022:17:44:48 -0700] "GET /Mokislabpage3.html HTTP/1.1" 200 3826 "-" "Mozilla/5.0 (Macintosh; Intel Mac OS X 10_15_5) AppleWebKit/605.1.15 (KHTML, like Gecko) Version/13.1.1 Safari/605.1.15 (Applebot/0.1; +http://www.apple.com/go/applebot)" "www.savemoki.com"
114.119.134.192 - - [04/Sep/2022:17:48:32 -0700] "GET /blog/?C=N%3BO%3DD HTTP/1.1" 200 352 "https://savemoki.com/blog?M=D" "Mozilla/5.0 (Linux; Android 7.0;) AppleWebKit/537.36 (KHTML, like Gecko) Mobile Safari/537.36 (compatible; PetalBot;+https://webmaster.petalsearch.com/site/petalbot)" "savemoki.com"
51.222.253.18 - - [04/Sep/2022:17:52:42 -0700] "GET /robots.txt HTTP/1.1" 200 55 "-" "Mozilla/5.0 (compatible; AhrefsBot/7.0; +http://ahrefs.com/robot/)" "www.savemoki.com"
51.222.253.10 - - [04/Sep/2022:17:52:43 -0700] "GET / HTTP/1.1" 200 1285 "-" "Mozilla/5.0 (compatible; AhrefsBot/7.0; +http://ahrefs.com/robot/)" "www.savemoki.com"
114.119.139.183 - - [04/Sep/2022:17:54:32 -0700] "GET /blog/wp-content/themes/?C=N%3BO%3DD HTTP/1.1" 200 405 "https://savemoki.com/blog/wp-content/themes?M=A" "Mozilla/5.0 (Linux; Android 7.0;) AppleWebKit/537.36 (KHTML, like Gecko) Mobile Safari/537.36 (compatible; PetalBot;+https://webmaster.petalsearch.com/site/petalbot)" "savemoki.com"
51.222.253.8 - - [04/Sep/2022:18:01:03 -0700] "GET / HTTP/1.1" 200 1285 "-" "Mozilla/5.0 (compatible; AhrefsBot/7.0; +http://ahrefs.com/robot/)" "www.savemoki.com"
45.138.74.8 - - [04/Sep/2022:18:04:02 -0700] "GET / HTTP/1.1" 200 7350 "https://porndl.org/" "Mozilla/4.0 (compatible; MSIE 5.5; Windows NT 5.0; T312461)" "www.savemoki.com"
45.138.74.8 - - [04/Sep/2022:18:04:03 -0700] "GET / HTTP/1.1" 200 7350 "https://porndl.org/" "Mozilla/4.0 (compatible; MSIE 5.5; Windows NT 5.0; T312461)" "www.savemoki.com"
45.138.74.8 - - [04/Sep/2022:18:04:04 -0700] "GET / HTTP/1.1" 200 7350 "https://porndl.org/" "Mozilla/4.0 (compatible; MSIE 5.5; Windows NT 5.0; T312461)" "www.savemoki.com"
114.119.139.183 - - [04/Sep/2022:18:06:58 -0700] "GET /clipart/lines/horizontal HTTP/1.1" 301 1422 "https://www.savemoki.com/clipart/lines?C=D%3BO%3DA" "Mozilla/5.0 (Linux; Android 7.0;) AppleWebKit/537.36 (KHTML, like Gecko) Mobile Safari/537.36 (compatible; PetalBot;+https://webmaster.petalsearch.com/site/petalbot)" "www.savemoki.com"
114.119.139.183 - - [04/Sep/2022:18:07:11 -0700] "GET /clipart/lines/horizontal/ HTTP/1.1" 200 408 "https://www.savemoki.com/clipart/lines?C=D%3BO%3DA" "Mozilla/5.0 (Linux; Android 7.0;) AppleWebKit/537.36 (KHTML, like Gecko) Mobile Safari/537.36 (compatible; PetalBot;+https://webmaster.petalsearch.com/site/petalbot)" "www.savemoki.com"
51.222.253.3 - - [04/Sep/2022:18:09:35 -0700] "GET /clipart/images/?C=N;O=D HTTP/1.1" 200 480 "-" "Mozilla/5.0 (compatible; AhrefsBot/7.0; +http://ahrefs.com/robot/)" "savemoki.com"
114.119.139.148 - - [04/Sep/2022:18:13:01 -0700] "GET /navigation_bars/?C=M%3BO%3DA HTTP/1.1" 200 408 "https://savemoki.com/navigation_bars?C=D%3BO%3DA" "Mozilla/5.0 (Linux; Android 7.0;) AppleWebKit/537.36 (KHTML, like Gecko) Mobile Safari/537.36 (compatible; PetalBot;+https://webmaster.petalsearch.com/site/petalbot)" "savemoki.com"
61.253.34.149 - - [04/Sep/2022:18:15:54 -0700] "GET /contact_us.html HTTP/1.1" 200 18024 "http://savemoki.com/contact_us.html" "Mozilla/5.0 (Windows NT 6.1; WOW64) AppleWebKit/537.36 (KHTML, like Gecko) Chrome/90.0.4430.93 Safari/537.36" "savemoki.com"
62.141.43.237 - - [04/Sep/2022:18:16:25 -0700] "GET /contact_us.html HTTP/1.1" 200 18024 "http://savemoki.com/contact_us.html" "Mozilla/5.0 (Windows NT 6.1; WOW64) AppleWebKit/537.36 (KHTML, like Gecko) Chrome/90.0.4430.93 Safari/537.36" "savemoki.com"
185.119.81.99 - - [04/Sep/2022:18:17:33 -0700] "GET /2test/wp-login.php HTTP/1.1" 200 6053 "-" "Mozilla/5.0 (Windows NT 10.0; Win64; x64) AppleWebKit/537.36 (KHTML, like Gecko) Chrome/98.0.4758.82 Safari/537.36" "savemoki.com"
10.213.116.62 - - [04/Sep/2022:18:17:36 -0700] "POST /2test/wp-cron.php?doing_wp_cron=1662340656.1417090892791748046875 HTTP/1.1" 200 - "http://savemoki.com/2test/wp-cron.php?doing_wp_cron=1662340656.1417090892791748046875" "WordPress/5.4.11; http://savemoki.com/2test" "savemoki.com"
185.119.81.99 - - [04/Sep/2022:18:17:37 -0700] "POST /2test/wp-login.php HTTP/1.1" 200 6489 "http://savemoki.com/2test/wp-login.php" "Mozilla/5.0 (Windows NT 10.0; Win64; x64) AppleWebKit/537.36 (KHTML, like Gecko) Chrome/98.0.4758.82 Safari/537.36" "savemoki.com"
51.222.253.15 - - [04/Sep/2022:18:18:19 -0700] "GET /clipart/backgrounds/fullpage/?C=N;O=D HTTP/1.1" 200 387 "-" "Mozilla/5.0 (compatible; AhrefsBot/7.0; +http://ahrefs.com/robot/)" "savemoki.com"
114.119.134.192 - - [04/Sep/2022:18:18:55 -0700] "GET /sitebuilder/images?D=D HTTP/1.1" 301 1420 "https://savemoki.com/sitebuilder/images?D=A" "Mozilla/5.0 (Linux; Android 7.0;) AppleWebKit/537.36 (KHTML, like Gecko) Mobile Safari/537.36 (compatible; PetalBot;+https://webmaster.petalsearch.com/site/petalbot)" "savemoki.com"
114.119.134.192 - - [04/Sep/2022:18:19:08 -0700] "GET /sitebuilder/images/?D=D HTTP/1.1" 200 3814 "https://savemoki.com/sitebuilder/images?D=A" "Mozilla/5.0 (Linux; Android 7.0;) AppleWebKit/537.36 (KHTML, like Gecko) Mobile Safari/537.36 (compatible; PetalBot;+https://webmaster.petalsearch.com/site/petalbot)" "savemoki.com"
114.119.156.133 - - [04/Sep/2022:18:25:01 -0700] "GET /clipart/backgrounds/fullpage/?C=M%3BO%3DA HTTP/1.1" 200 389 "https://www.savemoki.com/clipart/backgrounds/fullpage/?C=D%3BO%3DA" "Mozilla/5.0 (Linux; Android 7.0;) AppleWebKit/537.36 (KHTML, like Gecko) Mobile Safari/537.36 (compatible; PetalBot;+https://webmaster.petalsearch.com/site/petalbot)" "www.savemoki.com"
77.75.79.72 - - [04/Sep/2022:18:25:29 -0700] "GET /robots.txt HTTP/1.1" 200 55 "-" "Mozilla/5.0 (compatible; SeznamBot/3.2; +http://napoveda.seznam.cz/en/seznambot-intro/)" "savemoki.com"
77.75.79.72 - - [04/Sep/2022:18:25:31 -0700] "GET /sitebuilder/images/Lab_2-450x600.jpg HTTP/1.1" 304 - "-" "Mozilla/5.0 (compatible; SeznamBot/3.2; +http://napoveda.seznam.cz/en/seznambot-intro/)" "savemoki.com"
77.75.79.72 - - [04/Sep/2022:18:25:33 -0700] "GET /robots.txt HTTP/1.1" 200 55 "-" "Mozilla/5.0 (compatible; SeznamBot/3.2; +http://napoveda.seznam.cz/en/seznambot-intro/)" "www.savemoki.com"
77.75.79.72 - - [04/Sep/2022:18:25:34 -0700] "GET /sitebuilder/images/Medical_Record_1-449x600.jpg HTTP/1.1" 304 - "-" "Mozilla/5.0 (compatible; SeznamBot/3.2; +http://napoveda.seznam.cz/en/seznambot-intro/)" "www.savemoki.com"
51.222.253.11 - - [04/Sep/2022:18:27:41 -0700] "GET /yahoo_site_admin/ HTTP/1.1" 200 5367 "-" "Mozilla/5.0 (compatible; AhrefsBot/7.0; +http://ahrefs.com/robot/)" "www.savemoki.com"
49.51.97.214 - - [04/Sep/2022:18:29:57 -0700] "GET /contact_us.html HTTP/1.1" 200 18024 "http://savemoki.com/contact_us.html" "Mozilla/5.0 (Windows NT 10.0; WOW64) AppleWebKit/537.36 (KHTML, like Gecko) Chrome/90.0.4400.8 Safari/537.36" "savemoki.com"
35.88.139.127 - - [04/Sep/2022:18:30:02 -0700] "GET / HTTP/1.1" 200 1285 "-" "Mozilla/5.0 (X11; Linux x86_64) AppleWebKit/537.36 (KHTML, like Gecko) Chrome/83.0.4103.97 Safari/537.36" "savemoki.com"
35.90.176.202 - - [04/Sep/2022:18:30:03 -0700] "GET / HTTP/1.1" 200 1285 "-" "Mozilla/5.0 (X11; Linux x86_64) AppleWebKit/537.36 (KHTML, like Gecko) Chrome/83.0.4103.97 Safari/537.36" "savemoki.com"
54.218.16.181 - - [04/Sep/2022:18:30:24 -0700] "GET /favicon.ico HTTP/1.1" 404 88 "-" "Mozilla/5.0 (X11; Linux x86_64) AppleWebKit/537.36 (KHTML, like Gecko) Chrome/83.0.4103.97 Safari/537.36" "savemoki.com"
54.218.16.181 - - [04/Sep/2022:18:30:25 -0700] "GET / HTTP/1.1" 200 1285 "-" "Mozilla/5.0 (X11; Linux x86_64) AppleWebKit/537.36 (KHTML, like Gecko) Chrome/83.0.4103.97 Safari/537.36" "savemoki.com"
35.90.88.156 - - [04/Sep/2022:18:30:28 -0700] "GET /favicon.ico HTTP/1.1" 404 88 "-" "Mozilla/5.0 (X11; Linux x86_64) AppleWebKit/537.36 (KHTML, like Gecko) Chrome/83.0.4103.97 Safari/537.36" "savemoki.com"
35.90.88.156 - - [04/Sep/2022:18:30:30 -0700] "GET / HTTP/1.1" 200 1285 "-" "Mozilla/5.0 (X11; Linux x86_64) AppleWebKit/537.36 (KHTML, like Gecko) Chrome/83.0.4103.97 Safari/537.36" "savemoki.com"
114.119.134.192 - - [04/Sep/2022:18:30:54 -0700] "GET /Mokislabpage2.html HTTP/1.1" 200 4057 "http://www.savemoki.com/Mokislabpage1.html" "Mozilla/5.0 (Linux; Android 7.0;) AppleWebKit/537.36 (KHTML, like Gecko) Mobile Safari/537.36 (compatible; PetalBot;+https://webmaster.petalsearch.com/site/petalbot)" "www.savemoki.com"
5.255.253.129 - - [04/Sep/2022:18:31:52 -0700] "GET /robots.txt HTTP/1.1" 200 39 "-" "Mozilla/5.0 (compatible; YandexBot/3.0; +http://yandex.com/bots)" "savemoki.com"
5.45.207.67 - - [04/Sep/2022:18:31:55 -0700] "GET /blog1/index.php/2015/05/06/hello-world/ HTTP/1.1" 404 88 "-" "Mozilla/5.0 (compatible; YandexBot/3.0; +http://yandex.com/bots)" "savemoki.com"
154.54.249.194 - - [04/Sep/2022:18:31:52 -0700] "GET /2test/index.php/courses/sample-course/lessons/lesson-7/ HTTP/1.1" 404 18319 "-" "Mozilla/5.0 (compatible; Barkrowler/0.9; +https://babbar.tech/crawler)" "savemoki.com"
10.213.116.64 - - [04/Sep/2022:18:31:55 -0700] "POST /2test/wp-cron.php?doing_wp_cron=1662341515.7400040626525878906250 HTTP/1.1" 200 - "https://savemoki.com/2test/wp-cron.php?doing_wp_cron=1662341515.7400040626525878906250" "WordPress/5.4.11; https://savemoki.com/2test" "savemoki.com"
51.222.253.10 - - [04/Sep/2022:18:37:09 -0700] "GET /clipart/bullets/?C=S;O=A HTTP/1.1" 200 428 "-" "Mozilla/5.0 (compatible; AhrefsBot/7.0; +http://ahrefs.com/robot/)" "savemoki.com"
114.119.156.133 - - [04/Sep/2022:18:37:33 -0700] "GET /?C=S%3BO%3DA HTTP/1.1" 200 1285 "http://www.savemoki.com?C=D%3BO%3DA" "Mozilla/5.0 (Linux; Android 7.0;) AppleWebKit/537.36 (KHTML, like Gecko) Mobile Safari/537.36 (compatible; PetalBot;+https://webmaster.petalsearch.com/site/petalbot)" "www.savemoki.com"
51.222.253.8 - - [04/Sep/2022:18:46:24 -0700] "GET /clipart/bullets/?C=D;O=A HTTP/1.1" 200 429 "-" "Mozilla/5.0 (compatible; AhrefsBot/7.0; +http://ahrefs.com/robot/)" "savemoki.com"
37.139.53.84 - - [04/Sep/2022:18:46:25 -0700] "GET /contact_us.html HTTP/1.1" 200 18024 "http://savemoki.com/contact_us.html" "Mozilla/5.0 (Windows NT 6.3; ) AppleWebKit/537.36 (KHTML, like Gecko) Chrome/83.0.4103.61 Safari/537.36" "savemoki.com"
216.244.66.249 - - [04/Sep/2022:18:47:51 -0700] "GET /robots.txt HTTP/1.1" 200 39 "-" "Mozilla/5.0 (compatible; DotBot/1.2; +https://opensiteexplorer.org/dotbot; help@moz.com)" "www.savemoki.com"
216.244.66.249 - - [04/Sep/2022:18:47:51 -0700] "GET /robots.txt HTTP/1.1" 200 39 "-" "Mozilla/5.0 (compatible; DotBot/1.2; +https://opensiteexplorer.org/dotbot; help@moz.com)" "savemoki.com"
114.119.139.185 - - [04/Sep/2022:18:48:46 -0700] "GET /blog HTTP/1.1" 301 1405 "https://www.savemoki.com/?C=N%3BO%3DD" "Mozilla/5.0 (Linux; Android 7.0;) AppleWebKit/537.36 (KHTML, like Gecko) Mobile Safari/537.36 (compatible; PetalBot;+https://webmaster.petalsearch.com/site/petalbot)" "www.savemoki.com"
114.119.139.185 - - [04/Sep/2022:18:48:50 -0700] "GET /blog/ HTTP/1.1" 200 352 "https://www.savemoki.com/?C=N%3BO%3DD" "Mozilla/5.0 (Linux; Android 7.0;) AppleWebKit/537.36 (KHTML, like Gecko) Mobile Safari/537.36 (compatible; PetalBot;+https://webmaster.petalsearch.com/site/petalbot)" "www.savemoki.com"
114.119.139.183 - - [04/Sep/2022:19:01:45 -0700] "GET /MedicalRecord.html HTTP/1.1" 200 4796 "http://savemoki.com/Mokislabpage1.html" "Mozilla/5.0 (Linux; Android 7.0;) AppleWebKit/537.36 (KHTML, like Gecko) Mobile Safari/537.36 (compatible; PetalBot;+https://webmaster.petalsearch.com/site/petalbot)" "savemoki.com"
114.119.139.185 - - [04/Sep/2022:19:06:51 -0700] "GET /clipart/bullets?C=D%3BO%3DA HTTP/1.1" 301 1427 "https://www.savemoki.com/clipart/bullets?C=M%3BO%3DA" "Mozilla/5.0 (Linux; Android 7.0;) AppleWebKit/537.36 (KHTML, like Gecko) Mobile Safari/537.36 (compatible; PetalBot;+https://webmaster.petalsearch.com/site/petalbot)" "www.savemoki.com"
114.119.139.185 - - [04/Sep/2022:19:06:52 -0700] "GET /clipart/bullets/?C=D%3BO%3DA HTTP/1.1" 200 429 "https://www.savemoki.com/clipart/bullets?C=M%3BO%3DA" "Mozilla/5.0 (Linux; Android 7.0;) AppleWebKit/537.36 (KHTML, like Gecko) Mobile Safari/537.36 (compatible; PetalBot;+https://webmaster.petalsearch.com/site/petalbot)" "www.savemoki.com"
61.135.159.165 - - [04/Sep/2022:19:11:59 -0700] "GET / HTTP/1.1" 200 1285 "-" "Sogou web spider/4.0(+http://www.sogou.com/docs/help/webmasters.htm#07)" "www.savemoki.com"
77.75.78.169 - - [04/Sep/2022:19:12:37 -0700] "GET /robots.txt HTTP/1.1" 200 55 "-" "Mozilla/5.0 (compatible; SeznamBot/3.2; +http://napoveda.seznam.cz/en/seznambot-intro/)" "savemoki.com"
77.75.78.169 - - [04/Sep/2022:19:12:39 -0700] "GET /sitebuilder/images/Lab_4-450x600.jpg HTTP/1.1" 304 - "-" "Mozilla/5.0 (compatible; SeznamBot/3.2; +http://napoveda.seznam.cz/en/seznambot-intro/)" "savemoki.com"
51.222.253.15 - - [04/Sep/2022:19:12:53 -0700] "GET / HTTP/1.1" 200 1285 "-" "Mozilla/5.0 (compatible; AhrefsBot/7.0; +http://ahrefs.com/robot/)" "savemoki.com"
114.119.139.183 - - [04/Sep/2022:19:12:56 -0700] "GET /clipart/buttons/themes?N=D HTTP/1.1" 301 1424 "https://savemoki.com/clipart/buttons/themes" "Mozilla/5.0 (Linux; Android 7.0;) AppleWebKit/537.36 (KHTML, like Gecko) Mobile Safari/537.36 (compatible; PetalBot;+https://webmaster.petalsearch.com/site/petalbot)" "savemoki.com"
114.119.139.183 - - [04/Sep/2022:19:12:56 -0700] "GET /clipart/buttons/themes/?N=D HTTP/1.1" 200 404 "https://savemoki.com/clipart/buttons/themes" "Mozilla/5.0 (Linux; Android 7.0;) AppleWebKit/537.36 (KHTML, like Gecko) Mobile Safari/537.36 (compatible; PetalBot;+https://webmaster.petalsearch.com/site/petalbot)" "savemoki.com"
84.55.71.209 - - [04/Sep/2022:19:14:31 -0700] "GET /contact_us.html HTTP/1.1" 200 18024 "http://savemoki.com/contact_us.html" "Mozilla/5.0 (Windows NT 6.1) AppleWebKit/537.36 (KHTML, like Gecko) Chrome/90.0.4430.72 Safari/537.36" "savemoki.com"
114.119.139.185 - - [04/Sep/2022:19:19:05 -0700] "GET /files?C=S%3BO%3DA HTTP/1.1" 301 1422 "https://www.savemoki.com/files?S=D" "Mozilla/5.0 (Linux; Android 7.0;) AppleWebKit/537.36 (KHTML, like Gecko) Mobile Safari/537.36 (compatible; PetalBot;+https://webmaster.petalsearch.com/site/petalbot)" "www.savemoki.com"
114.119.139.185 - - [04/Sep/2022:19:19:07 -0700] "GET /files/?C=S%3BO%3DA HTTP/1.1" 200 380 "https://www.savemoki.com/files?S=D" "Mozilla/5.0 (Linux; Android 7.0;) AppleWebKit/537.36 (KHTML, like Gecko) Mobile Safari/537.36 (compatible; PetalBot;+https://webmaster.petalsearch.com/site/petalbot)" "www.savemoki.com"
103.105.78.211 - - [04/Sep/2022:19:23:59 -0700] "GET /contact_us.html HTTP/1.1" 200 18024 "http://savemoki.com/contact_us.html" "Mozilla/5.0 (Windows NT 10.0; WOW64) AppleWebKit/537.36 (KHTML, like Gecko) Chrome/90.0.4430.93 Safari/537.36" "savemoki.com"
114.119.156.133 - - [04/Sep/2022:19:25:05 -0700] "GET /clipart?C=S%3BO%3DA HTTP/1.1" 301 1424 "https://www.savemoki.com/clipart?D=D" "Mozilla/5.0 (Linux; Android 7.0;) AppleWebKit/537.36 (KHTML, like Gecko) Mobile Safari/537.36 (compatible; PetalBot;+https://webmaster.petalsearch.com/site/petalbot)" "www.savemoki.com"
51.222.253.1 - - [04/Sep/2022:19:25:48 -0700] "GET / HTTP/1.1" 200 1285 "-" "Mozilla/5.0 (compatible; AhrefsBot/7.0; +http://ahrefs.com/robot/)" "savemoki.com"
216.244.66.249 - - [04/Sep/2022:19:37:25 -0700] "GET /robots.txt HTTP/1.1" 200 39 "-" "Mozilla/5.0 (compatible; DotBot/1.2; +https://opensiteexplorer.org/dotbot; help@moz.com)" "www.savemoki.com"
216.244.66.249 - - [04/Sep/2022:19:37:25 -0700] "GET /robots.txt HTTP/1.1" 200 39 "-" "Mozilla/5.0 (compatible; DotBot/1.2; +https://opensiteexplorer.org/dotbot; help@moz.com)" "savemoki.com"
51.222.253.1 - - [04/Sep/2022:19:39:21 -0700] "GET /clipart/bullets/?C=M;O=A HTTP/1.1" 200 429 "-" "Mozilla/5.0 (compatible; AhrefsBot/7.0; +http://ahrefs.com/robot/)" "savemoki.com"
114.119.156.133 - - [04/Sep/2022:19:43:10 -0700] "GET /clipart/?C=N%3BO%3DD HTTP/1.1" 200 440 "https://savemoki.com/clipart/?C=D%3BO%3DA" "Mozilla/5.0 (Linux; Android 7.0;) AppleWebKit/537.36 (KHTML, like Gecko) Mobile Safari/537.36 (compatible; PetalBot;+https://webmaster.petalsearch.com/site/petalbot)" "savemoki.com"
209.212.21.182 - - [04/Sep/2022:19:44:55 -0700] "GET /contact_us.html HTTP/1.1" 200 18024 "http://savemoki.com/contact_us.html" "Mozilla/5.0 (Windows NT 6.1; Win64; x64) AppleWebKit/537.36 (KHTML, like Gecko) Chrome/90.0.4427.0 Safari/537.36" "savemoki.com"
114.119.134.192 - - [04/Sep/2022:19:50:08 -0700] "GET /images/?C=N%3BO%3DD HTTP/1.1" 200 2158 "https://www.savemoki.com/images?N=D" "Mozilla/5.0 (Linux; Android 7.0;) AppleWebKit/537.36 (KHTML, like Gecko) Mobile Safari/537.36 (compatible; PetalBot;+https://webmaster.petalsearch.com/site/petalbot)" "www.savemoki.com"
10.213.116.62 - - [04/Sep/2022:19:50:29 -0700] "POST /2test/wp-cron.php?doing_wp_cron=1662346229.4102458953857421875000 HTTP/1.1" 200 - "https://savemoki.com/2test/wp-cron.php?doing_wp_cron=1662346229.4102458953857421875000" "WordPress/5.4.11; https://savemoki.com/2test" "savemoki.com"
154.54.249.194 - - [04/Sep/2022:19:50:26 -0700] "GET /2test/index.php/courses/sample-course/lessons/lesson-4/ HTTP/1.1" 404 18319 "-" "Mozilla/5.0 (compatible; Barkrowler/0.9; +https://babbar.tech/crawler)" "savemoki.com"
51.222.253.19 - - [04/Sep/2022:19:53:16 -0700] "GET /clipart/lines/horizontal/ HTTP/1.1" 200 408 "-" "Mozilla/5.0 (compatible; AhrefsBot/7.0; +http://ahrefs.com/robot/)" "savemoki.com"
43.134.187.248 - - [04/Sep/2022:19:57:39 -0700] "GET /contact_us.html HTTP/1.1" 200 18024 "http://savemoki.com/contact_us.html" "Mozilla/5.0 (Windows NT 10.0; WOW64) AppleWebKit/537.36 (KHTML, like Gecko) Chrome/90.0.4430.72 Safari/537.36" "savemoki.com"
51.222.253.5 - - [04/Sep/2022:20:07:17 -0700] "GET /clipart/images/sidebars/?C=D;O=D HTTP/1.1" 200 431 "-" "Mozilla/5.0 (compatible; AhrefsBot/7.0; +http://ahrefs.com/robot/)" "savemoki.com"
65.108.64.210 - - [04/Sep/2022:20:07:22 -0700] "GET /robots.txt HTTP/1.1" 200 39 "-" "Mozilla/5.0 (compatible; MJ12bot/v1.4.8; http://mj12bot.com/)" "savemoki.com"
65.108.64.210 - - [04/Sep/2022:20:07:23 -0700] "GET /videos_of_moki HTTP/1.1" 200 3164 "-" "Mozilla/5.0 (compatible; MJ12bot/v1.4.8; http://mj12bot.com/)" "savemoki.com"
114.119.134.192 - - [04/Sep/2022:20:14:27 -0700] "GET /2test/wp-login.php?redirect_to=https://savemoki.com/2test/index.php/2020/04/03/hello-world/ HTTP/1.1" 200 6093 "https://savemoki.com/2test/index.php/2020/04/03/hello-world" "Mozilla/5.0 (Linux; Android 7.0;) AppleWebKit/537.36 (KHTML, like Gecko) Mobile Safari/537.36 (compatible; PetalBot;+https://webmaster.petalsearch.com/site/petalbot)" "savemoki.com"
114.119.134.192 - - [04/Sep/2022:20:20:19 -0700] "GET /sitebuilder/scripts?N=D HTTP/1.1" 301 1423 "https://www.savemoki.com/sitebuilder/scripts?N=A" "Mozilla/5.0 (Linux; Android 7.0;) AppleWebKit/537.36 (KHTML, like Gecko) Mobile Safari/537.36 (compatible; PetalBot;+https://webmaster.petalsearch.com/site/petalbot)" "www.savemoki.com"
49.51.28.14 - - [04/Sep/2022:20:20:20 -0700] "GET /contact_us.html HTTP/1.1" 200 18024 "http://savemoki.com/contact_us.html" "Mozilla/5.0 (Windows NT 6.3; Win64; x64) AppleWebKit/537.36 (KHTML, like Gecko) Chrome/90.0.4430.72 Safari/537.36 Edg/90.0.818.42" "savemoki.com"
114.119.134.192 - - [04/Sep/2022:20:20:30 -0700] "GET /sitebuilder/scripts/?N=D HTTP/1.1" 200 373 "https://www.savemoki.com/sitebuilder/scripts?N=A" "Mozilla/5.0 (Linux; Android 7.0;) AppleWebKit/537.36 (KHTML, like Gecko) Mobile Safari/537.36 (compatible; PetalBot;+https://webmaster.petalsearch.com/site/petalbot)" "www.savemoki.com"
51.222.253.19 - - [04/Sep/2022:20:21:01 -0700] "GET /?C=N;O=D HTTP/1.1" 200 1300 "-" "Mozilla/5.0 (compatible; AhrefsBot/7.0; +http://ahrefs.com/robot/)" "savemoki.com"
216.244.66.249 - - [04/Sep/2022:20:24:28 -0700] "GET /robots.txt HTTP/1.1" 200 39 "-" "Mozilla/5.0 (compatible; DotBot/1.2; +https://opensiteexplorer.org/dotbot; help@moz.com)" "savemoki.com"
216.244.66.249 - - [04/Sep/2022:20:24:28 -0700] "GET /robots.txt HTTP/1.1" 200 39 "-" "Mozilla/5.0 (compatible; DotBot/1.2; +https://opensiteexplorer.org/dotbot; help@moz.com)" "www.savemoki.com"
43.134.169.72 - - [04/Sep/2022:20:24:31 -0700] "GET /contact_us.html HTTP/1.1" 200 18024 "http://savemoki.com/contact_us.html" "Mozilla/5.0 (Windows NT 10.0; Win64; x64) AppleWebKit/537.36 (KHTML, like Gecko) Chrome/90.0.4430.72 Safari/537.36 Edg/90.0.818.39" "savemoki.com"
114.119.139.148 - - [04/Sep/2022:20:26:15 -0700] "GET /blog/wp-content/themes/themeforest-625914-ice-theme-powerful-wordpress-theme-1 HTTP/1.1" 301 1455 "https://www.savemoki.com/blog/wp-content/themes/themeforest-625914-ice-theme-powerful-wordpress-theme-1/PSD?C=M%3BO%3DA" "Mozilla/5.0 (Linux; Android 7.0;) AppleWebKit/537.36 (KHTML, like Gecko) Mobile Safari/537.36 (compatible; PetalBot;+https://webmaster.petalsearch.com/site/petalbot)" "www.savemoki.com"
114.119.139.148 - - [04/Sep/2022:20:26:21 -0700] "GET /blog/wp-content/themes/themeforest-625914-ice-theme-powerful-wordpress-theme-1/ HTTP/1.1" 200 513 "https://www.savemoki.com/blog/wp-content/themes/themeforest-625914-ice-theme-powerful-wordpress-theme-1/PSD?C=M%3BO%3DA" "Mozilla/5.0 (Linux; Android 7.0;) AppleWebKit/537.36 (KHTML, like Gecko) Mobile Safari/537.36 (compatible; PetalBot;+https://webmaster.petalsearch.com/site/petalbot)" "www.savemoki.com"
77.75.76.171 - - [04/Sep/2022:20:27:33 -0700] "GET /robots.txt HTTP/1.1" 200 55 "-" "Mozilla/5.0 (compatible; SeznamBot/3.2; +http://napoveda.seznam.cz/en/seznambot-intro/)" "savemoki.com"
77.75.76.171 - - [04/Sep/2022:20:27:35 -0700] "GET /sitebuilder/images/Lab_7-450x600.jpg HTTP/1.1" 304 - "-" "Mozilla/5.0 (compatible; SeznamBot/3.2; +http://napoveda.seznam.cz/en/seznambot-intro/)" "savemoki.com"
65.108.0.71 - - [04/Sep/2022:20:27:43 -0700] "GET /robots.txt HTTP/1.1" 200 39 "-" "Mozilla/5.0 (compatible; MJ12bot/v1.4.8; http://mj12bot.com/)" "savemoki.com"
65.108.0.71 - - [04/Sep/2022:20:27:45 -0700] "GET /2test/index.php/2020/04/03/hello-world/feed/ HTTP/1.1" 200 1866 "-" "Mozilla/5.0 (compatible; MJ12bot/v1.4.8; http://mj12bot.com/)" "savemoki.com"
10.213.116.64 - - [04/Sep/2022:20:27:47 -0700] "POST /2test/wp-cron.php?doing_wp_cron=1662348467.8438389301300048828125 HTTP/1.1" 200 - "https://savemoki.com/2test/wp-cron.php?doing_wp_cron=1662348467.8438389301300048828125" "WordPress/5.4.11; https://savemoki.com/2test" "savemoki.com"
65.108.0.71 - - [04/Sep/2022:20:27:50 -0700] "GET /2test/index.php/2020/04/03/sample-page/feed/ HTTP/1.1" 200 958 "-" "Mozilla/5.0 (compatible; MJ12bot/v1.4.8; http://mj12bot.com/)" "savemoki.com"
65.108.0.71 - - [04/Sep/2022:20:27:54 -0700] "GET /2test/index.php/category/uncategorized/feed/ HTTP/1.1" 200 1956 "-" "Mozilla/5.0 (compatible; MJ12bot/v1.4.8; http://mj12bot.com/)" "savemoki.com"
65.108.0.71 - - [04/Sep/2022:20:27:58 -0700] "GET /?D=D HTTP/1.1" 200 1285 "-" "Mozilla/5.0 (compatible; MJ12bot/v1.4.8; http://mj12bot.com/)" "savemoki.com"
65.108.0.71 - - [04/Sep/2022:20:27:59 -0700] "GET /?M=D HTTP/1.1" 200 1285 "-" "Mozilla/5.0 (compatible; MJ12bot/v1.4.8; http://mj12bot.com/)" "savemoki.com"
65.108.0.71 - - [04/Sep/2022:20:28:01 -0700] "GET /?N=A HTTP/1.1" 200 1285 "-" "Mozilla/5.0 (compatible; MJ12bot/v1.4.8; http://mj12bot.com/)" "savemoki.com"
65.108.0.71 - - [04/Sep/2022:20:28:03 -0700] "GET /?S=D HTTP/1.1" 200 1285 "-" "Mozilla/5.0 (compatible; MJ12bot/v1.4.8; http://mj12bot.com/)" "savemoki.com"
65.108.0.71 - - [04/Sep/2022:20:28:05 -0700] "GET /blog/?D=A HTTP/1.1" 200 352 "-" "Mozilla/5.0 (compatible; MJ12bot/v1.4.8; http://mj12bot.com/)" "savemoki.com"
65.108.0.71 - - [04/Sep/2022:20:28:06 -0700] "GET /robots.txt HTTP/1.1" 200 39 "-" "Mozilla/5.0 (compatible; MJ12bot/v1.4.8; http://mj12bot.com/)" "savemoki.com"
65.108.0.71 - - [04/Sep/2022:20:28:07 -0700] "GET /blog/?D=D HTTP/1.1" 200 352 "-" "Mozilla/5.0 (compatible; MJ12bot/v1.4.8; http://mj12bot.com/)" "savemoki.com"
65.108.0.71 - - [04/Sep/2022:20:28:09 -0700] "GET /blog/?D=D HTTP/1.1" 200 352 "-" "Mozilla/5.0 (compatible; MJ12bot/v1.4.8; http://mj12bot.com/)" "savemoki.com"
65.108.0.71 - - [04/Sep/2022:20:28:11 -0700] "GET /blog/?M=A HTTP/1.1" 200 352 "-" "Mozilla/5.0 (compatible; MJ12bot/v1.4.8; http://mj12bot.com/)" "savemoki.com"
65.108.0.71 - - [04/Sep/2022:20:28:12 -0700] "GET /blog/?M=D HTTP/1.1" 200 352 "-" "Mozilla/5.0 (compatible; MJ12bot/v1.4.8; http://mj12bot.com/)" "savemoki.com"
65.108.0.71 - - [04/Sep/2022:20:28:14 -0700] "GET /blog/?N=A HTTP/1.1" 200 352 "-" "Mozilla/5.0 (compatible; MJ12bot/v1.4.8; http://mj12bot.com/)" "savemoki.com"
65.108.0.71 - - [04/Sep/2022:20:28:16 -0700] "GET /blog/?N=A HTTP/1.1" 200 352 "-" "Mozilla/5.0 (compatible; MJ12bot/v1.4.8; http://mj12bot.com/)" "savemoki.com"
65.108.0.71 - - [04/Sep/2022:20:28:18 -0700] "GET /blog/?N=D HTTP/1.1" 200 352 "-" "Mozilla/5.0 (compatible; MJ12bot/v1.4.8; http://mj12bot.com/)" "savemoki.com"
65.108.0.71 - - [04/Sep/2022:20:28:19 -0700] "GET /blog/?S=D HTTP/1.1" 200 352 "-" "Mozilla/5.0 (compatible; MJ12bot/v1.4.8; http://mj12bot.com/)" "savemoki.com"
65.108.0.71 - - [04/Sep/2022:20:28:21 -0700] "GET /blog/wp-content/?C=D;O=A HTTP/1.1" 200 359 "-" "Mozilla/5.0 (compatible; MJ12bot/v1.4.8; http://mj12bot.com/)" "savemoki.com"
65.108.0.71 - - [04/Sep/2022:20:28:23 -0700] "GET /blog/wp-content/?C=D;O=D HTTP/1.1" 200 357 "-" "Mozilla/5.0 (compatible; MJ12bot/v1.4.8; http://mj12bot.com/)" "savemoki.com"
65.108.0.71 - - [04/Sep/2022:20:28:24 -0700] "GET /blog/wp-content/?C=M;O=A HTTP/1.1" 200 359 "-" "Mozilla/5.0 (compatible; MJ12bot/v1.4.8; http://mj12bot.com/)" "savemoki.com"
65.108.0.71 - - [04/Sep/2022:20:28:26 -0700] "GET /blog/wp-content/?C=M;O=D HTTP/1.1" 200 357 "-" "Mozilla/5.0 (compatible; MJ12bot/v1.4.8; http://mj12bot.com/)" "savemoki.com"
65.108.0.71 - - [04/Sep/2022:20:28:28 -0700] "GET /blog/wp-content/?C=N;O=A HTTP/1.1" 200 359 "-" "Mozilla/5.0 (compatible; MJ12bot/v1.4.8; http://mj12bot.com/)" "savemoki.com"
65.108.0.71 - - [04/Sep/2022:20:28:29 -0700] "GET /blog/wp-content/?C=N;O=D HTTP/1.1" 200 357 "-" "Mozilla/5.0 (compatible; MJ12bot/v1.4.8; http://mj12bot.com/)" "savemoki.com"
65.108.0.71 - - [04/Sep/2022:20:28:31 -0700] "GET /blog/wp-content/?C=S;O=A HTTP/1.1" 200 359 "-" "Mozilla/5.0 (compatible; MJ12bot/v1.4.8; http://mj12bot.com/)" "savemoki.com"
65.108.0.71 - - [04/Sep/2022:20:28:33 -0700] "GET /blog/wp-content/?C=S;O=D HTTP/1.1" 200 357 "-" "Mozilla/5.0 (compatible; MJ12bot/v1.4.8; http://mj12bot.com/)" "savemoki.com"
65.108.0.71 - - [04/Sep/2022:20:28:34 -0700] "GET /blog/wp-content/?D=A HTTP/1.1" 200 359 "-" "Mozilla/5.0 (compatible; MJ12bot/v1.4.8; http://mj12bot.com/)" "savemoki.com"
65.108.0.71 - - [04/Sep/2022:20:28:36 -0700] "GET /blog/wp-content/?M=A HTTP/1.1" 200 359 "-" "Mozilla/5.0 (compatible; MJ12bot/v1.4.8; http://mj12bot.com/)" "savemoki.com"
65.108.0.71 - - [04/Sep/2022:20:28:38 -0700] "GET /blog/wp-content/?N=D HTTP/1.1" 200 359 "-" "Mozilla/5.0 (compatible; MJ12bot/v1.4.8; http://mj12bot.com/)" "savemoki.com"
65.108.0.71 - - [04/Sep/2022:20:28:39 -0700] "GET /blog/wp-content/?S=A HTTP/1.1" 200 359 "-" "Mozilla/5.0 (compatible; MJ12bot/v1.4.8; http://mj12bot.com/)" "savemoki.com"
65.108.0.71 - - [04/Sep/2022:20:28:41 -0700] "GET /blog/wp-content/themes/ HTTP/1.1" 200 405 "-" "Mozilla/5.0 (compatible; MJ12bot/v1.4.8; http://mj12bot.com/)" "savemoki.com"
65.108.0.71 - - [04/Sep/2022:20:28:44 -0700] "GET /blog/wp-content/themes/?C=D;O=A HTTP/1.1" 200 405 "-" "Mozilla/5.0 (compatible; MJ12bot/v1.4.8; http://mj12bot.com/)" "savemoki.com"
65.108.0.71 - - [04/Sep/2022:20:28:46 -0700] "GET /blog/wp-content/themes/?C=D;O=D HTTP/1.1" 200 403 "-" "Mozilla/5.0 (compatible; MJ12bot/v1.4.8; http://mj12bot.com/)" "savemoki.com"
65.108.0.71 - - [04/Sep/2022:20:28:47 -0700] "GET /blog/wp-content/themes/?C=M;O=A HTTP/1.1" 200 405 "-" "Mozilla/5.0 (compatible; MJ12bot/v1.4.8; http://mj12bot.com/)" "savemoki.com"
65.108.0.71 - - [04/Sep/2022:20:28:49 -0700] "GET /blog/wp-content/themes/?C=M;O=D HTTP/1.1" 200 403 "-" "Mozilla/5.0 (compatible; MJ12bot/v1.4.8; http://mj12bot.com/)" "savemoki.com"
65.108.0.71 - - [04/Sep/2022:20:28:51 -0700] "GET /blog/wp-content/themes/?C=N;O=A HTTP/1.1" 200 405 "-" "Mozilla/5.0 (compatible; MJ12bot/v1.4.8; http://mj12bot.com/)" "savemoki.com"
65.108.0.71 - - [04/Sep/2022:20:28:53 -0700] "GET /blog/wp-content/themes/?C=N;O=D HTTP/1.1" 200 403 "-" "Mozilla/5.0 (compatible; MJ12bot/v1.4.8; http://mj12bot.com/)" "savemoki.com"
65.108.0.71 - - [04/Sep/2022:20:28:54 -0700] "GET /blog/wp-content/themes/?C=S;O=A HTTP/1.1" 200 405 "-" "Mozilla/5.0 (compatible; MJ12bot/v1.4.8; http://mj12bot.com/)" "savemoki.com"
65.108.0.71 - - [04/Sep/2022:20:28:56 -0700] "GET /blog/wp-content/themes/?C=S;O=D HTTP/1.1" 200 403 "-" "Mozilla/5.0 (compatible; MJ12bot/v1.4.8; http://mj12bot.com/)" "savemoki.com"
65.108.0.71 - - [04/Sep/2022:20:28:58 -0700] "GET /blog/wp-content/themes/?M=D HTTP/1.1" 200 405 "-" "Mozilla/5.0 (compatible; MJ12bot/v1.4.8; http://mj12bot.com/)" "savemoki.com"
65.108.0.71 - - [04/Sep/2022:20:28:59 -0700] "GET /blog/wp-content/themes/themeforest-625914-ice-theme-powerful-wordpress-theme-1/?N=A HTTP/1.1" 200 513 "-" "Mozilla/5.0 (compatible; MJ12bot/v1.4.8; http://mj12bot.com/)" "savemoki.com"
65.108.0.71 - - [04/Sep/2022:20:29:01 -0700] "GET /blog/wp-content/themes/themeforest-625914-ice-theme-powerful-wordpress-theme-1/?S=D HTTP/1.1" 200 513 "-" "Mozilla/5.0 (compatible; MJ12bot/v1.4.8; http://mj12bot.com/)" "savemoki.com"
65.108.0.71 - - [04/Sep/2022:20:29:03 -0700] "GET /clipart/?D=A HTTP/1.1" 200 440 "-" "Mozilla/5.0 (compatible; MJ12bot/v1.4.8; http://mj12bot.com/)" "savemoki.com"
65.108.0.71 - - [04/Sep/2022:20:29:05 -0700] "GET /clipart/?D=D HTTP/1.1" 200 440 "-" "Mozilla/5.0 (compatible; MJ12bot/v1.4.8; http://mj12bot.com/)" "savemoki.com"
65.108.0.71 - - [04/Sep/2022:20:29:06 -0700] "GET /clipart/?M=A HTTP/1.1" 200 440 "-" "Mozilla/5.0 (compatible; MJ12bot/v1.4.8; http://mj12bot.com/)" "savemoki.com"
65.108.0.71 - - [04/Sep/2022:20:29:08 -0700] "GET /clipart/?M=D HTTP/1.1" 200 440 "-" "Mozilla/5.0 (compatible; MJ12bot/v1.4.8; http://mj12bot.com/)" "savemoki.com"
65.108.0.71 - - [04/Sep/2022:20:29:10 -0700] "GET /clipart/?N=A HTTP/1.1" 200 440 "-" "Mozilla/5.0 (compatible; MJ12bot/v1.4.8; http://mj12bot.com/)" "savemoki.com"
