81.19.136.20 - - [04/Sep/2022:01:12:00 -0700] "POST /2test/wp-login.php HTTP/1.1" 500 2547 "-" "Mozilla/5.0 (X11; U; Linux x86_64; en-US; rv:1.9.2.6) Gecko/20100628 Ubuntu/10.04 (lucid) Firefox/3.6.6 GTB7.0" "savemoki.com"
81.19.136.20 - - [04/Sep/2022:01:12:13 -0700] "POST /2test/wp-login.php HTTP/1.1" 500 2300 "-" "Mozilla/5.0 (X11; U; Linux x86_64; en-US; rv:1.9.2.6) Gecko/20100628 Ubuntu/10.04 (lucid) Firefox/3.6.6 GTB7.0" "savemoki.com"
81.19.136.20 - - [04/Sep/2022:01:12:14 -0700] "POST /2test/wp-login.php HTTP/1.1" 500 2540 "-" "Mozilla/5.0 (X11; U; Linux x86_64; en-US; rv:1.9.2.6) Gecko/20100628 Ubuntu/10.04 (lucid) Firefox/3.6.6 GTB7.0" "savemoki.com"
81.19.136.20 - - [04/Sep/2022:01:12:15 -0700] "POST /2test/wp-login.php HTTP/1.1" 500 2543 "-" "Mozilla/5.0 (X11; U; Linux x86_64; en-US; rv:1.9.2.6) Gecko/20100628 Ubuntu/10.04 (lucid) Firefox/3.6.6 GTB7.0" "savemoki.com"
81.19.136.20 - - [04/Sep/2022:01:12:16 -0700] "POST /2test/wp-login.php HTTP/1.1" 500 2545 "-" "Mozilla/5.0 (X11; U; Linux x86_64; en-US; rv:1.9.2.6) Gecko/20100628 Ubuntu/10.04 (lucid) Firefox/3.6.6 GTB7.0" "savemoki.com"
81.19.136.20 - - [04/Sep/2022:01:12:17 -0700] "POST /2test/wp-login.php HTTP/1.1" 500 2308 "-" "Mozilla/5.0 (X11; U; Linux x86_64; en-US; rv:1.9.2.6) Gecko/20100628 Ubuntu/10.04 (lucid) Firefox/3.6.6 GTB7.0" "savemoki.com"
81.19.136.20 - - [04/Sep/2022:01:12:19 -0700] "POST /2test/wp-login.php HTTP/1.1" 500 2541 "-" "Mozilla/5.0 (X11; U; Linux x86_64; en-US; rv:1.9.2.6) Gecko/20100628 Ubuntu/10.04 (lucid) Firefox/3.6.6 GTB7.0" "savemoki.com"
114.119.139.185 - - [04/Sep/2022:01:15:53 -0700] "GET /blog?M=D HTTP/1.1" 301 1411 "https://savemoki.com/blog?M=A" "Mozilla/5.0 (Linux; Android 7.0;) AppleWebKit/537.36 (KHTML, like Gecko) Mobile Safari/537.36 (compatible; PetalBot;+https://webmaster.petalsearch.com/site/petalbot)" "savemoki.com"
114.119.139.185 - - [04/Sep/2022:01:16:02 -0700] "GET /blog/?M=D HTTP/1.1" 200 352 "https://savemoki.com/blog?M=A" "Mozilla/5.0 (Linux; Android 7.0;) AppleWebKit/537.36 (KHTML, like Gecko) Mobile Safari/537.36 (compatible; PetalBot;+https://webmaster.petalsearch.com/site/petalbot)" "savemoki.com"
1.1.155.208 - - [04/Sep/2022:01:21:52 -0700] "GET /contact_us.html HTTP/1.1" 200 18024 "http://savemoki.com/contact_us.html" "Mozilla/5.0 (Windows NT 10.0) AppleWebKit/537.36 (KHTML, like Gecko) Chrome/90.0.4430.72 Safari/537.36" "savemoki.com"
114.119.134.192 - - [04/Sep/2022:01:22:30 -0700] "GET /sitebuilder/?C=S%3BO%3DA HTTP/1.1" 200 372 "https://savemoki.com/sitebuilder?M=D" "Mozilla/5.0 (Linux; Android 7.0;) AppleWebKit/537.36 (KHTML, like Gecko) Mobile Safari/537.36 (compatible; PetalBot;+https://webmaster.petalsearch.com/site/petalbot)" "savemoki.com"
114.119.139.183 - - [04/Sep/2022:01:29:41 -0700] "GET /clipart/lines/horizontal?C=M%3BO%3DA HTTP/1.1" 301 1434 "https://savemoki.com/clipart/lines/horizontal?N=D" "Mozilla/5.0 (Linux; Android 7.0;) AppleWebKit/537.36 (KHTML, like Gecko) Mobile Safari/537.36 (compatible; PetalBot;+https://webmaster.petalsearch.com/site/petalbot)" "savemoki.com"
114.119.139.183 - - [04/Sep/2022:01:29:53 -0700] "GET /clipart/lines/horizontal/?C=M%3BO%3DA HTTP/1.1" 200 408 "https://savemoki.com/clipart/lines/horizontal?N=D" "Mozilla/5.0 (Linux; Android 7.0;) AppleWebKit/537.36 (KHTML, like Gecko) Mobile Safari/537.36 (compatible; PetalBot;+https://webmaster.petalsearch.com/site/petalbot)" "savemoki.com"
114.119.139.183 - - [04/Sep/2022:01:35:34 -0700] "GET /media/?C=S%3BO%3DA HTTP/1.1" 200 396 "https://www.savemoki.com/media?N=A" "Mozilla/5.0 (Linux; Android 7.0;) AppleWebKit/537.36 (KHTML, like Gecko) Mobile Safari/537.36 (compatible; PetalBot;+https://webmaster.petalsearch.com/site/petalbot)" "www.savemoki.com"
157.55.39.193 - - [04/Sep/2022:01:36:00 -0700] "GET /updates_on_special_friends.html HTTP/1.1" 404 88 "-" "Mozilla/5.0 (compatible; bingbot/2.0; +http://www.bing.com/bingbot.htm)" "savemoki.com"
51.222.253.17 - - [04/Sep/2022:01:40:39 -0700] "GET / HTTP/1.1" 200 1284 "-" "Mozilla/5.0 (compatible; AhrefsBot/7.0; +http://ahrefs.com/robot/)" "savemoki.com"
77.75.78.163 - - [04/Sep/2022:01:47:29 -0700] "GET /robots.txt HTTP/1.1" 200 55 "-" "Mozilla/5.0 (compatible; SeznamBot/3.2; +http://napoveda.seznam.cz/en/seznambot-intro/)" "savemoki.com"
77.75.78.163 - - [04/Sep/2022:01:47:30 -0700] "GET /2test/wp-login.php HTTP/1.1" 200 6057 "-" "Mozilla/5.0 (compatible; SeznamBot/3.2; +http://napoveda.seznam.cz/en/seznambot-intro/)" "savemoki.com"
10.213.116.62 - - [04/Sep/2022:01:47:33 -0700] "POST /2test/wp-cron.php?doing_wp_cron=1662281253.7598960399627685546875 HTTP/1.1" 200 - "http://savemoki.com/2test/wp-cron.php?doing_wp_cron=1662281253.7598960399627685546875" "WordPress/5.4.11; http://savemoki.com/2test" "savemoki.com"
65.21.233.213 - - [04/Sep/2022:01:48:20 -0700] "GET /robots.txt HTTP/1.1" 200 39 "-" "Mozilla/5.0 (compatible; MJ12bot/v1.4.8; http://mj12bot.com/)" "savemoki.com"
65.21.233.213 - - [04/Sep/2022:01:48:26 -0700] "GET /Donate HTTP/1.1" 200 2982 "-" "Mozilla/5.0 (compatible; MJ12bot/v1.4.8; http://mj12bot.com/)" "savemoki.com"
114.119.134.192 - - [04/Sep/2022:01:48:56 -0700] "GET /2test/index.php/feed HTTP/1.1" 200 3635 "https://savemoki.com/2test/index.php/2020/04/03/sample-page" "Mozilla/5.0 (Linux; Android 7.0;) AppleWebKit/537.36 (KHTML, like Gecko) Mobile Safari/537.36 (compatible; PetalBot;+https://webmaster.petalsearch.com/site/petalbot)" "savemoki.com"
114.119.134.192 - - [04/Sep/2022:01:55:05 -0700] "GET /blog/wp-content HTTP/1.1" 301 1414 "https://savemoki.com/blog/wp-content/themes?C=M%3BO%3DA" "Mozilla/5.0 (Linux; Android 7.0;) AppleWebKit/537.36 (KHTML, like Gecko) Mobile Safari/537.36 (compatible; PetalBot;+https://webmaster.petalsearch.com/site/petalbot)" "savemoki.com"
114.119.134.192 - - [04/Sep/2022:01:55:10 -0700] "GET /blog/wp-content/ HTTP/1.1" 200 359 "https://savemoki.com/blog/wp-content/themes?C=M%3BO%3DA" "Mozilla/5.0 (Linux; Android 7.0;) AppleWebKit/537.36 (KHTML, like Gecko) Mobile Safari/537.36 (compatible; PetalBot;+https://webmaster.petalsearch.com/site/petalbot)" "savemoki.com"
216.244.66.249 - - [04/Sep/2022:01:55:35 -0700] "GET /robots.txt HTTP/1.1" 200 39 "-" "Mozilla/5.0 (compatible; DotBot/1.2; +https://opensiteexplorer.org/dotbot; help@moz.com)" "savemoki.com"
216.244.66.249 - - [04/Sep/2022:01:55:35 -0700] "GET /robots.txt HTTP/1.1" 200 39 "-" "Mozilla/5.0 (compatible; DotBot/1.2; +https://opensiteexplorer.org/dotbot; help@moz.com)" "www.savemoki.com"
114.119.139.148 - - [04/Sep/2022:02:01:11 -0700] "GET /media/?C=M%3BO%3DA HTTP/1.1" 200 396 "https://www.savemoki.com/media?N=A" "Mozilla/5.0 (Linux; Android 7.0;) AppleWebKit/537.36 (KHTML, like Gecko) Mobile Safari/537.36 (compatible; PetalBot;+https://webmaster.petalsearch.com/site/petalbot)" "www.savemoki.com"
103.205.5.236 - - [04/Sep/2022:02:01:52 -0700] "GET / HTTP/1.1" 200 1284 "-" "Mozilla/4.0 (compatible; MSIE 7.0; Windows NT 5.1; TencentTraveler ; EmbeddedWB 14.52 from: http://www.bsalsa.com/ EmbeddedWB 14.52; .NET CLR 2.0.50727; InfoPath.2; .NET CLR 3.0.04506.30; .NET CLR 3.0.04506.590; .NET CLR 3.0.04506.648; .NET CLR 3.5.21022)" "www.savemoki.com"
103.205.5.236 - - [04/Sep/2022:02:01:53 -0700] "GET / HTTP/1.1" 200 1284 "-" "Mozilla/5.0 (Windows NT 6.1; WOW64) AppleWebKit/537.36 (KHTML, like Gecko) Chrome/50.0.2661.102 Safari/537.36" "www.savemoki.com"
103.205.5.236 - - [04/Sep/2022:02:01:54 -0700] "GET / HTTP/1.1" 200 1284 "-" "Mozilla/5.0 (Windows NT 6.1; WOW64) AppleWebKit/537.36 (KHTML, like Gecko) Chrome/50.0.2661.102 Safari/537.36" "www.savemoki.com"
114.119.139.183 - - [04/Sep/2022:02:08:10 -0700] "GET /navigation_bars/ HTTP/1.1" 200 408 "http://www.savemoki.com?C=D%3BO%3DA" "Mozilla/5.0 (Linux; Android 7.0;) AppleWebKit/537.36 (KHTML, like Gecko) Mobile Safari/537.36 (compatible; PetalBot;+https://webmaster.petalsearch.com/site/petalbot)" "www.savemoki.com"
114.119.140.13 - - [04/Sep/2022:02:15:59 -0700] "GET /robots.txt HTTP/1.1" 200 55 "-" "Mozilla/5.0 (compatible;PetalBot;+https://webmaster.petalsearch.com/site/petalbot)" "savemoki.com"
154.54.249.194 - - [04/Sep/2022:02:17:05 -0700] "GET /clipart/images/sidebars/?C=D;O=D HTTP/1.1" 200 431 "-" "Mozilla/5.0 (compatible; Barkrowler/0.9; +https://babbar.tech/crawler)" "savemoki.com"
114.119.156.133 - - [04/Sep/2022:02:22:45 -0700] "GET /clipart/?C=D%3BO%3DA HTTP/1.1" 200 440 "https://savemoki.com/clipart?N=D" "Mozilla/5.0 (Linux; Android 7.0;) AppleWebKit/537.36 (KHTML, like Gecko) Mobile Safari/537.36 (compatible; PetalBot;+https://webmaster.petalsearch.com/site/petalbot)" "savemoki.com"
114.119.156.133 - - [04/Sep/2022:02:28:47 -0700] "GET /clipart/lines/?C=D%3BO%3DA HTTP/1.1" 200 361 "https://www.savemoki.com/clipart/lines/?C=M%3BO%3DA" "Mozilla/5.0 (Linux; Android 7.0;) AppleWebKit/537.36 (KHTML, like Gecko) Mobile Safari/537.36 (compatible; PetalBot;+https://webmaster.petalsearch.com/site/petalbot)" "www.savemoki.com"
43.153.100.155 - - [04/Sep/2022:02:31:27 -0700] "GET /contact_us.html HTTP/1.1" 200 18024 "http://savemoki.com/contact_us.html" "Mozilla/5.0 (Windows NT 10.0; Win64; x64) AppleWebKit/537.36 (KHTML, like Gecko) Chrome/90.0.4430.85 Safari/537.36" "savemoki.com"
114.119.139.148 - - [04/Sep/2022:02:34:32 -0700] "GET /2test/wp-admin/ HTTP/1.1" 302 - "http://savemoki.com/2test/index.php/2020/04/03/sample-page/" "Mozilla/5.0 (Linux; Android 7.0;) AppleWebKit/537.36 (KHTML, like Gecko) Mobile Safari/537.36 (compatible; PetalBot;+https://webmaster.petalsearch.com/site/petalbot)" "savemoki.com"
10.213.116.64 - - [04/Sep/2022:02:34:35 -0700] "POST /2test/wp-cron.php?doing_wp_cron=1662284075.3390100002288818359375 HTTP/1.1" 200 - "http://savemoki.com/2test/wp-cron.php?doing_wp_cron=1662284075.3390100002288818359375" "WordPress/5.4.11; http://savemoki.com/2test" "savemoki.com"
114.119.139.148 - - [04/Sep/2022:02:34:46 -0700] "GET /2test/wp-login.php?redirect_to=http://savemoki.com/2test/wp-admin/&reauth=1 HTTP/1.1" 200 6056 "http://savemoki.com/2test/index.php/2020/04/03/sample-page/" "Mozilla/5.0 (Linux; Android 7.0;) AppleWebKit/537.36 (KHTML, like Gecko) Mobile Safari/537.36 (compatible; PetalBot;+https://webmaster.petalsearch.com/site/petalbot)" "savemoki.com"
65.21.206.44 - - [04/Sep/2022:02:36:51 -0700] "GET /New3.html HTTP/1.1" 200 425 "-" "Mozilla/5.0 (Windows NT 10.0; Win64; x64) AppleWebKit/537.36 (KHTML, like Gecko) Chrome/91.0.4472.114 Safari/537.36 Edg/91.0.864.54" "savemoki.com"
51.222.253.20 - - [04/Sep/2022:02:37:56 -0700] "GET /clipart/images/?C=D;O=A HTTP/1.1" 200 489 "-" "Mozilla/5.0 (compatible; AhrefsBot/7.0; +http://ahrefs.com/robot/)" "savemoki.com"
10.213.116.64 - - [04/Sep/2022:02:38:19 -0700] "POST /2test/wp-cron.php?doing_wp_cron=1662284299.7111680507659912109375 HTTP/1.1" 200 - "http://savemoki.com/2test/wp-cron.php?doing_wp_cron=1662284299.7111680507659912109375" "WordPress/5.4.11; http://savemoki.com/2test" "savemoki.com"
114.119.139.148 - - [04/Sep/2022:02:40:12 -0700] "GET /clipart/pageHeaders/?C=M%3BO%3DA HTTP/1.1" 200 427 "http://www.savemoki.com/clipart/pageHeaders/?C=N%3BO%3DD" "Mozilla/5.0 (Linux; Android 7.0;) AppleWebKit/537.36 (KHTML, like Gecko) Mobile Safari/537.36 (compatible; PetalBot;+https://webmaster.petalsearch.com/site/petalbot)" "www.savemoki.com"
216.244.66.249 - - [04/Sep/2022:02:41:16 -0700] "GET /robots.txt HTTP/1.1" 200 39 "-" "Mozilla/5.0 (compatible; DotBot/1.2; +https://opensiteexplorer.org/dotbot; help@moz.com)" "savemoki.com"
216.244.66.249 - - [04/Sep/2022:02:41:16 -0700] "GET /robots.txt HTTP/1.1" 200 39 "-" "Mozilla/5.0 (compatible; DotBot/1.2; +https://opensiteexplorer.org/dotbot; help@moz.com)" "www.savemoki.com"
114.119.156.133 - - [04/Sep/2022:02:47:45 -0700] "GET /blog/wp-content/themes/themeforest-625914-ice-theme-powerful-wordpress-theme-1/sample%20content?D=D HTTP/1.1" 301 1466 "https://savemoki.com/blog/wp-content/themes/themeforest-625914-ice-theme-powerful-wordpress-theme-1/sample%20content?D=A" "Mozilla/5.0 (Linux; Android 7.0;) AppleWebKit/537.36 (KHTML, like Gecko) Mobile Safari/537.36 (compatible; PetalBot;+https://webmaster.petalsearch.com/site/petalbot)" "savemoki.com"
114.119.141.2 - - [04/Sep/2022:02:47:47 -0700] "GET /robots.txt HTTP/1.1" 200 55 "-" "Mozilla/5.0 (compatible;PetalBot;+https://webmaster.petalsearch.com/site/petalbot)" "www.savemoki.com"
114.119.156.133 - - [04/Sep/2022:02:47:47 -0700] "GET /blog/wp-content/themes/themeforest-625914-ice-theme-powerful-wordpress-theme-1/sample%20content/?D=D HTTP/1.1" 200 576 "https://savemoki.com/blog/wp-content/themes/themeforest-625914-ice-theme-powerful-wordpress-theme-1/sample%20content?D=A" "Mozilla/5.0 (Linux; Android 7.0;) AppleWebKit/537.36 (KHTML, like Gecko) Mobile Safari/537.36 (compatible; PetalBot;+https://webmaster.petalsearch.com/site/petalbot)" "savemoki.com"
51.222.253.12 - - [04/Sep/2022:02:53:31 -0700] "GET /robots.txt HTTP/1.1" 200 55 "-" "Mozilla/5.0 (compatible; AhrefsBot/7.0; +http://ahrefs.com/robot/)" "savemoki.com"
114.119.139.183 - - [04/Sep/2022:02:54:32 -0700] "GET /clipart/backgrounds/?C=N%3BO%3DD HTTP/1.1" 200 366 "https://www.savemoki.com/clipart/backgrounds?C=S%3BO%3DA" "Mozilla/5.0 (Linux; Android 7.0;) AppleWebKit/537.36 (KHTML, like Gecko) Mobile Safari/537.36 (compatible; PetalBot;+https://webmaster.petalsearch.com/site/petalbot)" "www.savemoki.com"
114.119.139.185 - - [04/Sep/2022:02:59:59 -0700] "GET /clipart/lines/?C=S%3BO%3DA HTTP/1.1" 200 361 "https://savemoki.com/clipart/lines?S=D" "Mozilla/5.0 (Linux; Android 7.0;) AppleWebKit/537.36 (KHTML, like Gecko) Mobile Safari/537.36 (compatible; PetalBot;+https://webmaster.petalsearch.com/site/petalbot)" "savemoki.com"
114.119.139.183 - - [04/Sep/2022:03:08:24 -0700] "GET /clipart/pageHeaders?M=D HTTP/1.1" 301 1421 "https://savemoki.com/clipart/pageHeaders?M=A" "Mozilla/5.0 (Linux; Android 7.0;) AppleWebKit/537.36 (KHTML, like Gecko) Mobile Safari/537.36 (compatible; PetalBot;+https://webmaster.petalsearch.com/site/petalbot)" "savemoki.com"
114.119.139.183 - - [04/Sep/2022:03:08:45 -0700] "GET /clipart/pageHeaders/?M=D HTTP/1.1" 200 427 "https://savemoki.com/clipart/pageHeaders?M=A" "Mozilla/5.0 (Linux; Android 7.0;) AppleWebKit/537.36 (KHTML, like Gecko) Mobile Safari/537.36 (compatible; PetalBot;+https://webmaster.petalsearch.com/site/petalbot)" "savemoki.com"
94.181.152.84 - - [04/Sep/2022:03:14:16 -0700] "GET / HTTP/1.1" 200 7350 "-" "Mozilla/5.0 (Windows NT 6.3; Win64; x64) AppleWebKit/537.36 (KHTML, like Gecko) Chrome/75.0.3770.100 Safari/537.36" "savemoki.com"
114.119.139.183 - - [04/Sep/2022:03:20:32 -0700] "GET /2test/index.php/comments/feed/ HTTP/1.1" 200 1847 "http://savemoki.com/2test/index.php/heritage-junior-high-school/" "Mozilla/5.0 (Linux; Android 7.0;) AppleWebKit/537.36 (KHTML, like Gecko) Mobile Safari/537.36 (compatible; PetalBot;+https://webmaster.petalsearch.com/site/petalbot)" "savemoki.com"
10.213.116.63 - - [04/Sep/2022:03:20:35 -0700] "POST /2test/wp-cron.php?doing_wp_cron=1662286835.8745799064636230468750 HTTP/1.1" 200 - "http://savemoki.com/2test/wp-cron.php?doing_wp_cron=1662286835.8745799064636230468750" "WordPress/5.4.11; http://savemoki.com/2test" "savemoki.com"
154.54.249.194 - - [04/Sep/2022:03:25:17 -0700] "GET /clipart/buttons/themes/swoosh_blue/?C=M;O=D HTTP/1.1" 200 413 "-" "Mozilla/5.0 (compatible; Barkrowler/0.9; +https://babbar.tech/crawler)" "savemoki.com"
37.139.53.84 - - [04/Sep/2022:03:26:38 -0700] "GET /contact_us.html HTTP/1.1" 200 18024 "http://savemoki.com/contact_us.html" "Mozilla/5.0 (Windows NT 6.1; Win64; x64) AppleWebKit/537.36 (KHTML, like Gecko) Chrome/83.0.4103.61 Safari/537.36 Edg/83.0.478.37" "savemoki.com"
114.119.134.192 - - [04/Sep/2022:03:27:00 -0700] "GET /clipart/bullets?N=D HTTP/1.1" 301 1416 "https://savemoki.com/clipart/bullets?N=A" "Mozilla/5.0 (Linux; Android 7.0;) AppleWebKit/537.36 (KHTML, like Gecko) Mobile Safari/537.36 (compatible; PetalBot;+https://webmaster.petalsearch.com/site/petalbot)" "savemoki.com"
114.119.134.192 - - [04/Sep/2022:03:27:05 -0700] "GET /clipart/bullets/?N=D HTTP/1.1" 200 429 "https://savemoki.com/clipart/bullets?N=A" "Mozilla/5.0 (Linux; Android 7.0;) AppleWebKit/537.36 (KHTML, like Gecko) Mobile Safari/537.36 (compatible; PetalBot;+https://webmaster.petalsearch.com/site/petalbot)" "savemoki.com"
216.244.66.249 - - [04/Sep/2022:03:27:17 -0700] "GET /robots.txt HTTP/1.1" 200 39 "-" "Mozilla/5.0 (compatible; DotBot/1.2; +https://opensiteexplorer.org/dotbot; help@moz.com)" "savemoki.com"
216.244.66.249 - - [04/Sep/2022:03:27:17 -0700] "GET /robots.txt HTTP/1.1" 200 39 "-" "Mozilla/5.0 (compatible; DotBot/1.2; +https://opensiteexplorer.org/dotbot; help@moz.com)" "www.savemoki.com"
114.119.156.133 - - [04/Sep/2022:03:41:11 -0700] "GET /clipart/buttons/themes/swoosh_blue/?C=M%3BO%3DA HTTP/1.1" 200 418 "https://www.savemoki.com/clipart/buttons/themes/swoosh_blue/?C=D%3BO%3DA" "Mozilla/5.0 (Linux; Android 7.0;) AppleWebKit/537.36 (KHTML, like Gecko) Mobile Safari/537.36 (compatible; PetalBot;+https://webmaster.petalsearch.com/site/petalbot)" "www.savemoki.com"
20.90.162.109 - - [04/Sep/2022:03:41:59 -0700] "GET /shell4.php HTTP/1.1" 404 88 "https://www.google.com" "Mozilla/5.0 (Windows NT 10.0; WOW64; rv:52.0) Gecko/20100101 Firefox/52.0" "savemoki.com"
20.90.162.109 - - [04/Sep/2022:03:41:59 -0700] "GET /ups.php HTTP/1.1" 404 88 "https://www.google.com" "Mozilla/5.0 (Windows NT 10.0; WOW64; rv:52.0) Gecko/20100101 Firefox/52.0" "savemoki.com"
20.90.162.109 - - [04/Sep/2022:03:41:59 -0700] "GET /ru.php HTTP/1.1" 404 88 "https://www.google.com" "Mozilla/5.0 (Windows NT 10.0; WOW64; rv:52.0) Gecko/20100101 Firefox/52.0" "savemoki.com"
20.90.162.109 - - [04/Sep/2022:03:42:00 -0700] "GET /if.php HTTP/1.1" 404 88 "https://www.google.com" "Mozilla/5.0 (Windows NT 10.0; WOW64; rv:52.0) Gecko/20100101 Firefox/52.0" "savemoki.com"
20.90.162.109 - - [04/Sep/2022:03:42:00 -0700] "GET /vuln.php HTTP/1.1" 404 88 "https://www.google.com" "Mozilla/5.0 (Windows NT 10.0; WOW64; rv:52.0) Gecko/20100101 Firefox/52.0" "savemoki.com"
20.90.162.109 - - [04/Sep/2022:03:42:01 -0700] "GET /fw.php HTTP/1.1" 404 88 "https://www.google.com" "Mozilla/5.0 (Windows NT 10.0; WOW64; rv:52.0) Gecko/20100101 Firefox/52.0" "savemoki.com"
20.90.162.109 - - [04/Sep/2022:03:42:01 -0700] "GET /skipper.php HTTP/1.1" 404 88 "https://www.google.com" "Mozilla/5.0 (Windows NT 10.0; WOW64; rv:52.0) Gecko/20100101 Firefox/52.0" "savemoki.com"
20.90.162.109 - - [04/Sep/2022:03:42:02 -0700] "GET /skippershell.php HTTP/1.1" 404 88 "https://www.google.com" "Mozilla/5.0 (Windows NT 10.0; WOW64; rv:52.0) Gecko/20100101 Firefox/52.0" "savemoki.com"
20.90.162.109 - - [04/Sep/2022:03:42:02 -0700] "GET /tttt.php HTTP/1.1" 404 88 "https://www.google.com" "Mozilla/5.0 (Windows NT 10.0; WOW64; rv:52.0) Gecko/20100101 Firefox/52.0" "savemoki.com"
20.90.162.109 - - [04/Sep/2022:03:42:03 -0700] "GET /tshop.php HTTP/1.1" 404 88 "https://www.google.com" "Mozilla/5.0 (Windows NT 10.0; WOW64; rv:52.0) Gecko/20100101 Firefox/52.0" "savemoki.com"
20.90.162.109 - - [04/Sep/2022:03:42:03 -0700] "GET /alfa.php HTTP/1.1" 404 88 "https://www.google.com" "Mozilla/5.0 (Windows NT 10.0; WOW64; rv:52.0) Gecko/20100101 Firefox/52.0" "savemoki.com"
20.90.162.109 - - [04/Sep/2022:03:42:04 -0700] "GET /shell.php HTTP/1.1" 404 88 "https://www.google.com" "Mozilla/5.0 (Windows NT 10.0; WOW64; rv:52.0) Gecko/20100101 Firefox/52.0" "savemoki.com"
20.90.162.109 - - [04/Sep/2022:03:42:04 -0700] "GET /inje3ctor.php HTTP/1.1" 404 88 "https://www.google.com" "Mozilla/5.0 (Windows NT 10.0; WOW64; rv:52.0) Gecko/20100101 Firefox/52.0" "savemoki.com"
20.90.162.109 - - [04/Sep/2022:03:42:05 -0700] "GET /saudi.php HTTP/1.1" 404 88 "https://www.google.com" "Mozilla/5.0 (Windows NT 10.0; WOW64; rv:52.0) Gecko/20100101 Firefox/52.0" "savemoki.com"
20.90.162.109 - - [04/Sep/2022:03:42:05 -0700] "GET /wso.php HTTP/1.1" 404 88 "https://www.google.com" "Mozilla/5.0 (Windows NT 10.0; WOW64; rv:52.0) Gecko/20100101 Firefox/52.0" "savemoki.com"
20.90.162.109 - - [04/Sep/2022:03:42:05 -0700] "GET /alfashell.php HTTP/1.1" 404 88 "https://www.google.com" "Mozilla/5.0 (Windows NT 10.0; WOW64; rv:52.0) Gecko/20100101 Firefox/52.0" "savemoki.com"
20.90.162.109 - - [04/Sep/2022:03:42:06 -0700] "GET /my_alfa.php HTTP/1.1" 404 88 "https://www.google.com" "Mozilla/5.0 (Windows NT 10.0; WOW64; rv:52.0) Gecko/20100101 Firefox/52.0" "savemoki.com"
20.90.162.109 - - [04/Sep/2022:03:42:06 -0700] "GET /uploader.php HTTP/1.1" 404 88 "https://www.google.com" "Mozilla/5.0 (Windows NT 10.0; WOW64; rv:52.0) Gecko/20100101 Firefox/52.0" "savemoki.com"
20.90.162.109 - - [04/Sep/2022:03:42:07 -0700] "GET /up.php HTTP/1.1" 404 88 "https://www.google.com" "Mozilla/5.0 (Windows NT 10.0; WOW64; rv:52.0) Gecko/20100101 Firefox/52.0" "savemoki.com"
20.90.162.109 - - [04/Sep/2022:03:42:07 -0700] "GET /hacked.php HTTP/1.1" 404 88 "https://www.google.com" "Mozilla/5.0 (Windows NT 10.0; WOW64; rv:52.0) Gecko/20100101 Firefox/52.0" "savemoki.com"
20.90.162.109 - - [04/Sep/2022:03:42:08 -0700] "GET /c99.php HTTP/1.1" 404 88 "https://www.google.com" "Mozilla/5.0 (Windows NT 10.0; WOW64; rv:52.0) Gecko/20100101 Firefox/52.0" "savemoki.com"
20.90.162.109 - - [04/Sep/2022:03:42:08 -0700] "GET /priv8.php HTTP/1.1" 404 88 "https://www.google.com" "Mozilla/5.0 (Windows NT 10.0; WOW64; rv:52.0) Gecko/20100101 Firefox/52.0" "savemoki.com"
20.90.162.109 - - [04/Sep/2022:03:42:09 -0700] "GET /Navir.php HTTP/1.1" 404 88 "https://www.google.com" "Mozilla/5.0 (Windows NT 10.0; WOW64; rv:52.0) Gecko/20100101 Firefox/52.0" "savemoki.com"
20.90.162.109 - - [04/Sep/2022:03:42:09 -0700] "GET /cmd13.php HTTP/1.1" 404 88 "https://www.google.com" "Mozilla/5.0 (Windows NT 10.0; WOW64; rv:52.0) Gecko/20100101 Firefox/52.0" "savemoki.com"
20.90.162.109 - - [04/Sep/2022:03:42:10 -0700] "GET /inc20k1.php HTTP/1.1" 404 88 "https://www.google.com" "Mozilla/5.0 (Windows NT 10.0; WOW64; rv:52.0) Gecko/20100101 Firefox/52.0" "savemoki.com"
20.90.162.109 - - [04/Sep/2022:03:42:10 -0700] "GET /1index.php HTTP/1.1" 404 88 "https://www.google.com" "Mozilla/5.0 (Windows NT 10.0; WOW64; rv:52.0) Gecko/20100101 Firefox/52.0" "savemoki.com"
20.90.162.109 - - [04/Sep/2022:03:42:11 -0700] "GET /404.php HTTP/1.1" 404 88 "https://www.google.com" "Mozilla/5.0 (Windows NT 10.0; WOW64; rv:52.0) Gecko/20100101 Firefox/52.0" "savemoki.com"
20.90.162.109 - - [04/Sep/2022:03:42:11 -0700] "GET /swm.php HTTP/1.1" 404 88 "https://www.google.com" "Mozilla/5.0 (Windows NT 10.0; WOW64; rv:52.0) Gecko/20100101 Firefox/52.0" "savemoki.com"
20.90.162.109 - - [04/Sep/2022:03:42:12 -0700] "GET /wp.php HTTP/1.1" 404 88 "https://www.google.com" "Mozilla/5.0 (Windows NT 10.0; WOW64; rv:52.0) Gecko/20100101 Firefox/52.0" "savemoki.com"
20.90.162.109 - - [04/Sep/2022:03:42:12 -0700] "GET /doc.php HTTP/1.1" 404 88 "https://www.google.com" "Mozilla/5.0 (Windows NT 10.0; WOW64; rv:52.0) Gecko/20100101 Firefox/52.0" "savemoki.com"
20.90.162.109 - - [04/Sep/2022:03:42:13 -0700] "GET /shx.php HTTP/1.1" 404 88 "https://www.google.com" "Mozilla/5.0 (Windows NT 10.0; WOW64; rv:52.0) Gecko/20100101 Firefox/52.0" "savemoki.com"
20.90.162.109 - - [04/Sep/2022:03:42:13 -0700] "GET /ws.php HTTP/1.1" 404 88 "https://www.google.com" "Mozilla/5.0 (Windows NT 10.0; WOW64; rv:52.0) Gecko/20100101 Firefox/52.0" "savemoki.com"
20.90.162.109 - - [04/Sep/2022:03:42:13 -0700] "GET /m.php HTTP/1.1" 404 88 "https://www.google.com" "Mozilla/5.0 (Windows NT 10.0; WOW64; rv:52.0) Gecko/20100101 Firefox/52.0" "savemoki.com"
20.90.162.109 - - [04/Sep/2022:03:42:14 -0700] "GET /edit-form.php HTTP/1.1" 404 88 "https://www.google.com" "Mozilla/5.0 (Windows NT 10.0; WOW64; rv:52.0) Gecko/20100101 Firefox/52.0" "savemoki.com"
20.90.162.109 - - [04/Sep/2022:03:42:14 -0700] "GET /LEAF.php HTTP/1.1" 404 88 "https://www.google.com" "Mozilla/5.0 (Windows NT 10.0; WOW64; rv:52.0) Gecko/20100101 Firefox/52.0" "savemoki.com"
20.90.162.109 - - [04/Sep/2022:03:42:15 -0700] "GET /leafmailer.php HTTP/1.1" 404 88 "https://www.google.com" "Mozilla/5.0 (Windows NT 10.0; WOW64; rv:52.0) Gecko/20100101 Firefox/52.0" "savemoki.com"
20.90.162.109 - - [04/Sep/2022:03:42:15 -0700] "GET /mailer.php HTTP/1.1" 404 88 "https://www.google.com" "Mozilla/5.0 (Windows NT 10.0; WOW64; rv:52.0) Gecko/20100101 Firefox/52.0" "savemoki.com"
20.90.162.109 - - [04/Sep/2022:03:42:16 -0700] "GET /leafmailer2.8.php HTTP/1.1" 404 88 "https://www.google.com" "Mozilla/5.0 (Windows NT 10.0; WOW64; rv:52.0) Gecko/20100101 Firefox/52.0" "savemoki.com"
20.90.162.109 - - [04/Sep/2022:03:42:16 -0700] "GET /Leaf.php HTTP/1.1" 404 88 "https://www.google.com" "Mozilla/5.0 (Windows NT 10.0; WOW64; rv:52.0) Gecko/20100101 Firefox/52.0" "savemoki.com"
20.90.162.109 - - [04/Sep/2022:03:42:17 -0700] "GET /leaf.php HTTP/1.1" 404 88 "https://www.google.com" "Mozilla/5.0 (Windows NT 10.0; WOW64; rv:52.0) Gecko/20100101 Firefox/52.0" "savemoki.com"
20.90.162.109 - - [04/Sep/2022:03:42:17 -0700] "GET /x.php HTTP/1.1" 404 88 "https://www.google.com" "Mozilla/5.0 (Windows NT 10.0; WOW64; rv:52.0) Gecko/20100101 Firefox/52.0" "savemoki.com"
20.90.162.109 - - [04/Sep/2022:03:42:18 -0700] "GET /srx.php HTTP/1.1" 404 88 "https://www.google.com" "Mozilla/5.0 (Windows NT 10.0; WOW64; rv:52.0) Gecko/20100101 Firefox/52.0" "savemoki.com"
20.90.162.109 - - [04/Sep/2022:03:42:18 -0700] "GET /1337.php HTTP/1.1" 404 88 "https://www.google.com" "Mozilla/5.0 (Windows NT 10.0; WOW64; rv:52.0) Gecko/20100101 Firefox/52.0" "savemoki.com"
20.90.162.109 - - [04/Sep/2022:03:42:19 -0700] "GET /xx.php HTTP/1.1" 404 88 "https://www.google.com" "Mozilla/5.0 (Windows NT 10.0; WOW64; rv:52.0) Gecko/20100101 Firefox/52.0" "savemoki.com"
20.90.162.109 - - [04/Sep/2022:03:42:19 -0700] "GET /XxX.php HTTP/1.1" 404 88 "https://www.google.com" "Mozilla/5.0 (Windows NT 10.0; WOW64; rv:52.0) Gecko/20100101 Firefox/52.0" "savemoki.com"
20.90.162.109 - - [04/Sep/2022:03:42:20 -0700] "GET /lf.php HTTP/1.1" 404 88 "https://www.google.com" "Mozilla/5.0 (Windows NT 10.0; WOW64; rv:52.0) Gecko/20100101 Firefox/52.0" "savemoki.com"
20.90.162.109 - - [04/Sep/2022:03:42:20 -0700] "GET /alex.php HTTP/1.1" 404 88 "https://www.google.com" "Mozilla/5.0 (Windows NT 10.0; WOW64; rv:52.0) Gecko/20100101 Firefox/52.0" "savemoki.com"
20.90.162.109 - - [04/Sep/2022:03:42:20 -0700] "GET /new.php HTTP/1.1" 404 88 "https://www.google.com" "Mozilla/5.0 (Windows NT 10.0; WOW64; rv:52.0) Gecko/20100101 Firefox/52.0" "savemoki.com"
20.90.162.109 - - [04/Sep/2022:03:42:21 -0700] "GET /marijuana.php HTTP/1.1" 404 88 "https://www.google.com" "Mozilla/5.0 (Windows NT 10.0; WOW64; rv:52.0) Gecko/20100101 Firefox/52.0" "savemoki.com"
20.90.162.109 - - [04/Sep/2022:03:42:21 -0700] "GET /gaza.php HTTP/1.1" 404 88 "https://www.google.com" "Mozilla/5.0 (Windows NT 10.0; WOW64; rv:52.0) Gecko/20100101 Firefox/52.0" "savemoki.com"
20.90.162.109 - - [04/Sep/2022:03:42:22 -0700] "GET /wp-admin.php HTTP/1.1" 404 88 "https://www.google.com" "Mozilla/5.0 (Windows NT 10.0; WOW64; rv:52.0) Gecko/20100101 Firefox/52.0" "savemoki.com"
20.90.162.109 - - [04/Sep/2022:03:42:22 -0700] "GET /3index.php HTTP/1.1" 404 88 "https://www.google.com" "Mozilla/5.0 (Windows NT 10.0; WOW64; rv:52.0) Gecko/20100101 Firefox/52.0" "savemoki.com"
20.90.162.109 - - [04/Sep/2022:03:42:23 -0700] "GET /wikindex.php HTTP/1.1" 404 88 "https://www.google.com" "Mozilla/5.0 (Windows NT 10.0; WOW64; rv:52.0) Gecko/20100101 Firefox/52.0" "savemoki.com"
20.90.162.109 - - [04/Sep/2022:03:42:23 -0700] "GET /wso1.php HTTP/1.1" 404 88 "https://www.google.com" "Mozilla/5.0 (Windows NT 10.0; WOW64; rv:52.0) Gecko/20100101 Firefox/52.0" "savemoki.com"
20.90.162.109 - - [04/Sep/2022:03:42:24 -0700] "GET /bb.php HTTP/1.1" 404 88 "https://www.google.com" "Mozilla/5.0 (Windows NT 10.0; WOW64; rv:52.0) Gecko/20100101 Firefox/52.0" "savemoki.com"
20.90.162.109 - - [04/Sep/2022:03:42:24 -0700] "GET /Lux.php HTTP/1.1" 404 88 "https://www.google.com" "Mozilla/5.0 (Windows NT 10.0; WOW64; rv:52.0) Gecko/20100101 Firefox/52.0" "savemoki.com"
20.90.162.109 - - [04/Sep/2022:03:42:25 -0700] "GET /haxor.php HTTP/1.1" 404 88 "https://www.google.com" "Mozilla/5.0 (Windows NT 10.0; WOW64; rv:52.0) Gecko/20100101 Firefox/52.0" "savemoki.com"
114.119.139.183 - - [04/Sep/2022:03:47:05 -0700] "GET /sitebuilder/?C=M%3BO%3DA HTTP/1.1" 200 372 "https://savemoki.com/sitebuilder?M=D" "Mozilla/5.0 (Linux; Android 7.0;) AppleWebKit/537.36 (KHTML, like Gecko) Mobile Safari/537.36 (compatible; PetalBot;+https://webmaster.petalsearch.com/site/petalbot)" "savemoki.com"
54.36.148.52 - - [04/Sep/2022:03:58:30 -0700] "GET /robots.txt HTTP/1.1" 200 55 "-" "Mozilla/5.0 (compatible; AhrefsBot/7.0; +http://ahrefs.com/robot/)" "www.savemoki.com"
51.222.253.8 - - [04/Sep/2022:03:58:31 -0700] "GET /clipart/ HTTP/1.1" 200 440 "-" "Mozilla/5.0 (compatible; AhrefsBot/7.0; +http://ahrefs.com/robot/)" "www.savemoki.com"
114.119.139.183 - - [04/Sep/2022:04:00:09 -0700] "GET /Ways_U_Can_help.html HTTP/1.1" 200 4289 "http://www.savemoki.com?C=D%3BO%3DA" "Mozilla/5.0 (Linux; Android 7.0;) AppleWebKit/537.36 (KHTML, like Gecko) Mobile Safari/537.36 (compatible; PetalBot;+https://webmaster.petalsearch.com/site/petalbot)" "www.savemoki.com"
40.77.167.10 - - [04/Sep/2022:04:02:11 -0700] "GET /specialthanks.html HTTP/1.1" 200 2923 "-" "Mozilla/5.0 (compatible; bingbot/2.0; +http://www.bing.com/bingbot.htm)" "savemoki.com"
114.119.139.185 - - [04/Sep/2022:04:06:13 -0700] "GET /clipart/images/?C=S%3BO%3DA HTTP/1.1" 200 489 "https://www.savemoki.com/clipart/images/?C=D%3BO%3DA" "Mozilla/5.0 (Linux; Android 7.0;) AppleWebKit/537.36 (KHTML, like Gecko) Mobile Safari/537.36 (compatible; PetalBot;+https://webmaster.petalsearch.com/site/petalbot)" "www.savemoki.com"
207.46.13.131 - - [04/Sep/2022:04:08:14 -0700] "GET /Links_Feline_Health.html HTTP/1.1" 200 10246 "-" "Mozilla/5.0 (compatible; bingbot/2.0; +http://www.bing.com/bingbot.htm)" "www.savemoki.com"
45.138.74.127 - - [04/Sep/2022:04:08:19 -0700] "GET /blog1/2015/05/07/test-post/ HTTP/1.1" 404 73 "https://jav-fetish.site/" "Mozilla/4.0 (compatible; MSIE 6.0; Windows NT 5.1; ru) Opera 8.50" "savemoki.com"
45.138.74.127 - - [04/Sep/2022:04:08:20 -0700] "GET /blog1/2015/05/07/test-post/ HTTP/1.1" 404 73 "https://jav-fetish.site/" "Mozilla/4.0 (compatible; MSIE 6.0; Windows NT 5.1; ru) Opera 8.50" "savemoki.com"
45.138.74.127 - - [04/Sep/2022:04:08:20 -0700] "GET /blog1/2015/05/07/test-post/ HTTP/1.1" 404 73 "https://jav-fetish.site/" "Mozilla/4.0 (compatible; MSIE 6.0; Windows NT 5.1; ru) Opera 8.50" "savemoki.com"
114.119.139.185 - - [04/Sep/2022:04:12:53 -0700] "GET /blog/wp-content/themes/themeforest-625914-ice-theme-powerful-wordpress-theme-1?C=M%3BO%3DA HTTP/1.1" 301 1468 "https://www.savemoki.com/blog/wp-content/themes/themeforest-625914-ice-theme-powerful-wordpress-theme-1" "Mozilla/5.0 (Linux; Android 7.0;) AppleWebKit/537.36 (KHTML, like Gecko) Mobile Safari/537.36 (compatible; PetalBot;+https://webmaster.petalsearch.com/site/petalbot)" "www.savemoki.com"
114.119.139.185 - - [04/Sep/2022:04:13:00 -0700] "GET /blog/wp-content/themes/themeforest-625914-ice-theme-powerful-wordpress-theme-1/?C=M%3BO%3DA HTTP/1.1" 200 513 "https://www.savemoki.com/blog/wp-content/themes/themeforest-625914-ice-theme-powerful-wordpress-theme-1" "Mozilla/5.0 (Linux; Android 7.0;) AppleWebKit/537.36 (KHTML, like Gecko) Mobile Safari/537.36 (compatible; PetalBot;+https://webmaster.petalsearch.com/site/petalbot)" "www.savemoki.com"
216.244.66.249 - - [04/Sep/2022:04:13:47 -0700] "GET /robots.txt HTTP/1.1" 200 39 "-" "Mozilla/5.0 (compatible; DotBot/1.2; +https://opensiteexplorer.org/dotbot; help@moz.com)" "savemoki.com"
216.244.66.249 - - [04/Sep/2022:04:13:47 -0700] "GET /robots.txt HTTP/1.1" 200 39 "-" "Mozilla/5.0 (compatible; DotBot/1.2; +https://opensiteexplorer.org/dotbot; help@moz.com)" "www.savemoki.com"
114.119.139.185 - - [04/Sep/2022:04:18:58 -0700] "GET /blog/wp-content/themes/themeforest-625914-ice-theme-powerful-wordpress-theme-1/sample%20content?C=D%3BO%3DA HTTP/1.1" 301 1478 "https://www.savemoki.com/blog/wp-content/themes/themeforest-625914-ice-theme-powerful-wordpress-theme-1/sample%20content?C=N%3BO%3DD" "Mozilla/5.0 (Linux; Android 7.0;) AppleWebKit/537.36 (KHTML, like Gecko) Mobile Safari/537.36 (compatible; PetalBot;+https://webmaster.petalsearch.com/site/petalbot)" "www.savemoki.com"
114.119.139.185 - - [04/Sep/2022:04:19:07 -0700] "GET /blog/wp-content/themes/themeforest-625914-ice-theme-powerful-wordpress-theme-1/sample%20content/?C=D%3BO%3DA HTTP/1.1" 200 576 "https://www.savemoki.com/blog/wp-content/themes/themeforest-625914-ice-theme-powerful-wordpress-theme-1/sample%20content?C=N%3BO%3DD" "Mozilla/5.0 (Linux; Android 7.0;) AppleWebKit/537.36 (KHTML, like Gecko) Mobile Safari/537.36 (compatible; PetalBot;+https://webmaster.petalsearch.com/site/petalbot)" "www.savemoki.com"
114.119.134.192 - - [04/Sep/2022:04:30:23 -0700] "GET /blog/?C=M%3BO%3DA HTTP/1.1" 200 352 "https://www.savemoki.com/blog/" "Mozilla/5.0 (Linux; Android 7.0;) AppleWebKit/537.36 (KHTML, like Gecko) Mobile Safari/537.36 (compatible; PetalBot;+https://webmaster.petalsearch.com/site/petalbot)" "www.savemoki.com"
82.118.29.185 - - [04/Sep/2022:04:33:17 -0700] "GET /blog1/2015/05/07/test-post/ HTTP/1.1" 404 73 "http://savemoki.com/blog1/2015/05/07/test-post/" "Mozilla/5.0 (Windows NT 6.1; Win64; x64) AppleWebKit/537.36 (KHTML, like Gecko) Chrome/90.0.4430.93 Safari/537.36" "savemoki.com"
82.118.29.185 - - [04/Sep/2022:04:33:17 -0700] "GET / HTTP/1.1" 200 7350 "http://savemoki.com/" "Mozilla/5.0 (Windows NT 6.1; Win64; x64) AppleWebKit/537.36 (KHTML, like Gecko) Chrome/90.0.4430.93 Safari/537.36" "savemoki.com"
82.118.29.185 - - [04/Sep/2022:04:33:18 -0700] "GET /blog/ HTTP/1.1" 200 698 "http://savemoki.com/blog/" "Mozilla/5.0 (Windows NT 6.1; Win64; x64) AppleWebKit/537.36 (KHTML, like Gecko) Chrome/90.0.4430.93 Safari/537.36" "savemoki.com"
154.54.249.194 - - [04/Sep/2022:04:33:36 -0700] "GET /clipart/buttons/themes/swoosh_blue/?C=S;O=D HTTP/1.1" 200 416 "-" "Mozilla/5.0 (compatible; Barkrowler/0.9; +https://babbar.tech/crawler)" "savemoki.com"
20.68.181.243 - - [04/Sep/2022:04:35:05 -0700] "GET /wp-commentin.php HTTP/1.1" 404 88 "www.google.com" "Mozlila/5.0 (Linux; Android 7.0; SM-G892A Bulid/NRD90M; wv) AppleWebKit/537.36 (KHTML, like Gecko) Version/4.0 Chrome/60.0.3112.107 Moblie Safari/537.36" "savemoki.com"
20.68.181.243 - - [04/Sep/2022:04:35:30 -0700] "GET /wp-commentin.php HTTP/1.1" 404 88 "www.google.com" "Mozlila/5.0 (Linux; Android 7.0; SM-G892A Bulid/NRD90M; wv) AppleWebKit/537.36 (KHTML, like Gecko) Version/4.0 Chrome/60.0.3112.107 Moblie Safari/537.36" "savemoki.com"
114.119.139.185 - - [04/Sep/2022:04:35:59 -0700] "GET /blog/wp-content/themes/themeforest-625914-ice-theme-powerful-wordpress-theme-1/sample%20content HTTP/1.1" 301 1464 "https://www.savemoki.com/blog/wp-content/themes/themeforest-625914-ice-theme-powerful-wordpress-theme-1?C=M%3BO%3DA" "Mozilla/5.0 (Linux; Android 7.0;) AppleWebKit/537.36 (KHTML, like Gecko) Mobile Safari/537.36 (compatible; PetalBot;+https://webmaster.petalsearch.com/site/petalbot)" "www.savemoki.com"
114.119.139.185 - - [04/Sep/2022:04:35:59 -0700] "GET /blog/wp-content/themes/themeforest-625914-ice-theme-powerful-wordpress-theme-1/sample%20content/ HTTP/1.1" 200 576 "https://www.savemoki.com/blog/wp-content/themes/themeforest-625914-ice-theme-powerful-wordpress-theme-1?C=M%3BO%3DA" "Mozilla/5.0 (Linux; Android 7.0;) AppleWebKit/537.36 (KHTML, like Gecko) Mobile Safari/537.36 (compatible; PetalBot;+https://webmaster.petalsearch.com/site/petalbot)" "www.savemoki.com"
150.158.135.203 - - [04/Sep/2022:04:38:04 -0700] "GET /xmlrpc.php HTTP/1.1" 404 88 "-" "Mozilla/5.0 (Windows NT 6.1; WOW64; rv:45.0) Gecko/20100101 Firefox/45.0" "savemoki.com"
114.119.139.183 - - [04/Sep/2022:04:41:38 -0700] "GET /blog/wp-content/themes/themeforest-625914-ice-theme-powerful-wordpress-theme-1 HTTP/1.1" 301 1453 "https://savemoki.com/blog/wp-content/themes/themeforest-625914-ice-theme-powerful-wordpress-theme-1/sample%20content" "Mozilla/5.0 (Linux; Android 7.0;) AppleWebKit/537.36 (KHTML, like Gecko) Mobile Safari/537.36 (compatible; PetalBot;+https://webmaster.petalsearch.com/site/petalbot)" "savemoki.com"
114.119.139.183 - - [04/Sep/2022:04:41:39 -0700] "GET /blog/wp-content/themes/themeforest-625914-ice-theme-powerful-wordpress-theme-1/ HTTP/1.1" 200 513 "https://savemoki.com/blog/wp-content/themes/themeforest-625914-ice-theme-powerful-wordpress-theme-1/sample%20content" "Mozilla/5.0 (Linux; Android 7.0;) AppleWebKit/537.36 (KHTML, like Gecko) Mobile Safari/537.36 (compatible; PetalBot;+https://webmaster.petalsearch.com/site/petalbot)" "savemoki.com"
82.118.29.204 - - [04/Sep/2022:04:51:09 -0700] "GET /blog1/2015/05/07/test-post/ HTTP/1.1" 404 73 "http://savemoki.com/blog1/2015/05/07/test-post/" "Mozilla/5.0 (Windows NT 6.1; Win64; x64) AppleWebKit/537.36 (KHTML, like Gecko) Chrome/90.0.4430.72 Safari/537.36" "savemoki.com"
82.118.29.204 - - [04/Sep/2022:04:51:09 -0700] "GET / HTTP/1.1" 200 7350 "http://savemoki.com/" "Mozilla/5.0 (Windows NT 6.1; Win64; x64) AppleWebKit/537.36 (KHTML, like Gecko) Chrome/90.0.4430.72 Safari/537.36" "savemoki.com"
82.118.29.204 - - [04/Sep/2022:04:51:10 -0700] "GET /blog/ HTTP/1.1" 200 698 "http://savemoki.com/blog/" "Mozilla/5.0 (Windows NT 6.1; Win64; x64) AppleWebKit/537.36 (KHTML, like Gecko) Chrome/90.0.4430.72 Safari/537.36" "savemoki.com"
216.244.66.249 - - [04/Sep/2022:05:02:11 -0700] "GET /robots.txt HTTP/1.1" 200 39 "-" "Mozilla/5.0 (compatible; DotBot/1.2; +https://opensiteexplorer.org/dotbot; help@moz.com)" "savemoki.com"
216.244.66.249 - - [04/Sep/2022:05:02:12 -0700] "GET /robots.txt HTTP/1.1" 200 39 "-" "Mozilla/5.0 (compatible; DotBot/1.2; +https://opensiteexplorer.org/dotbot; help@moz.com)" "www.savemoki.com"
185.119.81.99 - - [04/Sep/2022:05:04:26 -0700] "GET /2test/wp-login.php HTTP/1.1" 200 6051 "-" "Mozilla/5.0 (Windows NT 6.3; Win64; x64) AppleWebKit/537.36 (KHTML, like Gecko) Chrome/68.0.3440.106 Safari/537.36" "savemoki.com"
10.213.116.64 - - [04/Sep/2022:05:04:29 -0700] "POST /2test/wp-cron.php?doing_wp_cron=1662293069.2042388916015625000000 HTTP/1.1" 200 - "http://savemoki.com/2test/wp-cron.php?doing_wp_cron=1662293069.2042388916015625000000" "WordPress/5.4.11; http://savemoki.com/2test" "savemoki.com"
185.119.81.99 - - [04/Sep/2022:05:04:30 -0700] "POST /2test/wp-login.php HTTP/1.1" 200 6339 "http://savemoki.com/2test/wp-login.php" "Mozilla/5.0 (Windows NT 6.3; Win64; x64) AppleWebKit/537.36 (KHTML, like Gecko) Chrome/68.0.3440.106 Safari/537.36" "savemoki.com"
51.222.253.6 - - [04/Sep/2022:05:06:48 -0700] "GET /clipart/backgrounds/fullpage/?C=M;O=A HTTP/1.1" 200 389 "-" "Mozilla/5.0 (compatible; AhrefsBot/7.0; +http://ahrefs.com/robot/)" "savemoki.com"
185.191.171.5 - - [04/Sep/2022:05:12:20 -0700] "GET /robots.txt HTTP/1.1" 200 55 "-" "Mozilla/5.0 (compatible; SemrushBot/7~bl; +http://www.semrush.com/bot.html)" "savemoki.com"
185.191.171.6 - - [04/Sep/2022:05:12:20 -0700] "GET /2test/index.php/courses/kindergarten/?tab=tab-instructor HTTP/1.1" 200 22470 "-" "Mozilla/5.0 (compatible; SemrushBot/7~bl; +http://www.semrush.com/bot.html)" "savemoki.com"
185.119.81.99 - - [04/Sep/2022:05:19:13 -0700] "GET /2test/wp-login.php HTTP/1.1" 200 6052 "-" "Mozilla/5.0 (Windows NT 6.3; Win64; x64) AppleWebKit/537.36 (KHTML, like Gecko) Chrome/68.0.3440.106 Safari/537.36" "savemoki.com"
185.119.81.99 - - [04/Sep/2022:05:19:17 -0700] "POST /2test/wp-login.php HTTP/1.1" 200 6481 "http://savemoki.com/2test/wp-login.php" "Mozilla/5.0 (Windows NT 6.3; Win64; x64) AppleWebKit/537.36 (KHTML, like Gecko) Chrome/68.0.3440.106 Safari/537.36" "savemoki.com"
51.222.253.6 - - [04/Sep/2022:05:44:29 -0700] "GET /clipart/backgrounds/fullpage/?C=S;O=A HTTP/1.1" 200 389 "-" "Mozilla/5.0 (compatible; AhrefsBot/7.0; +http://ahrefs.com/robot/)" "savemoki.com"
154.54.249.194 - - [04/Sep/2022:05:47:03 -0700] "GET /2test/index.php/courses/sample-course/lessons/lesson-62/ HTTP/1.1" 404 18320 "-" "Mozilla/5.0 (compatible; Barkrowler/0.9; +https://babbar.tech/crawler)" "savemoki.com"
10.213.116.62 - - [04/Sep/2022:05:47:06 -0700] "POST /2test/wp-cron.php?doing_wp_cron=1662295626.6112000942230224609375 HTTP/1.1" 200 - "https://savemoki.com/2test/wp-cron.php?doing_wp_cron=1662295626.6112000942230224609375" "WordPress/5.4.11; https://savemoki.com/2test" "savemoki.com"
194.38.20.161 - - [04/Sep/2022:05:50:27 -0700] "GET /wp-content/plugins/wp-file-manager-pro/lib/php/connector.minimal.php HTTP/1.1" 404 73 "-" "ALittle Client" "savemoki.com"
37.139.53.84 - - [04/Sep/2022:05:54:09 -0700] "GET /contact_us.html HTTP/1.1" 200 18024 "http://savemoki.com/contact_us.html" "Mozilla/5.0 (Windows NT 10.0; Win64; x64) AppleWebKit/537.36 (KHTML, like Gecko) Chrome/83.0.4103.34 Safari/537.36 Edg/83.0.478.25" "savemoki.com"
216.244.66.249 - - [04/Sep/2022:06:15:12 -0700] "GET /robots.txt HTTP/1.1" 200 39 "-" "Mozilla/5.0 (compatible; DotBot/1.2; +https://opensiteexplorer.org/dotbot; help@moz.com)" "www.savemoki.com"
216.244.66.249 - - [04/Sep/2022:06:15:12 -0700] "GET /robots.txt HTTP/1.1" 200 39 "-" "Mozilla/5.0 (compatible; DotBot/1.2; +https://opensiteexplorer.org/dotbot; help@moz.com)" "savemoki.com"
51.222.253.19 - - [04/Sep/2022:06:46:49 -0700] "GET /robots.txt HTTP/1.1" 200 55 "-" "Mozilla/5.0 (compatible; AhrefsBot/7.0; +http://ahrefs.com/robot/)" "www.savemoki.com"
51.222.253.17 - - [04/Sep/2022:06:46:50 -0700] "GET /clipart/ HTTP/1.1" 200 440 "-" "Mozilla/5.0 (compatible; AhrefsBot/7.0; +http://ahrefs.com/robot/)" "www.savemoki.com"
77.75.76.164 - - [04/Sep/2022:06:51:25 -0700] "GET /robots.txt HTTP/1.1" 200 55 "-" "Mozilla/5.0 (compatible; SeznamBot/3.2; +http://napoveda.seznam.cz/en/seznambot-intro/)" "savemoki.com"
77.75.76.164 - - [04/Sep/2022:06:51:27 -0700] "GET /clipart/bullets/ HTTP/1.1" 200 429 "-" "Mozilla/5.0 (compatible; SeznamBot/3.2; +http://napoveda.seznam.cz/en/seznambot-intro/)" "savemoki.com"
154.54.249.194 - - [04/Sep/2022:06:58:27 -0700] "GET /2test/index.php/courses/sample-course/lessons/lesson-14/ HTTP/1.1" 404 18320 "-" "Mozilla/5.0 (compatible; Barkrowler/0.9; +https://babbar.tech/crawler)" "savemoki.com"
10.213.116.64 - - [04/Sep/2022:06:58:30 -0700] "POST /2test/wp-cron.php?doing_wp_cron=1662299910.8517909049987792968750 HTTP/1.1" 200 - "https://savemoki.com/2test/wp-cron.php?doing_wp_cron=1662299910.8517909049987792968750" "WordPress/5.4.11; https://savemoki.com/2test" "savemoki.com"
216.244.66.249 - - [04/Sep/2022:07:07:27 -0700] "GET /robots.txt HTTP/1.1" 200 39 "-" "Mozilla/5.0 (compatible; DotBot/1.2; +https://opensiteexplorer.org/dotbot; help@moz.com)" "www.savemoki.com"
216.244.66.249 - - [04/Sep/2022:07:07:27 -0700] "GET /robots.txt HTTP/1.1" 200 39 "-" "Mozilla/5.0 (compatible; DotBot/1.2; +https://opensiteexplorer.org/dotbot; help@moz.com)" "savemoki.com"
51.222.253.11 - - [04/Sep/2022:07:13:16 -0700] "GET /Other_Cats_In_Need.html HTTP/1.1" 200 6033 "-" "Mozilla/5.0 (compatible; AhrefsBot/7.0; +http://ahrefs.com/robot/)" "www.savemoki.com"
51.222.253.7 - - [04/Sep/2022:07:13:18 -0700] "GET /sitebuilder/images/717945_1203094807_1__1_-385x255.jpg HTTP/1.1" 200 8832 "-" "Mozilla/5.0 (compatible; AhrefsBot/7.0; +http://ahrefs.com/robot/)" "www.savemoki.com"
51.222.253.19 - - [04/Sep/2022:07:13:19 -0700] "GET /clipart/lines/horizontal/blue_wave_top.gif HTTP/1.1" 200 3687 "-" "Mozilla/5.0 (compatible; AhrefsBot/7.0; +http://ahrefs.com/robot/)" "www.savemoki.com"
51.222.253.11 - - [04/Sep/2022:07:13:19 -0700] "GET /sitebuilder/images/navbar-5-inactive-01203.png HTTP/1.1" 200 1695 "-" "Mozilla/5.0 (compatible; AhrefsBot/7.0; +http://ahrefs.com/robot/)" "www.savemoki.com"
51.222.253.18 - - [04/Sep/2022:07:13:19 -0700] "GET /sitebuilder/images/navbar-3-inactive-00921.png HTTP/1.1" 200 1677 "-" "Mozilla/5.0 (compatible; AhrefsBot/7.0; +http://ahrefs.com/robot/)" "www.savemoki.com"
51.222.253.16 - - [04/Sep/2022:07:13:20 -0700] "GET /sitebuilder/images/navbar-1-inactive-00593.png HTTP/1.1" 200 1717 "-" "Mozilla/5.0 (compatible; AhrefsBot/7.0; +http://ahrefs.com/robot/)" "www.savemoki.com"
51.222.253.18 - - [04/Sep/2022:07:13:20 -0700] "GET /sitebuilder/images/s77a431161m991972_1_-398x271.jpg HTTP/1.1" 200 21452 "-" "Mozilla/5.0 (compatible; AhrefsBot/7.0; +http://ahrefs.com/robot/)" "www.savemoki.com"
51.222.253.20 - - [04/Sep/2022:07:13:21 -0700] "GET /sitebuilder/images/navbar-10-inactive-19687.png HTTP/1.1" 200 1761 "-" "Mozilla/5.0 (compatible; AhrefsBot/7.0; +http://ahrefs.com/robot/)" "www.savemoki.com"
51.222.253.12 - - [04/Sep/2022:07:13:21 -0700] "GET /clipart/images/sidebars/curved_gold_and_blue.gif HTTP/1.1" 200 4615 "-" "Mozilla/5.0 (compatible; AhrefsBot/7.0; +http://ahrefs.com/robot/)" "www.savemoki.com"
51.222.253.18 - - [04/Sep/2022:07:13:21 -0700] "GET /clipart/pageHeaders/sweeping_curves_blue.gif HTTP/1.1" 200 24925 "-" "Mozilla/5.0 (compatible; AhrefsBot/7.0; +http://ahrefs.com/robot/)" "www.savemoki.com"
51.222.253.17 - - [04/Sep/2022:07:13:22 -0700] "GET /clipart/images/quotemark-preceeding-gold.gif HTTP/1.1" 200 133 "-" "Mozilla/5.0 (compatible; AhrefsBot/7.0; +http://ahrefs.com/robot/)" "www.savemoki.com"
51.222.253.2 - - [04/Sep/2022:07:13:23 -0700] "GET /sitebuilder/scripts/layers.js HTTP/1.1" 200 1140 "-" "Mozilla/5.0 (compatible; AhrefsBot/7.0; +http://ahrefs.com/robot/)" "www.savemoki.com"
51.222.253.10 - - [04/Sep/2022:07:13:23 -0700] "GET /sitebuilder/images/navbar-8-active-19437.png HTTP/1.1" 200 1648 "-" "Mozilla/5.0 (compatible; AhrefsBot/7.0; +http://ahrefs.com/robot/)" "www.savemoki.com"
51.222.253.5 - - [04/Sep/2022:07:13:23 -0700] "GET /sitebuilder/images/navbar-4-inactive-01062.png HTTP/1.1" 200 1810 "-" "Mozilla/5.0 (compatible; AhrefsBot/7.0; +http://ahrefs.com/robot/)" "www.savemoki.com"
51.222.253.17 - - [04/Sep/2022:07:13:24 -0700] "GET /Other_Cats_In_Need.html HTTP/1.1" 200 6033 "-" "Mozilla/5.0 (compatible; AhrefsBot/7.0; +http://ahrefs.com/robot/)" "www.savemoki.com"
51.222.253.8 - - [04/Sep/2022:07:13:24 -0700] "GET /clipart/images/quotemark-proceeding-gold.gif HTTP/1.1" 200 128 "-" "Mozilla/5.0 (compatible; AhrefsBot/7.0; +http://ahrefs.com/robot/)" "www.savemoki.com"
51.222.253.1 - - [04/Sep/2022:07:13:25 -0700] "GET /clipart/images/frames/gold_panel_shadow.gif HTTP/1.1" 200 12480 "-" "Mozilla/5.0 (compatible; AhrefsBot/7.0; +http://ahrefs.com/robot/)" "www.savemoki.com"
51.222.253.17 - - [04/Sep/2022:07:13:25 -0700] "GET /clipart/lines/horizontal/blue_wave_bottom.gif HTTP/1.1" 200 650 "-" "Mozilla/5.0 (compatible; AhrefsBot/7.0; +http://ahrefs.com/robot/)" "www.savemoki.com"
51.222.253.4 - - [04/Sep/2022:07:13:25 -0700] "GET /sitebuilder/images/navbar-0-inactive-00390.png HTTP/1.1" 200 1637 "-" "Mozilla/5.0 (compatible; AhrefsBot/7.0; +http://ahrefs.com/robot/)" "www.savemoki.com"
51.222.253.17 - - [04/Sep/2022:07:41:02 -0700] "GET /videos_of_moki HTTP/1.1" 200 3164 "-" "Mozilla/5.0 (compatible; AhrefsBot/7.0; +http://ahrefs.com/robot/)" "www.savemoki.com"
216.244.66.249 - - [04/Sep/2022:07:53:54 -0700] "GET /robots.txt HTTP/1.1" 200 39 "-" "Mozilla/5.0 (compatible; DotBot/1.2; +https://opensiteexplorer.org/dotbot; help@moz.com)" "www.savemoki.com"
216.244.66.249 - - [04/Sep/2022:07:53:54 -0700] "GET /robots.txt HTTP/1.1" 200 39 "-" "Mozilla/5.0 (compatible; DotBot/1.2; +https://opensiteexplorer.org/dotbot; help@moz.com)" "savemoki.com"
40.77.167.101 - - [04/Sep/2022:08:08:21 -0700] "GET /robots.txt HTTP/1.1" 200 55 "-" "Mozilla/5.0 (compatible; bingbot/2.0; +http://www.bing.com/bingbot.htm)" "savemoki.com"
40.77.167.101 - - [04/Sep/2022:08:08:21 -0700] "GET /robots.txt HTTP/1.1" 200 55 "-" "Mozilla/5.0 (compatible; bingbot/2.0; +http://www.bing.com/bingbot.htm)" "savemoki.com"
157.55.39.193 - - [04/Sep/2022:08:08:28 -0700] "GET /clipart/ HTTP/1.1" 200 440 "-" "Mozilla/5.0 (compatible; bingbot/2.0; +http://www.bing.com/bingbot.htm)" "savemoki.com"
185.191.171.13 - - [04/Sep/2022:08:09:18 -0700] "GET /robots.txt HTTP/1.1" 200 55 "-" "Mozilla/5.0 (compatible; SemrushBot/7~bl; +http://www.semrush.com/bot.html)" "savemoki.com"
185.191.171.26 - - [04/Sep/2022:08:09:19 -0700] "GET /Feline_health.html HTTP/1.1" 200 8098 "-" "Mozilla/5.0 (compatible; SemrushBot/7~bl; +http://www.semrush.com/bot.html)" "savemoki.com"
154.54.249.194 - - [04/Sep/2022:08:10:08 -0700] "GET /2test/index.php/courses/sample-course/lessons/lesson-2/ HTTP/1.1" 404 18319 "-" "Mozilla/5.0 (compatible; Barkrowler/0.9; +https://babbar.tech/crawler)" "savemoki.com"
10.213.116.62 - - [04/Sep/2022:08:10:11 -0700] "POST /2test/wp-cron.php?doing_wp_cron=1662304211.1408250331878662109375 HTTP/1.1" 200 - "https://savemoki.com/2test/wp-cron.php?doing_wp_cron=1662304211.1408250331878662109375" "WordPress/5.4.11; https://savemoki.com/2test" "savemoki.com"
185.191.171.2 - - [04/Sep/2022:08:14:05 -0700] "GET /robots.txt HTTP/1.1" 200 55 "-" "Mozilla/5.0 (compatible; SemrushBot/7~bl; +http://www.semrush.com/bot.html)" "www.savemoki.com"
185.191.171.21 - - [04/Sep/2022:08:14:06 -0700] "GET /MedicalRecord.html HTTP/1.1" 200 4796 "-" "Mozilla/5.0 (compatible; SemrushBot/7~bl; +http://www.semrush.com/bot.html)" "www.savemoki.com"
66.249.79.21 - - [04/Sep/2022:08:14:14 -0700] "GET /favicon.ico HTTP/1.1" 404 88 "-" "Googlebot-Image/1.0" "www.savemoki.com"
51.222.253.19 - - [04/Sep/2022:08:16:54 -0700] "GET / HTTP/1.1" 200 1284 "-" "Mozilla/5.0 (compatible; AhrefsBot/7.0; +http://ahrefs.com/robot/)" "www.savemoki.com"
51.222.253.13 - - [04/Sep/2022:08:26:14 -0700] "GET / HTTP/1.1" 200 1284 "-" "Mozilla/5.0 (compatible; AhrefsBot/7.0; +http://ahrefs.com/robot/)" "www.savemoki.com"
51.222.253.17 - - [04/Sep/2022:08:30:58 -0700] "GET /mokis_story HTTP/1.1" 200 9307 "-" "Mozilla/5.0 (compatible; AhrefsBot/7.0; +http://ahrefs.com/robot/)" "www.savemoki.com"
51.222.253.20 - - [04/Sep/2022:08:31:06 -0700] "GET /yahoo_site_admin/assets/images/Moki_and_Bandit.42102357_std.JPG HTTP/1.1" 200 96200 "-" "Mozilla/5.0 (compatible; AhrefsBot/7.0; +http://ahrefs.com/robot/)" "savemoki.com"
