51.222.253.5 - - [04/Sep/2022:08:31:07 -0700] "GET /yahoo_site_admin/assets/images/Mokis_1st_Halloween.42103006_std.JPG HTTP/1.1" 200 113564 "-" "Mozilla/5.0 (compatible; AhrefsBot/7.0; +http://ahrefs.com/robot/)" "savemoki.com"
51.222.253.3 - - [04/Sep/2022:08:31:08 -0700] "GET /yahoo_site_admin/assets/images/Sick_Moki.42100047_std.JPG HTTP/1.1" 200 66556 "-" "Mozilla/5.0 (compatible; AhrefsBot/7.0; +http://ahrefs.com/robot/)" "savemoki.com"
51.222.253.10 - - [04/Sep/2022:08:31:09 -0700] "GET /yahoo_site_admin/assets/images/Moki_resting_in_his_bed.42100540_std.jpg HTTP/1.1" 200 91646 "-" "Mozilla/5.0 (compatible; AhrefsBot/7.0; +http://ahrefs.com/robot/)" "savemoki.com"
51.222.253.5 - - [04/Sep/2022:08:35:27 -0700] "GET /contact_us HTTP/1.1" 200 7366 "-" "Mozilla/5.0 (compatible; AhrefsBot/7.0; +http://ahrefs.com/robot/)" "www.savemoki.com"
216.244.66.249 - - [04/Sep/2022:08:39:39 -0700] "GET /robots.txt HTTP/1.1" 200 39 "-" "Mozilla/5.0 (compatible; DotBot/1.2; +https://opensiteexplorer.org/dotbot; help@moz.com)" "www.savemoki.com"
216.244.66.249 - - [04/Sep/2022:08:39:39 -0700] "GET /robots.txt HTTP/1.1" 200 39 "-" "Mozilla/5.0 (compatible; DotBot/1.2; +https://opensiteexplorer.org/dotbot; help@moz.com)" "savemoki.com"
51.222.253.7 - - [04/Sep/2022:08:40:10 -0700] "GET /other_cats_in_need HTTP/1.1" 200 3395 "-" "Mozilla/5.0 (compatible; AhrefsBot/7.0; +http://ahrefs.com/robot/)" "www.savemoki.com"
51.222.253.1 - - [04/Sep/2022:08:44:58 -0700] "GET /home HTTP/1.1" 200 5367 "-" "Mozilla/5.0 (compatible; AhrefsBot/7.0; +http://ahrefs.com/robot/)" "www.savemoki.com"
51.222.253.10 - - [04/Sep/2022:08:50:04 -0700] "GET /special_thanks HTTP/1.1" 200 3418 "-" "Mozilla/5.0 (compatible; AhrefsBot/7.0; +http://ahrefs.com/robot/)" "www.savemoki.com"
51.222.253.1 - - [04/Sep/2022:08:55:07 -0700] "GET /clipart/backgrounds/fullpage/?C=M;O=A HTTP/1.1" 200 389 "-" "Mozilla/5.0 (compatible; AhrefsBot/7.0; +http://ahrefs.com/robot/)" "www.savemoki.com"
185.191.171.3 - - [04/Sep/2022:08:56:28 -0700] "GET /index.html HTTP/1.1" 404 88 "-" "Mozilla/5.0 (compatible; SemrushBot/7~bl; +http://www.semrush.com/bot.html)" "savemoki.com"
51.222.253.5 - - [04/Sep/2022:09:00:12 -0700] "GET /clipart/buttons/themes/?C=M;O=D HTTP/1.1" 200 397 "-" "Mozilla/5.0 (compatible; AhrefsBot/7.0; +http://ahrefs.com/robot/)" "www.savemoki.com"
51.222.253.8 - - [04/Sep/2022:09:09:32 -0700] "GET /clipart/backgrounds/fullpage/?C=D;O=A HTTP/1.1" 200 389 "-" "Mozilla/5.0 (compatible; AhrefsBot/7.0; +http://ahrefs.com/robot/)" "www.savemoki.com"
77.75.79.95 - - [04/Sep/2022:09:13:44 -0700] "GET /robots.txt HTTP/1.1" 200 55 "-" "Mozilla/5.0 (compatible; SeznamBot/3.2; +http://napoveda.seznam.cz/en/seznambot-intro/)" "savemoki.com"
77.75.79.95 - - [04/Sep/2022:09:13:45 -0700] "GET /clipart/lines/horizontal/ HTTP/1.1" 200 408 "-" "Mozilla/5.0 (compatible; SeznamBot/3.2; +http://napoveda.seznam.cz/en/seznambot-intro/)" "savemoki.com"
51.222.253.14 - - [04/Sep/2022:09:15:02 -0700] "GET /clipart/backgrounds/fullpage/?C=S;O=A HTTP/1.1" 200 389 "-" "Mozilla/5.0 (compatible; AhrefsBot/7.0; +http://ahrefs.com/robot/)" "www.savemoki.com"
51.222.253.1 - - [04/Sep/2022:09:20:24 -0700] "GET /media/?C=S;O=D HTTP/1.1" 200 393 "-" "Mozilla/5.0 (compatible; AhrefsBot/7.0; +http://ahrefs.com/robot/)" "www.savemoki.com"
154.54.249.194 - - [04/Sep/2022:09:20:27 -0700] "GET /2test/index.php/courses/sample-course/lessons/lesson-50/ HTTP/1.1" 404 18320 "-" "Mozilla/5.0 (compatible; Barkrowler/0.9; +https://babbar.tech/crawler)" "savemoki.com"
10.213.116.63 - - [04/Sep/2022:09:20:30 -0700] "POST /2test/wp-cron.php?doing_wp_cron=1662308430.7926681041717529296875 HTTP/1.1" 200 - "https://savemoki.com/2test/wp-cron.php?doing_wp_cron=1662308430.7926681041717529296875" "WordPress/5.4.11; https://savemoki.com/2test" "savemoki.com"
207.46.13.232 - - [04/Sep/2022:09:21:13 -0700] "GET /robots.txt HTTP/1.1" 200 55 "-" "Mozilla/5.0 (compatible; bingbot/2.0; +http://www.bing.com/bingbot.htm)" "savemoki.com"
157.55.39.193 - - [04/Sep/2022:09:21:15 -0700] "GET /updates_on_special_friends.html HTTP/1.1" 404 88 "-" "Mozilla/5.0 (compatible; bingbot/2.0; +http://www.bing.com/bingbot.htm)" "savemoki.com"
37.139.53.84 - - [04/Sep/2022:09:22:36 -0700] "GET /contact_us.html HTTP/1.1" 200 18024 "http://savemoki.com/contact_us.html" "Mozilla/5.0 (Windows NT 10.0; Win64; x64) AppleWebKit/537.36 (KHTML, like Gecko) Chrome/83.0.4103.14 Safari/537.36" "savemoki.com"
216.244.66.249 - - [04/Sep/2022:09:23:55 -0700] "GET /robots.txt HTTP/1.1" 200 39 "-" "Mozilla/5.0 (compatible; DotBot/1.2; +https://opensiteexplorer.org/dotbot; help@moz.com)" "www.savemoki.com"
216.244.66.249 - - [04/Sep/2022:09:23:55 -0700] "GET /robots.txt HTTP/1.1" 200 39 "-" "Mozilla/5.0 (compatible; DotBot/1.2; +https://opensiteexplorer.org/dotbot; help@moz.com)" "savemoki.com"
51.222.253.8 - - [04/Sep/2022:09:25:13 -0700] "GET /blog/?C=D;O=D HTTP/1.1" 200 350 "-" "Mozilla/5.0 (compatible; AhrefsBot/7.0; +http://ahrefs.com/robot/)" "savemoki.com"
51.222.253.16 - - [04/Sep/2022:09:30:11 -0700] "GET /clipart/images/?C=M;O=D HTTP/1.1" 200 481 "-" "Mozilla/5.0 (compatible; AhrefsBot/7.0; +http://ahrefs.com/robot/)" "savemoki.com"
161.97.85.148 - - [04/Sep/2022:09:33:27 -0700] "GET /blog1/2015/05/07/test-post/ HTTP/1.1" 404 73 "http://savemoki.com/blog1/2015/05/07/test-post/" "Mozilla/5.0 (Windows NT 10.0; Win64; x64) AppleWebKit/537.36 (KHTML, like Gecko) Chrome/90.0.4430.85 Safari/537.36 Edg/90.0.818.49" "savemoki.com"
161.97.85.148 - - [04/Sep/2022:09:33:27 -0700] "GET / HTTP/1.1" 200 7350 "http://savemoki.com/" "Mozilla/5.0 (Windows NT 10.0; Win64; x64) AppleWebKit/537.36 (KHTML, like Gecko) Chrome/90.0.4430.85 Safari/537.36 Edg/90.0.818.49" "savemoki.com"
161.97.85.148 - - [04/Sep/2022:09:33:28 -0700] "GET /blog/ HTTP/1.1" 200 698 "http://savemoki.com/blog/" "Mozilla/5.0 (Windows NT 10.0; Win64; x64) AppleWebKit/537.36 (KHTML, like Gecko) Chrome/90.0.4430.85 Safari/537.36 Edg/90.0.818.49" "savemoki.com"
51.222.253.2 - - [04/Sep/2022:09:34:57 -0700] "GET /media/?C=M;O=A HTTP/1.1" 200 397 "-" "Mozilla/5.0 (compatible; AhrefsBot/7.0; +http://ahrefs.com/robot/)" "www.savemoki.com"
114.119.156.133 - - [04/Sep/2022:09:39:08 -0700] "GET /clipart/pageHeaders?S=A HTTP/1.1" 301 1422 "https://www.savemoki.com/clipart/pageHeaders?S=D" "Mozilla/5.0 (Linux; Android 7.0;) AppleWebKit/537.36 (KHTML, like Gecko) Mobile Safari/537.36 (compatible; PetalBot;+https://webmaster.petalsearch.com/site/petalbot)" "www.savemoki.com"
114.119.156.133 - - [04/Sep/2022:09:39:09 -0700] "GET /clipart/pageHeaders/?S=A HTTP/1.1" 200 427 "https://www.savemoki.com/clipart/pageHeaders?S=D" "Mozilla/5.0 (Linux; Android 7.0;) AppleWebKit/537.36 (KHTML, like Gecko) Mobile Safari/537.36 (compatible; PetalBot;+https://webmaster.petalsearch.com/site/petalbot)" "www.savemoki.com"
51.222.253.20 - - [04/Sep/2022:09:40:09 -0700] "GET /blog/wp-content/themes/themeforest-625914-ice-theme-powerful-wordpress-theme-1/licensing/?C=N;O=D HTTP/1.1" 200 417 "-" "Mozilla/5.0 (compatible; AhrefsBot/7.0; +http://ahrefs.com/robot/)" "savemoki.com"
185.191.171.20 - - [04/Sep/2022:09:43:01 -0700] "GET /robots.txt HTTP/1.1" 200 55 "-" "Mozilla/5.0 (compatible; SemrushBot/7~bl; +http://www.semrush.com/bot.html)" "savemoki.com"
185.191.171.2 - - [04/Sep/2022:09:43:02 -0700] "GET /other_cats_in_need HTTP/1.1" 200 3395 "-" "Mozilla/5.0 (compatible; SemrushBot/7~bl; +http://www.semrush.com/bot.html)" "savemoki.com"
51.222.253.3 - - [04/Sep/2022:09:45:01 -0700] "GET /title.html HTTP/1.1" 200 582 "-" "Mozilla/5.0 (compatible; AhrefsBot/7.0; +http://ahrefs.com/robot/)" "www.savemoki.com"
51.222.253.8 - - [04/Sep/2022:09:50:33 -0700] "GET /mokis_medical_records HTTP/1.1" 200 3287 "-" "Mozilla/5.0 (compatible; AhrefsBot/7.0; +http://ahrefs.com/robot/)" "www.savemoki.com"
114.119.134.192 - - [04/Sep/2022:09:54:49 -0700] "GET /media?C=D%3BO%3DA HTTP/1.1" 301 1421 "https://savemoki.com/media?C=N%3BO%3DD" "Mozilla/5.0 (Linux; Android 7.0;) AppleWebKit/537.36 (KHTML, like Gecko) Mobile Safari/537.36 (compatible; PetalBot;+https://webmaster.petalsearch.com/site/petalbot)" "savemoki.com"
114.119.134.192 - - [04/Sep/2022:09:54:50 -0700] "GET /media/?C=D%3BO%3DA HTTP/1.1" 200 396 "https://savemoki.com/media?C=N%3BO%3DD" "Mozilla/5.0 (Linux; Android 7.0;) AppleWebKit/537.36 (KHTML, like Gecko) Mobile Safari/537.36 (compatible; PetalBot;+https://webmaster.petalsearch.com/site/petalbot)" "savemoki.com"
51.222.253.6 - - [04/Sep/2022:09:55:51 -0700] "GET /media/ HTTP/1.1" 200 396 "-" "Mozilla/5.0 (compatible; AhrefsBot/7.0; +http://ahrefs.com/robot/)" "www.savemoki.com"
114.119.139.185 - - [04/Sep/2022:10:00:36 -0700] "GET /Videos.html HTTP/1.1" 200 5182 "http://www.savemoki.com/mokis_story.html" "Mozilla/5.0 (Linux; Android 7.0;) AppleWebKit/537.36 (KHTML, like Gecko) Mobile Safari/537.36 (compatible; PetalBot;+https://webmaster.petalsearch.com/site/petalbot)" "www.savemoki.com"
51.222.253.3 - - [04/Sep/2022:10:00:53 -0700] "GET /New4.html HTTP/1.1" 200 1117 "-" "Mozilla/5.0 (compatible; AhrefsBot/7.0; +http://ahrefs.com/robot/)" "www.savemoki.com"
65.20.67.217 - - [04/Sep/2022:10:05:04 -0700] "GET /contact_us.html HTTP/1.1" 200 18024 "http://savemoki.com/contact_us.html" "Mozilla/5.0 (Windows NT 10.0; Win64; x64) AppleWebKit/537.36 (KHTML, like Gecko) Chrome/90.0.4430.72 Safari/537.36" "savemoki.com"
51.222.253.7 - - [04/Sep/2022:10:05:56 -0700] "GET /Special_Thanks.html HTTP/1.1" 200 3182 "-" "Mozilla/5.0 (compatible; AhrefsBot/7.0; +http://ahrefs.com/robot/)" "www.savemoki.com"
212.107.29.83 - - [04/Sep/2022:10:05:57 -0700] "GET /contact_us.html HTTP/1.1" 200 18024 "http://savemoki.com/contact_us.html" "Mozilla/5.0 (Windows NT 6.1) AppleWebKit/537.36 (KHTML, like Gecko) Chrome/90.0.4430.93 Safari/537.36" "savemoki.com"
51.222.253.10 - - [04/Sep/2022:10:05:58 -0700] "GET /sitebuilder/images/navbar-10-active-19734.png HTTP/1.1" 200 1668 "-" "Mozilla/5.0 (compatible; AhrefsBot/7.0; +http://ahrefs.com/robot/)" "www.savemoki.com"
51.222.253.20 - - [04/Sep/2022:10:05:58 -0700] "GET /Special_Thanks.html HTTP/1.1" 200 3182 "-" "Mozilla/5.0 (compatible; AhrefsBot/7.0; +http://ahrefs.com/robot/)" "www.savemoki.com"
114.119.139.183 - - [04/Sep/2022:10:06:14 -0700] "GET /clipart/bullets/?C=D%3BO%3DA HTTP/1.1" 200 429 "https://savemoki.com/clipart/bullets/" "Mozilla/5.0 (Linux; Android 7.0;) AppleWebKit/537.36 (KHTML, like Gecko) Mobile Safari/537.36 (compatible; PetalBot;+https://webmaster.petalsearch.com/site/petalbot)" "savemoki.com"
216.244.66.249 - - [04/Sep/2022:10:08:23 -0700] "GET /robots.txt HTTP/1.1" 200 39 "-" "Mozilla/5.0 (compatible; DotBot/1.2; +https://opensiteexplorer.org/dotbot; help@moz.com)" "savemoki.com"
216.244.66.249 - - [04/Sep/2022:10:08:23 -0700] "GET /robots.txt HTTP/1.1" 200 39 "-" "Mozilla/5.0 (compatible; DotBot/1.2; +https://opensiteexplorer.org/dotbot; help@moz.com)" "www.savemoki.com"
51.222.253.4 - - [04/Sep/2022:10:11:07 -0700] "GET /clipart/backgrounds/fullpage/?C=D;O=A HTTP/1.1" 200 389 "-" "Mozilla/5.0 (compatible; AhrefsBot/7.0; +http://ahrefs.com/robot/)" "savemoki.com"
114.119.139.183 - - [04/Sep/2022:10:11:57 -0700] "GET /clipart/images/frames?S=D HTTP/1.1" 301 1423 "https://www.savemoki.com/clipart/images/frames?S=A" "Mozilla/5.0 (Linux; Android 7.0;) AppleWebKit/537.36 (KHTML, like Gecko) Mobile Safari/537.36 (compatible; PetalBot;+https://webmaster.petalsearch.com/site/petalbot)" "www.savemoki.com"
114.119.139.183 - - [04/Sep/2022:10:11:58 -0700] "GET /clipart/images/frames/?S=D HTTP/1.1" 200 379 "https://www.savemoki.com/clipart/images/frames?S=A" "Mozilla/5.0 (Linux; Android 7.0;) AppleWebKit/537.36 (KHTML, like Gecko) Mobile Safari/537.36 (compatible; PetalBot;+https://webmaster.petalsearch.com/site/petalbot)" "www.savemoki.com"
51.222.253.17 - - [04/Sep/2022:10:16:10 -0700] "GET /socialenginetrial/ HTTP/1.1" 200 318 "-" "Mozilla/5.0 (compatible; AhrefsBot/7.0; +http://ahrefs.com/robot/)" "www.savemoki.com"
114.119.156.133 - - [04/Sep/2022:10:17:41 -0700] "GET /clipart/lines HTTP/1.1" 301 1412 "https://savemoki.com/clipart?N=A" "Mozilla/5.0 (Linux; Android 7.0;) AppleWebKit/537.36 (KHTML, like Gecko) Mobile Safari/537.36 (compatible; PetalBot;+https://webmaster.petalsearch.com/site/petalbot)" "savemoki.com"
114.119.156.133 - - [04/Sep/2022:10:17:42 -0700] "GET /clipart/lines/ HTTP/1.1" 200 361 "https://savemoki.com/clipart?N=A" "Mozilla/5.0 (Linux; Android 7.0;) AppleWebKit/537.36 (KHTML, like Gecko) Mobile Safari/537.36 (compatible; PetalBot;+https://webmaster.petalsearch.com/site/petalbot)" "savemoki.com"
114.119.139.185 - - [04/Sep/2022:10:23:36 -0700] "GET /clipart/lines?C=M%3BO%3DA HTTP/1.1" 301 1427 "https://www.savemoki.com/clipart/lines?C=S%3BO%3DA" "Mozilla/5.0 (Linux; Android 7.0;) AppleWebKit/537.36 (KHTML, like Gecko) Mobile Safari/537.36 (compatible; PetalBot;+https://webmaster.petalsearch.com/site/petalbot)" "www.savemoki.com"
51.222.253.8 - - [04/Sep/2022:10:27:20 -0700] "GET / HTTP/1.1" 200 1284 "-" "Mozilla/5.0 (compatible; AhrefsBot/7.0; +http://ahrefs.com/robot/)" "savemoki.com"
133.18.236.96 - - [04/Sep/2022:10:28:28 -0700] "GET /contact_us.html HTTP/1.1" 200 18024 "http://savemoki.com/contact_us.html" "Mozilla/5.0 (Windows NT 6.1) AppleWebKit/537.36 (KHTML, like Gecko) Chrome/90.0.4430.85 Safari/537.36" "savemoki.com"
114.119.139.185 - - [04/Sep/2022:10:29:12 -0700] "GET /sitebuilder/images/?C=N%3BO%3DD HTTP/1.1" 200 3814 "https://www.savemoki.com/sitebuilder/images?C=D%3BO%3DA" "Mozilla/5.0 (Linux; Android 7.0;) AppleWebKit/537.36 (KHTML, like Gecko) Mobile Safari/537.36 (compatible; PetalBot;+https://webmaster.petalsearch.com/site/petalbot)" "www.savemoki.com"
10.213.116.64 - - [04/Sep/2022:10:30:49 -0700] "POST /2test/wp-cron.php?doing_wp_cron=1662312648.9840209484100341796875 HTTP/1.1" 200 - "https://savemoki.com/2test/wp-cron.php?doing_wp_cron=1662312648.9840209484100341796875" "WordPress/5.4.11; https://savemoki.com/2test" "savemoki.com"
154.54.249.194 - - [04/Sep/2022:10:30:44 -0700] "GET /2test/index.php/courses/sample-course/lessons/lesson-60/ HTTP/1.1" 404 18320 "-" "Mozilla/5.0 (compatible; Barkrowler/0.9; +https://babbar.tech/crawler)" "savemoki.com"
54.36.148.3 - - [04/Sep/2022:10:34:06 -0700] "GET /robots.txt HTTP/1.1" 200 55 "-" "Mozilla/5.0 (compatible; AhrefsBot/7.0; +http://ahrefs.com/robot/)" "savemoki.com"
51.222.253.19 - - [04/Sep/2022:10:34:07 -0700] "GET / HTTP/1.1" 200 1284 "-" "Mozilla/5.0 (compatible; AhrefsBot/7.0; +http://ahrefs.com/robot/)" "savemoki.com"
114.119.139.148 - - [04/Sep/2022:10:34:57 -0700] "GET /blog/wp-content?D=A HTTP/1.1" 301 1419 "https://savemoki.com/blog/wp-content?N=D" "Mozilla/5.0 (Linux; Android 7.0;) AppleWebKit/537.36 (KHTML, like Gecko) Mobile Safari/537.36 (compatible; PetalBot;+https://webmaster.petalsearch.com/site/petalbot)" "savemoki.com"
114.119.139.148 - - [04/Sep/2022:10:35:01 -0700] "GET /blog/wp-content/?D=A HTTP/1.1" 200 359 "https://savemoki.com/blog/wp-content?N=D" "Mozilla/5.0 (Linux; Android 7.0;) AppleWebKit/537.36 (KHTML, like Gecko) Mobile Safari/537.36 (compatible; PetalBot;+https://webmaster.petalsearch.com/site/petalbot)" "savemoki.com"
185.119.81.99 - - [04/Sep/2022:10:37:31 -0700] "GET /2test/wp-login.php HTTP/1.1" 200 6052 "-" "Mozilla/5.0 (Windows NT 6.3; Win64; x64) AppleWebKit/537.36 (KHTML, like Gecko) Chrome/63.0.3239.132 Safari/537.36" "savemoki.com"
185.119.81.99 - - [04/Sep/2022:10:37:36 -0700] "POST /2test/wp-login.php HTTP/1.1" 200 6337 "http://savemoki.com/2test/wp-login.php" "Mozilla/5.0 (Windows NT 6.3; Win64; x64) AppleWebKit/537.36 (KHTML, like Gecko) Chrome/63.0.3239.132 Safari/537.36" "savemoki.com"
114.119.139.185 - - [04/Sep/2022:10:40:47 -0700] "GET /mokis_medical_records HTTP/1.1" 200 3287 "https://savemoki.com/links" "Mozilla/5.0 (Linux; Android 7.0;) AppleWebKit/537.36 (KHTML, like Gecko) Mobile Safari/537.36 (compatible; PetalBot;+https://webmaster.petalsearch.com/site/petalbot)" "savemoki.com"
51.222.253.12 - - [04/Sep/2022:10:41:09 -0700] "GET /blog/wp-content/themes/themeforest-625914-ice-theme-powerful-wordpress-theme-1/sample%20content/?C=N;O=A HTTP/1.1" 200 576 "-" "Mozilla/5.0 (compatible; AhrefsBot/7.0; +http://ahrefs.com/robot/)" "www.savemoki.com"
77.75.77.109 - - [04/Sep/2022:10:44:42 -0700] "GET /robots.txt HTTP/1.1" 200 55 "-" "Mozilla/5.0 (compatible; SeznamBot/3.2; +http://napoveda.seznam.cz/en/seznambot-intro/)" "savemoki.com"
77.75.77.109 - - [04/Sep/2022:10:44:43 -0700] "GET /blog/wp-content/ HTTP/1.1" 200 359 "-" "Mozilla/5.0 (compatible; SeznamBot/3.2; +http://napoveda.seznam.cz/en/seznambot-intro/)" "savemoki.com"
51.222.253.3 - - [04/Sep/2022:10:48:11 -0700] "GET /New3.html HTTP/1.1" 200 425 "-" "Mozilla/5.0 (compatible; AhrefsBot/7.0; +http://ahrefs.com/robot/)" "www.savemoki.com"
114.119.139.148 - - [04/Sep/2022:10:52:14 -0700] "GET /blog/wp-content/themes/themeforest-625914-ice-theme-powerful-wordpress-theme-1/sample%20content?C=S%3BO%3DA HTTP/1.1" 301 1478 "https://www.savemoki.com/blog/wp-content/themes/themeforest-625914-ice-theme-powerful-wordpress-theme-1/sample%20content?C=D%3BO%3DA" "Mozilla/5.0 (Linux; Android 7.0;) AppleWebKit/537.36 (KHTML, like Gecko) Mobile Safari/537.36 (compatible; PetalBot;+https://webmaster.petalsearch.com/site/petalbot)" "www.savemoki.com"
114.119.139.148 - - [04/Sep/2022:10:52:17 -0700] "GET /blog/wp-content/themes/themeforest-625914-ice-theme-powerful-wordpress-theme-1/sample%20content/?C=S%3BO%3DA HTTP/1.1" 200 576 "https://www.savemoki.com/blog/wp-content/themes/themeforest-625914-ice-theme-powerful-wordpress-theme-1/sample%20content?C=D%3BO%3DA" "Mozilla/5.0 (Linux; Android 7.0;) AppleWebKit/537.36 (KHTML, like Gecko) Mobile Safari/537.36 (compatible; PetalBot;+https://webmaster.petalsearch.com/site/petalbot)" "www.savemoki.com"
216.244.66.249 - - [04/Sep/2022:10:53:46 -0700] "GET /robots.txt HTTP/1.1" 200 39 "-" "Mozilla/5.0 (compatible; DotBot/1.2; +https://opensiteexplorer.org/dotbot; help@moz.com)" "www.savemoki.com"
216.244.66.249 - - [04/Sep/2022:10:53:46 -0700] "GET /robots.txt HTTP/1.1" 200 39 "-" "Mozilla/5.0 (compatible; DotBot/1.2; +https://opensiteexplorer.org/dotbot; help@moz.com)" "savemoki.com"
51.222.253.12 - - [04/Sep/2022:10:55:27 -0700] "GET /sitebuilder/ HTTP/1.1" 200 372 "-" "Mozilla/5.0 (compatible; AhrefsBot/7.0; +http://ahrefs.com/robot/)" "www.savemoki.com"
118.114.165.235 - - [04/Sep/2022:10:57:42 -0700] "GET /contact_us.html HTTP/1.1" 200 18024 "http://savemoki.com/contact_us.html" "Mozilla/5.0 (Windows NT 6.1; Win64; x64) AppleWebKit/537.36 (KHTML, like Gecko) Chrome/90.0.4430.85 Safari/537.36" "savemoki.com"
114.119.139.148 - - [04/Sep/2022:10:58:00 -0700] "GET /clipart/images/frames?S=A HTTP/1.1" 301 1423 "https://www.savemoki.com/clipart/images/frames?S=D" "Mozilla/5.0 (Linux; Android 7.0;) AppleWebKit/537.36 (KHTML, like Gecko) Mobile Safari/537.36 (compatible; PetalBot;+https://webmaster.petalsearch.com/site/petalbot)" "www.savemoki.com"
114.119.139.148 - - [04/Sep/2022:10:58:04 -0700] "GET /clipart/images/frames/?S=A HTTP/1.1" 200 379 "https://www.savemoki.com/clipart/images/frames?S=D" "Mozilla/5.0 (Linux; Android 7.0;) AppleWebKit/537.36 (KHTML, like Gecko) Mobile Safari/537.36 (compatible; PetalBot;+https://webmaster.petalsearch.com/site/petalbot)" "www.savemoki.com"
51.222.253.1 - - [04/Sep/2022:11:03:00 -0700] "GET /clipart/lines/horizontal/?C=D;O=D HTTP/1.1" 200 405 "-" "Mozilla/5.0 (compatible; AhrefsBot/7.0; +http://ahrefs.com/robot/)" "www.savemoki.com"
123.183.224.82 - - [04/Sep/2022:11:05:11 -0700] "GET / HTTP/1.1" 200 1284 "-" "Sogou web spider/4.0(+http://www.sogou.com/docs/help/webmasters.htm#07)" "www.savemoki.com"
114.119.139.148 - - [04/Sep/2022:11:09:39 -0700] "GET /clipart/backgrounds?D=D HTTP/1.1" 301 1417 "https://savemoki.com/clipart/backgrounds?D=A" "Mozilla/5.0 (Linux; Android 7.0;) AppleWebKit/537.36 (KHTML, like Gecko) Mobile Safari/537.36 (compatible; PetalBot;+https://webmaster.petalsearch.com/site/petalbot)" "savemoki.com"
114.119.139.148 - - [04/Sep/2022:11:09:41 -0700] "GET /clipart/backgrounds/?D=D HTTP/1.1" 200 366 "https://savemoki.com/clipart/backgrounds?D=A" "Mozilla/5.0 (Linux; Android 7.0;) AppleWebKit/537.36 (KHTML, like Gecko) Mobile Safari/537.36 (compatible; PetalBot;+https://webmaster.petalsearch.com/site/petalbot)" "savemoki.com"
51.222.253.20 - - [04/Sep/2022:11:11:43 -0700] "GET /navigation_bars/?C=S;O=D HTTP/1.1" 200 405 "-" "Mozilla/5.0 (compatible; AhrefsBot/7.0; +http://ahrefs.com/robot/)" "savemoki.com"
77.75.79.54 - - [04/Sep/2022:11:13:18 -0700] "GET /robots.txt HTTP/1.1" 200 55 "-" "Mozilla/5.0 (compatible; SeznamBot/3.2; +http://napoveda.seznam.cz/en/seznambot-intro/)" "savemoki.com"
77.75.79.54 - - [04/Sep/2022:11:13:19 -0700] "GET /clipart/lines/ HTTP/1.1" 200 361 "-" "Mozilla/5.0 (compatible; SeznamBot/3.2; +http://napoveda.seznam.cz/en/seznambot-intro/)" "savemoki.com"
114.119.139.185 - - [04/Sep/2022:11:15:19 -0700] "GET /clipart/pageHeaders?C=S%3BO%3DA HTTP/1.1" 301 1431 "https://www.savemoki.com/clipart/pageHeaders?M=D" "Mozilla/5.0 (Linux; Android 7.0;) AppleWebKit/537.36 (KHTML, like Gecko) Mobile Safari/537.36 (compatible; PetalBot;+https://webmaster.petalsearch.com/site/petalbot)" "www.savemoki.com"
114.119.139.185 - - [04/Sep/2022:11:15:22 -0700] "GET /clipart/pageHeaders/?C=S%3BO%3DA HTTP/1.1" 200 427 "https://www.savemoki.com/clipart/pageHeaders?M=D" "Mozilla/5.0 (Linux; Android 7.0;) AppleWebKit/537.36 (KHTML, like Gecko) Mobile Safari/537.36 (compatible; PetalBot;+https://webmaster.petalsearch.com/site/petalbot)" "www.savemoki.com"
51.222.253.11 - - [04/Sep/2022:11:19:45 -0700] "GET /media/ HTTP/1.1" 200 396 "-" "Mozilla/5.0 (compatible; AhrefsBot/7.0; +http://ahrefs.com/robot/)" "www.savemoki.com"
114.119.139.183 - - [04/Sep/2022:11:21:00 -0700] "GET /media?M=D HTTP/1.1" 301 1413 "https://www.savemoki.com/media?M=A" "Mozilla/5.0 (Linux; Android 7.0;) AppleWebKit/537.36 (KHTML, like Gecko) Mobile Safari/537.36 (compatible; PetalBot;+https://webmaster.petalsearch.com/site/petalbot)" "www.savemoki.com"
114.119.139.183 - - [04/Sep/2022:11:21:00 -0700] "GET /media/?M=D HTTP/1.1" 200 396 "https://www.savemoki.com/media?M=A" "Mozilla/5.0 (Linux; Android 7.0;) AppleWebKit/537.36 (KHTML, like Gecko) Mobile Safari/537.36 (compatible; PetalBot;+https://webmaster.petalsearch.com/site/petalbot)" "www.savemoki.com"
114.119.139.183 - - [04/Sep/2022:11:26:45 -0700] "GET /images?M=D HTTP/1.1" 301 1412 "https://savemoki.com/images?M=A" "Mozilla/5.0 (Linux; Android 7.0;) AppleWebKit/537.36 (KHTML, like Gecko) Mobile Safari/537.36 (compatible; PetalBot;+https://webmaster.petalsearch.com/site/petalbot)" "savemoki.com"
114.119.139.183 - - [04/Sep/2022:11:26:47 -0700] "GET /images/?M=D HTTP/1.1" 200 2158 "https://savemoki.com/images?M=A" "Mozilla/5.0 (Linux; Android 7.0;) AppleWebKit/537.36 (KHTML, like Gecko) Mobile Safari/537.36 (compatible; PetalBot;+https://webmaster.petalsearch.com/site/petalbot)" "savemoki.com"
51.222.253.6 - - [04/Sep/2022:11:27:26 -0700] "GET /blog/ HTTP/1.1" 200 352 "-" "Mozilla/5.0 (compatible; AhrefsBot/7.0; +http://ahrefs.com/robot/)" "www.savemoki.com"
114.119.156.133 - - [04/Sep/2022:11:32:52 -0700] "GET /yahoo_site_admin/ HTTP/1.1" 200 5367 "https://savemoki.com/" "Mozilla/5.0 (Linux; Android 7.0;) AppleWebKit/537.36 (KHTML, like Gecko) Mobile Safari/537.36 (compatible; PetalBot;+https://webmaster.petalsearch.com/site/petalbot)" "savemoki.com"
51.222.253.17 - - [04/Sep/2022:11:35:05 -0700] "GET /clipart/lines/horizontal/?C=M;O=D HTTP/1.1" 200 405 "-" "Mozilla/5.0 (compatible; AhrefsBot/7.0; +http://ahrefs.com/robot/)" "www.savemoki.com"
154.54.249.194 - - [04/Sep/2022:11:36:41 -0700] "GET /2test/index.php/courses/sample-course/lessons/lesson-21/ HTTP/1.1" 404 18320 "-" "Mozilla/5.0 (compatible; Barkrowler/0.9; +https://babbar.tech/crawler)" "savemoki.com"
10.213.116.64 - - [04/Sep/2022:11:36:43 -0700] "POST /2test/wp-cron.php?doing_wp_cron=1662316603.8231639862060546875000 HTTP/1.1" 200 - "https://savemoki.com/2test/wp-cron.php?doing_wp_cron=1662316603.8231639862060546875000" "WordPress/5.4.11; https://savemoki.com/2test" "savemoki.com"
114.119.139.183 - - [04/Sep/2022:11:38:39 -0700] "GET /clipart/backgrounds/fullpage?M=A HTTP/1.1" 301 1423 "https://www.savemoki.com/clipart/backgrounds/fullpage?N=A" "Mozilla/5.0 (Linux; Android 7.0;) AppleWebKit/537.36 (KHTML, like Gecko) Mobile Safari/537.36 (compatible; PetalBot;+https://webmaster.petalsearch.com/site/petalbot)" "www.savemoki.com"
114.119.139.183 - - [04/Sep/2022:11:38:44 -0700] "GET /clipart/backgrounds/fullpage/?M=A HTTP/1.1" 200 389 "https://www.savemoki.com/clipart/backgrounds/fullpage?N=A" "Mozilla/5.0 (Linux; Android 7.0;) AppleWebKit/537.36 (KHTML, like Gecko) Mobile Safari/537.36 (compatible; PetalBot;+https://webmaster.petalsearch.com/site/petalbot)" "www.savemoki.com"
51.222.253.4 - - [04/Sep/2022:11:43:24 -0700] "GET /temporarypreviewfile.html HTTP/1.1" 200 309 "-" "Mozilla/5.0 (compatible; AhrefsBot/7.0; +http://ahrefs.com/robot/)" "www.savemoki.com"
37.139.53.84 - - [04/Sep/2022:11:44:11 -0700] "GET /contact_us.html HTTP/1.1" 200 18024 "http://savemoki.com/contact_us.html" "Mozilla/5.0 (Windows NT 10.0; WOW64) AppleWebKit/537.36 (KHTML, like Gecko) Chrome/83.0.4103.61 Safari/537.36" "savemoki.com"
114.119.156.133 - - [04/Sep/2022:11:44:19 -0700] "GET /blog/wp-content/themes?D=A HTTP/1.1" 301 1423 "https://savemoki.com/blog/wp-content/themes?S=D" "Mozilla/5.0 (Linux; Android 7.0;) AppleWebKit/537.36 (KHTML, like Gecko) Mobile Safari/537.36 (compatible; PetalBot;+https://webmaster.petalsearch.com/site/petalbot)" "savemoki.com"
216.244.66.249 - - [04/Sep/2022:11:44:24 -0700] "GET /robots.txt HTTP/1.1" 200 39 "-" "Mozilla/5.0 (compatible; DotBot/1.2; +https://opensiteexplorer.org/dotbot; help@moz.com)" "www.savemoki.com"
114.119.156.133 - - [04/Sep/2022:11:44:25 -0700] "GET /blog/wp-content/themes/?D=A HTTP/1.1" 200 405 "https://savemoki.com/blog/wp-content/themes?S=D" "Mozilla/5.0 (Linux; Android 7.0;) AppleWebKit/537.36 (KHTML, like Gecko) Mobile Safari/537.36 (compatible; PetalBot;+https://webmaster.petalsearch.com/site/petalbot)" "savemoki.com"
216.244.66.249 - - [04/Sep/2022:11:44:26 -0700] "GET /robots.txt HTTP/1.1" 200 39 "-" "Mozilla/5.0 (compatible; DotBot/1.2; +https://opensiteexplorer.org/dotbot; help@moz.com)" "savemoki.com"
114.119.134.192 - - [04/Sep/2022:11:50:07 -0700] "GET /blog/?C=S%3BO%3DA HTTP/1.1" 200 352 "https://www.savemoki.com/blog/" "Mozilla/5.0 (Linux; Android 7.0;) AppleWebKit/537.36 (KHTML, like Gecko) Mobile Safari/537.36 (compatible; PetalBot;+https://webmaster.petalsearch.com/site/petalbot)" "www.savemoki.com"
51.222.253.18 - - [04/Sep/2022:11:51:23 -0700] "GET /files/ HTTP/1.1" 200 380 "-" "Mozilla/5.0 (compatible; AhrefsBot/7.0; +http://ahrefs.com/robot/)" "www.savemoki.com"
159.223.79.85 - - [04/Sep/2022:11:55:03 -0700] "GET / HTTP/1.1" 200 7350 "-" "Mozilla/5.0 (Windows NT 10.0; Win64; x64) AppleWebKit/537.36 (KHTML, like Gecko) Chrome/78.0.3904.108 Safari/537.36" "savemoki.com"
159.223.79.85 - - [04/Sep/2022:11:55:04 -0700] "GET / HTTP/1.1" 200 7350 "-" "Mozilla/5.0 (Windows NT 10.0; Win64; x64) AppleWebKit/537.36 (KHTML, like Gecko) Chrome/78.0.3904.108 Safari/537.36" "savemoki.com"
159.223.79.85 - - [04/Sep/2022:11:55:05 -0700] "GET /wp-includes/wlwmanifest.xml HTTP/1.1" 404 73 "-" "Mozilla/5.0 (Windows NT 10.0; Win64; x64) AppleWebKit/537.36 (KHTML, like Gecko) Chrome/78.0.3904.108 Safari/537.36" "savemoki.com"
159.223.79.85 - - [04/Sep/2022:11:55:05 -0700] "GET /xmlrpc.php?rsd HTTP/1.1" 404 73 "-" "Mozilla/5.0 (Windows NT 10.0; Win64; x64) AppleWebKit/537.36 (KHTML, like Gecko) Chrome/78.0.3904.108 Safari/537.36" "savemoki.com"
159.223.79.85 - - [04/Sep/2022:11:55:06 -0700] "GET / HTTP/1.1" 200 7350 "-" "Mozilla/5.0 (Windows NT 10.0; Win64; x64) AppleWebKit/537.36 (KHTML, like Gecko) Chrome/78.0.3904.108 Safari/537.36" "savemoki.com"
159.223.79.85 - - [04/Sep/2022:11:55:07 -0700] "GET /blog/wp-includes/wlwmanifest.xml HTTP/1.1" 404 73 "-" "Mozilla/5.0 (Windows NT 10.0; Win64; x64) AppleWebKit/537.36 (KHTML, like Gecko) Chrome/78.0.3904.108 Safari/537.36" "savemoki.com"
159.223.79.85 - - [04/Sep/2022:11:55:07 -0700] "GET /web/wp-includes/wlwmanifest.xml HTTP/1.1" 404 73 "-" "Mozilla/5.0 (Windows NT 10.0; Win64; x64) AppleWebKit/537.36 (KHTML, like Gecko) Chrome/78.0.3904.108 Safari/537.36" "savemoki.com"
159.223.79.85 - - [04/Sep/2022:11:55:08 -0700] "GET /wordpress/wp-includes/wlwmanifest.xml HTTP/1.1" 404 73 "-" "Mozilla/5.0 (Windows NT 10.0; Win64; x64) AppleWebKit/537.36 (KHTML, like Gecko) Chrome/78.0.3904.108 Safari/537.36" "savemoki.com"
159.223.79.85 - - [04/Sep/2022:11:55:08 -0700] "GET /website/wp-includes/wlwmanifest.xml HTTP/1.1" 404 73 "-" "Mozilla/5.0 (Windows NT 10.0; Win64; x64) AppleWebKit/537.36 (KHTML, like Gecko) Chrome/78.0.3904.108 Safari/537.36" "savemoki.com"
159.223.79.85 - - [04/Sep/2022:11:55:09 -0700] "GET /wp/wp-includes/wlwmanifest.xml HTTP/1.1" 404 73 "-" "Mozilla/5.0 (Windows NT 10.0; Win64; x64) AppleWebKit/537.36 (KHTML, like Gecko) Chrome/78.0.3904.108 Safari/537.36" "savemoki.com"
159.223.79.85 - - [04/Sep/2022:11:55:09 -0700] "GET /2018/wp-includes/wlwmanifest.xml HTTP/1.1" 404 73 "-" "Mozilla/5.0 (Windows NT 10.0; Win64; x64) AppleWebKit/537.36 (KHTML, like Gecko) Chrome/78.0.3904.108 Safari/537.36" "savemoki.com"
159.223.79.85 - - [04/Sep/2022:11:55:09 -0700] "GET /2019/wp-includes/wlwmanifest.xml HTTP/1.1" 404 73 "-" "Mozilla/5.0 (Windows NT 10.0; Win64; x64) AppleWebKit/537.36 (KHTML, like Gecko) Chrome/78.0.3904.108 Safari/537.36" "savemoki.com"
159.223.79.85 - - [04/Sep/2022:11:55:10 -0700] "GET /shop/wp-includes/wlwmanifest.xml HTTP/1.1" 404 73 "-" "Mozilla/5.0 (Windows NT 10.0; Win64; x64) AppleWebKit/537.36 (KHTML, like Gecko) Chrome/78.0.3904.108 Safari/537.36" "savemoki.com"
159.223.79.85 - - [04/Sep/2022:11:55:10 -0700] "GET /wp1/wp-includes/wlwmanifest.xml HTTP/1.1" 404 73 "-" "Mozilla/5.0 (Windows NT 10.0; Win64; x64) AppleWebKit/537.36 (KHTML, like Gecko) Chrome/78.0.3904.108 Safari/537.36" "savemoki.com"
159.223.79.85 - - [04/Sep/2022:11:55:11 -0700] "GET /test/wp-includes/wlwmanifest.xml HTTP/1.1" 404 73 "-" "Mozilla/5.0 (Windows NT 10.0; Win64; x64) AppleWebKit/537.36 (KHTML, like Gecko) Chrome/78.0.3904.108 Safari/537.36" "savemoki.com"
159.223.79.85 - - [04/Sep/2022:11:55:12 -0700] "GET /media/wp-includes/wlwmanifest.xml HTTP/1.1" 404 73 "-" "Mozilla/5.0 (Windows NT 10.0; Win64; x64) AppleWebKit/537.36 (KHTML, like Gecko) Chrome/78.0.3904.108 Safari/537.36" "savemoki.com"
159.223.79.85 - - [04/Sep/2022:11:55:12 -0700] "GET /wp2/wp-includes/wlwmanifest.xml HTTP/1.1" 404 73 "-" "Mozilla/5.0 (Windows NT 10.0; Win64; x64) AppleWebKit/537.36 (KHTML, like Gecko) Chrome/78.0.3904.108 Safari/537.36" "savemoki.com"
159.223.79.85 - - [04/Sep/2022:11:55:12 -0700] "GET /site/wp-includes/wlwmanifest.xml HTTP/1.1" 404 73 "-" "Mozilla/5.0 (Windows NT 10.0; Win64; x64) AppleWebKit/537.36 (KHTML, like Gecko) Chrome/78.0.3904.108 Safari/537.36" "savemoki.com"
159.223.79.85 - - [04/Sep/2022:11:55:13 -0700] "GET /cms/wp-includes/wlwmanifest.xml HTTP/1.1" 404 73 "-" "Mozilla/5.0 (Windows NT 10.0; Win64; x64) AppleWebKit/537.36 (KHTML, like Gecko) Chrome/78.0.3904.108 Safari/537.36" "savemoki.com"
159.223.79.85 - - [04/Sep/2022:11:55:13 -0700] "GET /sito/wp-includes/wlwmanifest.xml HTTP/1.1" 404 73 "-" "Mozilla/5.0 (Windows NT 10.0; Win64; x64) AppleWebKit/537.36 (KHTML, like Gecko) Chrome/78.0.3904.108 Safari/537.36" "savemoki.com"
114.119.139.183 - - [04/Sep/2022:11:56:02 -0700] "GET /2test/index.php/home HTTP/1.1" 200 19052 "https://savemoki.com/2test/index.php/2020/04/03/sample-page" "Mozilla/5.0 (Linux; Android 7.0;) AppleWebKit/537.36 (KHTML, like Gecko) Mobile Safari/537.36 (compatible; PetalBot;+https://webmaster.petalsearch.com/site/petalbot)" "savemoki.com"
10.213.116.63 - - [04/Sep/2022:11:56:05 -0700] "POST /2test/wp-cron.php?doing_wp_cron=1662317765.6114189624786376953125 HTTP/1.1" 200 - "https://savemoki.com/2test/wp-cron.php?doing_wp_cron=1662317765.6114189624786376953125" "WordPress/5.4.11; https://savemoki.com/2test" "savemoki.com"
114.119.134.192 - - [04/Sep/2022:12:01:56 -0700] "GET /2test/wp-login.php?redirect_to=https://savemoki.com/2test/index.php/2020/04/03/hello-world/ HTTP/1.1" 200 6096 "https://savemoki.com/2test/index.php/2020/04/03/hello-world" "Mozilla/5.0 (Linux; Android 7.0;) AppleWebKit/537.36 (KHTML, like Gecko) Mobile Safari/537.36 (compatible; PetalBot;+https://webmaster.petalsearch.com/site/petalbot)" "savemoki.com"
114.119.139.185 - - [04/Sep/2022:12:07:39 -0700] "GET /clipart/lines/?C=M%3BO%3DA HTTP/1.1" 200 361 "https://savemoki.com/clipart/lines/?C=N%3BO%3DD" "Mozilla/5.0 (Linux; Android 7.0;) AppleWebKit/537.36 (KHTML, like Gecko) Mobile Safari/537.36 (compatible; PetalBot;+https://webmaster.petalsearch.com/site/petalbot)" "savemoki.com"
114.119.139.148 - - [04/Sep/2022:12:19:41 -0700] "GET /blog/wp-content/themes/themeforest-625914-ice-theme-powerful-wordpress-theme-1/licensing?C=N%3BO%3DD HTTP/1.1" 301 1473 "https://savemoki.com/blog/wp-content/themes/themeforest-625914-ice-theme-powerful-wordpress-theme-1/licensing" "Mozilla/5.0 (Linux; Android 7.0;) AppleWebKit/537.36 (KHTML, like Gecko) Mobile Safari/537.36 (compatible; PetalBot;+https://webmaster.petalsearch.com/site/petalbot)" "savemoki.com"
114.119.139.148 - - [04/Sep/2022:12:20:06 -0700] "GET /blog/wp-content/themes/themeforest-625914-ice-theme-powerful-wordpress-theme-1/licensing/?C=N%3BO%3DD HTTP/1.1" 200 419 "https://savemoki.com/blog/wp-content/themes/themeforest-625914-ice-theme-powerful-wordpress-theme-1/licensing" "Mozilla/5.0 (Linux; Android 7.0;) AppleWebKit/537.36 (KHTML, like Gecko) Mobile Safari/537.36 (compatible; PetalBot;+https://webmaster.petalsearch.com/site/petalbot)" "savemoki.com"
114.119.156.133 - - [04/Sep/2022:12:25:42 -0700] "GET /blog/wp-content/?C=S%3BO%3DA HTTP/1.1" 200 359 "https://www.savemoki.com/blog/wp-content/?C=M%3BO%3DA" "Mozilla/5.0 (Linux; Android 7.0;) AppleWebKit/537.36 (KHTML, like Gecko) Mobile Safari/537.36 (compatible; PetalBot;+https://webmaster.petalsearch.com/site/petalbot)" "www.savemoki.com"
51.222.253.3 - - [04/Sep/2022:12:26:28 -0700] "GET /socialenginetrial/ HTTP/1.1" 200 318 "-" "Mozilla/5.0 (compatible; AhrefsBot/7.0; +http://ahrefs.com/robot/)" "www.savemoki.com"
104.28.249.48 - - [04/Sep/2022:12:28:30 -0700] "GET /contact_us.html HTTP/1.1" 200 18024 "http://savemoki.com/contact_us.html" "Mozilla/5.0 (Windows NT 6.1; WOW64) AppleWebKit/537.36 (KHTML, like Gecko) Chrome/90.0.4430.85 Safari/537.36" "savemoki.com"
114.119.134.192 - - [04/Sep/2022:12:31:34 -0700] "GET /2test/ HTTP/1.1" 200 20544 "https://savemoki.com/2test/index.php/heritage-junior-high-school" "Mozilla/5.0 (Linux; Android 7.0;) AppleWebKit/537.36 (KHTML, like Gecko) Mobile Safari/537.36 (compatible; PetalBot;+https://webmaster.petalsearch.com/site/petalbot)" "savemoki.com"
10.213.116.64 - - [04/Sep/2022:12:31:38 -0700] "POST /2test/wp-cron.php?doing_wp_cron=1662319897.9923169612884521484375 HTTP/1.1" 200 - "https://savemoki.com/2test/wp-cron.php?doing_wp_cron=1662319897.9923169612884521484375" "WordPress/5.4.11; https://savemoki.com/2test" "savemoki.com"
114.119.139.185 - - [04/Sep/2022:12:38:00 -0700] "GET /?C=N%3BO%3DD HTTP/1.1" 200 1284 "http://www.savemoki.com?C=D%3BO%3DA" "Mozilla/5.0 (Linux; Android 7.0;) AppleWebKit/537.36 (KHTML, like Gecko) Mobile Safari/537.36 (compatible; PetalBot;+https://webmaster.petalsearch.com/site/petalbot)" "www.savemoki.com"
154.54.249.194 - - [04/Sep/2022:12:40:44 -0700] "GET /2test/index.php/courses/sample-course/lessons/lesson-24/ HTTP/1.1" 404 18320 "-" "Mozilla/5.0 (compatible; Barkrowler/0.9; +https://babbar.tech/crawler)" "savemoki.com"
10.213.116.64 - - [04/Sep/2022:12:40:46 -0700] "POST /2test/wp-cron.php?doing_wp_cron=1662320446.8392310142517089843750 HTTP/1.1" 200 - "https://savemoki.com/2test/wp-cron.php?doing_wp_cron=1662320446.8392310142517089843750" "WordPress/5.4.11; https://savemoki.com/2test" "savemoki.com"
114.119.156.133 - - [04/Sep/2022:12:43:32 -0700] "GET /2test/index.php/courses/third-grade/ HTTP/1.1" 200 20528 "https://savemoki.com/2test/index.php/heritage-junior-high-school" "Mozilla/5.0 (Linux; Android 7.0;) AppleWebKit/537.36 (KHTML, like Gecko) Mobile Safari/537.36 (compatible; PetalBot;+https://webmaster.petalsearch.com/site/petalbot)" "savemoki.com"
51.222.253.20 - - [04/Sep/2022:12:46:00 -0700] "GET /clipart/lines/?C=N;O=A HTTP/1.1" 200 361 "-" "Mozilla/5.0 (compatible; AhrefsBot/7.0; +http://ahrefs.com/robot/)" "savemoki.com"
216.244.66.249 - - [04/Sep/2022:12:54:43 -0700] "GET /robots.txt HTTP/1.1" 200 39 "-" "Mozilla/5.0 (compatible; DotBot/1.2; +https://opensiteexplorer.org/dotbot; help@moz.com)" "savemoki.com"
216.244.66.249 - - [04/Sep/2022:12:54:43 -0700] "GET /robots.txt HTTP/1.1" 200 39 "-" "Mozilla/5.0 (compatible; DotBot/1.2; +https://opensiteexplorer.org/dotbot; help@moz.com)" "www.savemoki.com"
114.119.139.148 - - [04/Sep/2022:12:55:11 -0700] "GET /clipart/images?C=M%3BO%3DA HTTP/1.1" 301 1428 "https://www.savemoki.com/clipart/images?C=S%3BO%3DA" "Mozilla/5.0 (Linux; Android 7.0;) AppleWebKit/537.36 (KHTML, like Gecko) Mobile Safari/537.36 (compatible; PetalBot;+https://webmaster.petalsearch.com/site/petalbot)" "www.savemoki.com"
114.119.139.148 - - [04/Sep/2022:12:55:17 -0700] "GET /clipart/images/?C=M%3BO%3DA HTTP/1.1" 200 489 "https://www.savemoki.com/clipart/images?C=S%3BO%3DA" "Mozilla/5.0 (Linux; Android 7.0;) AppleWebKit/537.36 (KHTML, like Gecko) Mobile Safari/537.36 (compatible; PetalBot;+https://webmaster.petalsearch.com/site/petalbot)" "www.savemoki.com"
51.222.253.11 - - [04/Sep/2022:13:06:44 -0700] "GET /clipart/buttons/themes/?C=S;O=D HTTP/1.1" 200 397 "-" "Mozilla/5.0 (compatible; AhrefsBot/7.0; +http://ahrefs.com/robot/)" "www.savemoki.com"
114.119.139.185 - - [04/Sep/2022:13:12:57 -0700] "GET /files?C=N%3BO%3DD HTTP/1.1" 301 1417 "https://savemoki.com/files?M=A" "Mozilla/5.0 (Linux; Android 7.0;) AppleWebKit/537.36 (KHTML, like Gecko) Mobile Safari/537.36 (compatible; PetalBot;+https://webmaster.petalsearch.com/site/petalbot)" "savemoki.com"
114.119.139.148 - - [04/Sep/2022:13:19:40 -0700] "GET /blog/wp-content/themes/themeforest-625914-ice-theme-powerful-wordpress-theme-1/ice HTTP/1.1" 301 1457 "https://www.savemoki.com/blog/wp-content/themes/themeforest-625914-ice-theme-powerful-wordpress-theme-1?C=M%3BO%3DA" "Mozilla/5.0 (Linux; Android 7.0;) AppleWebKit/537.36 (KHTML, like Gecko) Mobile Safari/537.36 (compatible; PetalBot;+https://webmaster.petalsearch.com/site/petalbot)" "www.savemoki.com"
114.119.139.148 - - [04/Sep/2022:13:19:51 -0700] "GET /blog/wp-content/themes/themeforest-625914-ice-theme-powerful-wordpress-theme-1/ice/ HTTP/1.1" 500 - "https://www.savemoki.com/blog/wp-content/themes/themeforest-625914-ice-theme-powerful-wordpress-theme-1?C=M%3BO%3DA" "Mozilla/5.0 (Linux; Android 7.0;) AppleWebKit/537.36 (KHTML, like Gecko) Mobile Safari/537.36 (compatible; PetalBot;+https://webmaster.petalsearch.com/site/petalbot)" "www.savemoki.com"
114.119.156.133 - - [04/Sep/2022:13:25:10 -0700] "GET /blog/wp-content/themes/themeforest-625914-ice-theme-powerful-wordpress-theme-1/licensing/?C=S%3BO%3DA HTTP/1.1" 200 419 "https://www.savemoki.com/blog/wp-content/themes/themeforest-625914-ice-theme-powerful-wordpress-theme-1/licensing/?C=D%3BO%3DA" "Mozilla/5.0 (Linux; Android 7.0;) AppleWebKit/537.36 (KHTML, like Gecko) Mobile Safari/537.36 (compatible; PetalBot;+https://webmaster.petalsearch.com/site/petalbot)" "www.savemoki.com"
51.222.253.15 - - [04/Sep/2022:13:28:54 -0700] "GET /Mokislabpage1.html HTTP/1.1" 200 4020 "-" "Mozilla/5.0 (compatible; AhrefsBot/7.0; +http://ahrefs.com/robot/)" "www.savemoki.com"
51.222.253.10 - - [04/Sep/2022:13:28:58 -0700] "GET /sitebuilder/images/Lab_4-450x600.jpg HTTP/1.1" 200 40078 "-" "Mozilla/5.0 (compatible; AhrefsBot/7.0; +http://ahrefs.com/robot/)" "www.savemoki.com"
51.222.253.20 - - [04/Sep/2022:13:28:59 -0700] "GET /sitebuilder/images/Lab_1-449x600.jpg HTTP/1.1" 200 40921 "-" "Mozilla/5.0 (compatible; AhrefsBot/7.0; +http://ahrefs.com/robot/)" "www.savemoki.com"
51.222.253.11 - - [04/Sep/2022:13:29:00 -0700] "GET /sitebuilder/images/navbar-7-inactive-85656.png HTTP/1.1" 200 831 "-" "Mozilla/5.0 (compatible; AhrefsBot/7.0; +http://ahrefs.com/robot/)" "www.savemoki.com"
51.222.253.10 - - [04/Sep/2022:13:29:00 -0700] "GET /Mokislabpage1.html HTTP/1.1" 200 4020 "-" "Mozilla/5.0 (compatible; AhrefsBot/7.0; +http://ahrefs.com/robot/)" "www.savemoki.com"
51.222.253.8 - - [04/Sep/2022:13:29:00 -0700] "GET /sitebuilder/images/Lab_5-450x600.jpg HTTP/1.1" 200 33875 "-" "Mozilla/5.0 (compatible; AhrefsBot/7.0; +http://ahrefs.com/robot/)" "www.savemoki.com"
51.222.253.6 - - [04/Sep/2022:13:29:01 -0700] "GET /sitebuilder/images/Lab_2-450x600.jpg HTTP/1.1" 200 40072 "-" "Mozilla/5.0 (compatible; AhrefsBot/7.0; +http://ahrefs.com/robot/)" "www.savemoki.com"
10.213.116.62 - - [04/Sep/2022:13:31:41 -0700] "POST /2test/wp-cron.php?doing_wp_cron=1662323501.2790000438690185546875 HTTP/1.1" 200 - "https://savemoki.com/2test/wp-cron.php?doing_wp_cron=1662323501.2790000438690185546875" "WordPress/5.4.11; https://savemoki.com/2test" "savemoki.com"
114.119.156.133 - - [04/Sep/2022:13:31:37 -0700] "GET /2test/index.php/courses/sample-course HTTP/1.1" 200 64422 "https://savemoki.com/2test/index.php/courses-2__trashed" "Mozilla/5.0 (Linux; Android 7.0;) AppleWebKit/537.36 (KHTML, like Gecko) Mobile Safari/537.36 (compatible; PetalBot;+https://webmaster.petalsearch.com/site/petalbot)" "savemoki.com"
207.46.13.131 - - [04/Sep/2022:13:36:07 -0700] "GET /Links_Feline_Health.html HTTP/1.1" 200 10246 "-" "Mozilla/5.0 (compatible; bingbot/2.0; +http://www.bing.com/bingbot.htm)" "www.savemoki.com"
114.119.156.133 - - [04/Sep/2022:13:43:40 -0700] "GET /clipart/images HTTP/1.1" 301 1415 "https://www.savemoki.com/clipart/images/sidebars?N=D" "Mozilla/5.0 (Linux; Android 7.0;) AppleWebKit/537.36 (KHTML, like Gecko) Mobile Safari/537.36 (compatible; PetalBot;+https://webmaster.petalsearch.com/site/petalbot)" "www.savemoki.com"
114.119.156.133 - - [04/Sep/2022:13:43:56 -0700] "GET /clipart/images/ HTTP/1.1" 200 489 "https://www.savemoki.com/clipart/images/sidebars?N=D" "Mozilla/5.0 (Linux; Android 7.0;) AppleWebKit/537.36 (KHTML, like Gecko) Mobile Safari/537.36 (compatible; PetalBot;+https://webmaster.petalsearch.com/site/petalbot)" "www.savemoki.com"
216.244.66.249 - - [04/Sep/2022:13:44:59 -0700] "GET /robots.txt HTTP/1.1" 200 39 "-" "Mozilla/5.0 (compatible; DotBot/1.2; +https://opensiteexplorer.org/dotbot; help@moz.com)" "www.savemoki.com"
216.244.66.249 - - [04/Sep/2022:13:44:59 -0700] "GET /robots.txt HTTP/1.1" 200 39 "-" "Mozilla/5.0 (compatible; DotBot/1.2; +https://opensiteexplorer.org/dotbot; help@moz.com)" "savemoki.com"
154.54.249.194 - - [04/Sep/2022:13:51:00 -0700] "GET /2test/index.php/courses/sample-course/lessons/lesson-17/ HTTP/1.1" 404 18320 "-" "Mozilla/5.0 (compatible; Barkrowler/0.9; +https://babbar.tech/crawler)" "savemoki.com"
10.213.116.62 - - [04/Sep/2022:13:51:05 -0700] "POST /2test/wp-cron.php?doing_wp_cron=1662324665.3857109546661376953125 HTTP/1.1" 200 - "https://savemoki.com/2test/wp-cron.php?doing_wp_cron=1662324665.3857109546661376953125" "WordPress/5.4.11; https://savemoki.com/2test" "savemoki.com"
114.119.156.133 - - [04/Sep/2022:13:55:12 -0700] "GET /clipart/?C=S%3BO%3DA HTTP/1.1" 200 440 "https://www.savemoki.com/clipart" "Mozilla/5.0 (Linux; Android 7.0;) AppleWebKit/537.36 (KHTML, like Gecko) Mobile Safari/537.36 (compatible; PetalBot;+https://webmaster.petalsearch.com/site/petalbot)" "www.savemoki.com"
37.139.53.84 - - [04/Sep/2022:14:03:07 -0700] "GET /contact_us.html HTTP/1.1" 200 18024 "http://savemoki.com/contact_us.html" "Mozilla/5.0 (Windows NT 10.0; Win64; x64) AppleWebKit/537.36 (KHTML, like Gecko) Chrome/83.0.4103.34 Safari/537.36" "savemoki.com"
51.222.253.5 - - [04/Sep/2022:14:04:52 -0700] "GET /?C=M;O=A HTTP/1.1" 200 1280 "-" "Mozilla/5.0 (compatible; AhrefsBot/7.0; +http://ahrefs.com/robot/)" "www.savemoki.com"
107.20.105.197 - - [04/Sep/2022:14:04:55 -0700] "GET /mokis_story HTTP/1.1" 200 9307 "-" "Mozilla/5.0 (iPhone; CPU iPhone OS 11_0 like Mac OS X) AppleWebKit/604.1.38 (KHTML, like Gecko) Version/11.0 Mobile/15A372 Safari/604.1" "savemoki.com"
107.20.105.197 - - [04/Sep/2022:14:04:55 -0700] "GET /yahoo_site_admin/assets/images/Sick_Moki.42100047_std.JPG HTTP/1.1" 200 66556 "http://savemoki.com/mokis_story" "Mozilla/5.0 (iPhone; CPU iPhone OS 11_0 like Mac OS X) AppleWebKit/604.1.38 (KHTML, like Gecko) Version/11.0 Mobile/15A372 Safari/604.1" "savemoki.com"
107.20.105.197 - - [04/Sep/2022:14:04:55 -0700] "GET /yahoo_site_admin/assets/images/Moki_resting_in_his_bed.42100540_std.jpg HTTP/1.1" 200 91646 "http://savemoki.com/mokis_story" "Mozilla/5.0 (iPhone; CPU iPhone OS 11_0 like Mac OS X) AppleWebKit/604.1.38 (KHTML, like Gecko) Version/11.0 Mobile/15A372 Safari/604.1" "savemoki.com"
107.20.105.197 - - [04/Sep/2022:14:04:55 -0700] "GET /yahoo_site_admin/assets/images/Mokis_1st_Halloween.42103006_std.JPG HTTP/1.1" 200 113564 "http://savemoki.com/mokis_story" "Mozilla/5.0 (iPhone; CPU iPhone OS 11_0 like Mac OS X) AppleWebKit/604.1.38 (KHTML, like Gecko) Version/11.0 Mobile/15A372 Safari/604.1" "savemoki.com"
107.20.105.197 - - [04/Sep/2022:14:04:55 -0700] "GET /yahoo_site_admin/assets/images/Moki_and_Bandit.42102357_std.JPG HTTP/1.1" 200 96200 "http://savemoki.com/mokis_story" "Mozilla/5.0 (iPhone; CPU iPhone OS 11_0 like Mac OS X) AppleWebKit/604.1.38 (KHTML, like Gecko) Version/11.0 Mobile/15A372 Safari/604.1" "savemoki.com"
51.222.253.7 - - [04/Sep/2022:14:20:47 -0700] "GET /blog/?C=S;O=A HTTP/1.1" 200 352 "-" "Mozilla/5.0 (compatible; AhrefsBot/7.0; +http://ahrefs.com/robot/)" "www.savemoki.com"
114.119.139.148 - - [04/Sep/2022:14:27:57 -0700] "GET /socialenginetrial?S=D HTTP/1.1" 301 1421 "https://savemoki.com/socialenginetrial?S=A" "Mozilla/5.0 (Linux; Android 7.0;) AppleWebKit/537.36 (KHTML, like Gecko) Mobile Safari/537.36 (compatible; PetalBot;+https://webmaster.petalsearch.com/site/petalbot)" "savemoki.com"
114.119.139.148 - - [04/Sep/2022:14:27:59 -0700] "GET /socialenginetrial/?S=D HTTP/1.1" 200 318 "https://savemoki.com/socialenginetrial?S=A" "Mozilla/5.0 (Linux; Android 7.0;) AppleWebKit/537.36 (KHTML, like Gecko) Mobile Safari/537.36 (compatible; PetalBot;+https://webmaster.petalsearch.com/site/petalbot)" "savemoki.com"
216.244.66.249 - - [04/Sep/2022:14:31:42 -0700] "GET /robots.txt HTTP/1.1" 200 39 "-" "Mozilla/5.0 (compatible; DotBot/1.2; +https://opensiteexplorer.org/dotbot; help@moz.com)" "www.savemoki.com"
216.244.66.249 - - [04/Sep/2022:14:31:42 -0700] "GET /robots.txt HTTP/1.1" 200 39 "-" "Mozilla/5.0 (compatible; DotBot/1.2; +https://opensiteexplorer.org/dotbot; help@moz.com)" "savemoki.com"
114.119.156.133 - - [04/Sep/2022:14:34:29 -0700] "GET /blog/wp-content/themes/themeforest-625914-ice-theme-powerful-wordpress-theme-1/PSD HTTP/1.1" 301 1459 "https://www.savemoki.com/blog/wp-content/themes/themeforest-625914-ice-theme-powerful-wordpress-theme-1?C=M%3BO%3DA" "Mozilla/5.0 (Linux; Android 7.0;) AppleWebKit/537.36 (KHTML, like Gecko) Mobile Safari/537.36 (compatible; PetalBot;+https://webmaster.petalsearch.com/site/petalbot)" "www.savemoki.com"
114.119.156.133 - - [04/Sep/2022:14:34:35 -0700] "GET /blog/wp-content/themes/themeforest-625914-ice-theme-powerful-wordpress-theme-1/PSD/ HTTP/1.1" 200 419 "https://www.savemoki.com/blog/wp-content/themes/themeforest-625914-ice-theme-powerful-wordpress-theme-1?C=M%3BO%3DA" "Mozilla/5.0 (Linux; Android 7.0;) AppleWebKit/537.36 (KHTML, like Gecko) Mobile Safari/537.36 (compatible; PetalBot;+https://webmaster.petalsearch.com/site/petalbot)" "www.savemoki.com"
51.222.253.18 - - [04/Sep/2022:14:36:39 -0700] "GET /contact_us.html HTTP/1.1" 200 4002 "-" "Mozilla/5.0 (compatible; AhrefsBot/7.0; +http://ahrefs.com/robot/)" "www.savemoki.com"
185.191.171.2 - - [04/Sep/2022:14:40:18 -0700] "GET /robots.txt HTTP/1.1" 200 55 "-" "Mozilla/5.0 (compatible; SemrushBot/7~bl; +http://www.semrush.com/bot.html)" "www.savemoki.com"
185.191.171.44 - - [04/Sep/2022:14:40:18 -0700] "GET /Mokislabpage3.html HTTP/1.1" 200 3826 "-" "Mozilla/5.0 (compatible; SemrushBot/7~bl; +http://www.semrush.com/bot.html)" "www.savemoki.com"
114.119.134.192 - - [04/Sep/2022:14:41:15 -0700] "GET /files/?C=S%3BO%3DA HTTP/1.1" 200 380 "http://www.savemoki.com/files?C=M%3BO%3DA" "Mozilla/5.0 (Linux; Android 7.0;) AppleWebKit/537.36 (KHTML, like Gecko) Mobile Safari/537.36 (compatible; PetalBot;+https://webmaster.petalsearch.com/site/petalbot)" "www.savemoki.com"
118.184.177.45 - - [04/Sep/2022:14:41:23 -0700] "GET / HTTP/1.1" 200 1310 "-" "Sogou web spider/4.0(+http://www.sogou.com/docs/help/webmasters.htm#07)" "www.savemoki.com"
114.119.139.183 - - [04/Sep/2022:14:49:56 -0700] "GET /temporarypreviewfile.html HTTP/1.1" 200 309 "-" "Mozilla/5.0 (Linux; Android 7.0;) AppleWebKit/537.36 (KHTML, like Gecko) Mobile Safari/537.36 (compatible; PetalBot;+https://webmaster.petalsearch.com/site/petalbot)" "savemoki.com"
51.222.253.8 - - [04/Sep/2022:14:53:29 -0700] "GET /blog/?C=D;O=A HTTP/1.1" 200 352 "-" "Mozilla/5.0 (compatible; AhrefsBot/7.0; +http://ahrefs.com/robot/)" "www.savemoki.com"
103.77.235.40 - - [04/Sep/2022:14:53:49 -0700] "GET / HTTP/1.1" 200 7508 "-" "Mozilla/5.0 (Windows NT 10.0; Win64; x64) AppleWebKit/537.36 (KHTML, like Gecko) Chrome/76.0.3809.132 Safari/537.36" "savemoki.com"
103.77.235.40 - - [04/Sep/2022:14:53:53 -0700] "GET /wp-includes/wlwmanifest.xml HTTP/1.1" 404 73 "-" "Mozilla/5.0 (Windows NT 10.0; Win64; x64) AppleWebKit/537.36 (KHTML, like Gecko) Chrome/76.0.3809.132 Safari/537.36" "savemoki.com"
103.77.235.40 - - [04/Sep/2022:14:53:53 -0700] "GET /xmlrpc.php?rsd HTTP/1.1" 404 73 "-" "Mozilla/5.0 (Windows NT 10.0; Win64; x64) AppleWebKit/537.36 (KHTML, like Gecko) Chrome/76.0.3809.132 Safari/537.36" "savemoki.com"
