51.222.253.7 - - [03/Sep/2022:12:56:20 -0700] "GET /blog/wp-content/themes/themeforest-625914-ice-theme-powerful-wordpress-theme-1/licensing/?C=N;O=A HTTP/1.1" 200 419 "-" "Mozilla/5.0 (compatible; AhrefsBot/7.0; +http://ahrefs.com/robot/)" "www.savemoki.com"
154.54.249.194 - - [03/Sep/2022:13:09:08 -0700] "GET /clipart/buttons/themes/rectangle_yellow/?C=D;O=D HTTP/1.1" 200 422 "-" "Mozilla/5.0 (compatible; Barkrowler/0.9; +https://babbar.tech/crawler)" "savemoki.com"
154.54.249.194 - - [03/Sep/2022:13:10:11 -0700] "GET /clipart/pageHeaders/?C=S;O=D HTTP/1.1" 200 426 "-" "Mozilla/5.0 (compatible; Barkrowler/0.9; +https://babbar.tech/crawler)" "savemoki.com"
51.222.253.6 - - [03/Sep/2022:13:17:10 -0700] "GET /clipart/images/?C=M;O=D HTTP/1.1" 200 481 "-" "Mozilla/5.0 (compatible; AhrefsBot/7.0; +http://ahrefs.com/robot/)" "www.savemoki.com"
114.119.156.133 - - [03/Sep/2022:13:20:01 -0700] "GET /blog/wp-content/themes/themeforest-625914-ice-theme-powerful-wordpress-theme-1/ice/ HTTP/1.1" 500 - "https://www.savemoki.com/blog/wp-content/themes/themeforest-625914-ice-theme-powerful-wordpress-theme-1?C=N%3BO%3DD" "Mozilla/5.0 (Linux; Android 7.0;) AppleWebKit/537.36 (KHTML, like Gecko) Mobile Safari/537.36 (compatible; PetalBot;+https://webmaster.petalsearch.com/site/petalbot)" "www.savemoki.com"
49.85.197.70 - - [03/Sep/2022:13:21:32 -0700] "GET /contact_us.html HTTP/1.1" 200 18024 "http://savemoki.com/contact_us.html" "Mozilla/5.0 (Windows NT 10.0) AppleWebKit/537.36 (KHTML, like Gecko) Chrome/90.0.4430.85 Safari/537.36 Edg/90.0.818.46" "savemoki.com"
61.147.15.65 - - [03/Sep/2022:13:24:36 -0700] "GET /favicon.ico HTTP/1.1" 404 88 "-" "Dalvik/2.1.0 (Linux; U; Android 9.0; ZTE BA520 Build/MRA58K)" "savemoki.com"
61.147.15.65 - - [03/Sep/2022:13:24:47 -0700] "GET / HTTP/1.1" 200 1284 "-" "Mozilla/5.0 (Macintosh; U; Intel Mac OS X 10_5_7; en-US) AppleWebKit/532.0 (KHTML, like Gecko) Chrome/3.0.196 Safari/532.0" "savemoki.com"
61.147.15.67 - - [03/Sep/2022:13:24:54 -0700] "GET / HTTP/1.1" 200 1284 "-" "Mozilla/5.0 (Macintosh; Intel Mac OS X 10_11) AppleWebKit/601.1.27 (KHTML, like Gecko) Chrome/47.0.2526.106 Safari/601.1.27" "savemoki.com"
61.147.15.67 - - [03/Sep/2022:13:25:02 -0700] "GET / HTTP/1.1" 200 1284 "-" "Mozilla/5.0 (Macintosh; Intel Mac OS X 10_11) AppleWebKit/601.1.27 (KHTML, like Gecko) Chrome/47.0.2526.106 Safari/601.1.27" "savemoki.com"
61.147.15.67 - - [03/Sep/2022:13:26:38 -0700] "GET / HTTP/1.1" 200 1284 "-" "Dalvik/2.1.0 (Linux; U; Android 9.0; ZTE BA520 Build/MRA58K)" "savemoki.com"
216.244.66.249 - - [03/Sep/2022:13:33:37 -0700] "GET /robots.txt HTTP/1.1" 200 39 "-" "Mozilla/5.0 (compatible; DotBot/1.2; +https://opensiteexplorer.org/dotbot; help@moz.com)" "savemoki.com"
216.244.66.249 - - [03/Sep/2022:13:33:37 -0700] "GET /robots.txt HTTP/1.1" 200 39 "-" "Mozilla/5.0 (compatible; DotBot/1.2; +https://opensiteexplorer.org/dotbot; help@moz.com)" "www.savemoki.com"
51.222.253.16 - - [03/Sep/2022:13:38:21 -0700] "GET /?C=D;O=D HTTP/1.1" 200 1299 "-" "Mozilla/5.0 (compatible; AhrefsBot/7.0; +http://ahrefs.com/robot/)" "www.savemoki.com"
51.222.253.13 - - [03/Sep/2022:13:49:07 -0700] "GET /clipart/images/sidebars/?C=D;O=A HTTP/1.1" 200 432 "-" "Mozilla/5.0 (compatible; AhrefsBot/7.0; +http://ahrefs.com/robot/)" "www.savemoki.com"
114.119.139.183 - - [03/Sep/2022:13:51:46 -0700] "GET /blog/wp-content?S=A HTTP/1.1" 301 1419 "https://savemoki.com/blog/wp-content?N=D" "Mozilla/5.0 (Linux; Android 7.0;) AppleWebKit/537.36 (KHTML, like Gecko) Mobile Safari/537.36 (compatible; PetalBot;+https://webmaster.petalsearch.com/site/petalbot)" "savemoki.com"
114.119.139.183 - - [03/Sep/2022:13:51:51 -0700] "GET /blog/wp-content/?S=A HTTP/1.1" 200 359 "https://savemoki.com/blog/wp-content?N=D" "Mozilla/5.0 (Linux; Android 7.0;) AppleWebKit/537.36 (KHTML, like Gecko) Mobile Safari/537.36 (compatible; PetalBot;+https://webmaster.petalsearch.com/site/petalbot)" "savemoki.com"
157.55.39.73 - - [03/Sep/2022:13:57:24 -0700] "GET /2test/index.php/courses/seventh-grade/ HTTP/1.1" 200 20426 "-" "Mozilla/5.0 (compatible; bingbot/2.0; +http://www.bing.com/bingbot.htm)" "savemoki.com"
10.213.116.63 - - [03/Sep/2022:13:57:28 -0700] "POST /2test/wp-cron.php?doing_wp_cron=1662238648.7547409534454345703125 HTTP/1.1" 200 - "https://savemoki.com/2test/wp-cron.php?doing_wp_cron=1662238648.7547409534454345703125" "WordPress/5.4.11; https://savemoki.com/2test" "savemoki.com"
51.222.253.14 - - [03/Sep/2022:14:05:53 -0700] "GET / HTTP/1.1" 200 1285 "-" "Mozilla/5.0 (compatible; AhrefsBot/7.0; +http://ahrefs.com/robot/)" "savemoki.com"
103.221.235.99 - - [03/Sep/2022:14:07:41 -0700] "GET /blog1/2015/05/07/test-post/ HTTP/1.1" 404 73 "http://savemoki.com/blog1/2015/05/07/test-post/" "Mozilla/5.0 (Windows NT 10.0) AppleWebKit/537.36 (KHTML, like Gecko) Chrome/90.0.4430.93 Safari/537.36" "savemoki.com"
103.221.235.99 - - [03/Sep/2022:14:07:43 -0700] "GET / HTTP/1.1" 200 7350 "http://savemoki.com/" "Mozilla/5.0 (Windows NT 10.0) AppleWebKit/537.36 (KHTML, like Gecko) Chrome/90.0.4430.93 Safari/537.36" "savemoki.com"
103.221.235.99 - - [03/Sep/2022:14:07:45 -0700] "GET /blog/ HTTP/1.1" 200 698 "http://savemoki.com/blog/" "Mozilla/5.0 (Windows NT 10.0) AppleWebKit/537.36 (KHTML, like Gecko) Chrome/90.0.4430.93 Safari/537.36" "savemoki.com"
46.161.27.156 - - [03/Sep/2022:14:09:30 -0700] "GET /wp-login.php HTTP/1.1" 404 88 "-" "Mozilla/5.0 (Windows NT 10.0; Win64; x64) AppleWebKit/537.36 (KHTML, like Gecko) Chrome/64.0.3282.140 Safari/537.36 Edge/18.17763" "savemoki.com"
114.119.139.185 - - [03/Sep/2022:14:10:45 -0700] "GET /sitebuilder/scripts?M=A HTTP/1.1" 301 1421 "https://savemoki.com/sitebuilder/scripts?N=D" "Mozilla/5.0 (Linux; Android 7.0;) AppleWebKit/537.36 (KHTML, like Gecko) Mobile Safari/537.36 (compatible; PetalBot;+https://webmaster.petalsearch.com/site/petalbot)" "savemoki.com"
114.119.139.185 - - [03/Sep/2022:14:10:47 -0700] "GET /sitebuilder/scripts/?M=A HTTP/1.1" 200 373 "https://savemoki.com/sitebuilder/scripts?N=D" "Mozilla/5.0 (Linux; Android 7.0;) AppleWebKit/537.36 (KHTML, like Gecko) Mobile Safari/537.36 (compatible; PetalBot;+https://webmaster.petalsearch.com/site/petalbot)" "savemoki.com"
154.54.249.194 - - [03/Sep/2022:14:13:12 -0700] "GET /blog/wp-content/themes/themeforest-625914-ice-theme-powerful-wordpress-theme-1/licensing/?C=N;O=D HTTP/1.1" 200 417 "-" "Mozilla/5.0 (compatible; Barkrowler/0.9; +https://babbar.tech/crawler)" "savemoki.com"
51.222.253.9 - - [03/Sep/2022:14:13:40 -0700] "GET /navigation_bars/ HTTP/1.1" 200 408 "-" "Mozilla/5.0 (compatible; AhrefsBot/7.0; +http://ahrefs.com/robot/)" "www.savemoki.com"
154.54.249.194 - - [03/Sep/2022:14:14:16 -0700] "GET /clipart/pageHeaders/?C=N;O=A HTTP/1.1" 200 427 "-" "Mozilla/5.0 (compatible; Barkrowler/0.9; +https://babbar.tech/crawler)" "savemoki.com"
114.119.139.183 - - [03/Sep/2022:14:17:25 -0700] "GET /2test/index.php/home/ HTTP/1.1" 200 18997 "http://savemoki.com/2test/index.php/heritage-junior-high-school/" "Mozilla/5.0 (Linux; Android 7.0;) AppleWebKit/537.36 (KHTML, like Gecko) Mobile Safari/537.36 (compatible; PetalBot;+https://webmaster.petalsearch.com/site/petalbot)" "savemoki.com"
216.244.66.249 - - [03/Sep/2022:14:20:08 -0700] "GET /robots.txt HTTP/1.1" 200 39 "-" "Mozilla/5.0 (compatible; DotBot/1.2; +https://opensiteexplorer.org/dotbot; help@moz.com)" "savemoki.com"
216.244.66.249 - - [03/Sep/2022:14:20:08 -0700] "GET /robots.txt HTTP/1.1" 200 39 "-" "Mozilla/5.0 (compatible; DotBot/1.2; +https://opensiteexplorer.org/dotbot; help@moz.com)" "www.savemoki.com"
51.222.253.17 - - [03/Sep/2022:14:21:58 -0700] "GET /clipart/images/sidebars/?C=S;O=A HTTP/1.1" 200 432 "-" "Mozilla/5.0 (compatible; AhrefsBot/7.0; +http://ahrefs.com/robot/)" "www.savemoki.com"
120.4.234.98 - - [03/Sep/2022:14:28:25 -0700] "GET /contact_us.html HTTP/1.1" 200 18024 "http://savemoki.com/contact_us.html" "Mozilla/5.0 (Windows NT 6.2; Win64; x64) AppleWebKit/537.36 (KHTML, like Gecko) Chrome/90.0.4430.93 Safari/537.36" "savemoki.com"
51.222.253.1 - - [03/Sep/2022:14:29:57 -0700] "GET /Feline_health.html HTTP/1.1" 200 8098 "-" "Mozilla/5.0 (compatible; AhrefsBot/7.0; +http://ahrefs.com/robot/)" "savemoki.com"
51.222.253.8 - - [03/Sep/2022:14:30:00 -0700] "GET /sitebuilder/images/navbar-9-active-19578.png HTTP/1.1" 200 1618 "-" "Mozilla/5.0 (compatible; AhrefsBot/7.0; +http://ahrefs.com/robot/)" "savemoki.com"
51.222.253.7 - - [03/Sep/2022:14:30:01 -0700] "GET /clipart/pageHeaders/sweeping_curves_blue.gif HTTP/1.1" 200 24925 "-" "Mozilla/5.0 (compatible; AhrefsBot/7.0; +http://ahrefs.com/robot/)" "savemoki.com"
51.222.253.7 - - [03/Sep/2022:14:30:02 -0700] "GET /sitebuilder/scripts/layers.js HTTP/1.1" 200 1140 "-" "Mozilla/5.0 (compatible; AhrefsBot/7.0; +http://ahrefs.com/robot/)" "savemoki.com"
51.222.253.7 - - [03/Sep/2022:14:30:02 -0700] "GET /Feline_health.html HTTP/1.1" 200 8098 "-" "Mozilla/5.0 (compatible; AhrefsBot/7.0; +http://ahrefs.com/robot/)" "savemoki.com"
51.222.253.13 - - [03/Sep/2022:14:30:06 -0700] "GET /clipart/images/quotemark-proceeding-gold.gif HTTP/1.1" 200 128 "-" "Mozilla/5.0 (compatible; AhrefsBot/7.0; +http://ahrefs.com/robot/)" "savemoki.com"
51.222.253.11 - - [03/Sep/2022:14:30:06 -0700] "GET /clipart/images/frames/gold_panel_shadow.gif HTTP/1.1" 200 12480 "-" "Mozilla/5.0 (compatible; AhrefsBot/7.0; +http://ahrefs.com/robot/)" "savemoki.com"
51.222.253.19 - - [03/Sep/2022:14:30:07 -0700] "GET /clipart/images/quotemark-preceeding-gold.gif HTTP/1.1" 200 133 "-" "Mozilla/5.0 (compatible; AhrefsBot/7.0; +http://ahrefs.com/robot/)" "savemoki.com"
51.222.253.18 - - [03/Sep/2022:14:30:37 -0700] "GET /sitebuilder/images/Smokey_and_the_hunt-462x305.jpg HTTP/1.1" 200 24275 "-" "Mozilla/5.0 (compatible; AhrefsBot/7.0; +http://ahrefs.com/robot/)" "savemoki.com"
51.222.253.8 - - [03/Sep/2022:14:30:38 -0700] "GET /sitebuilder/images/navbar-0-inactive-00390.png HTTP/1.1" 200 1637 "-" "Mozilla/5.0 (compatible; AhrefsBot/7.0; +http://ahrefs.com/robot/)" "savemoki.com"
51.222.253.7 - - [03/Sep/2022:14:30:38 -0700] "GET /sitebuilder/images/navbar-3-inactive-00921.png HTTP/1.1" 200 1677 "-" "Mozilla/5.0 (compatible; AhrefsBot/7.0; +http://ahrefs.com/robot/)" "savemoki.com"
51.222.253.11 - - [03/Sep/2022:14:30:39 -0700] "GET /clipart/images/sidebars/curved_gold_and_blue.gif HTTP/1.1" 200 4615 "-" "Mozilla/5.0 (compatible; AhrefsBot/7.0; +http://ahrefs.com/robot/)" "savemoki.com"
51.222.253.17 - - [03/Sep/2022:14:30:39 -0700] "GET /sitebuilder/images/navbar-4-inactive-01062.png HTTP/1.1" 200 1810 "-" "Mozilla/5.0 (compatible; AhrefsBot/7.0; +http://ahrefs.com/robot/)" "savemoki.com"
51.222.253.16 - - [03/Sep/2022:14:30:39 -0700] "GET /clipart/lines/horizontal/blue_wave_bottom.gif HTTP/1.1" 200 650 "-" "Mozilla/5.0 (compatible; AhrefsBot/7.0; +http://ahrefs.com/robot/)" "savemoki.com"
51.222.253.20 - - [03/Sep/2022:14:30:40 -0700] "GET /clipart/bullets/catPawPrint_gray.gif HTTP/1.1" 200 291 "-" "Mozilla/5.0 (compatible; AhrefsBot/7.0; +http://ahrefs.com/robot/)" "savemoki.com"
51.222.253.12 - - [03/Sep/2022:14:30:40 -0700] "GET /sitebuilder/images/navbar-5-inactive-01203.png HTTP/1.1" 200 1695 "-" "Mozilla/5.0 (compatible; AhrefsBot/7.0; +http://ahrefs.com/robot/)" "savemoki.com"
51.222.253.1 - - [03/Sep/2022:14:30:41 -0700] "GET /clipart/lines/horizontal/blue_wave_top.gif HTTP/1.1" 200 3687 "-" "Mozilla/5.0 (compatible; AhrefsBot/7.0; +http://ahrefs.com/robot/)" "savemoki.com"
51.222.253.5 - - [03/Sep/2022:14:30:41 -0700] "GET /sitebuilder/images/navbar-8-inactive-19390.png HTTP/1.1" 200 1736 "-" "Mozilla/5.0 (compatible; AhrefsBot/7.0; +http://ahrefs.com/robot/)" "savemoki.com"
51.222.253.17 - - [03/Sep/2022:14:30:42 -0700] "GET /sitebuilder/images/navbar-10-inactive-19687.png HTTP/1.1" 200 1761 "-" "Mozilla/5.0 (compatible; AhrefsBot/7.0; +http://ahrefs.com/robot/)" "savemoki.com"
114.119.139.185 - - [03/Sep/2022:14:30:46 -0700] "GET /blog/wp-content/themes/themeforest-625914-ice-theme-powerful-wordpress-theme-1/sample%20content/icetheme.2012-06-13.xml HTTP/1.1" 200 47534 "https://savemoki.com/blog/wp-content/themes/themeforest-625914-ice-theme-powerful-wordpress-theme-1/sample%20content?D=A" "Mozilla/5.0 (Linux; Android 7.0;) AppleWebKit/537.36 (KHTML, like Gecko) Mobile Safari/537.36 (compatible; PetalBot;+https://webmaster.petalsearch.com/site/petalbot)" "savemoki.com"
114.119.139.183 - - [03/Sep/2022:14:37:19 -0700] "GET /clipart/buttons/themes/rectangle_yellow?C=M%3BO%3DA HTTP/1.1" 301 1445 "https://savemoki.com/clipart/buttons/themes/rectangle_yellow?C=N%3BO%3DD" "Mozilla/5.0 (Linux; Android 7.0;) AppleWebKit/537.36 (KHTML, like Gecko) Mobile Safari/537.36 (compatible; PetalBot;+https://webmaster.petalsearch.com/site/petalbot)" "savemoki.com"
114.119.139.183 - - [03/Sep/2022:14:37:24 -0700] "GET /clipart/buttons/themes/rectangle_yellow/?C=M%3BO%3DA HTTP/1.1" 200 427 "https://savemoki.com/clipart/buttons/themes/rectangle_yellow?C=N%3BO%3DD" "Mozilla/5.0 (Linux; Android 7.0;) AppleWebKit/537.36 (KHTML, like Gecko) Mobile Safari/537.36 (compatible; PetalBot;+https://webmaster.petalsearch.com/site/petalbot)" "savemoki.com"
54.36.148.144 - - [03/Sep/2022:14:37:57 -0700] "GET /robots.txt HTTP/1.1" 200 55 "-" "Mozilla/5.0 (compatible; AhrefsBot/7.0; +http://ahrefs.com/robot/)" "savemoki.com"
51.222.253.11 - - [03/Sep/2022:14:37:58 -0700] "GET /2test/index.php/2020/04/03/hello-world/ HTTP/1.1" 200 22652 "-" "Mozilla/5.0 (compatible; AhrefsBot/7.0; +http://ahrefs.com/robot/)" "savemoki.com"
10.213.116.63 - - [03/Sep/2022:14:38:02 -0700] "POST /2test/wp-cron.php?doing_wp_cron=1662241082.0840671062469482421875 HTTP/1.1" 200 - "https://savemoki.com/2test/wp-cron.php?doing_wp_cron=1662241082.0840671062469482421875" "WordPress/5.4.11; https://savemoki.com/2test" "savemoki.com"
114.119.156.133 - - [03/Sep/2022:14:43:44 -0700] "GET /blog/wp-content/themes/?C=M%3BO%3DA HTTP/1.1" 200 405 "https://savemoki.com/blog/wp-content/themes?N=A" "Mozilla/5.0 (Linux; Android 7.0;) AppleWebKit/537.36 (KHTML, like Gecko) Mobile Safari/537.36 (compatible; PetalBot;+https://webmaster.petalsearch.com/site/petalbot)" "savemoki.com"
51.222.253.13 - - [03/Sep/2022:14:46:10 -0700] "GET /clipart/buttons/themes/ HTTP/1.1" 200 404 "-" "Mozilla/5.0 (compatible; AhrefsBot/7.0; +http://ahrefs.com/robot/)" "savemoki.com"
114.119.134.192 - - [03/Sep/2022:14:49:56 -0700] "GET /images?C=N%3BO%3DD HTTP/1.1" 301 1421 "https://savemoki.com/images?M=A" "Mozilla/5.0 (Linux; Android 7.0;) AppleWebKit/537.36 (KHTML, like Gecko) Mobile Safari/537.36 (compatible; PetalBot;+https://webmaster.petalsearch.com/site/petalbot)" "savemoki.com"
114.119.134.192 - - [03/Sep/2022:14:50:01 -0700] "GET /images/?C=N%3BO%3DD HTTP/1.1" 200 2158 "https://savemoki.com/images?M=A" "Mozilla/5.0 (Linux; Android 7.0;) AppleWebKit/537.36 (KHTML, like Gecko) Mobile Safari/537.36 (compatible; PetalBot;+https://webmaster.petalsearch.com/site/petalbot)" "savemoki.com"
37.139.53.84 - - [03/Sep/2022:14:53:03 -0700] "GET /contact_us.html HTTP/1.1" 200 18024 "http://savemoki.com/contact_us.html" "Mozilla/5.0 (Windows NT 6.1; ) AppleWebKit/537.36 (KHTML, like Gecko) Chrome/83.0.4103.61 Safari/537.36" "savemoki.com"
51.222.253.8 - - [03/Sep/2022:14:54:22 -0700] "GET /navigation_bars/?C=M;O=A HTTP/1.1" 200 408 "-" "Mozilla/5.0 (compatible; AhrefsBot/7.0; +http://ahrefs.com/robot/)" "savemoki.com"
114.119.139.183 - - [03/Sep/2022:14:56:04 -0700] "GET /links HTTP/1.1" 200 3567 "https://savemoki.com/yahoo_site_admin" "Mozilla/5.0 (Linux; Android 7.0;) AppleWebKit/537.36 (KHTML, like Gecko) Mobile Safari/537.36 (compatible; PetalBot;+https://webmaster.petalsearch.com/site/petalbot)" "savemoki.com"
114.119.139.185 - - [03/Sep/2022:15:02:27 -0700] "GET /clipart/buttons?C=M%3BO%3DA HTTP/1.1" 301 1428 "https://savemoki.com/clipart/buttons?C=N%3BO%3DD" "Mozilla/5.0 (Linux; Android 7.0;) AppleWebKit/537.36 (KHTML, like Gecko) Mobile Safari/537.36 (compatible; PetalBot;+https://webmaster.petalsearch.com/site/petalbot)" "savemoki.com"
114.119.139.185 - - [03/Sep/2022:15:02:30 -0700] "GET /clipart/buttons/?C=M%3BO%3DA HTTP/1.1" 200 359 "https://savemoki.com/clipart/buttons?C=N%3BO%3DD" "Mozilla/5.0 (Linux; Android 7.0;) AppleWebKit/537.36 (KHTML, like Gecko) Mobile Safari/537.36 (compatible; PetalBot;+https://webmaster.petalsearch.com/site/petalbot)" "savemoki.com"
51.222.253.15 - - [03/Sep/2022:15:02:35 -0700] "GET /blog/wp-content/themes/themeforest-625914-ice-theme-powerful-wordpress-theme-1/licensing/?C=D;O=A HTTP/1.1" 200 419 "-" "Mozilla/5.0 (compatible; AhrefsBot/7.0; +http://ahrefs.com/robot/)" "www.savemoki.com"
216.244.66.249 - - [03/Sep/2022:15:07:25 -0700] "GET /robots.txt HTTP/1.1" 200 39 "-" "Mozilla/5.0 (compatible; DotBot/1.2; +https://opensiteexplorer.org/dotbot; help@moz.com)" "www.savemoki.com"
216.244.66.249 - - [03/Sep/2022:15:07:25 -0700] "GET /robots.txt HTTP/1.1" 200 39 "-" "Mozilla/5.0 (compatible; DotBot/1.2; +https://opensiteexplorer.org/dotbot; help@moz.com)" "savemoki.com"
114.119.134.192 - - [03/Sep/2022:15:08:53 -0700] "GET /clipart/buttons/themes?S=A HTTP/1.1" 301 1424 "https://savemoki.com/clipart/buttons/themes?D=D" "Mozilla/5.0 (Linux; Android 7.0;) AppleWebKit/537.36 (KHTML, like Gecko) Mobile Safari/537.36 (compatible; PetalBot;+https://webmaster.petalsearch.com/site/petalbot)" "savemoki.com"
114.119.134.192 - - [03/Sep/2022:15:08:57 -0700] "GET /clipart/buttons/themes/?S=A HTTP/1.1" 200 404 "https://savemoki.com/clipart/buttons/themes?D=D" "Mozilla/5.0 (Linux; Android 7.0;) AppleWebKit/537.36 (KHTML, like Gecko) Mobile Safari/537.36 (compatible; PetalBot;+https://webmaster.petalsearch.com/site/petalbot)" "savemoki.com"
51.222.253.12 - - [03/Sep/2022:15:11:18 -0700] "GET /navigation_bars/?C=D;O=A HTTP/1.1" 200 408 "-" "Mozilla/5.0 (compatible; AhrefsBot/7.0; +http://ahrefs.com/robot/)" "savemoki.com"
154.54.249.194 - - [03/Sep/2022:15:14:18 -0700] "GET /blog/wp-content/themes/themeforest-625914-ice-theme-powerful-wordpress-theme-1/PSD/?C=M;O=A HTTP/1.1" 200 420 "-" "Mozilla/5.0 (compatible; Barkrowler/0.9; +https://babbar.tech/crawler)" "savemoki.com"
154.54.249.194 - - [03/Sep/2022:15:14:49 -0700] "GET /clipart/backgrounds/fullpage/?C=M;O=A HTTP/1.1" 200 389 "-" "Mozilla/5.0 (compatible; Barkrowler/0.9; +https://babbar.tech/crawler)" "savemoki.com"
114.119.134.192 - - [03/Sep/2022:15:15:02 -0700] "GET /clipart/backgrounds?C=S%3BO%3DA HTTP/1.1" 301 1427 "https://www.savemoki.com/clipart/backgrounds?N=A" "Mozilla/5.0 (Linux; Android 7.0;) AppleWebKit/537.36 (KHTML, like Gecko) Mobile Safari/537.36 (compatible; PetalBot;+https://webmaster.petalsearch.com/site/petalbot)" "www.savemoki.com"
114.119.134.192 - - [03/Sep/2022:15:15:07 -0700] "GET /clipart/backgrounds/?C=S%3BO%3DA HTTP/1.1" 200 366 "https://www.savemoki.com/clipart/backgrounds?N=A" "Mozilla/5.0 (Linux; Android 7.0;) AppleWebKit/537.36 (KHTML, like Gecko) Mobile Safari/537.36 (compatible; PetalBot;+https://webmaster.petalsearch.com/site/petalbot)" "www.savemoki.com"
91.206.15.153 - - [03/Sep/2022:15:19:09 -0700] "GET /blog1/2015/05/07/test-post/ HTTP/1.1" 404 73 "-" "Mozilla/5.0 (Windows NT 6.3; Win64; x64) AppleWebKit/537.36 (KHTML, like Gecko) Chrome/102.0.0.0 Safari/537.36" "savemoki.com"
91.206.15.153 - - [03/Sep/2022:15:19:11 -0700] "GET /blog1/2015/05/07/test-post/ HTTP/1.1" 404 73 "-" "Mozilla/5.0 (Windows NT 6.3; Win64; x64) AppleWebKit/537.36 (KHTML, like Gecko) Chrome/102.0.0.0 Safari/537.36" "savemoki.com"
51.222.253.4 - - [03/Sep/2022:15:19:44 -0700] "GET /Videos.html HTTP/1.1" 200 5182 "-" "Mozilla/5.0 (compatible; AhrefsBot/7.0; +http://ahrefs.com/robot/)" "savemoki.com"
51.222.253.2 - - [03/Sep/2022:15:19:45 -0700] "GET /Videos.html HTTP/1.1" 200 5182 "-" "Mozilla/5.0 (compatible; AhrefsBot/7.0; +http://ahrefs.com/robot/)" "savemoki.com"
114.119.134.192 - - [03/Sep/2022:15:21:28 -0700] "GET /blog/wp-content/?C=N%3BO%3DD HTTP/1.1" 200 359 "https://savemoki.com/blog/wp-content/?C=S%3BO%3DA" "Mozilla/5.0 (Linux; Android 7.0;) AppleWebKit/537.36 (KHTML, like Gecko) Mobile Safari/537.36 (compatible; PetalBot;+https://webmaster.petalsearch.com/site/petalbot)" "savemoki.com"
114.119.139.185 - - [03/Sep/2022:15:28:08 -0700] "GET /clipart/buttons/themes/ HTTP/1.1" 200 404 "https://www.savemoki.com/clipart/buttons/themes/swoosh_blue/?C=S%3BO%3DA" "Mozilla/5.0 (Linux; Android 7.0;) AppleWebKit/537.36 (KHTML, like Gecko) Mobile Safari/537.36 (compatible; PetalBot;+https://webmaster.petalsearch.com/site/petalbot)" "www.savemoki.com"
51.222.253.16 - - [03/Sep/2022:15:28:53 -0700] "GET /files/?C=N;O=A HTTP/1.1" 200 380 "-" "Mozilla/5.0 (compatible; AhrefsBot/7.0; +http://ahrefs.com/robot/)" "savemoki.com"
114.119.156.133 - - [03/Sep/2022:15:34:37 -0700] "GET /clipart/bullets HTTP/1.1" 301 1412 "https://savemoki.com/clipart?N=A" "Mozilla/5.0 (Linux; Android 7.0;) AppleWebKit/537.36 (KHTML, like Gecko) Mobile Safari/537.36 (compatible; PetalBot;+https://webmaster.petalsearch.com/site/petalbot)" "savemoki.com"
114.119.156.133 - - [03/Sep/2022:15:34:44 -0700] "GET /clipart/bullets/ HTTP/1.1" 200 429 "https://savemoki.com/clipart?N=A" "Mozilla/5.0 (Linux; Android 7.0;) AppleWebKit/537.36 (KHTML, like Gecko) Mobile Safari/537.36 (compatible; PetalBot;+https://webmaster.petalsearch.com/site/petalbot)" "savemoki.com"
51.222.253.8 - - [03/Sep/2022:15:37:59 -0700] "GET /Ways_U_Can_help.html HTTP/1.1" 200 4289 "-" "Mozilla/5.0 (compatible; AhrefsBot/7.0; +http://ahrefs.com/robot/)" "savemoki.com"
51.222.253.18 - - [03/Sep/2022:15:38:02 -0700] "GET /sitebuilder/images/header_1-223x1026.jpg HTTP/1.1" 200 7187 "-" "Mozilla/5.0 (compatible; AhrefsBot/7.0; +http://ahrefs.com/robot/)" "savemoki.com"
51.222.253.15 - - [03/Sep/2022:15:38:03 -0700] "GET /sitebuilder/images/header_4-818x136.jpg HTTP/1.1" 200 11072 "-" "Mozilla/5.0 (compatible; AhrefsBot/7.0; +http://ahrefs.com/robot/)" "savemoki.com"
51.222.253.3 - - [03/Sep/2022:15:38:03 -0700] "GET /sitebuilder/images/CloudMenu-2-inactive-64531.png HTTP/1.1" 200 836 "-" "Mozilla/5.0 (compatible; AhrefsBot/7.0; +http://ahrefs.com/robot/)" "savemoki.com"
51.222.253.5 - - [03/Sep/2022:15:38:04 -0700] "GET /sitebuilder/images/CloudMenu-3-inactive-64656.png HTTP/1.1" 200 737 "-" "Mozilla/5.0 (compatible; AhrefsBot/7.0; +http://ahrefs.com/robot/)" "savemoki.com"
51.222.253.1 - - [03/Sep/2022:15:38:24 -0700] "GET /sitebuilder/images/CloudMenu-4-inactive-64750.png HTTP/1.1" 200 713 "-" "Mozilla/5.0 (compatible; AhrefsBot/7.0; +http://ahrefs.com/robot/)" "savemoki.com"
51.222.253.1 - - [03/Sep/2022:15:38:25 -0700] "GET /sitebuilder/images/Moki_s_first_Christmas-372x264.jpg HTTP/1.1" 200 27483 "-" "Mozilla/5.0 (compatible; AhrefsBot/7.0; +http://ahrefs.com/robot/)" "savemoki.com"
51.222.253.14 - - [03/Sep/2022:15:38:26 -0700] "GET /sitebuilder/images/CloudMenu-0-inactive-64343.png HTTP/1.1" 200 654 "-" "Mozilla/5.0 (compatible; AhrefsBot/7.0; +http://ahrefs.com/robot/)" "savemoki.com"
114.119.134.192 - - [03/Sep/2022:15:41:04 -0700] "GET /clipart/backgrounds/fullpage HTTP/1.1" 301 1419 "https://www.savemoki.com/clipart/backgrounds?C=M%3BO%3DA" "Mozilla/5.0 (Linux; Android 7.0;) AppleWebKit/537.36 (KHTML, like Gecko) Mobile Safari/537.36 (compatible; PetalBot;+https://webmaster.petalsearch.com/site/petalbot)" "www.savemoki.com"
114.119.134.192 - - [03/Sep/2022:15:41:15 -0700] "GET /clipart/backgrounds/fullpage/ HTTP/1.1" 200 389 "https://www.savemoki.com/clipart/backgrounds?C=M%3BO%3DA" "Mozilla/5.0 (Linux; Android 7.0;) AppleWebKit/537.36 (KHTML, like Gecko) Mobile Safari/537.36 (compatible; PetalBot;+https://webmaster.petalsearch.com/site/petalbot)" "www.savemoki.com"
114.119.139.185 - - [03/Sep/2022:15:47:28 -0700] "GET /files?C=M%3BO%3DA HTTP/1.1" 301 1419 "https://www.savemoki.com/files?S=D" "Mozilla/5.0 (Linux; Android 7.0;) AppleWebKit/537.36 (KHTML, like Gecko) Mobile Safari/537.36 (compatible; PetalBot;+https://webmaster.petalsearch.com/site/petalbot)" "www.savemoki.com"
114.119.139.185 - - [03/Sep/2022:15:47:45 -0700] "GET /files/?C=M%3BO%3DA HTTP/1.1" 200 380 "https://www.savemoki.com/files?S=D" "Mozilla/5.0 (Linux; Android 7.0;) AppleWebKit/537.36 (KHTML, like Gecko) Mobile Safari/537.36 (compatible; PetalBot;+https://webmaster.petalsearch.com/site/petalbot)" "www.savemoki.com"
216.244.66.249 - - [03/Sep/2022:15:55:23 -0700] "GET /robots.txt HTTP/1.1" 200 39 "-" "Mozilla/5.0 (compatible; DotBot/1.2; +https://opensiteexplorer.org/dotbot; help@moz.com)" "savemoki.com"
216.244.66.249 - - [03/Sep/2022:15:55:23 -0700] "GET /robots.txt HTTP/1.1" 200 39 "-" "Mozilla/5.0 (compatible; DotBot/1.2; +https://opensiteexplorer.org/dotbot; help@moz.com)" "www.savemoki.com"
185.119.81.99 - - [03/Sep/2022:15:59:20 -0700] "GET /2test/wp-login.php HTTP/1.1" 200 6056 "-" "Mozilla/5.0 (Windows NT 6.1; WOW64) AppleWebKit/537.36 (KHTML, like Gecko) Chrome/36.0.1985.125 Safari/537.36" "savemoki.com"
185.119.81.99 - - [03/Sep/2022:15:59:26 -0700] "POST /2test/wp-login.php HTTP/1.1" 200 6337 "http://savemoki.com/2test/wp-login.php" "Mozilla/5.0 (Windows NT 6.1; WOW64) AppleWebKit/537.36 (KHTML, like Gecko) Chrome/36.0.1985.125 Safari/537.36" "savemoki.com"
10.213.116.64 - - [03/Sep/2022:15:59:30 -0700] "GET /2test/index.php/wp-json/wp/v2/types/post?context=edit HTTP/1.1" 401 127 "http://savemoki.com/2test/index.php/wp-json/wp/v2/types/post?context=edit" "WordPress/5.4.11; http://savemoki.com/2test" "savemoki.com"
10.213.116.64 - - [03/Sep/2022:15:59:32 -0700] "POST /2test/wp-admin/admin-ajax.php HTTP/1.1" 400 1 "http://savemoki.com/2test/wp-admin/admin-ajax.php" "WordPress/5.4.11; http://savemoki.com/2test" "savemoki.com"
10.213.116.64 - - [03/Sep/2022:15:59:34 -0700] "POST /2test/wp-admin/admin-ajax.php HTTP/1.1" 400 1 "http://savemoki.com/2test/wp-admin/admin-ajax.php" "WordPress/5.4.11; http://savemoki.com/2test" "savemoki.com"
10.213.116.64 - - [03/Sep/2022:15:59:36 -0700] "POST /2test/wp-admin/admin-ajax.php HTTP/1.1" 400 1 "http://savemoki.com/2test/wp-admin/admin-ajax.php" "WordPress/5.4.11; http://savemoki.com/2test" "savemoki.com"
10.213.116.63 - - [03/Sep/2022:15:59:24 -0700] "POST /2test/wp-cron.php?doing_wp_cron=1662245964.5840790271759033203125 HTTP/1.1" 200 - "http://savemoki.com/2test/wp-cron.php?doing_wp_cron=1662245964.5840790271759033203125" "WordPress/5.4.11; http://savemoki.com/2test" "savemoki.com"
114.119.139.183 - - [03/Sep/2022:16:00:31 -0700] "GET /clipart/buttons/themes?C=S%3BO%3DA HTTP/1.1" 301 1434 "https://savemoki.com/clipart/buttons/themes?N=D" "Mozilla/5.0 (Linux; Android 7.0;) AppleWebKit/537.36 (KHTML, like Gecko) Mobile Safari/537.36 (compatible; PetalBot;+https://webmaster.petalsearch.com/site/petalbot)" "savemoki.com"
114.119.139.183 - - [03/Sep/2022:16:00:47 -0700] "GET /clipart/buttons/themes/?C=S%3BO%3DA HTTP/1.1" 200 404 "https://savemoki.com/clipart/buttons/themes?N=D" "Mozilla/5.0 (Linux; Android 7.0;) AppleWebKit/537.36 (KHTML, like Gecko) Mobile Safari/537.36 (compatible; PetalBot;+https://webmaster.petalsearch.com/site/petalbot)" "savemoki.com"
51.222.253.12 - - [03/Sep/2022:16:02:43 -0700] "GET /clipart/images/sidebars/?C=M;O=A HTTP/1.1" 200 432 "-" "Mozilla/5.0 (compatible; AhrefsBot/7.0; +http://ahrefs.com/robot/)" "www.savemoki.com"
114.119.139.148 - - [03/Sep/2022:16:07:55 -0700] "GET /clipart/bullets?N=A HTTP/1.1" 301 1416 "https://savemoki.com/clipart/bullets?S=D" "Mozilla/5.0 (Linux; Android 7.0;) AppleWebKit/537.36 (KHTML, like Gecko) Mobile Safari/537.36 (compatible; PetalBot;+https://webmaster.petalsearch.com/site/petalbot)" "savemoki.com"
114.119.139.148 - - [03/Sep/2022:16:08:05 -0700] "GET /clipart/bullets/?N=A HTTP/1.1" 200 429 "https://savemoki.com/clipart/bullets?S=D" "Mozilla/5.0 (Linux; Android 7.0;) AppleWebKit/537.36 (KHTML, like Gecko) Mobile Safari/537.36 (compatible; PetalBot;+https://webmaster.petalsearch.com/site/petalbot)" "savemoki.com"
36.91.45.10 - - [03/Sep/2022:16:11:27 -0700] "GET /blog1/2015/05/07/test-post/ HTTP/1.1" 404 73 "http://savemoki.com/blog1/2015/05/07/test-post/" "Mozilla/5.0 (Windows NT 6.3; Win64; x64) AppleWebKit/537.36 (KHTML, like Gecko) Chrome/90.0.4430.85 Safari/537.36 Edg/90.0.818.46" "savemoki.com"
51.222.253.14 - - [03/Sep/2022:16:11:37 -0700] "GET /navigation_bars/?C=S;O=A HTTP/1.1" 200 408 "-" "Mozilla/5.0 (compatible; AhrefsBot/7.0; +http://ahrefs.com/robot/)" "savemoki.com"
36.91.45.10 - - [03/Sep/2022:16:12:16 -0700] "GET / HTTP/1.1" 200 7350 "http://savemoki.com/" "Mozilla/5.0 (Windows NT 6.3; Win64; x64) AppleWebKit/537.36 (KHTML, like Gecko) Chrome/90.0.4430.85 Safari/537.36 Edg/90.0.818.46" "savemoki.com"
36.91.45.10 - - [03/Sep/2022:16:12:29 -0700] "GET /blog/ HTTP/1.1" 200 698 "http://savemoki.com/blog/" "Mozilla/5.0 (Windows NT 6.3; Win64; x64) AppleWebKit/537.36 (KHTML, like Gecko) Chrome/90.0.4430.85 Safari/537.36 Edg/90.0.818.46" "savemoki.com"
114.119.139.148 - - [03/Sep/2022:16:13:26 -0700] "GET /blog/wp-content/themes/themeforest-625914-ice-theme-powerful-wordpress-theme-1?D=A HTTP/1.1" 301 1458 "https://savemoki.com/blog/wp-content/themes/themeforest-625914-ice-theme-powerful-wordpress-theme-1?N=D" "Mozilla/5.0 (Linux; Android 7.0;) AppleWebKit/537.36 (KHTML, like Gecko) Mobile Safari/537.36 (compatible; PetalBot;+https://webmaster.petalsearch.com/site/petalbot)" "savemoki.com"
193.68.19.149 - - [03/Sep/2022:16:13:29 -0700] "GET /blog/contact_us.html HTTP/1.1" 404 73 "http://savemoki.com/blog/contact_us.html" "Mozilla/5.0 (Windows NT 6.3; Win64; x64) AppleWebKit/537.36 (KHTML, like Gecko) Chrome/90.0.4430.85 Safari/537.36 Edg/90.0.818.46" "savemoki.com"
193.68.19.149 - - [03/Sep/2022:16:13:29 -0700] "GET /contact_us.html HTTP/1.1" 200 18024 "http://savemoki.com/contact_us.html" "Mozilla/5.0 (Windows NT 6.3; Win64; x64) AppleWebKit/537.36 (KHTML, like Gecko) Chrome/90.0.4430.85 Safari/537.36 Edg/90.0.818.46" "savemoki.com"
114.119.139.148 - - [03/Sep/2022:16:13:32 -0700] "GET /blog/wp-content/themes/themeforest-625914-ice-theme-powerful-wordpress-theme-1/?D=A HTTP/1.1" 200 513 "https://savemoki.com/blog/wp-content/themes/themeforest-625914-ice-theme-powerful-wordpress-theme-1?N=D" "Mozilla/5.0 (Linux; Android 7.0;) AppleWebKit/537.36 (KHTML, like Gecko) Mobile Safari/537.36 (compatible; PetalBot;+https://webmaster.petalsearch.com/site/petalbot)" "savemoki.com"
43.153.172.100 - - [03/Sep/2022:16:17:20 -0700] "GET /contact_us.html HTTP/1.1" 200 18024 "http://savemoki.com/contact_us.html" "Mozilla/5.0 (Windows NT 10.0; WOW64) AppleWebKit/537.36 (KHTML, like Gecko) Chrome/90.0.4430.72 Safari/537.36" "savemoki.com"
51.222.253.9 - - [03/Sep/2022:16:20:32 -0700] "GET /2test/index.php/2020/04/03/sample-page/ HTTP/1.1" 200 21060 "-" "Mozilla/5.0 (compatible; AhrefsBot/7.0; +http://ahrefs.com/robot/)" "savemoki.com"
10.213.116.64 - - [03/Sep/2022:16:20:35 -0700] "POST /2test/wp-cron.php?doing_wp_cron=1662247235.5180659294128417968750 HTTP/1.1" 200 - "https://savemoki.com/2test/wp-cron.php?doing_wp_cron=1662247235.5180659294128417968750" "WordPress/5.4.11; https://savemoki.com/2test" "savemoki.com"
51.222.253.8 - - [03/Sep/2022:16:20:39 -0700] "GET /2test/wp-includes/js/utils.min.js?ver=5.4.11 HTTP/1.1" 200 828 "-" "Mozilla/5.0 (compatible; AhrefsBot/7.0; +http://ahrefs.com/robot/)" "savemoki.com"
51.222.253.15 - - [03/Sep/2022:16:20:40 -0700] "GET /2test/wp-content/themes/kids-campus/css/nivo-slider.css?ver=5.4.11 HTTP/1.1" 200 1136 "-" "Mozilla/5.0 (compatible; AhrefsBot/7.0; +http://ahrefs.com/robot/)" "savemoki.com"
51.222.253.5 - - [03/Sep/2022:16:20:40 -0700] "GET /2test/wp-content/themes/kids-campus/css/responsive.css?ver=5.4.11 HTTP/1.1" 200 1780 "-" "Mozilla/5.0 (compatible; AhrefsBot/7.0; +http://ahrefs.com/robot/)" "savemoki.com"
51.222.253.7 - - [03/Sep/2022:16:20:41 -0700] "GET /2test/wp-includes/css/dist/block-library/style.min.css?ver=5.4.11 HTTP/1.1" 200 7642 "-" "Mozilla/5.0 (compatible; AhrefsBot/7.0; +http://ahrefs.com/robot/)" "savemoki.com"
51.222.253.2 - - [03/Sep/2022:16:20:41 -0700] "GET /2test/wp-content/plugins/learnpress/assets/css/learnpress.css?ver=3.2.6.7 HTTP/1.1" 200 9747 "-" "Mozilla/5.0 (compatible; AhrefsBot/7.0; +http://ahrefs.com/robot/)" "savemoki.com"
51.222.253.17 - - [03/Sep/2022:16:20:42 -0700] "GET /2test/wp-content/plugins/learnpress/assets/js/utils.min.js?ver=3.2.6.7 HTTP/1.1" 200 7630 "-" "Mozilla/5.0 (compatible; AhrefsBot/7.0; +http://ahrefs.com/robot/)" "savemoki.com"
51.222.253.6 - - [03/Sep/2022:16:20:42 -0700] "GET /2test/wp-content/themes/kids-campus/fontsawesome/css/fontawesome-all.css?ver=5.4.11 HTTP/1.1" 200 9485 "-" "Mozilla/5.0 (compatible; AhrefsBot/7.0; +http://ahrefs.com/robot/)" "savemoki.com"
51.222.253.12 - - [03/Sep/2022:16:20:43 -0700] "GET /2test/wp-content/themes/kids-campus/js/editable.js?ver=5.4.11 HTTP/1.1" 200 746 "-" "Mozilla/5.0 (compatible; AhrefsBot/7.0; +http://ahrefs.com/robot/)" "savemoki.com"
51.222.253.15 - - [03/Sep/2022:16:20:43 -0700] "GET /2test/wp-content/plugins/learnpress/assets/js/vendor/plugins.all.min.js?ver=3.2.6.7 HTTP/1.1" 200 50121 "-" "Mozilla/5.0 (compatible; AhrefsBot/7.0; +http://ahrefs.com/robot/)" "savemoki.com"
51.222.253.10 - - [03/Sep/2022:16:20:44 -0700] "GET /2test/wp-includes/js/wp-embed.min.js?ver=5.4.11 HTTP/1.1" 200 765 "-" "Mozilla/5.0 (compatible; AhrefsBot/7.0; +http://ahrefs.com/robot/)" "savemoki.com"
51.222.253.2 - - [03/Sep/2022:16:20:45 -0700] "GET /2test/wp-content/themes/kids-campus/js/jquery.nivo.slider.js?ver=5.4.11 HTTP/1.1" 200 4886 "-" "Mozilla/5.0 (compatible; AhrefsBot/7.0; +http://ahrefs.com/robot/)" "savemoki.com"
51.222.253.11 - - [03/Sep/2022:16:20:45 -0700] "GET /2test/wp-includes/js/underscore.min.js?ver=1.8.3 HTTP/1.1" 200 5663 "-" "Mozilla/5.0 (compatible; AhrefsBot/7.0; +http://ahrefs.com/robot/)" "savemoki.com"
51.222.253.9 - - [03/Sep/2022:16:20:46 -0700] "GET /2test/wp-content/plugins/learnpress/assets/js/frontend/course.js?ver=3.2.6.7 HTTP/1.1" 200 3955 "-" "Mozilla/5.0 (compatible; AhrefsBot/7.0; +http://ahrefs.com/robot/)" "savemoki.com"
51.222.253.19 - - [03/Sep/2022:16:20:46 -0700] "GET /2test/wp-content/plugins/learnpress/assets/js/frontend/become-teacher.js?ver=3.2.6.7 HTTP/1.1" 200 929 "-" "Mozilla/5.0 (compatible; AhrefsBot/7.0; +http://ahrefs.com/robot/)" "savemoki.com"
51.222.253.8 - - [03/Sep/2022:16:20:47 -0700] "GET /2test/wp-content/plugins/learnpress/assets/js/frontend/learnpress.min.js?ver=3.2.6.7 HTTP/1.1" 200 506 "-" "Mozilla/5.0 (compatible; AhrefsBot/7.0; +http://ahrefs.com/robot/)" "savemoki.com"
51.222.253.7 - - [03/Sep/2022:16:20:47 -0700] "GET /2test/wp-content/plugins/learnpress/assets/js/global.min.js?ver=3.2.6.7 HTTP/1.1" 200 454 "-" "Mozilla/5.0 (compatible; AhrefsBot/7.0; +http://ahrefs.com/robot/)" "savemoki.com"
51.222.253.8 - - [03/Sep/2022:16:20:48 -0700] "GET /2test/wp-includes/js/jquery/jquery-migrate.min.js?ver=1.4.1 HTTP/1.1" 200 4014 "-" "Mozilla/5.0 (compatible; AhrefsBot/7.0; +http://ahrefs.com/robot/)" "savemoki.com"
51.222.253.2 - - [03/Sep/2022:16:20:54 -0700] "GET /2test/wp-includes/js/jquery/jquery.js?ver=1.12.4-wp HTTP/1.1" 200 33776 "-" "Mozilla/5.0 (compatible; AhrefsBot/7.0; +http://ahrefs.com/robot/)" "savemoki.com"
51.222.253.5 - - [03/Sep/2022:16:20:55 -0700] "GET /2test/wp-content/themes/kids-campus/style.css?ver=5.4.11 HTTP/1.1" 200 6660 "-" "Mozilla/5.0 (compatible; AhrefsBot/7.0; +http://ahrefs.com/robot/)" "savemoki.com"
114.119.139.183 - - [03/Sep/2022:16:26:23 -0700] "GET /blog/wp-content/themes/themeforest-625914-ice-theme-powerful-wordpress-theme-1/sample%20content/ HTTP/1.1" 200 576 "https://savemoki.com/blog/wp-content/themes/themeforest-625914-ice-theme-powerful-wordpress-theme-1?N=A" "Mozilla/5.0 (Linux; Android 7.0;) AppleWebKit/537.36 (KHTML, like Gecko) Mobile Safari/537.36 (compatible; PetalBot;+https://webmaster.petalsearch.com/site/petalbot)" "savemoki.com"
51.222.253.5 - - [03/Sep/2022:16:29:16 -0700] "GET /clipart/lines/horizontal/?C=S;O=D HTTP/1.1" 200 405 "-" "Mozilla/5.0 (compatible; AhrefsBot/7.0; +http://ahrefs.com/robot/)" "www.savemoki.com"
114.119.139.183 - - [03/Sep/2022:16:32:16 -0700] "GET /socialenginetrial?C=M%3BO%3DA HTTP/1.1" 301 1431 "https://www.savemoki.com/socialenginetrial?D=D" "Mozilla/5.0 (Linux; Android 7.0;) AppleWebKit/537.36 (KHTML, like Gecko) Mobile Safari/537.36 (compatible; PetalBot;+https://webmaster.petalsearch.com/site/petalbot)" "www.savemoki.com"
114.119.139.183 - - [03/Sep/2022:16:32:23 -0700] "GET /socialenginetrial/?C=M%3BO%3DA HTTP/1.1" 200 318 "https://www.savemoki.com/socialenginetrial?D=D" "Mozilla/5.0 (Linux; Android 7.0;) AppleWebKit/537.36 (KHTML, like Gecko) Mobile Safari/537.36 (compatible; PetalBot;+https://webmaster.petalsearch.com/site/petalbot)" "www.savemoki.com"
154.54.249.194 - - [03/Sep/2022:16:34:46 -0700] "GET /blog/wp-content/themes/themeforest-625914-ice-theme-powerful-wordpress-theme-1/PSD/?C=D;O=A HTTP/1.1" 200 419 "-" "Mozilla/5.0 (compatible; Barkrowler/0.9; +https://babbar.tech/crawler)" "savemoki.com"
154.54.249.194 - - [03/Sep/2022:16:35:03 -0700] "GET /clipart/backgrounds/fullpage/?C=D;O=D HTTP/1.1" 200 387 "-" "Mozilla/5.0 (compatible; Barkrowler/0.9; +https://babbar.tech/crawler)" "savemoki.com"
51.222.253.5 - - [03/Sep/2022:16:37:42 -0700] "GET /clipart/buttons/themes/rectangle_yellow/?C=N;O=D HTTP/1.1" 200 422 "-" "Mozilla/5.0 (compatible; AhrefsBot/7.0; +http://ahrefs.com/robot/)" "www.savemoki.com"
10.213.116.63 - - [03/Sep/2022:16:39:29 -0700] "POST /2test/wp-cron.php?doing_wp_cron=1662248369.4795830249786376953125 HTTP/1.1" 200 - "https://savemoki.com/2test/wp-cron.php?doing_wp_cron=1662248369.4795830249786376953125" "WordPress/5.4.11; https://savemoki.com/2test" "savemoki.com"
114.119.134.192 - - [03/Sep/2022:16:39:26 -0700] "GET /2test/index.php/heritage-junior-high-school HTTP/1.1" 200 19190 "https://savemoki.com/2test/index.php/2020/04/03/sample-page" "Mozilla/5.0 (Linux; Android 7.0;) AppleWebKit/537.36 (KHTML, like Gecko) Mobile Safari/537.36 (compatible; PetalBot;+https://webmaster.petalsearch.com/site/petalbot)" "savemoki.com"
216.244.66.249 - - [03/Sep/2022:16:42:29 -0700] "GET /robots.txt HTTP/1.1" 200 39 "-" "Mozilla/5.0 (compatible; DotBot/1.2; +https://opensiteexplorer.org/dotbot; help@moz.com)" "www.savemoki.com"
216.244.66.249 - - [03/Sep/2022:16:42:29 -0700] "GET /robots.txt HTTP/1.1" 200 39 "-" "Mozilla/5.0 (compatible; DotBot/1.2; +https://opensiteexplorer.org/dotbot; help@moz.com)" "savemoki.com"
114.119.134.192 - - [03/Sep/2022:16:45:16 -0700] "GET /clipart/pageHeaders?M=A HTTP/1.1" 301 1421 "https://savemoki.com/clipart/pageHeaders?N=A" "Mozilla/5.0 (Linux; Android 7.0;) AppleWebKit/537.36 (KHTML, like Gecko) Mobile Safari/537.36 (compatible; PetalBot;+https://webmaster.petalsearch.com/site/petalbot)" "savemoki.com"
114.119.134.192 - - [03/Sep/2022:16:45:21 -0700] "GET /clipart/pageHeaders/?M=A HTTP/1.1" 200 427 "https://savemoki.com/clipart/pageHeaders?N=A" "Mozilla/5.0 (Linux; Android 7.0;) AppleWebKit/537.36 (KHTML, like Gecko) Mobile Safari/537.36 (compatible; PetalBot;+https://webmaster.petalsearch.com/site/petalbot)" "savemoki.com"
51.222.253.1 - - [03/Sep/2022:16:47:13 -0700] "GET /2test/index.php/courses/third-grade/ HTTP/1.1" 200 20528 "-" "Mozilla/5.0 (compatible; AhrefsBot/7.0; +http://ahrefs.com/robot/)" "savemoki.com"
157.55.39.193 - - [03/Sep/2022:16:48:18 -0700] "GET /updates_on_special_friends.html HTTP/1.1" 404 88 "-" "Mozilla/5.0 AppleWebKit/537.36 (KHTML, like Gecko; compatible; bingbot/2.0; +http://www.bing.com/bingbot.htm) Chrome/103.0.5060.134 Safari/537.36" "savemoki.com"
43.134.237.216 - - [03/Sep/2022:16:48:59 -0700] "GET /contact_us.html HTTP/1.1" 200 18024 "http://savemoki.com/contact_us.html" "Mozilla/5.0 (Windows NT 10.0; Win64; x64) AppleWebKit/537.36 (KHTML, like Gecko) Chrome/90.0.4430.72 Safari/537.36" "savemoki.com"
114.119.156.133 - - [03/Sep/2022:16:51:52 -0700] "GET /other_cats_in_need HTTP/1.1" 200 3395 "https://savemoki.com/yahoo_site_admin" "Mozilla/5.0 (Linux; Android 7.0;) AppleWebKit/537.36 (KHTML, like Gecko) Mobile Safari/537.36 (compatible; PetalBot;+https://webmaster.petalsearch.com/site/petalbot)" "savemoki.com"
51.222.253.6 - - [03/Sep/2022:16:56:19 -0700] "GET /MedicalRecord.html HTTP/1.1" 200 4796 "-" "Mozilla/5.0 (compatible; AhrefsBot/7.0; +http://ahrefs.com/robot/)" "www.savemoki.com"
157.55.39.192 - - [03/Sep/2022:16:58:35 -0700] "GET /media/ HTTP/1.1" 200 396 "-" "Mozilla/5.0 (compatible; bingbot/2.0; +http://www.bing.com/bingbot.htm)" "savemoki.com"
78.31.71.105 - - [03/Sep/2022:17:02:11 -0700] "GET /contact_us.html HTTP/1.1" 200 18024 "http://savemoki.com/contact_us.html" "Mozilla/5.0 (Windows NT 10.0; Win64; x64) AppleWebKit/537.36 (KHTML, like Gecko) Chrome/90.0.4430.93 Safari/537.36" "savemoki.com"
114.119.134.192 - - [03/Sep/2022:17:05:55 -0700] "GET /sitebuilder?M=D HTTP/1.1" 301 1416 "https://savemoki.com/sitebuilder?M=A" "Mozilla/5.0 (Linux; Android 7.0;) AppleWebKit/537.36 (KHTML, like Gecko) Mobile Safari/537.36 (compatible; PetalBot;+https://webmaster.petalsearch.com/site/petalbot)" "savemoki.com"
114.119.134.192 - - [03/Sep/2022:17:06:06 -0700] "GET /sitebuilder/?M=D HTTP/1.1" 200 372 "https://savemoki.com/sitebuilder?M=A" "Mozilla/5.0 (Linux; Android 7.0;) AppleWebKit/537.36 (KHTML, like Gecko) Mobile Safari/537.36 (compatible; PetalBot;+https://webmaster.petalsearch.com/site/petalbot)" "savemoki.com"
51.222.253.20 - - [03/Sep/2022:17:06:10 -0700] "GET /clipart/buttons/?C=M;O=D HTTP/1.1" 200 358 "-" "Mozilla/5.0 (compatible; AhrefsBot/7.0; +http://ahrefs.com/robot/)" "savemoki.com"
114.119.139.148 - - [03/Sep/2022:17:12:52 -0700] "GET /clipart/buttons/themes?M=D HTTP/1.1" 301 1424 "https://savemoki.com/clipart/buttons/themes?M=A" "Mozilla/5.0 (Linux; Android 7.0;) AppleWebKit/537.36 (KHTML, like Gecko) Mobile Safari/537.36 (compatible; PetalBot;+https://webmaster.petalsearch.com/site/petalbot)" "savemoki.com"
114.119.139.148 - - [03/Sep/2022:17:13:06 -0700] "GET /clipart/buttons/themes/?M=D HTTP/1.1" 200 404 "https://savemoki.com/clipart/buttons/themes?M=A" "Mozilla/5.0 (Linux; Android 7.0;) AppleWebKit/537.36 (KHTML, like Gecko) Mobile Safari/537.36 (compatible; PetalBot;+https://webmaster.petalsearch.com/site/petalbot)" "savemoki.com"
51.222.253.14 - - [03/Sep/2022:17:15:20 -0700] "GET /clipart/backgrounds/ HTTP/1.1" 200 366 "-" "Mozilla/5.0 (compatible; AhrefsBot/7.0; +http://ahrefs.com/robot/)" "savemoki.com"
149.202.82.11 - - [03/Sep/2022:17:16:46 -0700] "GET /robots.txt HTTP/1.1" 200 39 "-" "Mozilla/5.0 (compatible; MJ12bot/v1.4.8; http://mj12bot.com/)" "savemoki.com"
149.202.82.11 - - [03/Sep/2022:17:16:48 -0700] "GET /?C=N;O=D/ HTTP/1.1" 200 1285 "-" "Mozilla/5.0 (compatible; MJ12bot/v1.4.8; http://mj12bot.com/)" "savemoki.com"
37.139.53.84 - - [03/Sep/2022:17:17:59 -0700] "GET /contact_us.html HTTP/1.1" 200 18024 "http://savemoki.com/contact_us.html" "Mozilla/5.0 (Windows NT 6.1; WOW64) AppleWebKit/537.36 (KHTML, like Gecko) Chrome/83.0.4103.61 Safari/537.36" "savemoki.com"
114.119.139.185 - - [03/Sep/2022:17:18:13 -0700] "GET /blog/wp-content/themes/themeforest-625914-ice-theme-powerful-wordpress-theme-1/licensing/?C=D%3BO%3DA HTTP/1.1" 200 419 "https://savemoki.com/blog/wp-content/themes/themeforest-625914-ice-theme-powerful-wordpress-theme-1/licensing/?C=S%3BO%3DA" "Mozilla/5.0 (Linux; Android 7.0;) AppleWebKit/537.36 (KHTML, like Gecko) Mobile Safari/537.36 (compatible; PetalBot;+https://webmaster.petalsearch.com/site/petalbot)" "savemoki.com"
125.35.75.30 - - [03/Sep/2022:17:24:38 -0700] "GET /contact_us.html HTTP/1.1" 200 18024 "http://savemoki.com/contact_us.html" "Mozilla/5.0 (Windows NT 10.0) AppleWebKit/537.36 (KHTML, like Gecko) Chrome/90.0.4430.72 Safari/537.36" "savemoki.com"
51.222.253.19 - - [03/Sep/2022:17:25:08 -0700] "GET /blog/?C=S;O=A HTTP/1.1" 200 352 "-" "Mozilla/5.0 (compatible; AhrefsBot/7.0; +http://ahrefs.com/robot/)" "savemoki.com"
114.119.139.148 - - [03/Sep/2022:17:25:59 -0700] "GET /clipart/backgrounds?D=D HTTP/1.1" 301 1418 "https://www.savemoki.com/clipart/backgrounds?D=A" "Mozilla/5.0 (Linux; Android 7.0;) AppleWebKit/537.36 (KHTML, like Gecko) Mobile Safari/537.36 (compatible; PetalBot;+https://webmaster.petalsearch.com/site/petalbot)" "www.savemoki.com"
114.119.139.148 - - [03/Sep/2022:17:26:10 -0700] "GET /clipart/backgrounds/?D=D HTTP/1.1" 200 366 "https://www.savemoki.com/clipart/backgrounds?D=A" "Mozilla/5.0 (Linux; Android 7.0;) AppleWebKit/537.36 (KHTML, like Gecko) Mobile Safari/537.36 (compatible; PetalBot;+https://webmaster.petalsearch.com/site/petalbot)" "www.savemoki.com"
216.244.66.249 - - [03/Sep/2022:17:28:59 -0700] "GET /robots.txt HTTP/1.1" 200 39 "-" "Mozilla/5.0 (compatible; DotBot/1.2; +https://opensiteexplorer.org/dotbot; help@moz.com)" "www.savemoki.com"
216.244.66.249 - - [03/Sep/2022:17:28:59 -0700] "GET /robots.txt HTTP/1.1" 200 39 "-" "Mozilla/5.0 (compatible; DotBot/1.2; +https://opensiteexplorer.org/dotbot; help@moz.com)" "savemoki.com"
114.119.139.148 - - [03/Sep/2022:17:31:29 -0700] "GET /sitebuilder/scripts?C=N%3BO%3DD HTTP/1.1" 301 1432 "https://www.savemoki.com/sitebuilder/scripts?N=D" "Mozilla/5.0 (Linux; Android 7.0;) AppleWebKit/537.36 (KHTML, like Gecko) Mobile Safari/537.36 (compatible; PetalBot;+https://webmaster.petalsearch.com/site/petalbot)" "www.savemoki.com"
114.119.139.148 - - [03/Sep/2022:17:31:34 -0700] "GET /sitebuilder/scripts/?C=N%3BO%3DD HTTP/1.1" 200 373 "https://www.savemoki.com/sitebuilder/scripts?N=D" "Mozilla/5.0 (Linux; Android 7.0;) AppleWebKit/537.36 (KHTML, like Gecko) Mobile Safari/537.36 (compatible; PetalBot;+https://webmaster.petalsearch.com/site/petalbot)" "www.savemoki.com"
51.222.253.8 - - [03/Sep/2022:17:34:25 -0700] "GET /2test/index.php/courses/fifth-grade/ HTTP/1.1" 200 20528 "-" "Mozilla/5.0 (compatible; AhrefsBot/7.0; +http://ahrefs.com/robot/)" "savemoki.com"
10.213.116.64 - - [03/Sep/2022:17:34:27 -0700] "POST /2test/wp-cron.php?doing_wp_cron=1662251667.3567099571228027343750 HTTP/1.1" 200 - "https://savemoki.com/2test/wp-cron.php?doing_wp_cron=1662251667.3567099571228027343750" "WordPress/5.4.11; https://savemoki.com/2test" "savemoki.com"
154.54.249.194 - - [03/Sep/2022:17:38:46 -0700] "GET /blog/wp-content/themes/themeforest-625914-ice-theme-powerful-wordpress-theme-1/PSD/?C=S;O=A HTTP/1.1" 200 420 "-" "Mozilla/5.0 (compatible; Barkrowler/0.9; +https://babbar.tech/crawler)" "savemoki.com"
154.54.249.194 - - [03/Sep/2022:17:39:12 -0700] "GET /clipart/backgrounds/fullpage/?C=D;O=A HTTP/1.1" 200 389 "-" "Mozilla/5.0 (compatible; Barkrowler/0.9; +https://babbar.tech/crawler)" "savemoki.com"
103.136.126.3 - - [03/Sep/2022:17:41:19 -0700] "GET /contact_us.html HTTP/1.1" 200 18024 "http://savemoki.com/contact_us.html" "Mozilla/5.0 (Windows NT 6.2; Win64; x64) AppleWebKit/537.36 (KHTML, like Gecko) Chrome/90.0.4430.72 Safari/537.36" "savemoki.com"
51.222.253.17 - - [03/Sep/2022:17:44:15 -0700] "GET /New2.html HTTP/1.1" 200 561 "-" "Mozilla/5.0 (compatible; AhrefsBot/7.0; +http://ahrefs.com/robot/)" "www.savemoki.com"
49.51.91.210 - - [03/Sep/2022:17:45:12 -0700] "GET /contact_us.html HTTP/1.1" 200 18024 "http://savemoki.com/contact_us.html" "Mozilla/5.0 (Windows NT 6.2; Win64; x64) AppleWebKit/537.36 (KHTML, like Gecko) Chrome/90.0.4430.93 Safari/537.36" "savemoki.com"
185.255.96.99 - - [03/Sep/2022:17:50:20 -0700] "GET /blog1/2015/05/07/test-post/ HTTP/1.1" 404 73 "-" "Mozilla/5.0 (Windows NT 6.3; Win64; x64) AppleWebKit/537.36 (KHTML, like Gecko) Chrome/75.0.3770.100 Safari/537.36" "savemoki.com"
114.119.139.148 - - [03/Sep/2022:17:51:32 -0700] "GET /clipart/backgrounds?C=S%3BO%3DA HTTP/1.1" 301 1426 "https://savemoki.com/clipart/backgrounds?S=D" "Mozilla/5.0 (Linux; Android 7.0;) AppleWebKit/537.36 (KHTML, like Gecko) Mobile Safari/537.36 (compatible; PetalBot;+https://webmaster.petalsearch.com/site/petalbot)" "savemoki.com"
114.119.139.148 - - [03/Sep/2022:17:51:34 -0700] "GET /clipart/backgrounds/?C=S%3BO%3DA HTTP/1.1" 200 366 "https://savemoki.com/clipart/backgrounds?S=D" "Mozilla/5.0 (Linux; Android 7.0;) AppleWebKit/537.36 (KHTML, like Gecko) Mobile Safari/537.36 (compatible; PetalBot;+https://webmaster.petalsearch.com/site/petalbot)" "savemoki.com"
83.137.158.9 - - [03/Sep/2022:17:52:25 -0700] "GET /blog1/2015/05/07/test-post/ HTTP/1.1" 404 73 "http://savemoki.com/blog1/2015/05/07/test-post/" "Mozilla/5.0 (Windows NT 10.0) AppleWebKit/537.36 (KHTML, like Gecko) Chrome/90.0.4430.93 Safari/537.36" "savemoki.com"
83.137.158.9 - - [03/Sep/2022:17:52:27 -0700] "GET / HTTP/1.1" 200 7350 "http://savemoki.com/" "Mozilla/5.0 (Windows NT 10.0) AppleWebKit/537.36 (KHTML, like Gecko) Chrome/90.0.4430.93 Safari/537.36" "savemoki.com"
83.137.158.9 - - [03/Sep/2022:17:52:27 -0700] "GET /blog/ HTTP/1.1" 200 698 "http://savemoki.com/blog/" "Mozilla/5.0 (Windows NT 10.0) AppleWebKit/537.36 (KHTML, like Gecko) Chrome/90.0.4430.93 Safari/537.36" "savemoki.com"
83.137.158.9 - - [03/Sep/2022:17:52:28 -0700] "GET /blog/contact_us.html HTTP/1.1" 404 73 "http://savemoki.com/blog/contact_us.html" "Mozilla/5.0 (Windows NT 10.0) AppleWebKit/537.36 (KHTML, like Gecko) Chrome/90.0.4430.93 Safari/537.36" "savemoki.com"
83.137.158.9 - - [03/Sep/2022:17:52:29 -0700] "GET /contact_us.html HTTP/1.1" 200 18024 "http://savemoki.com/contact_us.html" "Mozilla/5.0 (Windows NT 10.0) AppleWebKit/537.36 (KHTML, like Gecko) Chrome/90.0.4430.93 Safari/537.36" "savemoki.com"
51.222.253.16 - - [03/Sep/2022:17:53:17 -0700] "GET /Mokislabpage3.html HTTP/1.1" 200 3826 "-" "Mozilla/5.0 (compatible; AhrefsBot/7.0; +http://ahrefs.com/robot/)" "www.savemoki.com"
51.222.253.19 - - [03/Sep/2022:17:53:27 -0700] "GET /sitebuilder/images/navbar-6-inactive-85593.png HTTP/1.1" 200 831 "-" "Mozilla/5.0 (compatible; AhrefsBot/7.0; +http://ahrefs.com/robot/)" "www.savemoki.com"
51.222.253.5 - - [03/Sep/2022:17:53:27 -0700] "GET /clipart/pageHeaders/yellow_rose_on_blue.jpg HTTP/1.1" 200 16940 "-" "Mozilla/5.0 (compatible; AhrefsBot/7.0; +http://ahrefs.com/robot/)" "www.savemoki.com"
