40.122.209.133 - - [06/Sep/2022:07:16:30 -0700] "GET / HTTP/1.1" 200 7350 "-" "Mozilla/5.0 (Windows NT 10.0; Win64; x64) AppleWebKit/537.36 (KHTML, like Gecko) Chrome/95.0.4638.69 Safari/537.36" "savemoki.com"
40.122.209.133 - - [06/Sep/2022:07:16:31 -0700] "GET /wp-includes/ID3/license.txt HTTP/1.1" 404 73 "-" "Mozilla/5.0 (Windows NT 10.0; Win64; x64) AppleWebKit/537.36 (KHTML, like Gecko) Chrome/95.0.4638.69 Safari/537.36" "savemoki.com"
40.122.209.133 - - [06/Sep/2022:07:16:32 -0700] "GET /feed/ HTTP/1.1" 404 73 "-" "Mozilla/5.0 (Windows NT 10.0; Win64; x64) AppleWebKit/537.36 (KHTML, like Gecko) Chrome/95.0.4638.69 Safari/537.36" "savemoki.com"
40.122.209.133 - - [06/Sep/2022:07:16:32 -0700] "GET /xmlrpc.php?rsd HTTP/1.1" 404 73 "-" "Mozilla/5.0 (Windows NT 10.0; Win64; x64) AppleWebKit/537.36 (KHTML, like Gecko) Chrome/95.0.4638.69 Safari/537.36" "savemoki.com"
40.122.209.133 - - [06/Sep/2022:07:16:32 -0700] "GET /blog/wp-includes/wlwmanifest.xml HTTP/1.1" 404 73 "-" "Mozilla/5.0 (Windows NT 10.0; Win64; x64) AppleWebKit/537.36 (KHTML, like Gecko) Chrome/95.0.4638.69 Safari/537.36" "savemoki.com"
40.122.209.133 - - [06/Sep/2022:07:16:32 -0700] "GET /wordpress/wp-includes/wlwmanifest.xml HTTP/1.1" 404 73 "-" "Mozilla/5.0 (Windows NT 10.0; Win64; x64) AppleWebKit/537.36 (KHTML, like Gecko) Chrome/95.0.4638.69 Safari/537.36" "savemoki.com"
40.122.209.133 - - [06/Sep/2022:07:16:32 -0700] "GET /wp/wp-includes/wlwmanifest.xml HTTP/1.1" 404 73 "-" "Mozilla/5.0 (Windows NT 10.0; Win64; x64) AppleWebKit/537.36 (KHTML, like Gecko) Chrome/95.0.4638.69 Safari/537.36" "savemoki.com"
40.122.209.133 - - [06/Sep/2022:07:16:33 -0700] "GET /2020/wp-includes/wlwmanifest.xml HTTP/1.1" 404 73 "-" "Mozilla/5.0 (Windows NT 10.0; Win64; x64) AppleWebKit/537.36 (KHTML, like Gecko) Chrome/95.0.4638.69 Safari/537.36" "savemoki.com"
40.122.209.133 - - [06/Sep/2022:07:16:33 -0700] "GET /2019/wp-includes/wlwmanifest.xml HTTP/1.1" 404 73 "-" "Mozilla/5.0 (Windows NT 10.0; Win64; x64) AppleWebKit/537.36 (KHTML, like Gecko) Chrome/95.0.4638.69 Safari/537.36" "savemoki.com"
40.122.209.133 - - [06/Sep/2022:07:16:33 -0700] "GET /shop/wp-includes/wlwmanifest.xml HTTP/1.1" 404 73 "-" "Mozilla/5.0 (Windows NT 10.0; Win64; x64) AppleWebKit/537.36 (KHTML, like Gecko) Chrome/95.0.4638.69 Safari/537.36" "savemoki.com"
40.122.209.133 - - [06/Sep/2022:07:16:33 -0700] "GET /wp1/wp-includes/wlwmanifest.xml HTTP/1.1" 404 73 "-" "Mozilla/5.0 (Windows NT 10.0; Win64; x64) AppleWebKit/537.36 (KHTML, like Gecko) Chrome/95.0.4638.69 Safari/537.36" "savemoki.com"
40.122.209.133 - - [06/Sep/2022:07:16:34 -0700] "GET /test/wp-includes/wlwmanifest.xml HTTP/1.1" 404 73 "-" "Mozilla/5.0 (Windows NT 10.0; Win64; x64) AppleWebKit/537.36 (KHTML, like Gecko) Chrome/95.0.4638.69 Safari/537.36" "savemoki.com"
40.122.209.133 - - [06/Sep/2022:07:16:34 -0700] "GET /site/wp-includes/wlwmanifest.xml HTTP/1.1" 404 73 "-" "Mozilla/5.0 (Windows NT 10.0; Win64; x64) AppleWebKit/537.36 (KHTML, like Gecko) Chrome/95.0.4638.69 Safari/537.36" "savemoki.com"
40.122.209.133 - - [06/Sep/2022:07:16:34 -0700] "GET /cms/wp-includes/wlwmanifest.xml HTTP/1.1" 404 73 "-" "Mozilla/5.0 (Windows NT 10.0; Win64; x64) AppleWebKit/537.36 (KHTML, like Gecko) Chrome/95.0.4638.69 Safari/537.36" "savemoki.com"
138.197.173.124 - - [06/Sep/2022:07:16:36 -0700] "GET /wp-admin/install.php?step=1 HTTP/1.1" 404 88 "-" "Mozilla/5.0 (X11; Linux x86_64; rv:52.0) Gecko/20100101 Firefox/52.0" "savemoki.com"
138.197.173.124 - - [06/Sep/2022:07:16:36 -0700] "GET /wp-admin/setup-config.php HTTP/1.1" 404 88 "-" "Mozilla/5.0 (X11; Linux x86_64; rv:52.0) Gecko/20100101 Firefox/52.0" "savemoki.com"
138.197.173.124 - - [06/Sep/2022:07:16:36 -0700] "GET /new/wp-admin/install.php?step=1 HTTP/1.1" 404 88 "-" "Mozilla/5.0 (X11; Linux x86_64; rv:52.0) Gecko/20100101 Firefox/52.0" "savemoki.com"
138.197.173.124 - - [06/Sep/2022:07:16:37 -0700] "GET /new/wp-admin/setup-config.php HTTP/1.1" 404 88 "-" "Mozilla/5.0 (X11; Linux x86_64; rv:52.0) Gecko/20100101 Firefox/52.0" "savemoki.com"
138.197.173.124 - - [06/Sep/2022:07:16:37 -0700] "GET /blog/wp-admin/install.php?step=1 HTTP/1.1" 404 88 "-" "Mozilla/5.0 (X11; Linux x86_64; rv:52.0) Gecko/20100101 Firefox/52.0" "savemoki.com"
138.197.173.124 - - [06/Sep/2022:07:16:37 -0700] "GET /blog/wp-admin/setup-config.php HTTP/1.1" 404 88 "-" "Mozilla/5.0 (X11; Linux x86_64; rv:52.0) Gecko/20100101 Firefox/52.0" "savemoki.com"
138.197.173.124 - - [06/Sep/2022:07:16:37 -0700] "GET /blogs/wp-admin/install.php?step=1 HTTP/1.1" 404 88 "-" "Mozilla/5.0 (X11; Linux x86_64; rv:52.0) Gecko/20100101 Firefox/52.0" "savemoki.com"
138.197.173.124 - - [06/Sep/2022:07:16:37 -0700] "GET /blogs/wp-admin/setup-config.php HTTP/1.1" 404 88 "-" "Mozilla/5.0 (X11; Linux x86_64; rv:52.0) Gecko/20100101 Firefox/52.0" "savemoki.com"
138.197.173.124 - - [06/Sep/2022:07:16:37 -0700] "GET /demo/wp-admin/install.php?step=1 HTTP/1.1" 404 88 "-" "Mozilla/5.0 (X11; Linux x86_64; rv:52.0) Gecko/20100101 Firefox/52.0" "savemoki.com"
138.197.173.124 - - [06/Sep/2022:07:16:38 -0700] "GET /demo/wp-admin/setup-config.php HTTP/1.1" 404 88 "-" "Mozilla/5.0 (X11; Linux x86_64; rv:52.0) Gecko/20100101 Firefox/52.0" "savemoki.com"
138.197.173.124 - - [06/Sep/2022:07:16:38 -0700] "GET /wp/wp-admin/install.php?step=1 HTTP/1.1" 404 88 "-" "Mozilla/5.0 (X11; Linux x86_64; rv:52.0) Gecko/20100101 Firefox/52.0" "savemoki.com"
138.197.173.124 - - [06/Sep/2022:07:16:38 -0700] "GET /wp/wp-admin/setup-config.php HTTP/1.1" 404 88 "-" "Mozilla/5.0 (X11; Linux x86_64; rv:52.0) Gecko/20100101 Firefox/52.0" "savemoki.com"
138.197.173.124 - - [06/Sep/2022:07:16:38 -0700] "GET /wordpress/wp-admin/install.php?step=1 HTTP/1.1" 404 88 "-" "Mozilla/5.0 (X11; Linux x86_64; rv:52.0) Gecko/20100101 Firefox/52.0" "savemoki.com"
138.197.173.124 - - [06/Sep/2022:07:16:38 -0700] "GET /wordpress/wp-admin/setup-config.php HTTP/1.1" 404 88 "-" "Mozilla/5.0 (X11; Linux x86_64; rv:52.0) Gecko/20100101 Firefox/52.0" "savemoki.com"
138.197.173.124 - - [06/Sep/2022:07:16:38 -0700] "GET /tes/wp-admin/install.php?step=1 HTTP/1.1" 404 88 "-" "Mozilla/5.0 (X11; Linux x86_64; rv:52.0) Gecko/20100101 Firefox/52.0" "savemoki.com"
138.197.173.124 - - [06/Sep/2022:07:16:39 -0700] "GET /tes/wp-admin/setup-config.php HTTP/1.1" 404 88 "-" "Mozilla/5.0 (X11; Linux x86_64; rv:52.0) Gecko/20100101 Firefox/52.0" "savemoki.com"
138.197.173.124 - - [06/Sep/2022:07:16:39 -0700] "GET /test/wp-admin/install.php?step=1 HTTP/1.1" 404 88 "-" "Mozilla/5.0 (X11; Linux x86_64; rv:52.0) Gecko/20100101 Firefox/52.0" "savemoki.com"
138.197.173.124 - - [06/Sep/2022:07:16:39 -0700] "GET /test/wp-admin/setup-config.php HTTP/1.1" 404 88 "-" "Mozilla/5.0 (X11; Linux x86_64; rv:52.0) Gecko/20100101 Firefox/52.0" "savemoki.com"
138.197.173.124 - - [06/Sep/2022:07:16:39 -0700] "GET /web/wp-admin/install.php?step=1 HTTP/1.1" 404 88 "-" "Mozilla/5.0 (X11; Linux x86_64; rv:52.0) Gecko/20100101 Firefox/52.0" "savemoki.com"
138.197.173.124 - - [06/Sep/2022:07:16:39 -0700] "GET /web/wp-admin/setup-config.php HTTP/1.1" 404 88 "-" "Mozilla/5.0 (X11; Linux x86_64; rv:52.0) Gecko/20100101 Firefox/52.0" "savemoki.com"
138.197.173.124 - - [06/Sep/2022:07:16:40 -0700] "GET /cms/wp-admin/install.php?step=1 HTTP/1.1" 404 88 "-" "Mozilla/5.0 (X11; Linux x86_64; rv:52.0) Gecko/20100101 Firefox/52.0" "savemoki.com"
138.197.173.124 - - [06/Sep/2022:07:16:40 -0700] "GET /cms/wp-admin/setup-config.php HTTP/1.1" 404 88 "-" "Mozilla/5.0 (X11; Linux x86_64; rv:52.0) Gecko/20100101 Firefox/52.0" "savemoki.com"
138.197.173.124 - - [06/Sep/2022:07:16:40 -0700] "POST /wp-admin/admin-ajax.php HTTP/1.1" 404 88 "-" "Mozilla/5.0 (X11; Linux x86_64; rv:52.0) Gecko/20100101 Firefox/52.0" "savemoki.com"
138.197.173.124 - - [06/Sep/2022:07:16:40 -0700] "GET /wp-admin/ HTTP/1.1" 404 88 "-" "Mozilla/5.0 (X11; Linux x86_64; rv:52.0) Gecko/20100101 Firefox/52.0" "savemoki.com"
157.55.39.193 - - [06/Sep/2022:07:18:54 -0700] "GET /files/ HTTP/1.1" 200 380 "-" "Mozilla/5.0 (compatible; bingbot/2.0; +http://www.bing.com/bingbot.htm)" "savemoki.com"
77.75.76.172 - - [06/Sep/2022:07:24:55 -0700] "GET /robots.txt HTTP/1.1" 200 55 "-" "Mozilla/5.0 (compatible; SeznamBot/3.2; +http://napoveda.seznam.cz/en/seznambot-intro/)" "savemoki.com"
77.75.76.172 - - [06/Sep/2022:07:24:57 -0700] "GET /images/Lucy_-_Momma_Cat.JPG HTTP/1.1" 304 - "-" "Mozilla/5.0 (compatible; SeznamBot/3.2; +http://napoveda.seznam.cz/en/seznambot-intro/)" "savemoki.com"
37.139.53.84 - - [06/Sep/2022:07:45:07 -0700] "GET /contact_us.html HTTP/1.1" 200 18024 "http://savemoki.com/contact_us.html" "Mozilla/5.0 (Windows NT 10.0; Win64; x64) AppleWebKit/537.36 (KHTML, like Gecko) Chrome/83.0.4103.61 Safari/537.36/iYA9HebN-7" "savemoki.com"
216.244.66.249 - - [06/Sep/2022:07:57:31 -0700] "GET /robots.txt HTTP/1.1" 200 39 "-" "Mozilla/5.0 (compatible; DotBot/1.2; +https://opensiteexplorer.org/dotbot; help@moz.com)" "www.savemoki.com"
216.244.66.249 - - [06/Sep/2022:07:57:31 -0700] "GET /robots.txt HTTP/1.1" 200 39 "-" "Mozilla/5.0 (compatible; DotBot/1.2; +https://opensiteexplorer.org/dotbot; help@moz.com)" "savemoki.com"
185.191.171.11 - - [06/Sep/2022:08:13:13 -0700] "GET /robots.txt HTTP/1.1" 200 55 "-" "Mozilla/5.0 (compatible; SemrushBot/7~bl; +http://www.semrush.com/bot.html)" "savemoki.com"
10.213.116.62 - - [06/Sep/2022:08:13:19 -0700] "POST /2test/wp-cron.php?doing_wp_cron=1662477199.6727900505065917968750 HTTP/1.1" 200 - "http://savemoki.com/2test/wp-cron.php?doing_wp_cron=1662477199.6727900505065917968750" "WordPress/5.4.11; http://savemoki.com/2test" "savemoki.com"
185.191.171.16 - - [06/Sep/2022:08:13:14 -0700] "GET /2test/index.php/courses/kindergarten/?tab=tab-instructor HTTP/1.1" 200 22470 "-" "Mozilla/5.0 (compatible; SemrushBot/7~bl; +http://www.semrush.com/bot.html)" "savemoki.com"
185.191.171.3 - - [06/Sep/2022:08:13:27 -0700] "GET /2test/index.php/courses/kindergarten/ HTTP/1.1" 200 22451 "-" "Mozilla/5.0 (compatible; SemrushBot/7~bl; +http://www.semrush.com/bot.html)" "savemoki.com"
51.222.253.16 - - [06/Sep/2022:08:18:37 -0700] "GET / HTTP/1.1" 200 1285 "-" "Mozilla/5.0 (compatible; AhrefsBot/7.0; +http://ahrefs.com/robot/)" "savemoki.com"
185.119.81.99 - - [06/Sep/2022:08:29:58 -0700] "GET /2test/wp-login.php HTTP/1.1" 200 6057 "-" "Mozilla/5.0 (Windows NT 6.1; WOW64) AppleWebKit/537.36 (KHTML, like Gecko) Chrome/63.0.3239.132 Safari/537.36" "savemoki.com"
10.213.116.62 - - [06/Sep/2022:08:30:01 -0700] "POST /2test/wp-cron.php?doing_wp_cron=1662478201.6713368892669677734375 HTTP/1.1" 200 - "http://savemoki.com/2test/wp-cron.php?doing_wp_cron=1662478201.6713368892669677734375" "WordPress/5.4.11; http://savemoki.com/2test" "savemoki.com"
185.119.81.99 - - [06/Sep/2022:08:30:03 -0700] "POST /2test/wp-login.php HTTP/1.1" 200 6340 "http://savemoki.com/2test/wp-login.php" "Mozilla/5.0 (Windows NT 6.1; WOW64) AppleWebKit/537.36 (KHTML, like Gecko) Chrome/63.0.3239.132 Safari/537.36" "savemoki.com"
207.46.13.131 - - [06/Sep/2022:08:36:23 -0700] "GET /Links_Feline_Health.html HTTP/1.1" 200 10246 "-" "Mozilla/5.0 (compatible; bingbot/2.0; +http://www.bing.com/bingbot.htm)" "www.savemoki.com"
157.55.39.193 - - [06/Sep/2022:08:38:52 -0700] "GET /updates_on_special_friends.html HTTP/1.1" 404 88 "-" "Mozilla/5.0 (compatible; bingbot/2.0; +http://www.bing.com/bingbot.htm)" "savemoki.com"
77.75.79.11 - - [06/Sep/2022:08:40:51 -0700] "GET /robots.txt HTTP/1.1" 200 55 "-" "Mozilla/5.0 (compatible; SeznamBot/3.2; +http://napoveda.seznam.cz/en/seznambot-intro/)" "savemoki.com"
77.75.79.11 - - [06/Sep/2022:08:40:53 -0700] "GET /images/Medical_Record_8.jpg HTTP/1.1" 304 - "-" "Mozilla/5.0 (compatible; SeznamBot/3.2; +http://napoveda.seznam.cz/en/seznambot-intro/)" "savemoki.com"
78.106.119.167 - - [06/Sep/2022:08:48:09 -0700] "GET /blog1/2015/05/07/test-post/ HTTP/1.1" 404 73 "http://savemoki.com/blog1/2015/05/07/test-post/" "Mozilla/5.0 (Windows NT 10.0) AppleWebKit/537.36 (KHTML, like Gecko) Chrome/90.0.4430.72 Safari/537.36" "savemoki.com"
78.106.119.167 - - [06/Sep/2022:08:48:10 -0700] "GET / HTTP/1.1" 200 7350 "http://savemoki.com/" "Mozilla/5.0 (Windows NT 10.0) AppleWebKit/537.36 (KHTML, like Gecko) Chrome/90.0.4430.72 Safari/537.36" "savemoki.com"
78.106.119.167 - - [06/Sep/2022:08:48:11 -0700] "GET /blog/ HTTP/1.1" 200 698 "http://savemoki.com/blog/" "Mozilla/5.0 (Windows NT 10.0) AppleWebKit/537.36 (KHTML, like Gecko) Chrome/90.0.4430.72 Safari/537.36" "savemoki.com"
78.106.119.167 - - [06/Sep/2022:08:48:12 -0700] "GET /blog/contact_us.html HTTP/1.1" 404 73 "http://savemoki.com/blog/contact_us.html" "Mozilla/5.0 (Windows NT 10.0) AppleWebKit/537.36 (KHTML, like Gecko) Chrome/90.0.4430.72 Safari/537.36" "savemoki.com"
78.106.119.167 - - [06/Sep/2022:08:48:15 -0700] "GET /contact_us.html HTTP/1.1" 200 18024 "http://savemoki.com/contact_us.html" "Mozilla/5.0 (Windows NT 10.0) AppleWebKit/537.36 (KHTML, like Gecko) Chrome/90.0.4430.72 Safari/537.36" "savemoki.com"
216.244.66.249 - - [06/Sep/2022:08:50:20 -0700] "GET /robots.txt HTTP/1.1" 200 39 "-" "Mozilla/5.0 (compatible; DotBot/1.2; +https://opensiteexplorer.org/dotbot; help@moz.com)" "savemoki.com"
216.244.66.249 - - [06/Sep/2022:08:50:20 -0700] "GET /robots.txt HTTP/1.1" 200 39 "-" "Mozilla/5.0 (compatible; DotBot/1.2; +https://opensiteexplorer.org/dotbot; help@moz.com)" "www.savemoki.com"
51.222.253.8 - - [06/Sep/2022:08:52:18 -0700] "GET /blog/wp-content/themes/themeforest-625914-ice-theme-powerful-wordpress-theme-1/PSD/?C=S;O=A HTTP/1.1" 200 420 "-" "Mozilla/5.0 (compatible; AhrefsBot/7.0; +http://ahrefs.com/robot/)" "www.savemoki.com"
54.198.46.51 - - [06/Sep/2022:08:56:46 -0700] "GET /robots.txt HTTP/1.1" 200 55 "https://www.google.com/" "Mozilla/5.0 (Windows NT 10.0; Win64; x64) AppleWebKit/537.36 (KHTML, like Gecko) Chrome/79.0.3945.130 Safari/537.36" "savemoki.com"
54.198.46.51 - - [06/Sep/2022:08:56:46 -0700] "GET /blog1/feed HTTP/1.1" 404 88 "-" "Rome Client (http://tinyurl.com/64t5n) Ver: UNKNOWN" "savemoki.com"
45.32.136.188 - - [06/Sep/2022:08:57:19 -0700] "GET /contact_us HTTP/1.1" 200 7366 "-" "Mozilla/4.0 (compatible; MSIE 7.0; Windows NT 6.2; WOW64; Trident/7.0; .NET4.0C; .NET4.0E; .NET CLR 2.0.50737; .NET CLR 3.0.30729; .NET CLR 3.5.30129; Tablet PC 2.0)" "savemoki.com"
91.204.182.233 - - [06/Sep/2022:09:04:39 -0700] "GET /contact_us.html HTTP/1.1" 200 18024 "http://savemoki.com/contact_us.html" "Mozilla/5.0 (Windows NT 10.0; WOW64) AppleWebKit/537.36 (KHTML, like Gecko) Chrome/90.0.4430.72 Safari/537.36" "savemoki.com"
54.36.148.129 - - [06/Sep/2022:09:25:08 -0700] "GET /robots.txt HTTP/1.1" 200 55 "-" "Mozilla/5.0 (compatible; AhrefsBot/7.0; +http://ahrefs.com/robot/)" "www.savemoki.com"
77.75.77.72 - - [06/Sep/2022:09:26:48 -0700] "GET /robots.txt HTTP/1.1" 200 55 "-" "Mozilla/5.0 (compatible; SeznamBot/3.2; +http://napoveda.seznam.cz/en/seznambot-intro/)" "savemoki.com"
77.75.77.72 - - [06/Sep/2022:09:26:50 -0700] "GET /sitebuilder/images/Medical_Record_7-449x600.jpg HTTP/1.1" 304 - "-" "Mozilla/5.0 (compatible; SeznamBot/3.2; +http://napoveda.seznam.cz/en/seznambot-intro/)" "savemoki.com"
114.119.156.133 - - [06/Sep/2022:09:33:04 -0700] "GET /clipart/backgrounds?D=A HTTP/1.1" 301 1417 "https://savemoki.com/clipart/backgrounds?D=D" "Mozilla/5.0 (Linux; Android 7.0;) AppleWebKit/537.36 (KHTML, like Gecko) Mobile Safari/537.36 (compatible; PetalBot;+https://webmaster.petalsearch.com/site/petalbot)" "savemoki.com"
114.119.156.133 - - [06/Sep/2022:09:33:05 -0700] "GET /clipart/backgrounds/?D=A HTTP/1.1" 200 366 "https://savemoki.com/clipart/backgrounds?D=D" "Mozilla/5.0 (Linux; Android 7.0;) AppleWebKit/537.36 (KHTML, like Gecko) Mobile Safari/537.36 (compatible; PetalBot;+https://webmaster.petalsearch.com/site/petalbot)" "savemoki.com"
216.244.66.249 - - [06/Sep/2022:09:37:18 -0700] "GET /robots.txt HTTP/1.1" 200 39 "-" "Mozilla/5.0 (compatible; DotBot/1.2; +https://opensiteexplorer.org/dotbot; help@moz.com)" "www.savemoki.com"
216.244.66.249 - - [06/Sep/2022:09:37:18 -0700] "GET /robots.txt HTTP/1.1" 200 39 "-" "Mozilla/5.0 (compatible; DotBot/1.2; +https://opensiteexplorer.org/dotbot; help@moz.com)" "savemoki.com"
114.119.139.185 - - [06/Sep/2022:09:38:06 -0700] "GET /sitebuilder?C=S%3BO%3DA HTTP/1.1" 301 1426 "https://www.savemoki.com/sitebuilder?D=D" "Mozilla/5.0 (Linux; Android 7.0;) AppleWebKit/537.36 (KHTML, like Gecko) Mobile Safari/537.36 (compatible; PetalBot;+https://webmaster.petalsearch.com/site/petalbot)" "www.savemoki.com"
114.119.139.185 - - [06/Sep/2022:09:38:07 -0700] "GET /sitebuilder/?C=S%3BO%3DA HTTP/1.1" 200 372 "https://www.savemoki.com/sitebuilder?D=D" "Mozilla/5.0 (Linux; Android 7.0;) AppleWebKit/537.36 (KHTML, like Gecko) Mobile Safari/537.36 (compatible; PetalBot;+https://webmaster.petalsearch.com/site/petalbot)" "www.savemoki.com"
44.233.220.227 - - [06/Sep/2022:09:42:05 -0700] "GET / HTTP/1.1" 200 1285 "-" "Mozilla/4.0 (compatible; MSIE 6.0; Windows NT 5.1; FSL 7.0.6.01001)" "savemoki.com"
114.119.139.183 - - [06/Sep/2022:09:43:09 -0700] "GET /blog/wp-content/themes/themeforest-625914-ice-theme-powerful-wordpress-theme-1/PSD HTTP/1.1" 301 1457 "https://savemoki.com/blog/wp-content/themes/themeforest-625914-ice-theme-powerful-wordpress-theme-1?S=D" "Mozilla/5.0 (Linux; Android 7.0;) AppleWebKit/537.36 (KHTML, like Gecko) Mobile Safari/537.36 (compatible; PetalBot;+https://webmaster.petalsearch.com/site/petalbot)" "savemoki.com"
114.119.139.183 - - [06/Sep/2022:09:43:10 -0700] "GET /blog/wp-content/themes/themeforest-625914-ice-theme-powerful-wordpress-theme-1/PSD/ HTTP/1.1" 200 419 "https://savemoki.com/blog/wp-content/themes/themeforest-625914-ice-theme-powerful-wordpress-theme-1?S=D" "Mozilla/5.0 (Linux; Android 7.0;) AppleWebKit/537.36 (KHTML, like Gecko) Mobile Safari/537.36 (compatible; PetalBot;+https://webmaster.petalsearch.com/site/petalbot)" "savemoki.com"
171.241.154.145 - - [06/Sep/2022:09:44:26 -0700] "GET /blog1/2015/05/07/test-post/ HTTP/1.1" 404 73 "http://savemoki.com/blog1/2015/05/07/test-post/" "Mozilla/5.0 (Windows NT 10.0; Win64; x64) AppleWebKit/537.36 (KHTML, like Gecko) Chrome/90.0.4430.72 Safari/537.36 Edg/90.0.818.42" "savemoki.com"
171.241.154.145 - - [06/Sep/2022:09:44:27 -0700] "GET / HTTP/1.1" 200 7350 "http://savemoki.com/" "Mozilla/5.0 (Windows NT 10.0; Win64; x64) AppleWebKit/537.36 (KHTML, like Gecko) Chrome/90.0.4430.72 Safari/537.36 Edg/90.0.818.42" "savemoki.com"
171.241.154.145 - - [06/Sep/2022:09:44:28 -0700] "GET /blog/ HTTP/1.1" 200 698 "http://savemoki.com/blog/" "Mozilla/5.0 (Windows NT 10.0; Win64; x64) AppleWebKit/537.36 (KHTML, like Gecko) Chrome/90.0.4430.72 Safari/537.36 Edg/90.0.818.42" "savemoki.com"
171.241.154.145 - - [06/Sep/2022:09:44:29 -0700] "GET /blog/contact_us.html HTTP/1.1" 404 73 "http://savemoki.com/blog/contact_us.html" "Mozilla/5.0 (Windows NT 10.0; Win64; x64) AppleWebKit/537.36 (KHTML, like Gecko) Chrome/90.0.4430.72 Safari/537.36 Edg/90.0.818.42" "savemoki.com"
171.241.154.145 - - [06/Sep/2022:09:44:29 -0700] "GET /contact_us.html HTTP/1.1" 200 18024 "http://savemoki.com/contact_us.html" "Mozilla/5.0 (Windows NT 10.0; Win64; x64) AppleWebKit/537.36 (KHTML, like Gecko) Chrome/90.0.4430.72 Safari/537.36 Edg/90.0.818.42" "savemoki.com"
114.119.156.133 - - [06/Sep/2022:09:48:02 -0700] "GET /clipart/buttons?C=N%3BO%3DD HTTP/1.1" 301 1429 "https://www.savemoki.com/clipart/buttons?C=M%3BO%3DA" "Mozilla/5.0 (Linux; Android 7.0;) AppleWebKit/537.36 (KHTML, like Gecko) Mobile Safari/537.36 (compatible; PetalBot;+https://webmaster.petalsearch.com/site/petalbot)" "www.savemoki.com"
114.119.156.133 - - [06/Sep/2022:09:48:03 -0700] "GET /clipart/buttons/?C=N%3BO%3DD HTTP/1.1" 200 359 "https://www.savemoki.com/clipart/buttons?C=M%3BO%3DA" "Mozilla/5.0 (Linux; Android 7.0;) AppleWebKit/537.36 (KHTML, like Gecko) Mobile Safari/537.36 (compatible; PetalBot;+https://webmaster.petalsearch.com/site/petalbot)" "www.savemoki.com"
114.119.139.185 - - [06/Sep/2022:09:53:03 -0700] "GET /sitebuilder/scripts/?C=S%3BO%3DA HTTP/1.1" 200 373 "https://savemoki.com/sitebuilder/scripts?N=A" "Mozilla/5.0 (Linux; Android 7.0;) AppleWebKit/537.36 (KHTML, like Gecko) Mobile Safari/537.36 (compatible; PetalBot;+https://webmaster.petalsearch.com/site/petalbot)" "savemoki.com"
65.108.227.178 - - [06/Sep/2022:09:57:32 -0700] "GET /robots.txt HTTP/1.1" 200 39 "-" "Mozilla/5.0 (compatible; MJ12bot/v1.4.8; http://mj12bot.com/)" "www.savemoki.com"
65.108.227.178 - - [06/Sep/2022:09:57:34 -0700] "GET /Ways_U_Can_help.html HTTP/1.1" 200 4289 "-" "Mozilla/5.0 (compatible; MJ12bot/v1.4.8; http://mj12bot.com/)" "www.savemoki.com"
65.108.227.178 - - [06/Sep/2022:09:57:35 -0700] "GET /blog/ HTTP/1.1" 200 352 "-" "Mozilla/5.0 (compatible; MJ12bot/v1.4.8; http://mj12bot.com/)" "www.savemoki.com"
65.108.227.178 - - [06/Sep/2022:09:57:37 -0700] "GET /navigation_bars/ HTTP/1.1" 200 408 "-" "Mozilla/5.0 (compatible; MJ12bot/v1.4.8; http://mj12bot.com/)" "www.savemoki.com"
114.119.139.148 - - [06/Sep/2022:09:59:33 -0700] "GET /sitebuilder?C=S%3BO%3DA HTTP/1.1" 301 1425 "https://savemoki.com/sitebuilder?C=D%3BO%3DA" "Mozilla/5.0 (Linux; Android 7.0;) AppleWebKit/537.36 (KHTML, like Gecko) Mobile Safari/537.36 (compatible; PetalBot;+https://webmaster.petalsearch.com/site/petalbot)" "savemoki.com"
114.119.139.148 - - [06/Sep/2022:09:59:34 -0700] "GET /sitebuilder/?C=S%3BO%3DA HTTP/1.1" 200 372 "https://savemoki.com/sitebuilder?C=D%3BO%3DA" "Mozilla/5.0 (Linux; Android 7.0;) AppleWebKit/537.36 (KHTML, like Gecko) Mobile Safari/537.36 (compatible; PetalBot;+https://webmaster.petalsearch.com/site/petalbot)" "savemoki.com"
114.119.139.148 - - [06/Sep/2022:10:03:05 -0700] "GET /blog/wp-content/themes/themeforest-625914-ice-theme-powerful-wordpress-theme-1/licensing/?C=M%3BO%3DA HTTP/1.1" 200 419 "https://www.savemoki.com/blog/wp-content/themes/themeforest-625914-ice-theme-powerful-wordpress-theme-1/licensing/?C=S%3BO%3DA" "Mozilla/5.0 (Linux; Android 7.0;) AppleWebKit/537.36 (KHTML, like Gecko) Mobile Safari/537.36 (compatible; PetalBot;+https://webmaster.petalsearch.com/site/petalbot)" "www.savemoki.com"
114.119.139.167 - - [06/Sep/2022:10:08:06 -0700] "GET /socialenginetrial/?C=S%3BO%3DA HTTP/1.1" 200 318 "https://www.savemoki.com/socialenginetrial?D=D" "Mozilla/5.0 (Linux; Android 7.0;) AppleWebKit/537.36 (KHTML, like Gecko) Mobile Safari/537.36 (compatible; PetalBot;+https://webmaster.petalsearch.com/site/petalbot)" "www.savemoki.com"
37.139.53.84 - - [06/Sep/2022:10:10:35 -0700] "GET /contact_us.html HTTP/1.1" 200 18024 "http://savemoki.com/contact_us.html" "Mozilla/5.0 (Windows NT 6.1; Win64; x64) AppleWebKit/537.36 (KHTML, like Gecko) Chrome/83.0.4093.3 Safari/537.36" "savemoki.com"
114.119.156.133 - - [06/Sep/2022:10:13:06 -0700] "GET /blog/wp-content/themes/themeforest-625914-ice-theme-powerful-wordpress-theme-1/sample%20content/?C=N%3BO%3DD HTTP/1.1" 200 576 "https://savemoki.com/blog/wp-content/themes/themeforest-625914-ice-theme-powerful-wordpress-theme-1/sample%20content/?C=D%3BO%3DA" "Mozilla/5.0 (Linux; Android 7.0;) AppleWebKit/537.36 (KHTML, like Gecko) Mobile Safari/537.36 (compatible; PetalBot;+https://webmaster.petalsearch.com/site/petalbot)" "savemoki.com"
54.88.88.24 - - [06/Sep/2022:10:16:56 -0700] "GET /mokis_story HTTP/1.1" 200 9307 "-" "Mozilla/5.0 (iPhone; CPU iPhone OS 11_0 like Mac OS X) AppleWebKit/604.1.38 (KHTML, like Gecko) Version/11.0 Mobile/15A372 Safari/604.1" "savemoki.com"
54.88.88.24 - - [06/Sep/2022:10:16:57 -0700] "GET /yahoo_site_admin/assets/images/Sick_Moki.42100047_std.JPG HTTP/1.1" 200 66556 "http://savemoki.com/mokis_story" "Mozilla/5.0 (iPhone; CPU iPhone OS 11_0 like Mac OS X) AppleWebKit/604.1.38 (KHTML, like Gecko) Version/11.0 Mobile/15A372 Safari/604.1" "savemoki.com"
54.88.88.24 - - [06/Sep/2022:10:16:57 -0700] "GET /yahoo_site_admin/assets/images/Moki_resting_in_his_bed.42100540_std.jpg HTTP/1.1" 200 91646 "http://savemoki.com/mokis_story" "Mozilla/5.0 (iPhone; CPU iPhone OS 11_0 like Mac OS X) AppleWebKit/604.1.38 (KHTML, like Gecko) Version/11.0 Mobile/15A372 Safari/604.1" "savemoki.com"
54.88.88.24 - - [06/Sep/2022:10:16:57 -0700] "GET /yahoo_site_admin/assets/images/Mokis_1st_Halloween.42103006_std.JPG HTTP/1.1" 200 113564 "http://savemoki.com/mokis_story" "Mozilla/5.0 (iPhone; CPU iPhone OS 11_0 like Mac OS X) AppleWebKit/604.1.38 (KHTML, like Gecko) Version/11.0 Mobile/15A372 Safari/604.1" "savemoki.com"
54.88.88.24 - - [06/Sep/2022:10:16:57 -0700] "GET /yahoo_site_admin/assets/images/Moki_and_Bandit.42102357_std.JPG HTTP/1.1" 200 96200 "http://savemoki.com/mokis_story" "Mozilla/5.0 (iPhone; CPU iPhone OS 11_0 like Mac OS X) AppleWebKit/604.1.38 (KHTML, like Gecko) Version/11.0 Mobile/15A372 Safari/604.1" "savemoki.com"
114.119.139.167 - - [06/Sep/2022:10:18:11 -0700] "GET /media?D=D HTTP/1.1" 301 1412 "https://savemoki.com/media?D=A" "Mozilla/5.0 (Linux; Android 7.0;) AppleWebKit/537.36 (KHTML, like Gecko) Mobile Safari/537.36 (compatible; PetalBot;+https://webmaster.petalsearch.com/site/petalbot)" "savemoki.com"
114.119.139.167 - - [06/Sep/2022:10:18:11 -0700] "GET /media/?D=D HTTP/1.1" 200 396 "https://savemoki.com/media?D=A" "Mozilla/5.0 (Linux; Android 7.0;) AppleWebKit/537.36 (KHTML, like Gecko) Mobile Safari/537.36 (compatible; PetalBot;+https://webmaster.petalsearch.com/site/petalbot)" "savemoki.com"
77.75.79.36 - - [06/Sep/2022:10:19:59 -0700] "GET /robots.txt HTTP/1.1" 200 55 "-" "Mozilla/5.0 (compatible; SeznamBot/3.2; +http://napoveda.seznam.cz/en/seznambot-intro/)" "savemoki.com"
77.75.79.36 - - [06/Sep/2022:10:20:02 -0700] "GET /sitebuilder/images/Medical_Record_8-449x600.jpg HTTP/1.1" 304 - "-" "Mozilla/5.0 (compatible; SeznamBot/3.2; +http://napoveda.seznam.cz/en/seznambot-intro/)" "savemoki.com"
51.222.253.8 - - [06/Sep/2022:10:20:44 -0700] "GET /clipart/lines/?C=N;O=D HTTP/1.1" 200 359 "-" "Mozilla/5.0 (compatible; AhrefsBot/7.0; +http://ahrefs.com/robot/)" "www.savemoki.com"
114.119.139.183 - - [06/Sep/2022:10:23:05 -0700] "GET /files HTTP/1.1" 301 1409 "https://www.savemoki.com/?C=N%3BO%3DD" "Mozilla/5.0 (Linux; Android 7.0;) AppleWebKit/537.36 (KHTML, like Gecko) Mobile Safari/537.36 (compatible; PetalBot;+https://webmaster.petalsearch.com/site/petalbot)" "www.savemoki.com"
114.119.139.183 - - [06/Sep/2022:10:23:07 -0700] "GET /files/ HTTP/1.1" 200 380 "https://www.savemoki.com/?C=N%3BO%3DD" "Mozilla/5.0 (Linux; Android 7.0;) AppleWebKit/537.36 (KHTML, like Gecko) Mobile Safari/537.36 (compatible; PetalBot;+https://webmaster.petalsearch.com/site/petalbot)" "www.savemoki.com"
216.244.66.249 - - [06/Sep/2022:10:24:32 -0700] "GET /robots.txt HTTP/1.1" 200 39 "-" "Mozilla/5.0 (compatible; DotBot/1.2; +https://opensiteexplorer.org/dotbot; help@moz.com)" "www.savemoki.com"
216.244.66.249 - - [06/Sep/2022:10:24:32 -0700] "GET /robots.txt HTTP/1.1" 200 39 "-" "Mozilla/5.0 (compatible; DotBot/1.2; +https://opensiteexplorer.org/dotbot; help@moz.com)" "savemoki.com"
114.119.134.192 - - [06/Sep/2022:10:28:07 -0700] "GET /files/ HTTP/1.1" 200 380 "https://www.savemoki.com/?C=N%3BO%3DD" "Mozilla/5.0 (Linux; Android 7.0;) AppleWebKit/537.36 (KHTML, like Gecko) Mobile Safari/537.36 (compatible; PetalBot;+https://webmaster.petalsearch.com/site/petalbot)" "www.savemoki.com"
216.244.66.249 - - [06/Sep/2022:10:30:06 -0700] "GET /Mokismedicalsec.html HTTP/1.1" 200 13107 "-" "Mozilla/5.0 (compatible; DotBot/1.2; +https://opensiteexplorer.org/dotbot; help@moz.com)" "www.savemoki.com"
17.121.114.83 - - [06/Sep/2022:10:31:50 -0700] "GET /robots.txt HTTP/1.1" 200 55 "-" "Mozilla/5.0 (Macintosh; Intel Mac OS X 10_15_5) AppleWebKit/605.1.15 (KHTML, like Gecko) Version/13.1.1 Safari/605.1.15 (Applebot/0.1; +http://www.apple.com/go/applebot)" "www.savemoki.com"
17.121.114.83 - - [06/Sep/2022:10:31:50 -0700] "GET /Mokislabpage1.html HTTP/1.1" 200 4020 "-" "Mozilla/5.0 (Macintosh; Intel Mac OS X 10_15_5) AppleWebKit/605.1.15 (KHTML, like Gecko) Version/13.1.1 Safari/605.1.15 (Applebot/0.1; +http://www.apple.com/go/applebot)" "www.savemoki.com"
114.119.139.148 - - [06/Sep/2022:10:33:07 -0700] "GET /blog/wp-content/themes/themeforest-625914-ice-theme-powerful-wordpress-theme-1/sample%20content/contact_page.txt HTTP/1.1" 200 618 "https://savemoki.com/blog/wp-content/themes/themeforest-625914-ice-theme-powerful-wordpress-theme-1/sample%20content/?C=D%3BO%3DA" "Mozilla/5.0 (Linux; Android 7.0;) AppleWebKit/537.36 (KHTML, like Gecko) Mobile Safari/537.36 (compatible; PetalBot;+https://webmaster.petalsearch.com/site/petalbot)" "savemoki.com"
114.119.139.183 - - [06/Sep/2022:10:38:06 -0700] "GET /clipart/buttons/themes/rectangle_yellow/?C=D%3BO%3DA HTTP/1.1" 200 427 "https://www.savemoki.com/clipart/buttons/themes/rectangle_yellow" "Mozilla/5.0 (Linux; Android 7.0;) AppleWebKit/537.36 (KHTML, like Gecko) Mobile Safari/537.36 (compatible; PetalBot;+https://webmaster.petalsearch.com/site/petalbot)" "www.savemoki.com"
10.213.116.63 - - [06/Sep/2022:10:43:10 -0700] "POST /2test/wp-cron.php?doing_wp_cron=1662486190.6104769706726074218750 HTTP/1.1" 200 - "http://savemoki.com/2test/wp-cron.php?doing_wp_cron=1662486190.6104769706726074218750" "WordPress/5.4.11; http://savemoki.com/2test" "savemoki.com"
114.119.156.133 - - [06/Sep/2022:10:43:06 -0700] "GET /2test/index.php/courses/kindergarten?tab=tab-curriculum HTTP/1.1" 200 22468 "http://savemoki.com/2test/index.php/courses/kindergarten" "Mozilla/5.0 (Linux; Android 7.0;) AppleWebKit/537.36 (KHTML, like Gecko) Mobile Safari/537.36 (compatible; PetalBot;+https://webmaster.petalsearch.com/site/petalbot)" "savemoki.com"
114.119.156.133 - - [06/Sep/2022:10:48:15 -0700] "GET /socialenginetrial?M=D HTTP/1.1" 301 1422 "https://www.savemoki.com/socialenginetrial?M=A" "Mozilla/5.0 (Linux; Android 7.0;) AppleWebKit/537.36 (KHTML, like Gecko) Mobile Safari/537.36 (compatible; PetalBot;+https://webmaster.petalsearch.com/site/petalbot)" "www.savemoki.com"
114.119.156.133 - - [06/Sep/2022:10:48:23 -0700] "GET /socialenginetrial/?M=D HTTP/1.1" 200 318 "https://www.savemoki.com/socialenginetrial?M=A" "Mozilla/5.0 (Linux; Android 7.0;) AppleWebKit/537.36 (KHTML, like Gecko) Mobile Safari/537.36 (compatible; PetalBot;+https://webmaster.petalsearch.com/site/petalbot)" "www.savemoki.com"
114.119.139.183 - - [06/Sep/2022:10:53:18 -0700] "GET /clipart/backgrounds/fullpage?N=A HTTP/1.1" 301 1423 "https://www.savemoki.com/clipart/backgrounds/fullpage?D=D" "Mozilla/5.0 (Linux; Android 7.0;) AppleWebKit/537.36 (KHTML, like Gecko) Mobile Safari/537.36 (compatible; PetalBot;+https://webmaster.petalsearch.com/site/petalbot)" "www.savemoki.com"
114.119.139.183 - - [06/Sep/2022:10:53:21 -0700] "GET /clipart/backgrounds/fullpage/?N=A HTTP/1.1" 200 389 "https://www.savemoki.com/clipart/backgrounds/fullpage?D=D" "Mozilla/5.0 (Linux; Android 7.0;) AppleWebKit/537.36 (KHTML, like Gecko) Mobile Safari/537.36 (compatible; PetalBot;+https://webmaster.petalsearch.com/site/petalbot)" "www.savemoki.com"
114.119.139.167 - - [06/Sep/2022:10:58:08 -0700] "GET /clipart/buttons/?C=D%3BO%3DA HTTP/1.1" 200 359 "https://savemoki.com/clipart/buttons?S=A" "Mozilla/5.0 (Linux; Android 7.0;) AppleWebKit/537.36 (KHTML, like Gecko) Mobile Safari/537.36 (compatible; PetalBot;+https://webmaster.petalsearch.com/site/petalbot)" "savemoki.com"
185.100.87.139 - - [06/Sep/2022:11:00:10 -0700] "GET /blog1/2015/05/07/test-post/ HTTP/1.1" 404 73 "http://savemoki.com/blog1/2015/05/07/test-post/" "Mozilla/5.0 (Windows NT 6.1; Win64; x64) AppleWebKit/537.36 (KHTML, like Gecko) Chrome/90.0.4430.93 Safari/537.36" "savemoki.com"
185.100.87.139 - - [06/Sep/2022:11:00:11 -0700] "GET / HTTP/1.1" 200 7350 "http://savemoki.com/" "Mozilla/5.0 (Windows NT 6.1; Win64; x64) AppleWebKit/537.36 (KHTML, like Gecko) Chrome/90.0.4430.93 Safari/537.36" "savemoki.com"
185.100.87.139 - - [06/Sep/2022:11:00:12 -0700] "GET /blog/ HTTP/1.1" 200 698 "http://savemoki.com/blog/" "Mozilla/5.0 (Windows NT 6.1; Win64; x64) AppleWebKit/537.36 (KHTML, like Gecko) Chrome/90.0.4430.93 Safari/537.36" "savemoki.com"
185.100.87.139 - - [06/Sep/2022:11:00:13 -0700] "GET /blog/contact_us.html HTTP/1.1" 404 73 "http://savemoki.com/blog/contact_us.html" "Mozilla/5.0 (Windows NT 6.1; Win64; x64) AppleWebKit/537.36 (KHTML, like Gecko) Chrome/90.0.4430.93 Safari/537.36" "savemoki.com"
185.100.87.139 - - [06/Sep/2022:11:00:14 -0700] "GET /contact_us.html HTTP/1.1" 200 18024 "http://savemoki.com/contact_us.html" "Mozilla/5.0 (Windows NT 6.1; Win64; x64) AppleWebKit/537.36 (KHTML, like Gecko) Chrome/90.0.4430.93 Safari/537.36" "savemoki.com"
114.119.139.183 - - [06/Sep/2022:11:03:08 -0700] "GET /?C=N%3BO%3DD HTTP/1.1" 200 1285 "http://savemoki.com?C=D%3BO%3DA" "Mozilla/5.0 (Linux; Android 7.0;) AppleWebKit/537.36 (KHTML, like Gecko) Mobile Safari/537.36 (compatible; PetalBot;+https://webmaster.petalsearch.com/site/petalbot)" "savemoki.com"
37.252.13.203 - - [06/Sep/2022:11:04:12 -0700] "GET /wp-content/uploads/wp-dba.php HTTP/1.1" 404 88 "-" "Mozilla/4.0 (compatible; MSIE 6.0; Windows NT 5.1; SV1)" "savemoki.com"
114.119.156.133 - - [06/Sep/2022:11:08:14 -0700] "GET /2test/index.php/courses/kindergarten HTTP/1.1" 200 22451 "https://savemoki.com/2test/index.php/2020/04/03/sample-page" "Mozilla/5.0 (Linux; Android 7.0;) AppleWebKit/537.36 (KHTML, like Gecko) Mobile Safari/537.36 (compatible; PetalBot;+https://webmaster.petalsearch.com/site/petalbot)" "savemoki.com"
51.222.253.20 - - [06/Sep/2022:11:09:19 -0700] "GET /blog/wp-content/themes/themeforest-625914-ice-theme-powerful-wordpress-theme-1/PSD/?C=N;O=D HTTP/1.1" 200 418 "-" "Mozilla/5.0 (compatible; AhrefsBot/7.0; +http://ahrefs.com/robot/)" "savemoki.com"
216.244.66.249 - - [06/Sep/2022:11:11:44 -0700] "GET /robots.txt HTTP/1.1" 200 39 "-" "Mozilla/5.0 (compatible; DotBot/1.2; +https://opensiteexplorer.org/dotbot; help@moz.com)" "www.savemoki.com"
216.244.66.249 - - [06/Sep/2022:11:11:44 -0700] "GET /robots.txt HTTP/1.1" 200 39 "-" "Mozilla/5.0 (compatible; DotBot/1.2; +https://opensiteexplorer.org/dotbot; help@moz.com)" "savemoki.com"
114.119.139.167 - - [06/Sep/2022:11:14:33 -0700] "GET /blog/wp-content?M=A HTTP/1.1" 301 1419 "https://savemoki.com/blog/wp-content?N=D" "Mozilla/5.0 (Linux; Android 7.0;) AppleWebKit/537.36 (KHTML, like Gecko) Mobile Safari/537.36 (compatible; PetalBot;+https://webmaster.petalsearch.com/site/petalbot)" "savemoki.com"
114.119.139.167 - - [06/Sep/2022:11:14:33 -0700] "GET /blog/wp-content/?M=A HTTP/1.1" 200 359 "https://savemoki.com/blog/wp-content?N=D" "Mozilla/5.0 (Linux; Android 7.0;) AppleWebKit/537.36 (KHTML, like Gecko) Mobile Safari/537.36 (compatible; PetalBot;+https://webmaster.petalsearch.com/site/petalbot)" "savemoki.com"
114.119.139.167 - - [06/Sep/2022:11:18:18 -0700] "GET /2test/wp-login.php?redirect_to=http://savemoki.com/2test/index.php/2020/04/03/hello-world/ HTTP/1.1" 200 6078 "http://savemoki.com/2test/index.php/2020/04/03/hello-world/" "Mozilla/5.0 (Linux; Android 7.0;) AppleWebKit/537.36 (KHTML, like Gecko) Mobile Safari/537.36 (compatible; PetalBot;+https://webmaster.petalsearch.com/site/petalbot)" "savemoki.com"
77.75.76.161 - - [06/Sep/2022:11:21:59 -0700] "GET /robots.txt HTTP/1.1" 200 55 "-" "Mozilla/5.0 (compatible; SeznamBot/3.2; +http://napoveda.seznam.cz/en/seznambot-intro/)" "savemoki.com"
77.75.76.161 - - [06/Sep/2022:11:22:01 -0700] "GET /images/Light_that_breaks2.JPG HTTP/1.1" 304 - "-" "Mozilla/5.0 (compatible; SeznamBot/3.2; +http://napoveda.seznam.cz/en/seznambot-intro/)" "savemoki.com"
114.119.156.133 - - [06/Sep/2022:11:23:23 -0700] "GET /files?N=A HTTP/1.1" 301 1411 "https://savemoki.com/files?D=D" "Mozilla/5.0 (Linux; Android 7.0;) AppleWebKit/537.36 (KHTML, like Gecko) Mobile Safari/537.36 (compatible; PetalBot;+https://webmaster.petalsearch.com/site/petalbot)" "savemoki.com"
114.119.156.133 - - [06/Sep/2022:11:23:24 -0700] "GET /files/?N=A HTTP/1.1" 200 380 "https://savemoki.com/files?D=D" "Mozilla/5.0 (Linux; Android 7.0;) AppleWebKit/537.36 (KHTML, like Gecko) Mobile Safari/537.36 (compatible; PetalBot;+https://webmaster.petalsearch.com/site/petalbot)" "savemoki.com"
82.118.29.201 - - [06/Sep/2022:11:29:06 -0700] "GET /blog1/2015/05/07/test-post/ HTTP/1.1" 404 73 "http://savemoki.com/blog1/2015/05/07/test-post/" "Mozilla/5.0 (Windows NT 10.0; Win64; x64) AppleWebKit/537.36 (KHTML, like Gecko) Chrome/90.0.4430.93 Safari/537.36" "savemoki.com"
82.118.29.201 - - [06/Sep/2022:11:29:06 -0700] "GET / HTTP/1.1" 200 7350 "http://savemoki.com/" "Mozilla/5.0 (Windows NT 10.0; Win64; x64) AppleWebKit/537.36 (KHTML, like Gecko) Chrome/90.0.4430.93 Safari/537.36" "savemoki.com"
71.202.198.194 - - [06/Sep/2022:11:39:10 -0700] "GET /2test/index.php/comments/feed/ HTTP/1.1" 200 1847 "-" "-" "savemoki.com"
10.213.116.62 - - [06/Sep/2022:11:39:14 -0700] "POST /2test/wp-cron.php?doing_wp_cron=1662489554.1819660663604736328125 HTTP/1.1" 200 - "http://savemoki.com/2test/wp-cron.php?doing_wp_cron=1662489554.1819660663604736328125" "WordPress/5.4.11; http://savemoki.com/2test" "savemoki.com"
216.244.66.249 - - [06/Sep/2022:12:00:05 -0700] "GET /robots.txt HTTP/1.1" 200 39 "-" "Mozilla/5.0 (compatible; DotBot/1.2; +https://opensiteexplorer.org/dotbot; help@moz.com)" "www.savemoki.com"
216.244.66.249 - - [06/Sep/2022:12:00:05 -0700] "GET /robots.txt HTTP/1.1" 200 39 "-" "Mozilla/5.0 (compatible; DotBot/1.2; +https://opensiteexplorer.org/dotbot; help@moz.com)" "savemoki.com"
66.249.79.95 - - [06/Sep/2022:12:14:29 -0700] "GET /images/613627_1196558651_1_.gif HTTP/1.1" 200 48960 "-" "Googlebot-Image/1.0" "savemoki.com"
95.79.135.99 - - [06/Sep/2022:12:17:16 -0700] "GET /blog1/2015/05/07/test-post/ HTTP/1.1" 404 73 "http://savemoki.com/blog1/2015/05/07/test-post/" "Mozilla/5.0 (Windows NT 6.1) AppleWebKit/537.36 (KHTML, like Gecko) Chrome/90.0.4430.72 Safari/537.36" "savemoki.com"
95.79.135.99 - - [06/Sep/2022:12:17:16 -0700] "GET / HTTP/1.1" 200 7350 "http://savemoki.com/" "Mozilla/5.0 (Windows NT 6.1) AppleWebKit/537.36 (KHTML, like Gecko) Chrome/90.0.4430.72 Safari/537.36" "savemoki.com"
95.79.135.99 - - [06/Sep/2022:12:17:17 -0700] "GET /blog/ HTTP/1.1" 200 698 "http://savemoki.com/blog/" "Mozilla/5.0 (Windows NT 6.1) AppleWebKit/537.36 (KHTML, like Gecko) Chrome/90.0.4430.72 Safari/537.36" "savemoki.com"
95.79.135.99 - - [06/Sep/2022:12:17:17 -0700] "GET /blog/contact_us.html HTTP/1.1" 404 73 "http://savemoki.com/blog/contact_us.html" "Mozilla/5.0 (Windows NT 6.1) AppleWebKit/537.36 (KHTML, like Gecko) Chrome/90.0.4430.72 Safari/537.36" "savemoki.com"
95.79.135.99 - - [06/Sep/2022:12:17:18 -0700] "GET /contact_us.html HTTP/1.1" 200 18024 "http://savemoki.com/contact_us.html" "Mozilla/5.0 (Windows NT 6.1) AppleWebKit/537.36 (KHTML, like Gecko) Chrome/90.0.4430.72 Safari/537.36" "savemoki.com"
77.75.79.95 - - [06/Sep/2022:12:19:39 -0700] "GET /robots.txt HTTP/1.1" 200 55 "-" "Mozilla/5.0 (compatible; SeznamBot/3.2; +http://napoveda.seznam.cz/en/seznambot-intro/)" "savemoki.com"
77.75.79.95 - - [06/Sep/2022:12:19:40 -0700] "GET /images/Moki_s_1st_Halloween.JPG HTTP/1.1" 304 - "-" "Mozilla/5.0 (compatible; SeznamBot/3.2; +http://napoveda.seznam.cz/en/seznambot-intro/)" "savemoki.com"
71.202.198.194 - - [06/Sep/2022:12:29:41 -0700] "GET /2test/index.php/comments/feed/ HTTP/1.1" 200 1847 "-" "-" "savemoki.com"
10.213.116.62 - - [06/Sep/2022:12:29:46 -0700] "POST /2test/wp-cron.php?doing_wp_cron=1662492586.1366939544677734375000 HTTP/1.1" 200 - "http://savemoki.com/2test/wp-cron.php?doing_wp_cron=1662492586.1366939544677734375000" "WordPress/5.4.11; http://savemoki.com/2test" "savemoki.com"
185.191.171.41 - - [06/Sep/2022:12:34:00 -0700] "GET /robots.txt HTTP/1.1" 200 55 "-" "Mozilla/5.0 (compatible; SemrushBot/7~bl; +http://www.semrush.com/bot.html)" "savemoki.com"
185.191.171.10 - - [06/Sep/2022:12:34:00 -0700] "GET /other_cats_in_need HTTP/1.1" 200 3395 "-" "Mozilla/5.0 (compatible; SemrushBot/7~bl; +http://www.semrush.com/bot.html)" "savemoki.com"
37.139.53.84 - - [06/Sep/2022:12:36:27 -0700] "GET /contact_us.html HTTP/1.1" 200 18024 "http://savemoki.com/contact_us.html" "Mozilla/5.0 (Windows NT 6.1; WOW64) AppleWebKit/537.36 (KHTML, like Gecko) Chrome/83.0.4102.0 Safari/537.36" "savemoki.com"
95.25.134.45 - - [06/Sep/2022:12:43:11 -0700] "GET /blog1/2015/05/07/test-post/ HTTP/1.1" 404 73 "http://savemoki.com/blog1/2015/05/07/test-post/" "Mozilla/5.0 (Windows NT 10.0; Win64; x64) AppleWebKit/537.36 (KHTML, like Gecko) Chrome/90.0.4430.85 Safari/537.36 Edg/90.0.818.49" "savemoki.com"
95.25.134.45 - - [06/Sep/2022:12:43:12 -0700] "GET / HTTP/1.1" 200 7350 "http://savemoki.com/" "Mozilla/5.0 (Windows NT 10.0; Win64; x64) AppleWebKit/537.36 (KHTML, like Gecko) Chrome/90.0.4430.85 Safari/537.36 Edg/90.0.818.49" "savemoki.com"
95.25.134.45 - - [06/Sep/2022:12:43:12 -0700] "GET /blog/ HTTP/1.1" 200 698 "http://savemoki.com/blog/" "Mozilla/5.0 (Windows NT 10.0; Win64; x64) AppleWebKit/537.36 (KHTML, like Gecko) Chrome/90.0.4430.85 Safari/537.36 Edg/90.0.818.49" "savemoki.com"
95.25.134.45 - - [06/Sep/2022:12:43:13 -0700] "GET /blog/contact_us.html HTTP/1.1" 404 73 "http://savemoki.com/blog/contact_us.html" "Mozilla/5.0 (Windows NT 10.0; Win64; x64) AppleWebKit/537.36 (KHTML, like Gecko) Chrome/90.0.4430.85 Safari/537.36 Edg/90.0.818.49" "savemoki.com"
95.25.134.45 - - [06/Sep/2022:12:43:14 -0700] "GET /blog/contact_us.html HTTP/1.1" 404 73 "http://savemoki.com/blog/contact_us.html" "Mozilla/5.0 (Windows NT 10.0; Win64; x64) AppleWebKit/537.36 (KHTML, like Gecko) Chrome/90.0.4430.85 Safari/537.36 Edg/90.0.818.49" "savemoki.com"
51.222.253.9 - - [06/Sep/2022:12:48:21 -0700] "GET / HTTP/1.1" 200 1285 "-" "Mozilla/5.0 (compatible; AhrefsBot/7.0; +http://ahrefs.com/robot/)" "www.savemoki.com"
216.244.66.249 - - [06/Sep/2022:13:06:07 -0700] "GET /robots.txt HTTP/1.1" 200 39 "-" "Mozilla/5.0 (compatible; DotBot/1.2; +https://opensiteexplorer.org/dotbot; help@moz.com)" "www.savemoki.com"
216.244.66.249 - - [06/Sep/2022:13:06:07 -0700] "GET /robots.txt HTTP/1.1" 200 39 "-" "Mozilla/5.0 (compatible; DotBot/1.2; +https://opensiteexplorer.org/dotbot; help@moz.com)" "savemoki.com"
192.99.160.200 - - [06/Sep/2022:13:15:11 -0700] "GET /robots.txt HTTP/1.1" 200 39 "-" "Mozilla/5.0 (compatible; MJ12bot/v1.4.8; http://mj12bot.com/)" "savemoki.com"
192.99.160.200 - - [06/Sep/2022:13:15:13 -0700] "GET / HTTP/1.1" 200 1285 "-" "Mozilla/5.0 (compatible; MJ12bot/v1.4.8; http://mj12bot.com/)" "savemoki.com"
77.75.79.11 - - [06/Sep/2022:13:20:15 -0700] "GET /robots.txt HTTP/1.1" 200 55 "-" "Mozilla/5.0 (compatible; SeznamBot/3.2; +http://napoveda.seznam.cz/en/seznambot-intro/)" "savemoki.com"
77.75.79.11 - - [06/Sep/2022:13:20:17 -0700] "GET /images/Moki_Cubs.JPG HTTP/1.1" 304 - "-" "Mozilla/5.0 (compatible; SeznamBot/3.2; +http://napoveda.seznam.cz/en/seznambot-intro/)" "savemoki.com"
216.244.66.249 - - [06/Sep/2022:13:30:22 -0700] "GET /media/ HTTP/1.1" 200 871 "-" "Mozilla/5.0 (compatible; DotBot/1.2; +https://opensiteexplorer.org/dotbot; help@moz.com)" "www.savemoki.com"
71.202.198.194 - - [06/Sep/2022:13:31:33 -0700] "GET /2test/index.php/comments/feed/ HTTP/1.1" 200 1847 "-" "-" "savemoki.com"
10.213.116.63 - - [06/Sep/2022:13:31:37 -0700] "POST /2test/wp-cron.php?doing_wp_cron=1662496297.5515670776367187500000 HTTP/1.1" 200 - "http://savemoki.com/2test/wp-cron.php?doing_wp_cron=1662496297.5515670776367187500000" "WordPress/5.4.11; http://savemoki.com/2test" "savemoki.com"
20.169.69.242 - - [06/Sep/2022:13:39:01 -0700] "GET /wp-admin/css/ HTTP/1.1" 404 88 "binance.com" "Mozilla/5.0 (Windows NT 10.0; Win64; x64) AppleWebKit/537.36 (KHTML, like Gecko) Chrome/90.0.4430.85 Safari/537.36" "savemoki.com"
20.169.69.242 - - [06/Sep/2022:13:39:01 -0700] "GET /sites/default/files/ HTTP/1.1" 404 88 "binance.com" "Mozilla/5.0 (Windows NT 10.0; Win64; x64) AppleWebKit/537.36 (KHTML, like Gecko) Chrome/90.0.4430.85 Safari/537.36" "savemoki.com"
20.169.69.242 - - [06/Sep/2022:13:39:01 -0700] "GET /admin/controller/extension/extension/ HTTP/1.1" 404 88 "binance.com" "Mozilla/5.0 (Windows NT 10.0; Win64; x64) AppleWebKit/537.36 (KHTML, like Gecko) Chrome/90.0.4430.85 Safari/537.36" "savemoki.com"
20.169.69.242 - - [06/Sep/2022:13:39:01 -0700] "GET /uploads/ HTTP/1.1" 404 88 "binance.com" "Mozilla/5.0 (Windows NT 10.0; Win64; x64) AppleWebKit/537.36 (KHTML, like Gecko) Chrome/90.0.4430.85 Safari/537.36" "savemoki.com"
20.169.69.242 - - [06/Sep/2022:13:39:02 -0700] "GET /images/ HTTP/1.1" 200 2158 "binance.com" "Mozilla/5.0 (Windows NT 10.0; Win64; x64) AppleWebKit/537.36 (KHTML, like Gecko) Chrome/90.0.4430.85 Safari/537.36" "savemoki.com"
20.169.69.242 - - [06/Sep/2022:13:39:02 -0700] "GET /files/ HTTP/1.1" 200 380 "binance.com" "Mozilla/5.0 (Windows NT 10.0; Win64; x64) AppleWebKit/537.36 (KHTML, like Gecko) Chrome/90.0.4430.85 Safari/537.36" "savemoki.com"
51.222.253.7 - - [06/Sep/2022:13:55:53 -0700] "GET / HTTP/1.1" 200 1285 "-" "Mozilla/5.0 (compatible; AhrefsBot/7.0; +http://ahrefs.com/robot/)" "www.savemoki.com"
216.244.66.249 - - [06/Sep/2022:14:11:06 -0700] "GET /robots.txt HTTP/1.1" 200 39 "-" "Mozilla/5.0 (compatible; DotBot/1.2; +https://opensiteexplorer.org/dotbot; help@moz.com)" "savemoki.com"
216.244.66.249 - - [06/Sep/2022:14:11:06 -0700] "GET /robots.txt HTTP/1.1" 200 39 "-" "Mozilla/5.0 (compatible; DotBot/1.2; +https://opensiteexplorer.org/dotbot; help@moz.com)" "www.savemoki.com"
77.75.76.161 - - [06/Sep/2022:14:21:42 -0700] "GET /robots.txt HTTP/1.1" 200 55 "-" "Mozilla/5.0 (compatible; SeznamBot/3.2; +http://napoveda.seznam.cz/en/seznambot-intro/)" "savemoki.com"
77.75.76.161 - - [06/Sep/2022:14:21:44 -0700] "GET /images/UC_Davis_Visit_3_13_08.jpg HTTP/1.1" 304 - "-" "Mozilla/5.0 (compatible; SeznamBot/3.2; +http://napoveda.seznam.cz/en/seznambot-intro/)" "savemoki.com"
46.185.124.235 - - [06/Sep/2022:14:25:36 -0700] "GET /blog1/2015/05/07/test-post/ HTTP/1.1" 404 73 "http://savemoki.com/blog1/2015/05/07/test-post/" "Mozilla/5.0 (Windows NT 10.0; Win64; x64) AppleWebKit/537.36 (KHTML, like Gecko) Chrome/90.0.4430.72 Safari/537.36 Edg/90.0.818.39" "savemoki.com"
46.185.124.235 - - [06/Sep/2022:14:25:44 -0700] "GET / HTTP/1.1" 200 7350 "http://savemoki.com/" "Mozilla/5.0 (Windows NT 10.0; Win64; x64) AppleWebKit/537.36 (KHTML, like Gecko) Chrome/90.0.4430.72 Safari/537.36 Edg/90.0.818.39" "savemoki.com"
95.91.109.15 - - [06/Sep/2022:14:28:36 -0700] "GET /robots.txt HTTP/1.1" 200 39 "-" "Mozilla/5.0 (compatible; MJ12bot/v1.4.8; http://mj12bot.com/)" "savemoki.com"
95.91.109.15 - - [06/Sep/2022:14:28:37 -0700] "GET /sitebuilder/scripts/?C=D;O=A HTTP/1.1" 200 739 "-" "Mozilla/5.0 (compatible; MJ12bot/v1.4.8; http://mj12bot.com/)" "savemoki.com"
95.91.109.15 - - [06/Sep/2022:14:28:44 -0700] "GET /sitebuilder/scripts/?C=M;O=A HTTP/1.1" 200 739 "-" "Mozilla/5.0 (compatible; MJ12bot/v1.4.8; http://mj12bot.com/)" "savemoki.com"
95.91.109.15 - - [06/Sep/2022:14:28:46 -0700] "GET /sitebuilder/scripts/?C=N;O=D HTTP/1.1" 200 739 "-" "Mozilla/5.0 (compatible; MJ12bot/v1.4.8; http://mj12bot.com/)" "savemoki.com"
95.91.109.15 - - [06/Sep/2022:14:28:47 -0700] "GET /sitebuilder/scripts/?C=S;O=A HTTP/1.1" 200 739 "-" "Mozilla/5.0 (compatible; MJ12bot/v1.4.8; http://mj12bot.com/)" "savemoki.com"
95.91.109.15 - - [06/Sep/2022:14:28:49 -0700] "GET /sitebuilder/scripts/layers.js HTTP/1.1" 200 4045 "-" "Mozilla/5.0 (compatible; MJ12bot/v1.4.8; http://mj12bot.com/)" "savemoki.com"
37.139.53.84 - - [06/Sep/2022:14:56:02 -0700] "GET /contact_us.html HTTP/1.1" 200 18024 "http://savemoki.com/contact_us.html" "Mozilla/5.0 (Windows NT 10.0; Win64; x64) AppleWebKit/537.36 (KHTML, like Gecko) Chrome/83.0.4099.2 Safari/537.36" "savemoki.com"
216.244.66.249 - - [06/Sep/2022:14:58:48 -0700] "GET /robots.txt HTTP/1.1" 200 39 "-" "Mozilla/5.0 (compatible; DotBot/1.2; +https://opensiteexplorer.org/dotbot; help@moz.com)" "www.savemoki.com"
216.244.66.249 - - [06/Sep/2022:14:58:48 -0700] "GET /robots.txt HTTP/1.1" 200 39 "-" "Mozilla/5.0 (compatible; DotBot/1.2; +https://opensiteexplorer.org/dotbot; help@moz.com)" "savemoki.com"
151.80.67.229 - - [06/Sep/2022:15:13:01 -0700] "GET /wp-add.php?v=WQEHW&c=sqiasg HTTP/1.1" 404 73 "savemoki.com" "Mozilla/5.0 (Windows NT 6.1; WOW64) AppleWebKit/537.36 (KHTML, like Gecko) Chrome/50.0.2661.75 Safari/537.36" "savemoki.com"
77.75.79.32 - - [06/Sep/2022:15:20:20 -0700] "GET /robots.txt HTTP/1.1" 200 55 "-" "Mozilla/5.0 (compatible; SeznamBot/3.2; +http://napoveda.seznam.cz/en/seznambot-intro/)" "savemoki.com"
77.75.79.32 - - [06/Sep/2022:15:20:23 -0700] "GET /images/Lab_6.jpg HTTP/1.1" 304 - "-" "Mozilla/5.0 (compatible; SeznamBot/3.2; +http://napoveda.seznam.cz/en/seznambot-intro/)" "savemoki.com"
51.222.253.4 - - [06/Sep/2022:15:28:00 -0700] "GET /clipart/pageHeaders/?C=D;O=D HTTP/1.1" 200 427 "-" "Mozilla/5.0 (compatible; AhrefsBot/7.0; +http://ahrefs.com/robot/)" "savemoki.com"
216.244.66.249 - - [06/Sep/2022:15:46:41 -0700] "GET /robots.txt HTTP/1.1" 200 39 "-" "Mozilla/5.0 (compatible; DotBot/1.2; +https://opensiteexplorer.org/dotbot; help@moz.com)" "savemoki.com"
216.244.66.249 - - [06/Sep/2022:15:46:41 -0700] "GET /robots.txt HTTP/1.1" 200 39 "-" "Mozilla/5.0 (compatible; DotBot/1.2; +https://opensiteexplorer.org/dotbot; help@moz.com)" "www.savemoki.com"
125.212.225.132 - - [06/Sep/2022:15:52:35 -0700] "GET /wp-config-sample.php?stream=stream HTTP/1.1" 404 73 "savemoki.com" "Mozilla/5.0 (Windows NT 6.1; WOW64) AppleWebKit/537.36 (KHTML, like Gecko) Chrome/50.0.2661.75 Safari/537.36" "savemoki.com"
125.212.225.132 - - [06/Sep/2022:15:54:34 -0700] "GET /wp-content/plugins/wpzip/wpzip.php HTTP/1.1" 404 73 "savemoki.com" "Mozilla/5.0 (Windows NT 6.1; WOW64) AppleWebKit/537.36 (KHTML, like Gecko) Chrome/50.0.2661.75 Safari/537.36" "savemoki.com"
207.46.13.232 - - [06/Sep/2022:15:55:45 -0700] "GET /robots.txt HTTP/1.1" 200 55 "-" "Mozilla/5.0 (compatible; bingbot/2.0; +http://www.bing.com/bingbot.htm)" "savemoki.com"
157.55.39.193 - - [06/Sep/2022:15:55:55 -0700] "GET /updates_on_special_friends.html HTTP/1.1" 404 88 "-" "Mozilla/5.0 (compatible; bingbot/2.0; +http://www.bing.com/bingbot.htm)" "savemoki.com"
