134.35.32.127 - - [06/Sep/2022:01:51:36 -0700] "GET /contact_us.html HTTP/1.1" 200 18024 "http://savemoki.com/contact_us.html" "Mozilla/5.0 (Windows NT 6.1; WOW64) AppleWebKit/537.36 (KHTML, like Gecko) Chrome/90.0.4430.85 Safari/537.36" "savemoki.com"
51.222.253.9 - - [06/Sep/2022:01:57:36 -0700] "GET / HTTP/1.1" 200 1285 "-" "Mozilla/5.0 (compatible; AhrefsBot/7.0; +http://ahrefs.com/robot/)" "www.savemoki.com"
54.36.148.115 - - [06/Sep/2022:01:58:27 -0700] "GET /robots.txt HTTP/1.1" 200 55 "-" "Mozilla/5.0 (compatible; AhrefsBot/7.0; +http://ahrefs.com/robot/)" "www.savemoki.com"
51.222.253.2 - - [06/Sep/2022:01:58:28 -0700] "GET / HTTP/1.1" 200 1285 "-" "Mozilla/5.0 (compatible; AhrefsBot/7.0; +http://ahrefs.com/robot/)" "www.savemoki.com"
51.222.253.8 - - [06/Sep/2022:01:59:27 -0700] "GET /blog/wp-content/themes/themeforest-625914-ice-theme-powerful-wordpress-theme-1/licensing/?C=D;O=D HTTP/1.1" 200 417 "-" "Mozilla/5.0 (compatible; AhrefsBot/7.0; +http://ahrefs.com/robot/)" "savemoki.com"
51.222.253.14 - - [06/Sep/2022:02:00:11 -0700] "GET /Mokislabpage1.html HTTP/1.1" 200 4020 "-" "Mozilla/5.0 (compatible; AhrefsBot/7.0; +http://ahrefs.com/robot/)" "savemoki.com"
51.222.253.15 - - [06/Sep/2022:02:00:13 -0700] "GET /sitebuilder/images/inactive.gif HTTP/1.1" 200 714 "-" "Mozilla/5.0 (compatible; AhrefsBot/7.0; +http://ahrefs.com/robot/)" "savemoki.com"
51.222.253.17 - - [06/Sep/2022:02:00:14 -0700] "GET /sitebuilder/images/navbar-3-inactive-08187.png HTTP/1.1" 200 738 "-" "Mozilla/5.0 (compatible; AhrefsBot/7.0; +http://ahrefs.com/robot/)" "savemoki.com"
51.222.253.18 - - [06/Sep/2022:02:00:14 -0700] "GET /Mokislabpage1.html HTTP/1.1" 200 4020 "-" "Mozilla/5.0 (compatible; AhrefsBot/7.0; +http://ahrefs.com/robot/)" "savemoki.com"
51.222.253.5 - - [06/Sep/2022:02:00:15 -0700] "GET /sitebuilder/images/navbar-8-inactive-08812.png HTTP/1.1" 200 630 "-" "Mozilla/5.0 (compatible; AhrefsBot/7.0; +http://ahrefs.com/robot/)" "savemoki.com"
51.222.253.10 - - [06/Sep/2022:02:00:16 -0700] "GET /clipart/images/sidebars/flower_blue_green.jpg HTTP/1.1" 200 9491 "-" "Mozilla/5.0 (compatible; AhrefsBot/7.0; +http://ahrefs.com/robot/)" "savemoki.com"
51.222.253.5 - - [06/Sep/2022:02:00:17 -0700] "GET /sitebuilder/images/Lab_2-450x600.jpg HTTP/1.1" 200 40072 "-" "Mozilla/5.0 (compatible; AhrefsBot/7.0; +http://ahrefs.com/robot/)" "savemoki.com"
51.222.253.5 - - [06/Sep/2022:02:00:19 -0700] "GET /sitebuilder/images/Lab_4-450x600.jpg HTTP/1.1" 200 40078 "-" "Mozilla/5.0 (compatible; AhrefsBot/7.0; +http://ahrefs.com/robot/)" "savemoki.com"
51.222.253.11 - - [06/Sep/2022:02:00:34 -0700] "GET /blog/wp-content/themes/themeforest-625914-ice-theme-powerful-wordpress-theme-1/licensing/?C=M;O=D HTTP/1.1" 200 417 "-" "Mozilla/5.0 (compatible; AhrefsBot/7.0; +http://ahrefs.com/robot/)" "savemoki.com"
51.222.253.5 - - [06/Sep/2022:02:00:39 -0700] "GET /sitebuilder/images/navbar-6-inactive-85593.png HTTP/1.1" 200 831 "-" "Mozilla/5.0 (compatible; AhrefsBot/7.0; +http://ahrefs.com/robot/)" "savemoki.com"
51.222.253.12 - - [06/Sep/2022:02:00:40 -0700] "GET /sitebuilder/images/navbar-6-inactive-08687.png HTTP/1.1" 200 699 "-" "Mozilla/5.0 (compatible; AhrefsBot/7.0; +http://ahrefs.com/robot/)" "savemoki.com"
51.222.253.10 - - [06/Sep/2022:02:00:40 -0700] "GET /sitebuilder/images/navbar-1-inactive-08062.png HTTP/1.1" 200 660 "-" "Mozilla/5.0 (compatible; AhrefsBot/7.0; +http://ahrefs.com/robot/)" "savemoki.com"
51.222.253.15 - - [06/Sep/2022:02:00:41 -0700] "GET /sitebuilder/images/navbar-5-active-85531.png HTTP/1.1" 200 543 "-" "Mozilla/5.0 (compatible; AhrefsBot/7.0; +http://ahrefs.com/robot/)" "savemoki.com"
51.222.253.3 - - [06/Sep/2022:02:00:42 -0700] "GET /sitebuilder/images/navbar-6-inactive-43968.png HTTP/1.1" 200 568 "-" "Mozilla/5.0 (compatible; AhrefsBot/7.0; +http://ahrefs.com/robot/)" "savemoki.com"
51.222.253.15 - - [06/Sep/2022:02:00:43 -0700] "GET /sitebuilder/images/navbar-7-inactive-85656.png HTTP/1.1" 200 831 "-" "Mozilla/5.0 (compatible; AhrefsBot/7.0; +http://ahrefs.com/robot/)" "savemoki.com"
51.222.253.4 - - [06/Sep/2022:02:00:43 -0700] "GET /sitebuilder/images/navbar-2-inactive-08125.png HTTP/1.1" 200 660 "-" "Mozilla/5.0 (compatible; AhrefsBot/7.0; +http://ahrefs.com/robot/)" "savemoki.com"
51.222.253.14 - - [06/Sep/2022:02:00:44 -0700] "GET /sitebuilder/images/Lab_5-450x600.jpg HTTP/1.1" 200 33875 "-" "Mozilla/5.0 (compatible; AhrefsBot/7.0; +http://ahrefs.com/robot/)" "savemoki.com"
51.222.253.12 - - [06/Sep/2022:02:00:45 -0700] "GET /sitebuilder/images/navbar-0-inactive-07953.png HTTP/1.1" 200 558 "-" "Mozilla/5.0 (compatible; AhrefsBot/7.0; +http://ahrefs.com/robot/)" "savemoki.com"
51.222.253.1 - - [06/Sep/2022:02:00:46 -0700] "GET /clipart/bullets/?C=S;O=D HTTP/1.1" 200 426 "-" "Mozilla/5.0 (compatible; AhrefsBot/7.0; +http://ahrefs.com/robot/)" "savemoki.com"
51.222.253.14 - - [06/Sep/2022:02:00:46 -0700] "GET /clipart/pageHeaders/yellow_rose_on_blue.jpg HTTP/1.1" 200 16940 "-" "Mozilla/5.0 (compatible; AhrefsBot/7.0; +http://ahrefs.com/robot/)" "savemoki.com"
51.222.253.20 - - [06/Sep/2022:02:00:47 -0700] "GET /sitebuilder/images/Lab_1-449x600.jpg HTTP/1.1" 200 40921 "-" "Mozilla/5.0 (compatible; AhrefsBot/7.0; +http://ahrefs.com/robot/)" "savemoki.com"
51.222.253.10 - - [06/Sep/2022:02:00:58 -0700] "GET /blog/wp-content/themes/themeforest-625914-ice-theme-powerful-wordpress-theme-1/?C=M;O=D HTTP/1.1" 200 510 "-" "Mozilla/5.0 (compatible; AhrefsBot/7.0; +http://ahrefs.com/robot/)" "savemoki.com"
114.119.139.185 - - [06/Sep/2022:02:01:52 -0700] "GET /clipart/buttons?C=S%3BO%3DA HTTP/1.1" 301 1428 "https://savemoki.com/clipart/buttons?C=M%3BO%3DA" "Mozilla/5.0 (Linux; Android 7.0;) AppleWebKit/537.36 (KHTML, like Gecko) Mobile Safari/537.36 (compatible; PetalBot;+https://webmaster.petalsearch.com/site/petalbot)" "savemoki.com"
114.119.139.185 - - [06/Sep/2022:02:01:53 -0700] "GET /clipart/buttons/?C=S%3BO%3DA HTTP/1.1" 200 359 "https://savemoki.com/clipart/buttons?C=M%3BO%3DA" "Mozilla/5.0 (Linux; Android 7.0;) AppleWebKit/537.36 (KHTML, like Gecko) Mobile Safari/537.36 (compatible; PetalBot;+https://webmaster.petalsearch.com/site/petalbot)" "savemoki.com"
51.222.253.13 - - [06/Sep/2022:02:02:25 -0700] "GET /Mokis_Story.html HTTP/1.1" 200 11607 "-" "Mozilla/5.0 (compatible; AhrefsBot/7.0; +http://ahrefs.com/robot/)" "www.savemoki.com"
51.222.253.14 - - [06/Sep/2022:02:13:30 -0700] "GET /mokis_story.html HTTP/1.1" 200 12029 "-" "Mozilla/5.0 (compatible; AhrefsBot/7.0; +http://ahrefs.com/robot/)" "savemoki.com"
114.119.134.192 - - [06/Sep/2022:02:14:34 -0700] "GET /clipart/lines/horizontal/ HTTP/1.1" 200 408 "https://www.savemoki.com/clipart/lines/?C=N%3BO%3DD" "Mozilla/5.0 (Linux; Android 7.0;) AppleWebKit/537.36 (KHTML, like Gecko) Mobile Safari/537.36 (compatible; PetalBot;+https://webmaster.petalsearch.com/site/petalbot)" "www.savemoki.com"
216.244.66.249 - - [06/Sep/2022:02:22:06 -0700] "GET /robots.txt HTTP/1.1" 200 39 "-" "Mozilla/5.0 (compatible; DotBot/1.2; +https://opensiteexplorer.org/dotbot; help@moz.com)" "savemoki.com"
216.244.66.249 - - [06/Sep/2022:02:22:06 -0700] "GET /robots.txt HTTP/1.1" 200 39 "-" "Mozilla/5.0 (compatible; DotBot/1.2; +https://opensiteexplorer.org/dotbot; help@moz.com)" "www.savemoki.com"
51.222.253.14 - - [06/Sep/2022:02:26:16 -0700] "GET /Mokis_Medical_Records.html HTTP/1.1" 200 5014 "-" "Mozilla/5.0 (compatible; AhrefsBot/7.0; +http://ahrefs.com/robot/)" "www.savemoki.com"
51.222.253.1 - - [06/Sep/2022:02:26:18 -0700] "GET /clipart/lines/horizontal/blue_wave_top.gif HTTP/1.1" 200 3687 "-" "Mozilla/5.0 (compatible; AhrefsBot/7.0; +http://ahrefs.com/robot/)" "www.savemoki.com"
51.222.253.1 - - [06/Sep/2022:02:26:19 -0700] "GET /sitebuilder/images/navbar-5-inactive-01203.png HTTP/1.1" 200 1695 "-" "Mozilla/5.0 (compatible; AhrefsBot/7.0; +http://ahrefs.com/robot/)" "www.savemoki.com"
51.222.253.5 - - [06/Sep/2022:02:26:19 -0700] "GET /sitebuilder/images/navbar-3-inactive-00921.png HTTP/1.1" 200 1677 "-" "Mozilla/5.0 (compatible; AhrefsBot/7.0; +http://ahrefs.com/robot/)" "www.savemoki.com"
51.222.253.3 - - [06/Sep/2022:02:26:20 -0700] "GET /sitebuilder/images/navbar-1-inactive-00593.png HTTP/1.1" 200 1717 "-" "Mozilla/5.0 (compatible; AhrefsBot/7.0; +http://ahrefs.com/robot/)" "www.savemoki.com"
51.222.253.11 - - [06/Sep/2022:02:26:20 -0700] "GET /sitebuilder/images/UC_Davis_Discharge-449x600.jpg HTTP/1.1" 200 38570 "-" "Mozilla/5.0 (compatible; AhrefsBot/7.0; +http://ahrefs.com/robot/)" "www.savemoki.com"
51.222.253.14 - - [06/Sep/2022:02:26:21 -0700] "GET /sitebuilder/images/Medical_Record_7-449x600.jpg HTTP/1.1" 200 43522 "-" "Mozilla/5.0 (compatible; AhrefsBot/7.0; +http://ahrefs.com/robot/)" "www.savemoki.com"
51.222.253.6 - - [06/Sep/2022:02:26:22 -0700] "GET /sitebuilder/images/Medical_Record_2-449x600.jpg HTTP/1.1" 200 40666 "-" "Mozilla/5.0 (compatible; AhrefsBot/7.0; +http://ahrefs.com/robot/)" "www.savemoki.com"
51.222.253.14 - - [06/Sep/2022:02:26:23 -0700] "GET /sitebuilder/images/navbar-10-inactive-19687.png HTTP/1.1" 200 1761 "-" "Mozilla/5.0 (compatible; AhrefsBot/7.0; +http://ahrefs.com/robot/)" "www.savemoki.com"
51.222.253.3 - - [06/Sep/2022:02:26:23 -0700] "GET /clipart/images/sidebars/curved_gold_and_blue.gif HTTP/1.1" 200 4615 "-" "Mozilla/5.0 (compatible; AhrefsBot/7.0; +http://ahrefs.com/robot/)" "www.savemoki.com"
51.222.253.8 - - [06/Sep/2022:02:26:24 -0700] "GET /clipart/pageHeaders/sweeping_curves_blue.gif HTTP/1.1" 200 24925 "-" "Mozilla/5.0 (compatible; AhrefsBot/7.0; +http://ahrefs.com/robot/)" "www.savemoki.com"
51.222.253.20 - - [06/Sep/2022:02:26:24 -0700] "GET /sitebuilder/images/UC_DAvis_Referal-450x600.jpg HTTP/1.1" 200 43672 "-" "Mozilla/5.0 (compatible; AhrefsBot/7.0; +http://ahrefs.com/robot/)" "www.savemoki.com"
51.222.253.7 - - [06/Sep/2022:02:26:25 -0700] "GET /clipart/images/quotemark-preceeding-gold.gif HTTP/1.1" 200 133 "-" "Mozilla/5.0 (compatible; AhrefsBot/7.0; +http://ahrefs.com/robot/)" "www.savemoki.com"
51.222.253.7 - - [06/Sep/2022:02:26:25 -0700] "GET /Mokis_Medical_Records.html HTTP/1.1" 200 5014 "-" "Mozilla/5.0 (compatible; AhrefsBot/7.0; +http://ahrefs.com/robot/)" "www.savemoki.com"
51.222.253.9 - - [06/Sep/2022:02:26:26 -0700] "GET /sitebuilder/scripts/layers.js HTTP/1.1" 200 1140 "-" "Mozilla/5.0 (compatible; AhrefsBot/7.0; +http://ahrefs.com/robot/)" "www.savemoki.com"
51.222.253.11 - - [06/Sep/2022:02:26:26 -0700] "GET /sitebuilder/images/navbar-4-inactive-01062.png HTTP/1.1" 200 1810 "-" "Mozilla/5.0 (compatible; AhrefsBot/7.0; +http://ahrefs.com/robot/)" "www.savemoki.com"
51.222.253.8 - - [06/Sep/2022:02:26:27 -0700] "GET /sitebuilder/images/Medical_Record_8-449x600.jpg HTTP/1.1" 200 33246 "-" "Mozilla/5.0 (compatible; AhrefsBot/7.0; +http://ahrefs.com/robot/)" "www.savemoki.com"
51.222.253.19 - - [06/Sep/2022:02:26:27 -0700] "GET /sitebuilder/images/navbar-8-inactive-19390.png HTTP/1.1" 200 1736 "-" "Mozilla/5.0 (compatible; AhrefsBot/7.0; +http://ahrefs.com/robot/)" "www.savemoki.com"
51.222.253.17 - - [06/Sep/2022:02:26:28 -0700] "GET /sitebuilder/images/Medical_Record_1-449x600.jpg HTTP/1.1" 200 49002 "-" "Mozilla/5.0 (compatible; AhrefsBot/7.0; +http://ahrefs.com/robot/)" "www.savemoki.com"
51.222.253.2 - - [06/Sep/2022:02:26:29 -0700] "GET /clipart/images/quotemark-proceeding-gold.gif HTTP/1.1" 200 128 "-" "Mozilla/5.0 (compatible; AhrefsBot/7.0; +http://ahrefs.com/robot/)" "www.savemoki.com"
51.222.253.1 - - [06/Sep/2022:02:26:30 -0700] "GET /clipart/images/frames/gold_panel_shadow.gif HTTP/1.1" 200 12480 "-" "Mozilla/5.0 (compatible; AhrefsBot/7.0; +http://ahrefs.com/robot/)" "www.savemoki.com"
51.222.253.18 - - [06/Sep/2022:02:26:31 -0700] "GET /clipart/lines/horizontal/blue_wave_bottom.gif HTTP/1.1" 200 650 "-" "Mozilla/5.0 (compatible; AhrefsBot/7.0; +http://ahrefs.com/robot/)" "www.savemoki.com"
51.222.253.18 - - [06/Sep/2022:02:26:32 -0700] "GET /sitebuilder/images/navbar-0-inactive-00390.png HTTP/1.1" 200 1637 "-" "Mozilla/5.0 (compatible; AhrefsBot/7.0; +http://ahrefs.com/robot/)" "www.savemoki.com"
114.119.139.185 - - [06/Sep/2022:02:27:20 -0700] "GET /clipart/backgrounds?C=N%3BO%3DD HTTP/1.1" 301 1426 "https://savemoki.com/clipart/backgrounds?S=D" "Mozilla/5.0 (Linux; Android 7.0;) AppleWebKit/537.36 (KHTML, like Gecko) Mobile Safari/537.36 (compatible; PetalBot;+https://webmaster.petalsearch.com/site/petalbot)" "savemoki.com"
114.119.139.185 - - [06/Sep/2022:02:27:21 -0700] "GET /clipart/backgrounds/?C=N%3BO%3DD HTTP/1.1" 200 366 "https://savemoki.com/clipart/backgrounds?S=D" "Mozilla/5.0 (Linux; Android 7.0;) AppleWebKit/537.36 (KHTML, like Gecko) Mobile Safari/537.36 (compatible; PetalBot;+https://webmaster.petalsearch.com/site/petalbot)" "savemoki.com"
14.162.172.185 - - [06/Sep/2022:02:34:24 -0700] "GET /contact_us.html HTTP/1.1" 200 18024 "http://savemoki.com/contact_us.html" "Mozilla/5.0 (Windows NT 10.0; WOW64) AppleWebKit/537.36 (KHTML, like Gecko) Chrome/90.0.4430.93 Safari/537.36" "savemoki.com"
157.90.209.77 - - [06/Sep/2022:02:37:29 -0700] "GET /robots.txt HTTP/1.1" 200 55 "-" "Mozilla/5.0 (compatible; BLEXBot/1.0; +http://webmeup-crawler.com/)" "savemoki.com"
157.90.209.77 - - [06/Sep/2022:02:37:30 -0700] "GET /2test/ HTTP/1.1" 200 20491 "-" "Mozilla/5.0 (compatible; BLEXBot/1.0; +http://webmeup-crawler.com/)" "savemoki.com"
10.213.116.64 - - [06/Sep/2022:02:37:34 -0700] "POST /2test/wp-cron.php?doing_wp_cron=1662457054.5502090454101562500000 HTTP/1.1" 200 - "http://savemoki.com/2test/wp-cron.php?doing_wp_cron=1662457054.5502090454101562500000" "WordPress/5.4.11; http://savemoki.com/2test" "savemoki.com"
157.90.209.77 - - [06/Sep/2022:02:37:39 -0700] "GET /?C=D;O=A HTTP/1.1" 200 1285 "-" "Mozilla/5.0 (compatible; BLEXBot/1.0; +http://webmeup-crawler.com/)" "savemoki.com"
157.90.209.77 - - [06/Sep/2022:02:37:41 -0700] "GET /?C=M;O=A HTTP/1.1" 200 1282 "-" "Mozilla/5.0 (compatible; BLEXBot/1.0; +http://webmeup-crawler.com/)" "savemoki.com"
157.90.209.77 - - [06/Sep/2022:02:37:45 -0700] "GET /?C=N;O=D HTTP/1.1" 200 1299 "-" "Mozilla/5.0 (compatible; BLEXBot/1.0; +http://webmeup-crawler.com/)" "savemoki.com"
157.90.209.77 - - [06/Sep/2022:02:37:48 -0700] "GET /?C=S;O=A HTTP/1.1" 200 1258 "-" "Mozilla/5.0 (compatible; BLEXBot/1.0; +http://webmeup-crawler.com/)" "savemoki.com"
157.90.209.77 - - [06/Sep/2022:02:37:50 -0700] "GET /Announcements.html HTTP/1.1" 200 5728 "-" "Mozilla/5.0 (compatible; BLEXBot/1.0; +http://webmeup-crawler.com/)" "savemoki.com"
157.90.209.77 - - [06/Sep/2022:02:37:52 -0700] "GET /Bud.html HTTP/1.1" 200 1820 "-" "Mozilla/5.0 (compatible; BLEXBot/1.0; +http://webmeup-crawler.com/)" "savemoki.com"
157.90.209.77 - - [06/Sep/2022:02:37:56 -0700] "GET /Cartoon_Pet_Pills.html HTTP/1.1" 200 598 "-" "Mozilla/5.0 (compatible; BLEXBot/1.0; +http://webmeup-crawler.com/)" "savemoki.com"
157.90.209.77 - - [06/Sep/2022:02:37:59 -0700] "GET /Donate HTTP/1.1" 200 2982 "-" "Mozilla/5.0 (compatible; BLEXBot/1.0; +http://webmeup-crawler.com/)" "savemoki.com"
157.90.209.77 - - [06/Sep/2022:02:38:04 -0700] "GET /Feline_health.html HTTP/1.1" 200 8098 "-" "Mozilla/5.0 (compatible; BLEXBot/1.0; +http://webmeup-crawler.com/)" "savemoki.com"
157.90.209.77 - - [06/Sep/2022:02:38:05 -0700] "GET /Links.html HTTP/1.1" 200 8682 "-" "Mozilla/5.0 (compatible; BLEXBot/1.0; +http://webmeup-crawler.com/)" "savemoki.com"
157.90.209.77 - - [06/Sep/2022:02:38:10 -0700] "GET /Links_Feline_Health.html HTTP/1.1" 200 10246 "-" "Mozilla/5.0 (compatible; BLEXBot/1.0; +http://webmeup-crawler.com/)" "savemoki.com"
157.90.209.77 - - [06/Sep/2022:02:38:12 -0700] "GET /MedicalRecord.html HTTP/1.1" 200 4796 "-" "Mozilla/5.0 (compatible; BLEXBot/1.0; +http://webmeup-crawler.com/)" "savemoki.com"
157.90.209.77 - - [06/Sep/2022:02:38:16 -0700] "GET /Mokis_Labwork.html HTTP/1.1" 200 4943 "-" "Mozilla/5.0 (compatible; BLEXBot/1.0; +http://webmeup-crawler.com/)" "savemoki.com"
157.90.209.77 - - [06/Sep/2022:02:38:20 -0700] "GET /Mokis_Medical_Records.html HTTP/1.1" 200 5014 "-" "Mozilla/5.0 (compatible; BLEXBot/1.0; +http://webmeup-crawler.com/)" "savemoki.com"
157.90.209.77 - - [06/Sep/2022:02:38:22 -0700] "GET /Mokis_Story.html HTTP/1.1" 200 11607 "-" "Mozilla/5.0 (compatible; BLEXBot/1.0; +http://webmeup-crawler.com/)" "savemoki.com"
157.90.209.77 - - [06/Sep/2022:02:38:25 -0700] "GET /Mokis_Videos.html HTTP/1.1" 200 5528 "-" "Mozilla/5.0 (compatible; BLEXBot/1.0; +http://webmeup-crawler.com/)" "savemoki.com"
157.90.209.77 - - [06/Sep/2022:02:38:27 -0700] "GET /Mokis_friends.html HTTP/1.1" 200 5925 "-" "Mozilla/5.0 (compatible; BLEXBot/1.0; +http://webmeup-crawler.com/)" "savemoki.com"
157.90.209.77 - - [06/Sep/2022:02:38:29 -0700] "GET /Mokislabpage1.html HTTP/1.1" 200 4020 "-" "Mozilla/5.0 (compatible; BLEXBot/1.0; +http://webmeup-crawler.com/)" "savemoki.com"
157.90.209.77 - - [06/Sep/2022:02:38:31 -0700] "GET /Mokislabpage2.html HTTP/1.1" 200 4057 "-" "Mozilla/5.0 (compatible; BLEXBot/1.0; +http://webmeup-crawler.com/)" "savemoki.com"
157.90.209.77 - - [06/Sep/2022:02:38:33 -0700] "GET /Mokislabpage3.html HTTP/1.1" 200 3826 "-" "Mozilla/5.0 (compatible; BLEXBot/1.0; +http://webmeup-crawler.com/)" "savemoki.com"
157.90.209.77 - - [06/Sep/2022:02:38:38 -0700] "GET /Mokismedicalsec.html HTTP/1.1" 200 3973 "-" "Mozilla/5.0 (compatible; BLEXBot/1.0; +http://webmeup-crawler.com/)" "savemoki.com"
157.90.209.77 - - [06/Sep/2022:02:38:41 -0700] "GET /New1.html HTTP/1.1" 200 425 "-" "Mozilla/5.0 (compatible; BLEXBot/1.0; +http://webmeup-crawler.com/)" "savemoki.com"
157.90.209.77 - - [06/Sep/2022:02:38:43 -0700] "GET /New2.html HTTP/1.1" 200 561 "-" "Mozilla/5.0 (compatible; BLEXBot/1.0; +http://webmeup-crawler.com/)" "savemoki.com"
157.90.209.77 - - [06/Sep/2022:02:38:52 -0700] "GET /New3.html HTTP/1.1" 200 425 "-" "Mozilla/5.0 (compatible; BLEXBot/1.0; +http://webmeup-crawler.com/)" "savemoki.com"
157.90.209.77 - - [06/Sep/2022:02:38:55 -0700] "GET /New4.html HTTP/1.1" 200 1117 "-" "Mozilla/5.0 (compatible; BLEXBot/1.0; +http://webmeup-crawler.com/)" "savemoki.com"
157.90.209.77 - - [06/Sep/2022:02:38:58 -0700] "GET /Other_Cats_In_Need.html HTTP/1.1" 200 6033 "-" "Mozilla/5.0 (compatible; BLEXBot/1.0; +http://webmeup-crawler.com/)" "savemoki.com"
157.90.209.77 - - [06/Sep/2022:02:39:07 -0700] "GET /Shop.html HTTP/1.1" 200 2842 "-" "Mozilla/5.0 (compatible; BLEXBot/1.0; +http://webmeup-crawler.com/)" "savemoki.com"
42.83.147.34 - - [06/Sep/2022:02:39:08 -0700] "GET / HTTP/1.1" 200 1285 "-" "Mozilla/5.0 (Windows NT 6.1; Win64; x64) AppleWebKit/537.36 (KHTML, like Gecko)Chrome/74.0.3729.169 Safari/537.36" "savemoki.com"
157.90.209.77 - - [06/Sep/2022:02:39:11 -0700] "GET /Special_Thanks.html HTTP/1.1" 200 3182 "-" "Mozilla/5.0 (compatible; BLEXBot/1.0; +http://webmeup-crawler.com/)" "savemoki.com"
157.90.209.77 - - [06/Sep/2022:02:39:13 -0700] "GET /Updates_On_Special_Friends.html HTTP/1.1" 200 2469 "-" "Mozilla/5.0 (compatible; BLEXBot/1.0; +http://webmeup-crawler.com/)" "savemoki.com"
157.90.209.77 - - [06/Sep/2022:02:39:15 -0700] "GET /Videos.html HTTP/1.1" 200 5182 "-" "Mozilla/5.0 (compatible; BLEXBot/1.0; +http://webmeup-crawler.com/)" "savemoki.com"
157.90.209.77 - - [06/Sep/2022:02:39:18 -0700] "GET /Ways_U_Can_help.html HTTP/1.1" 200 4289 "-" "Mozilla/5.0 (compatible; BLEXBot/1.0; +http://webmeup-crawler.com/)" "savemoki.com"
157.90.209.77 - - [06/Sep/2022:02:39:23 -0700] "GET /blog/ HTTP/1.1" 200 352 "-" "Mozilla/5.0 (compatible; BLEXBot/1.0; +http://webmeup-crawler.com/)" "savemoki.com"
157.90.209.77 - - [06/Sep/2022:02:39:27 -0700] "GET /clipart/ HTTP/1.1" 200 440 "-" "Mozilla/5.0 (compatible; BLEXBot/1.0; +http://webmeup-crawler.com/)" "savemoki.com"
157.90.209.77 - - [06/Sep/2022:02:39:30 -0700] "GET /contact_us.html HTTP/1.1" 200 4002 "-" "Mozilla/5.0 (compatible; BLEXBot/1.0; +http://webmeup-crawler.com/)" "savemoki.com"
157.90.209.77 - - [06/Sep/2022:02:39:33 -0700] "GET /files/ HTTP/1.1" 200 380 "-" "Mozilla/5.0 (compatible; BLEXBot/1.0; +http://webmeup-crawler.com/)" "savemoki.com"
51.222.253.3 - - [06/Sep/2022:02:39:33 -0700] "GET /Mokis_Videos.html HTTP/1.1" 200 5528 "-" "Mozilla/5.0 (compatible; AhrefsBot/7.0; +http://ahrefs.com/robot/)" "savemoki.com"
157.90.209.77 - - [06/Sep/2022:02:39:36 -0700] "GET /images/ HTTP/1.1" 200 2158 "-" "Mozilla/5.0 (compatible; BLEXBot/1.0; +http://webmeup-crawler.com/)" "savemoki.com"
157.90.209.77 - - [06/Sep/2022:02:39:39 -0700] "GET /media/ HTTP/1.1" 200 396 "-" "Mozilla/5.0 (compatible; BLEXBot/1.0; +http://webmeup-crawler.com/)" "savemoki.com"
157.90.209.77 - - [06/Sep/2022:02:39:47 -0700] "GET /mokis_story.html HTTP/1.1" 200 12029 "-" "Mozilla/5.0 (compatible; BLEXBot/1.0; +http://webmeup-crawler.com/)" "savemoki.com"
194.50.1.134 - - [06/Sep/2022:02:39:52 -0700] "GET /contact_us.html HTTP/1.1" 200 18024 "http://savemoki.com/contact_us.html" "Mozilla/5.0 (Windows NT 10.0; WOW64) AppleWebKit/537.36 (KHTML, like Gecko) Chrome/90.0.4400.8 Safari/537.36" "savemoki.com"
157.90.209.77 - - [06/Sep/2022:02:39:53 -0700] "GET /navigation_bars/ HTTP/1.1" 200 408 "-" "Mozilla/5.0 (compatible; BLEXBot/1.0; +http://webmeup-crawler.com/)" "savemoki.com"
157.90.209.77 - - [06/Sep/2022:02:39:57 -0700] "GET /photo_album.html HTTP/1.1" 200 6353 "-" "Mozilla/5.0 (compatible; BLEXBot/1.0; +http://webmeup-crawler.com/)" "savemoki.com"
157.90.209.77 - - [06/Sep/2022:02:40:01 -0700] "GET /robots.txt HTTP/1.1" 200 55 "-" "Mozilla/5.0 (compatible; BLEXBot/1.0; +http://webmeup-crawler.com/)" "savemoki.com"
157.90.209.77 - - [06/Sep/2022:02:40:04 -0700] "GET /sitebuilder/ HTTP/1.1" 200 372 "-" "Mozilla/5.0 (compatible; BLEXBot/1.0; +http://webmeup-crawler.com/)" "savemoki.com"
157.90.209.77 - - [06/Sep/2022:02:40:07 -0700] "GET /socialenginetrial/ HTTP/1.1" 200 318 "-" "Mozilla/5.0 (compatible; BLEXBot/1.0; +http://webmeup-crawler.com/)" "savemoki.com"
114.119.139.148 - - [06/Sep/2022:02:40:16 -0700] "GET /clipart/lines?S=A HTTP/1.1" 301 1417 "https://savemoki.com/clipart/lines?S=D" "Mozilla/5.0 (Linux; Android 7.0;) AppleWebKit/537.36 (KHTML, like Gecko) Mobile Safari/537.36 (compatible; PetalBot;+https://webmaster.petalsearch.com/site/petalbot)" "savemoki.com"
114.119.139.148 - - [06/Sep/2022:02:40:17 -0700] "GET /clipart/lines/?S=A HTTP/1.1" 200 361 "https://savemoki.com/clipart/lines?S=D" "Mozilla/5.0 (Linux; Android 7.0;) AppleWebKit/537.36 (KHTML, like Gecko) Mobile Safari/537.36 (compatible; PetalBot;+https://webmaster.petalsearch.com/site/petalbot)" "savemoki.com"
157.90.209.77 - - [06/Sep/2022:02:40:25 -0700] "GET /specialthanks.html HTTP/1.1" 200 2923 "-" "Mozilla/5.0 (compatible; BLEXBot/1.0; +http://webmeup-crawler.com/)" "savemoki.com"
157.90.209.77 - - [06/Sep/2022:02:40:28 -0700] "GET /temporarypreviewfile.html HTTP/1.1" 200 309 "-" "Mozilla/5.0 (compatible; BLEXBot/1.0; +http://webmeup-crawler.com/)" "savemoki.com"
157.90.209.77 - - [06/Sep/2022:02:40:30 -0700] "GET /title.html HTTP/1.1" 200 582 "-" "Mozilla/5.0 (compatible; BLEXBot/1.0; +http://webmeup-crawler.com/)" "savemoki.com"
37.139.53.84 - - [06/Sep/2022:02:50:08 -0700] "GET /contact_us.html HTTP/1.1" 200 18024 "http://savemoki.com/contact_us.html" "Mozilla/5.0 (Windows NT 10.0; Win64; x64) AppleWebKit/537.36 (KHTML, like Gecko) Chrome/83.0.4103.44 Safari/537.36 OPR/69.0.3686.7 (Edition beta)" "savemoki.com"
178.176.77.78 - - [06/Sep/2022:02:51:03 -0700] "GET /blog1/2015/05/07/test-post/ HTTP/1.1" 404 73 "http://savemoki.com/blog1/2015/05/07/test-post/" "Mozilla/5.0 (Windows NT 6.1; Win64; x64) AppleWebKit/537.36 (KHTML, like Gecko) Chrome/90.0.4430.93 Safari/537.36" "savemoki.com"
51.222.253.16 - - [06/Sep/2022:02:52:45 -0700] "GET /Links.html HTTP/1.1" 200 8682 "-" "Mozilla/5.0 (compatible; AhrefsBot/7.0; +http://ahrefs.com/robot/)" "www.savemoki.com"
51.222.253.12 - - [06/Sep/2022:02:52:50 -0700] "GET /sitebuilder/images/CloudMenu-4-inactive-64750.png HTTP/1.1" 200 713 "-" "Mozilla/5.0 (compatible; AhrefsBot/7.0; +http://ahrefs.com/robot/)" "www.savemoki.com"
51.222.253.2 - - [06/Sep/2022:02:52:50 -0700] "GET /sitebuilder/images/CloudMenu-1-inactive-64437.png HTTP/1.1" 200 751 "-" "Mozilla/5.0 (compatible; AhrefsBot/7.0; +http://ahrefs.com/robot/)" "www.savemoki.com"
51.222.253.2 - - [06/Sep/2022:02:52:51 -0700] "GET /clipart/bullets/catPawPrint_gray.gif HTTP/1.1" 200 291 "-" "Mozilla/5.0 (compatible; AhrefsBot/7.0; +http://ahrefs.com/robot/)" "www.savemoki.com"
51.222.253.18 - - [06/Sep/2022:02:52:51 -0700] "GET /sitebuilder/images/header_1-223x6053.jpg HTTP/1.1" 200 29362 "-" "Mozilla/5.0 (compatible; AhrefsBot/7.0; +http://ahrefs.com/robot/)" "www.savemoki.com"
51.222.253.15 - - [06/Sep/2022:02:52:52 -0700] "GET /sitebuilder/images/Good_to_be_home_2-519x297.jpg HTTP/1.1" 200 22154 "-" "Mozilla/5.0 (compatible; AhrefsBot/7.0; +http://ahrefs.com/robot/)" "www.savemoki.com"
51.222.253.20 - - [06/Sep/2022:02:52:52 -0700] "GET /sitebuilder/images/CloudMenu-2-inactive-64531.png HTTP/1.1" 200 836 "-" "Mozilla/5.0 (compatible; AhrefsBot/7.0; +http://ahrefs.com/robot/)" "www.savemoki.com"
51.222.253.15 - - [06/Sep/2022:02:52:53 -0700] "GET /images/Cat_Blogosphere.jpg HTTP/1.1" 200 6334 "-" "Mozilla/5.0 (compatible; AhrefsBot/7.0; +http://ahrefs.com/robot/)" "www.savemoki.com"
51.222.253.6 - - [06/Sep/2022:02:52:53 -0700] "GET /sitebuilder/images/header_4-818x136.jpg HTTP/1.1" 200 11072 "-" "Mozilla/5.0 (compatible; AhrefsBot/7.0; +http://ahrefs.com/robot/)" "www.savemoki.com"
51.222.253.10 - - [06/Sep/2022:02:52:54 -0700] "GET /sitebuilder/images/aGSM3_1_-273x162.jpg HTTP/1.1" 200 10270 "-" "Mozilla/5.0 (compatible; AhrefsBot/7.0; +http://ahrefs.com/robot/)" "www.savemoki.com"
51.222.253.12 - - [06/Sep/2022:02:52:54 -0700] "GET /sitebuilder/images/p_1_-205x144.jpg HTTP/1.1" 200 4376 "-" "Mozilla/5.0 (compatible; AhrefsBot/7.0; +http://ahrefs.com/robot/)" "www.savemoki.com"
51.222.253.12 - - [06/Sep/2022:02:52:55 -0700] "GET /sitebuilder/images/CloudMenu-3-active-64687.png HTTP/1.1" 200 737 "-" "Mozilla/5.0 (compatible; AhrefsBot/7.0; +http://ahrefs.com/robot/)" "www.savemoki.com"
114.119.139.148 - - [06/Sep/2022:02:54:03 -0700] "GET /blog/wp-content/themes/themeforest-625914-ice-theme-powerful-wordpress-theme-1/PSD?N=A HTTP/1.1" 301 1461 "https://savemoki.com/blog/wp-content/themes/themeforest-625914-ice-theme-powerful-wordpress-theme-1/PSD?S=D" "Mozilla/5.0 (Linux; Android 7.0;) AppleWebKit/537.36 (KHTML, like Gecko) Mobile Safari/537.36 (compatible; PetalBot;+https://webmaster.petalsearch.com/site/petalbot)" "savemoki.com"
114.119.139.148 - - [06/Sep/2022:02:54:04 -0700] "GET /blog/wp-content/themes/themeforest-625914-ice-theme-powerful-wordpress-theme-1/PSD/?N=A HTTP/1.1" 200 419 "https://savemoki.com/blog/wp-content/themes/themeforest-625914-ice-theme-powerful-wordpress-theme-1/PSD?S=D" "Mozilla/5.0 (Linux; Android 7.0;) AppleWebKit/537.36 (KHTML, like Gecko) Mobile Safari/537.36 (compatible; PetalBot;+https://webmaster.petalsearch.com/site/petalbot)" "savemoki.com"
91.206.15.153 - - [06/Sep/2022:03:00:38 -0700] "GET / HTTP/1.1" 200 7350 "-" "Mozilla/5.0 (Windows NT 6.3; Win64; x64) AppleWebKit/537.36 (KHTML, like Gecko) Chrome/102.0.0.0 Safari/537.36" "savemoki.com"
141.8.142.78 - - [06/Sep/2022:03:04:15 -0700] "GET /robots.txt HTTP/1.1" 200 39 "-" "Mozilla/5.0 (compatible; YandexBot/3.0; +http://yandex.com/bots)" "savemoki.com"
95.108.213.18 - - [06/Sep/2022:03:04:19 -0700] "GET /2test/wp-login.php HTTP/1.1" 200 6050 "-" "Mozilla/5.0 (compatible; YandexBot/3.0; +http://yandex.com/bots)" "savemoki.com"
10.213.116.64 - - [06/Sep/2022:03:04:22 -0700] "POST /2test/wp-cron.php?doing_wp_cron=1662458662.0224549770355224609375 HTTP/1.1" 200 - "http://savemoki.com/2test/wp-cron.php?doing_wp_cron=1662458662.0224549770355224609375" "WordPress/5.4.11; http://savemoki.com/2test" "savemoki.com"
5.45.207.122 - - [06/Sep/2022:03:04:41 -0700] "GET /sitemap.xml HTTP/1.1" 200 251 "-" "Mozilla/5.0 (compatible; YandexBot/3.0; +http://yandex.com/bots)" "savemoki.com"
114.119.139.185 - - [06/Sep/2022:03:05:18 -0700] "GET /clipart/buttons/themes/rectangle_yellow?C=M%3BO%3DA HTTP/1.1" 301 1447 "https://www.savemoki.com/clipart/buttons/themes/rectangle_yellow" "Mozilla/5.0 (Linux; Android 7.0;) AppleWebKit/537.36 (KHTML, like Gecko) Mobile Safari/537.36 (compatible; PetalBot;+https://webmaster.petalsearch.com/site/petalbot)" "www.savemoki.com"
114.119.139.185 - - [06/Sep/2022:03:05:19 -0700] "GET /clipart/buttons/themes/rectangle_yellow/?C=M%3BO%3DA HTTP/1.1" 200 427 "https://www.savemoki.com/clipart/buttons/themes/rectangle_yellow" "Mozilla/5.0 (Linux; Android 7.0;) AppleWebKit/537.36 (KHTML, like Gecko) Mobile Safari/537.36 (compatible; PetalBot;+https://webmaster.petalsearch.com/site/petalbot)" "www.savemoki.com"
51.222.253.1 - - [06/Sep/2022:03:06:33 -0700] "GET /Ways_U_Can_help.html HTTP/1.1" 200 4289 "-" "Mozilla/5.0 (compatible; AhrefsBot/7.0; +http://ahrefs.com/robot/)" "savemoki.com"
114.119.156.133 - - [06/Sep/2022:03:14:16 -0700] "GET /images?M=D HTTP/1.1" 301 1413 "https://www.savemoki.com/images?M=A" "Mozilla/5.0 (Linux; Android 7.0;) AppleWebKit/537.36 (KHTML, like Gecko) Mobile Safari/537.36 (compatible; PetalBot;+https://webmaster.petalsearch.com/site/petalbot)" "www.savemoki.com"
114.119.156.133 - - [06/Sep/2022:03:14:17 -0700] "GET /images/?M=D HTTP/1.1" 200 2158 "https://www.savemoki.com/images?M=A" "Mozilla/5.0 (Linux; Android 7.0;) AppleWebKit/537.36 (KHTML, like Gecko) Mobile Safari/537.36 (compatible; PetalBot;+https://webmaster.petalsearch.com/site/petalbot)" "www.savemoki.com"
216.244.66.249 - - [06/Sep/2022:03:16:26 -0700] "GET /robots.txt HTTP/1.1" 200 39 "-" "Mozilla/5.0 (compatible; DotBot/1.2; +https://opensiteexplorer.org/dotbot; help@moz.com)" "savemoki.com"
216.244.66.249 - - [06/Sep/2022:03:16:26 -0700] "GET /robots.txt HTTP/1.1" 200 39 "-" "Mozilla/5.0 (compatible; DotBot/1.2; +https://opensiteexplorer.org/dotbot; help@moz.com)" "www.savemoki.com"
51.222.253.6 - - [06/Sep/2022:03:20:22 -0700] "GET /navigation_bars/?C=M;O=D HTTP/1.1" 200 405 "-" "Mozilla/5.0 (compatible; AhrefsBot/7.0; +http://ahrefs.com/robot/)" "www.savemoki.com"
114.119.156.133 - - [06/Sep/2022:03:21:49 -0700] "GET /clipart/buttons?N=A HTTP/1.1" 301 1418 "https://savemoki.com/clipart/buttons?M=D" "Mozilla/5.0 (Linux; Android 7.0;) AppleWebKit/537.36 (KHTML, like Gecko) Mobile Safari/537.36 (compatible; PetalBot;+https://webmaster.petalsearch.com/site/petalbot)" "savemoki.com"
114.119.156.133 - - [06/Sep/2022:03:21:50 -0700] "GET /clipart/buttons/?N=A HTTP/1.1" 200 359 "https://savemoki.com/clipart/buttons?M=D" "Mozilla/5.0 (Linux; Android 7.0;) AppleWebKit/537.36 (KHTML, like Gecko) Mobile Safari/537.36 (compatible; PetalBot;+https://webmaster.petalsearch.com/site/petalbot)" "savemoki.com"
114.119.139.183 - - [06/Sep/2022:03:28:09 -0700] "GET /clipart?D=D HTTP/1.1" 301 1415 "https://www.savemoki.com/clipart?D=A" "Mozilla/5.0 (Linux; Android 7.0;) AppleWebKit/537.36 (KHTML, like Gecko) Mobile Safari/537.36 (compatible; PetalBot;+https://webmaster.petalsearch.com/site/petalbot)" "www.savemoki.com"
114.119.139.183 - - [06/Sep/2022:03:28:11 -0700] "GET /clipart/?D=D HTTP/1.1" 200 440 "https://www.savemoki.com/clipart?D=A" "Mozilla/5.0 (Linux; Android 7.0;) AppleWebKit/537.36 (KHTML, like Gecko) Mobile Safari/537.36 (compatible; PetalBot;+https://webmaster.petalsearch.com/site/petalbot)" "www.savemoki.com"
77.75.77.62 - - [06/Sep/2022:03:32:31 -0700] "GET /robots.txt HTTP/1.1" 200 55 "-" "Mozilla/5.0 (compatible; SeznamBot/3.2; +http://napoveda.seznam.cz/en/seznambot-intro/)" "savemoki.com"
77.75.77.62 - - [06/Sep/2022:03:32:33 -0700] "GET /images/Lab_7.jpg HTTP/1.1" 304 - "-" "Mozilla/5.0 (compatible; SeznamBot/3.2; +http://napoveda.seznam.cz/en/seznambot-intro/)" "savemoki.com"
77.75.77.62 - - [06/Sep/2022:03:32:35 -0700] "GET /robots.txt HTTP/1.1" 200 55 "-" "Mozilla/5.0 (compatible; SeznamBot/3.2; +http://napoveda.seznam.cz/en/seznambot-intro/)" "www.savemoki.com"
77.75.77.62 - - [06/Sep/2022:03:32:36 -0700] "GET /sitebuilder/images/Medical_Record_8-449x600.jpg HTTP/1.1" 304 - "-" "Mozilla/5.0 (compatible; SeznamBot/3.2; +http://napoveda.seznam.cz/en/seznambot-intro/)" "www.savemoki.com"
114.119.139.185 - - [06/Sep/2022:03:33:50 -0700] "GET /clipart/backgrounds/fullpage HTTP/1.1" 301 1417 "https://savemoki.com/clipart/backgrounds" "Mozilla/5.0 (Linux; Android 7.0;) AppleWebKit/537.36 (KHTML, like Gecko) Mobile Safari/537.36 (compatible; PetalBot;+https://webmaster.petalsearch.com/site/petalbot)" "savemoki.com"
114.119.139.185 - - [06/Sep/2022:03:33:52 -0700] "GET /clipart/backgrounds/fullpage/ HTTP/1.1" 200 389 "https://savemoki.com/clipart/backgrounds" "Mozilla/5.0 (Linux; Android 7.0;) AppleWebKit/537.36 (KHTML, like Gecko) Mobile Safari/537.36 (compatible; PetalBot;+https://webmaster.petalsearch.com/site/petalbot)" "savemoki.com"
51.222.253.17 - - [06/Sep/2022:03:35:05 -0700] "GET /navigation_bars/?C=N;O=A HTTP/1.1" 200 408 "-" "Mozilla/5.0 (compatible; AhrefsBot/7.0; +http://ahrefs.com/robot/)" "www.savemoki.com"
132.145.39.16 - - [06/Sep/2022:03:40:25 -0700] "GET /olux.php HTTP/1.1" 404 73 "-" "-" "savemoki.com"
114.119.134.192 - - [06/Sep/2022:03:41:03 -0700] "GET /socialenginetrial?D=A HTTP/1.1" 301 1422 "https://www.savemoki.com/socialenginetrial?S=D" "Mozilla/5.0 (Linux; Android 7.0;) AppleWebKit/537.36 (KHTML, like Gecko) Mobile Safari/537.36 (compatible; PetalBot;+https://webmaster.petalsearch.com/site/petalbot)" "www.savemoki.com"
114.119.134.192 - - [06/Sep/2022:03:41:11 -0700] "GET /socialenginetrial/?D=A HTTP/1.1" 200 318 "https://www.savemoki.com/socialenginetrial?S=D" "Mozilla/5.0 (Linux; Android 7.0;) AppleWebKit/537.36 (KHTML, like Gecko) Mobile Safari/537.36 (compatible; PetalBot;+https://webmaster.petalsearch.com/site/petalbot)" "www.savemoki.com"
114.119.139.167 - - [06/Sep/2022:03:45:07 -0700] "GET /2test/index.php/2020/04/03/sample-page/ HTTP/1.1" 200 21060 "https://www.savemoki.com/2test" "Mozilla/5.0 (Linux; Android 7.0;) AppleWebKit/537.36 (KHTML, like Gecko) Mobile Safari/537.36 (compatible; PetalBot;+https://webmaster.petalsearch.com/site/petalbot)" "savemoki.com"
10.213.116.64 - - [06/Sep/2022:03:45:10 -0700] "POST /2test/wp-cron.php?doing_wp_cron=1662461110.4355640411376953125000 HTTP/1.1" 200 - "https://savemoki.com/2test/wp-cron.php?doing_wp_cron=1662461110.4355640411376953125000" "WordPress/5.4.11; https://savemoki.com/2test" "savemoki.com"
114.119.134.192 - - [06/Sep/2022:03:50:37 -0700] "GET /files/?C=M%3BO%3DA HTTP/1.1" 200 380 "http://www.savemoki.com/files/?C=S%3BO%3DA" "Mozilla/5.0 (Linux; Android 7.0;) AppleWebKit/537.36 (KHTML, like Gecko) Mobile Safari/537.36 (compatible; PetalBot;+https://webmaster.petalsearch.com/site/petalbot)" "www.savemoki.com"
114.119.139.148 - - [06/Sep/2022:03:56:01 -0700] "GET /mokis_story HTTP/1.1" 200 9307 "https://www.savemoki.com/yahoo_site_admin/" "Mozilla/5.0 (Linux; Android 7.0;) AppleWebKit/537.36 (KHTML, like Gecko) Mobile Safari/537.36 (compatible; PetalBot;+https://webmaster.petalsearch.com/site/petalbot)" "www.savemoki.com"
65.21.206.43 - - [06/Sep/2022:04:00:44 -0700] "GET /media/ HTTP/1.1" 200 396 "-" "Mozilla/5.0 (Windows NT 10.0; Win64; x64) AppleWebKit/537.36 (KHTML, like Gecko) Chrome/91.0.4472.114 Safari/537.36 Edg/91.0.864.54" "savemoki.com"
114.119.156.133 - - [06/Sep/2022:04:06:54 -0700] "GET /blog/wp-content/themes/themeforest-625914-ice-theme-powerful-wordpress-theme-1/?C=N%3BO%3DD HTTP/1.1" 200 513 "https://savemoki.com/blog/wp-content/themes/themeforest-625914-ice-theme-powerful-wordpress-theme-1?S=D" "Mozilla/5.0 (Linux; Android 7.0;) AppleWebKit/537.36 (KHTML, like Gecko) Mobile Safari/537.36 (compatible; PetalBot;+https://webmaster.petalsearch.com/site/petalbot)" "savemoki.com"
216.244.66.249 - - [06/Sep/2022:04:12:00 -0700] "GET /robots.txt HTTP/1.1" 200 39 "-" "Mozilla/5.0 (compatible; DotBot/1.2; +https://opensiteexplorer.org/dotbot; help@moz.com)" "savemoki.com"
216.244.66.249 - - [06/Sep/2022:04:12:00 -0700] "GET /robots.txt HTTP/1.1" 200 39 "-" "Mozilla/5.0 (compatible; DotBot/1.2; +https://opensiteexplorer.org/dotbot; help@moz.com)" "www.savemoki.com"
114.119.134.192 - - [06/Sep/2022:04:12:17 -0700] "GET /2test/index.php/courses/seventh-grade HTTP/1.1" 200 18384 "https://savemoki.com/2test/index.php/2020/04/03/sample-page" "Mozilla/5.0 (Linux; Android 7.0;) AppleWebKit/537.36 (KHTML, like Gecko) Mobile Safari/537.36 (compatible; PetalBot;+https://webmaster.petalsearch.com/site/petalbot)" "savemoki.com"
114.119.134.192 - - [06/Sep/2022:04:12:37 -0700] "GET /2test/index.php/courses/seventh-grade HTTP/1.1" 200 20426 "https://savemoki.com/2test/index.php/2020/04/03/sample-page" "Mozilla/5.0 (Linux; Android 7.0;) AppleWebKit/537.36 (KHTML, like Gecko) Mobile Safari/537.36 (compatible; PetalBot;+https://webmaster.petalsearch.com/site/petalbot)" "savemoki.com"
176.31.115.13 - - [06/Sep/2022:04:15:19 -0700] "GET /blog1/2015/05/07/test-post/ HTTP/1.1" 404 73 "http://savemoki.com/blog1/2015/05/07/test-post/#comment-31345/" "Mozilla/5.0 (Windows NT 10.0) AppleWebKit/537.36 (KHTML, like Gecko) Chrome/90.0.4430.85 Safari/537.36 Edg/90.0.818.46" "savemoki.com"
176.31.115.13 - - [06/Sep/2022:04:15:19 -0700] "GET / HTTP/1.1" 200 7350 "http://savemoki.com/" "Mozilla/5.0 (Windows NT 10.0) AppleWebKit/537.36 (KHTML, like Gecko) Chrome/90.0.4430.85 Safari/537.36 Edg/90.0.818.46" "savemoki.com"
176.31.115.13 - - [06/Sep/2022:04:15:20 -0700] "GET /blog/ HTTP/1.1" 200 698 "http://savemoki.com/blog/" "Mozilla/5.0 (Windows NT 10.0) AppleWebKit/537.36 (KHTML, like Gecko) Chrome/90.0.4430.85 Safari/537.36 Edg/90.0.818.46" "savemoki.com"
176.31.115.13 - - [06/Sep/2022:04:15:20 -0700] "GET /blog/contact_us.html HTTP/1.1" 404 73 "http://savemoki.com/blog/contact_us.html" "Mozilla/5.0 (Windows NT 10.0) AppleWebKit/537.36 (KHTML, like Gecko) Chrome/90.0.4430.85 Safari/537.36 Edg/90.0.818.46" "savemoki.com"
176.31.115.13 - - [06/Sep/2022:04:15:20 -0700] "GET /contact_us.html HTTP/1.1" 200 18024 "http://savemoki.com/contact_us.html" "Mozilla/5.0 (Windows NT 10.0) AppleWebKit/537.36 (KHTML, like Gecko) Chrome/90.0.4430.85 Safari/537.36 Edg/90.0.818.46" "savemoki.com"
114.119.134.192 - - [06/Sep/2022:04:17:44 -0700] "GET /clipart/lines/horizontal HTTP/1.1" 301 1420 "https://savemoki.com/clipart/lines?C=N%3BO%3DD" "Mozilla/5.0 (Linux; Android 7.0;) AppleWebKit/537.36 (KHTML, like Gecko) Mobile Safari/537.36 (compatible; PetalBot;+https://webmaster.petalsearch.com/site/petalbot)" "savemoki.com"
114.119.134.192 - - [06/Sep/2022:04:17:52 -0700] "GET /clipart/lines/horizontal/ HTTP/1.1" 200 408 "https://savemoki.com/clipart/lines?C=N%3BO%3DD" "Mozilla/5.0 (Linux; Android 7.0;) AppleWebKit/537.36 (KHTML, like Gecko) Mobile Safari/537.36 (compatible; PetalBot;+https://webmaster.petalsearch.com/site/petalbot)" "savemoki.com"
77.75.79.119 - - [06/Sep/2022:04:22:12 -0700] "GET /robots.txt HTTP/1.1" 200 55 "-" "Mozilla/5.0 (compatible; SeznamBot/3.2; +http://napoveda.seznam.cz/en/seznambot-intro/)" "www.savemoki.com"
77.75.79.119 - - [06/Sep/2022:04:22:13 -0700] "GET /sitebuilder/images/Lab_8-449x600.jpg HTTP/1.1" 304 - "-" "Mozilla/5.0 (compatible; SeznamBot/3.2; +http://napoveda.seznam.cz/en/seznambot-intro/)" "www.savemoki.com"
114.119.156.133 - - [06/Sep/2022:04:23:00 -0700] "GET /clipart/lines/ HTTP/1.1" 200 361 "https://savemoki.com/clipart/lines/horizontal?N=A" "Mozilla/5.0 (Linux; Android 7.0;) AppleWebKit/537.36 (KHTML, like Gecko) Mobile Safari/537.36 (compatible; PetalBot;+https://webmaster.petalsearch.com/site/petalbot)" "savemoki.com"
177.125.112.51 - - [06/Sep/2022:04:27:15 -0700] "GET / HTTP/1.1" 200 1285 "-" "Mozilla/5.0 (Windows NT 10.0; Win64; x64) AppleWebKit/537.36 (KHTML, like Gecko) Chrome/85.0.4183.121 Safari/537.36" "savemoki.com"
177.125.112.51 - - [06/Sep/2022:04:27:18 -0700] "GET /blog/ HTTP/1.1" 200 352 "-" "Mozilla/5.0 (Windows NT 10.0; Win64; x64) AppleWebKit/537.36 (KHTML, like Gecko) Chrome/85.0.4183.121 Safari/537.36" "savemoki.com"
177.125.112.51 - - [06/Sep/2022:04:27:24 -0700] "GET /contact_us.html HTTP/1.1" 200 4002 "-" "Mozilla/5.0 (Windows NT 10.0; Win64; x64) AppleWebKit/537.36 (KHTML, like Gecko) Chrome/85.0.4183.121 Safari/537.36" "savemoki.com"
177.125.112.51 - - [06/Sep/2022:04:27:33 -0700] "GET /temporarypreviewfile.html HTTP/1.1" 200 309 "-" "Mozilla/5.0 (Windows NT 10.0; Win64; x64) AppleWebKit/537.36 (KHTML, like Gecko) Chrome/85.0.4183.121 Safari/537.36" "savemoki.com"
114.119.139.167 - - [06/Sep/2022:04:28:34 -0700] "GET /clipart/images/frames?C=D%3BO%3DA HTTP/1.1" 301 1433 "https://www.savemoki.com/clipart/images/frames?C=M%3BO%3DA" "Mozilla/5.0 (Linux; Android 7.0;) AppleWebKit/537.36 (KHTML, like Gecko) Mobile Safari/537.36 (compatible; PetalBot;+https://webmaster.petalsearch.com/site/petalbot)" "www.savemoki.com"
114.119.139.167 - - [06/Sep/2022:04:28:42 -0700] "GET /clipart/images/frames/?C=D%3BO%3DA HTTP/1.1" 200 379 "https://www.savemoki.com/clipart/images/frames?C=M%3BO%3DA" "Mozilla/5.0 (Linux; Android 7.0;) AppleWebKit/537.36 (KHTML, like Gecko) Mobile Safari/537.36 (compatible; PetalBot;+https://webmaster.petalsearch.com/site/petalbot)" "www.savemoki.com"
114.119.134.192 - - [06/Sep/2022:04:33:48 -0700] "GET /clipart?C=D%3BO%3DA HTTP/1.1" 301 1422 "https://savemoki.com/clipart?D=D" "Mozilla/5.0 (Linux; Android 7.0;) AppleWebKit/537.36 (KHTML, like Gecko) Mobile Safari/537.36 (compatible; PetalBot;+https://webmaster.petalsearch.com/site/petalbot)" "savemoki.com"
114.119.134.192 - - [06/Sep/2022:04:33:49 -0700] "GET /clipart/?C=D%3BO%3DA HTTP/1.1" 200 440 "https://savemoki.com/clipart?D=D" "Mozilla/5.0 (Linux; Android 7.0;) AppleWebKit/537.36 (KHTML, like Gecko) Mobile Safari/537.36 (compatible; PetalBot;+https://webmaster.petalsearch.com/site/petalbot)" "savemoki.com"
113.125.149.124 - - [06/Sep/2022:04:36:13 -0700] "GET /blog1/2015/05/07/test-post/ HTTP/1.1" 404 73 "http://savemoki.com/blog1/2015/05/07/test-post/" "Mozilla/5.0 (Windows NT 6.1; Win64; x64) AppleWebKit/537.36 (KHTML, like Gecko) Chrome/90.0.4427.0 Safari/537.36" "savemoki.com"
10.213.116.64 - - [06/Sep/2022:04:41:49 -0700] "POST /2test/wp-cron.php?doing_wp_cron=1662464509.7995519638061523437500 HTTP/1.1" 200 - "http://savemoki.com/2test/wp-cron.php?doing_wp_cron=1662464509.7995519638061523437500" "WordPress/5.4.11; http://savemoki.com/2test" "savemoki.com"
216.244.66.249 - - [06/Sep/2022:04:41:43 -0700] "GET /2test/ HTTP/1.1" 200 20545 "-" "Mozilla/5.0 (compatible; DotBot/1.2; +https://opensiteexplorer.org/dotbot; help@moz.com)" "www.savemoki.com"
114.119.139.183 - - [06/Sep/2022:04:44:29 -0700] "GET /images?N=A HTTP/1.1" 301 1413 "https://www.savemoki.com/images?M=D" "Mozilla/5.0 (Linux; Android 7.0;) AppleWebKit/537.36 (KHTML, like Gecko) Mobile Safari/537.36 (compatible; PetalBot;+https://webmaster.petalsearch.com/site/petalbot)" "www.savemoki.com"
114.119.139.183 - - [06/Sep/2022:04:44:33 -0700] "GET /images/?N=A HTTP/1.1" 200 2158 "https://www.savemoki.com/images?M=D" "Mozilla/5.0 (Linux; Android 7.0;) AppleWebKit/537.36 (KHTML, like Gecko) Mobile Safari/537.36 (compatible; PetalBot;+https://webmaster.petalsearch.com/site/petalbot)" "www.savemoki.com"
114.119.134.192 - - [06/Sep/2022:04:55:10 -0700] "GET /images HTTP/1.1" 301 1404 "http://savemoki.com?C=N%3BO%3DD" "Mozilla/5.0 (Linux; Android 7.0;) AppleWebKit/537.36 (KHTML, like Gecko) Mobile Safari/537.36 (compatible; PetalBot;+https://webmaster.petalsearch.com/site/petalbot)" "savemoki.com"
114.119.134.192 - - [06/Sep/2022:04:55:10 -0700] "GET /images/ HTTP/1.1" 200 2158 "http://savemoki.com?C=N%3BO%3DD" "Mozilla/5.0 (Linux; Android 7.0;) AppleWebKit/537.36 (KHTML, like Gecko) Mobile Safari/537.36 (compatible; PetalBot;+https://webmaster.petalsearch.com/site/petalbot)" "savemoki.com"
114.119.139.185 - - [06/Sep/2022:05:00:41 -0700] "GET /2test/index.php/courses/fifth-grade/ HTTP/1.1" 200 20528 "https://www.savemoki.com/2test" "Mozilla/5.0 (Linux; Android 7.0;) AppleWebKit/537.36 (KHTML, like Gecko) Mobile Safari/537.36 (compatible; PetalBot;+https://webmaster.petalsearch.com/site/petalbot)" "savemoki.com"
114.119.134.192 - - [06/Sep/2022:05:06:00 -0700] "GET /clipart/lines/?C=D%3BO%3DA HTTP/1.1" 200 361 "https://savemoki.com/clipart/lines/?C=M%3BO%3DA" "Mozilla/5.0 (Linux; Android 7.0;) AppleWebKit/537.36 (KHTML, like Gecko) Mobile Safari/537.36 (compatible; PetalBot;+https://webmaster.petalsearch.com/site/petalbot)" "savemoki.com"
51.222.253.18 - - [06/Sep/2022:05:06:42 -0700] "GET /robots.txt HTTP/1.1" 200 55 "-" "Mozilla/5.0 (compatible; AhrefsBot/7.0; +http://ahrefs.com/robot/)" "savemoki.com"
216.244.66.249 - - [06/Sep/2022:05:10:45 -0700] "GET /robots.txt HTTP/1.1" 200 39 "-" "Mozilla/5.0 (compatible; DotBot/1.2; +https://opensiteexplorer.org/dotbot; help@moz.com)" "savemoki.com"
216.244.66.249 - - [06/Sep/2022:05:10:45 -0700] "GET /robots.txt HTTP/1.1" 200 39 "-" "Mozilla/5.0 (compatible; DotBot/1.2; +https://opensiteexplorer.org/dotbot; help@moz.com)" "www.savemoki.com"
114.119.139.148 - - [06/Sep/2022:05:11:23 -0700] "GET /clipart/buttons?D=D HTTP/1.1" 301 1419 "https://savemoki.com/clipart/buttons?D=A" "Mozilla/5.0 (Linux; Android 7.0;) AppleWebKit/537.36 (KHTML, like Gecko) Mobile Safari/537.36 (compatible; PetalBot;+https://webmaster.petalsearch.com/site/petalbot)" "savemoki.com"
114.119.139.148 - - [06/Sep/2022:05:11:24 -0700] "GET /clipart/buttons/?D=D HTTP/1.1" 200 359 "https://savemoki.com/clipart/buttons?D=A" "Mozilla/5.0 (Linux; Android 7.0;) AppleWebKit/537.36 (KHTML, like Gecko) Mobile Safari/537.36 (compatible; PetalBot;+https://webmaster.petalsearch.com/site/petalbot)" "savemoki.com"
45.138.74.8 - - [06/Sep/2022:05:13:56 -0700] "GET /blog1/2015/05/07/test-post/ HTTP/1.1" 404 73 "https://xxxhive.com/" "Mozilla/4.0 (compatible; MSIE 6.0; Windows NT 5.1) Netscape/8.0.4" "savemoki.com"
45.138.74.8 - - [06/Sep/2022:05:13:57 -0700] "GET /blog1/2015/05/07/test-post/ HTTP/1.1" 404 73 "https://xxxhive.com/" "Mozilla/4.0 (compatible; MSIE 6.0; Windows NT 5.1) Netscape/8.0.4" "savemoki.com"
45.138.74.8 - - [06/Sep/2022:05:13:58 -0700] "GET /blog1/2015/05/07/test-post/ HTTP/1.1" 404 73 "https://xxxhive.com/" "Mozilla/4.0 (compatible; MSIE 6.0; Windows NT 5.1) Netscape/8.0.4" "savemoki.com"
37.139.53.84 - - [06/Sep/2022:05:17:47 -0700] "GET /contact_us.html HTTP/1.1" 200 18024 "http://savemoki.com/contact_us.html" "Mozilla/5.0 (Windows NT 10.0; ) AppleWebKit/537.36 (KHTML, like Gecko) Chrome/83.0.4103.34 Safari/537.36 Edg/83.0.478.25" "savemoki.com"
77.75.77.119 - - [06/Sep/2022:05:22:42 -0700] "GET /robots.txt HTTP/1.1" 200 55 "-" "Mozilla/5.0 (compatible; SeznamBot/3.2; +http://napoveda.seznam.cz/en/seznambot-intro/)" "www.savemoki.com"
77.75.77.119 - - [06/Sep/2022:05:22:44 -0700] "GET /sitebuilder/images/Medical_Record_2-449x600.jpg HTTP/1.1" 304 - "-" "Mozilla/5.0 (compatible; SeznamBot/3.2; +http://napoveda.seznam.cz/en/seznambot-intro/)" "www.savemoki.com"
154.51.183.118 - - [06/Sep/2022:05:57:19 -0700] "GET /mokis_story HTTP/1.1" 200 9307 "-" "Mozilla/5.0 (X11; Ubuntu; Linux x86_64; rv:89.0) Gecko/20100101 Firefox/89.0" "savemoki.com"
216.244.66.249 - - [06/Sep/2022:06:10:38 -0700] "GET /robots.txt HTTP/1.1" 200 39 "-" "Mozilla/5.0 (compatible; DotBot/1.2; +https://opensiteexplorer.org/dotbot; help@moz.com)" "www.savemoki.com"
216.244.66.249 - - [06/Sep/2022:06:10:38 -0700] "GET /robots.txt HTTP/1.1" 200 39 "-" "Mozilla/5.0 (compatible; DotBot/1.2; +https://opensiteexplorer.org/dotbot; help@moz.com)" "savemoki.com"
118.184.177.45 - - [06/Sep/2022:06:31:08 -0700] "GET / HTTP/1.1" 200 1285 "-" "Sogou web spider/4.0(+http://www.sogou.com/docs/help/webmasters.htm#07)" "www.savemoki.com"
77.75.78.170 - - [06/Sep/2022:06:38:47 -0700] "GET /robots.txt HTTP/1.1" 200 55 "-" "Mozilla/5.0 (compatible; SeznamBot/3.2; +http://napoveda.seznam.cz/en/seznambot-intro/)" "savemoki.com"
77.75.78.170 - - [06/Sep/2022:06:38:49 -0700] "GET /yahoo_site_admin/assets/images/DSC00034_-_Copy_-_Copy.121213830_std.JPG HTTP/1.1" 304 - "-" "Mozilla/5.0 (compatible; SeznamBot/3.2; +http://napoveda.seznam.cz/en/seznambot-intro/)" "savemoki.com"
77.75.78.170 - - [06/Sep/2022:06:38:51 -0700] "GET /robots.txt HTTP/1.1" 200 55 "-" "Mozilla/5.0 (compatible; SeznamBot/3.2; +http://napoveda.seznam.cz/en/seznambot-intro/)" "www.savemoki.com"
77.75.78.170 - - [06/Sep/2022:06:38:53 -0700] "GET /sitebuilder/images/Medical_Record_7-449x600.jpg HTTP/1.1" 304 - "-" "Mozilla/5.0 (compatible; SeznamBot/3.2; +http://napoveda.seznam.cz/en/seznambot-intro/)" "www.savemoki.com"
35.89.157.126 - - [06/Sep/2022:06:58:48 -0700] "GET / HTTP/1.1" 200 1285 "-" "Mozilla/5.0 (Windows NT 10.0; Win64; x64) AppleWebKit/537.36 (KHTML, like Gecko) Chrome/70.0.3538.77 Safari/537.36" "www.savemoki.com"
35.89.157.126 - - [06/Sep/2022:06:59:00 -0700] "GET /robots.txt HTTP/1.1" 200 55 "http://www.savemoki.com" "Mozilla/5.0 (Windows NT 10.0; Win64; x64) AppleWebKit/537.36 (KHTML, like Gecko) Chrome/70.0.3538.77 Safari/537.36" "www.savemoki.com"
35.89.157.126 - - [06/Sep/2022:06:59:07 -0700] "GET /sitemap.xml HTTP/1.1" 200 251 "http://www.savemoki.com" "Mozilla/5.0 (Windows NT 10.0; Win64; x64) AppleWebKit/537.36 (KHTML, like Gecko) Chrome/70.0.3538.77 Safari/537.36" "www.savemoki.com"
216.244.66.249 - - [06/Sep/2022:07:06:18 -0700] "GET /robots.txt HTTP/1.1" 200 39 "-" "Mozilla/5.0 (compatible; DotBot/1.2; +https://opensiteexplorer.org/dotbot; help@moz.com)" "savemoki.com"
216.244.66.249 - - [06/Sep/2022:07:06:18 -0700] "GET /robots.txt HTTP/1.1" 200 39 "-" "Mozilla/5.0 (compatible; DotBot/1.2; +https://opensiteexplorer.org/dotbot; help@moz.com)" "www.savemoki.com"
51.222.253.16 - - [06/Sep/2022:07:06:36 -0700] "GET /robots.txt HTTP/1.1" 200 55 "-" "Mozilla/5.0 (compatible; AhrefsBot/7.0; +http://ahrefs.com/robot/)" "savemoki.com"
51.222.253.14 - - [06/Sep/2022:07:06:37 -0700] "GET / HTTP/1.1" 200 1285 "-" "Mozilla/5.0 (compatible; AhrefsBot/7.0; +http://ahrefs.com/robot/)" "savemoki.com"
