114.119.134.192 - - [04/Sep/2022:21:34:44 -0700] "GET /navigation_bars?C=M%3BO%3DA HTTP/1.1" 301 1430 "https://www.savemoki.com/navigation_bars?S=A" "Mozilla/5.0 (Linux; Android 7.0;) AppleWebKit/537.36 (KHTML, like Gecko) Mobile Safari/537.36 (compatible; PetalBot;+https://webmaster.petalsearch.com/site/petalbot)" "www.savemoki.com"
114.119.134.192 - - [04/Sep/2022:21:34:58 -0700] "GET /navigation_bars/?C=M%3BO%3DA HTTP/1.1" 200 408 "https://www.savemoki.com/navigation_bars?S=A" "Mozilla/5.0 (Linux; Android 7.0;) AppleWebKit/537.36 (KHTML, like Gecko) Mobile Safari/537.36 (compatible; PetalBot;+https://webmaster.petalsearch.com/site/petalbot)" "www.savemoki.com"
114.119.139.185 - - [04/Sep/2022:21:40:20 -0700] "GET /clipart/lines?N=A HTTP/1.1" 301 1417 "https://savemoki.com/clipart/lines?S=D" "Mozilla/5.0 (Linux; Android 7.0;) AppleWebKit/537.36 (KHTML, like Gecko) Mobile Safari/537.36 (compatible; PetalBot;+https://webmaster.petalsearch.com/site/petalbot)" "savemoki.com"
114.119.139.185 - - [04/Sep/2022:21:40:34 -0700] "GET /clipart/lines/?N=A HTTP/1.1" 200 361 "https://savemoki.com/clipart/lines?S=D" "Mozilla/5.0 (Linux; Android 7.0;) AppleWebKit/537.36 (KHTML, like Gecko) Mobile Safari/537.36 (compatible; PetalBot;+https://webmaster.petalsearch.com/site/petalbot)" "savemoki.com"
114.119.134.192 - - [04/Sep/2022:21:46:18 -0700] "GET /blog/wp-content/themes/themeforest-625914-ice-theme-powerful-wordpress-theme-1?N=D HTTP/1.1" 301 1458 "https://savemoki.com/blog/wp-content/themes/themeforest-625914-ice-theme-powerful-wordpress-theme-1?N=A" "Mozilla/5.0 (Linux; Android 7.0;) AppleWebKit/537.36 (KHTML, like Gecko) Mobile Safari/537.36 (compatible; PetalBot;+https://webmaster.petalsearch.com/site/petalbot)" "savemoki.com"
114.119.134.192 - - [04/Sep/2022:21:46:25 -0700] "GET /blog/wp-content/themes/themeforest-625914-ice-theme-powerful-wordpress-theme-1/?N=D HTTP/1.1" 200 513 "https://savemoki.com/blog/wp-content/themes/themeforest-625914-ice-theme-powerful-wordpress-theme-1?N=A" "Mozilla/5.0 (Linux; Android 7.0;) AppleWebKit/537.36 (KHTML, like Gecko) Mobile Safari/537.36 (compatible; PetalBot;+https://webmaster.petalsearch.com/site/petalbot)" "savemoki.com"
51.222.253.8 - - [04/Sep/2022:21:48:35 -0700] "GET /files/?C=D;O=A HTTP/1.1" 200 380 "-" "Mozilla/5.0 (compatible; AhrefsBot/7.0; +http://ahrefs.com/robot/)" "www.savemoki.com"
3.93.40.91 - - [04/Sep/2022:21:52:34 -0700] "GET /Links.html HTTP/1.1" 200 8682 "-" "Mozilla/5.0 (Macintosh; Intel Mac OS X 10_10_4) AppleWebKit/600.7.12 (KHTML, like Gecko) Version/8.0.7 Safari/600.7.12" "www.savemoki.com"
114.119.139.183 - - [04/Sep/2022:21:52:52 -0700] "GET /sitebuilder/?C=M%3BO%3DA HTTP/1.1" 200 372 "https://www.savemoki.com/sitebuilder?S=A" "Mozilla/5.0 (Linux; Android 7.0;) AppleWebKit/537.36 (KHTML, like Gecko) Mobile Safari/537.36 (compatible; PetalBot;+https://webmaster.petalsearch.com/site/petalbot)" "www.savemoki.com"
114.119.139.183 - - [04/Sep/2022:21:58:12 -0700] "GET /2test HTTP/1.1" 301 1409 "https://www.savemoki.com/?C=N%3BO%3DD" "Mozilla/5.0 (Linux; Android 7.0;) AppleWebKit/537.36 (KHTML, like Gecko) Mobile Safari/537.36 (compatible; PetalBot;+https://webmaster.petalsearch.com/site/petalbot)" "www.savemoki.com"
114.119.139.183 - - [04/Sep/2022:21:58:16 -0700] "GET /2test/ HTTP/1.1" 200 20598 "https://www.savemoki.com/?C=N%3BO%3DD" "Mozilla/5.0 (Linux; Android 7.0;) AppleWebKit/537.36 (KHTML, like Gecko) Mobile Safari/537.36 (compatible; PetalBot;+https://webmaster.petalsearch.com/site/petalbot)" "www.savemoki.com"
10.213.116.64 - - [04/Sep/2022:21:58:20 -0700] "POST /2test/wp-cron.php?doing_wp_cron=1662353899.9765419960021972656250 HTTP/1.1" 200 - "https://savemoki.com/2test/wp-cron.php?doing_wp_cron=1662353899.9765419960021972656250" "WordPress/5.4.11; https://savemoki.com/2test" "savemoki.com"
114.119.139.148 - - [04/Sep/2022:22:04:37 -0700] "GET /sitebuilder/scripts?D=D HTTP/1.1" 301 1421 "https://savemoki.com/sitebuilder/scripts?D=A" "Mozilla/5.0 (Linux; Android 7.0;) AppleWebKit/537.36 (KHTML, like Gecko) Mobile Safari/537.36 (compatible; PetalBot;+https://webmaster.petalsearch.com/site/petalbot)" "savemoki.com"
114.119.139.148 - - [04/Sep/2022:22:04:43 -0700] "GET /sitebuilder/scripts/?D=D HTTP/1.1" 200 373 "https://savemoki.com/sitebuilder/scripts?D=A" "Mozilla/5.0 (Linux; Android 7.0;) AppleWebKit/537.36 (KHTML, like Gecko) Mobile Safari/537.36 (compatible; PetalBot;+https://webmaster.petalsearch.com/site/petalbot)" "savemoki.com"
114.119.139.148 - - [04/Sep/2022:22:11:10 -0700] "GET /clipart/backgrounds HTTP/1.1" 301 1414 "https://www.savemoki.com/clipart/backgrounds/fullpage?S=A" "Mozilla/5.0 (Linux; Android 7.0;) AppleWebKit/537.36 (KHTML, like Gecko) Mobile Safari/537.36 (compatible; PetalBot;+https://webmaster.petalsearch.com/site/petalbot)" "www.savemoki.com"
114.119.139.148 - - [04/Sep/2022:22:11:31 -0700] "GET /clipart/backgrounds/ HTTP/1.1" 200 366 "https://www.savemoki.com/clipart/backgrounds/fullpage?S=A" "Mozilla/5.0 (Linux; Android 7.0;) AppleWebKit/537.36 (KHTML, like Gecko) Mobile Safari/537.36 (compatible; PetalBot;+https://webmaster.petalsearch.com/site/petalbot)" "www.savemoki.com"
51.222.253.11 - - [04/Sep/2022:22:14:25 -0700] "GET /clipart/?C=M;O=A HTTP/1.1" 200 443 "-" "Mozilla/5.0 (compatible; AhrefsBot/7.0; +http://ahrefs.com/robot/)" "www.savemoki.com"
89.38.224.157 - - [04/Sep/2022:22:14:32 -0700] "GET /blog1/2015/05/07/test-post/ HTTP/1.1" 404 73 "http://savemoki.com/blog1/2015/05/07/test-post/" "Mozilla/5.0 (Windows NT 10.0; WOW64) AppleWebKit/537.36 (KHTML, like Gecko) Chrome/90.0.4400.8 Safari/537.36" "savemoki.com"
89.38.224.157 - - [04/Sep/2022:22:14:34 -0700] "GET / HTTP/1.1" 200 7350 "http://savemoki.com/" "Mozilla/5.0 (Windows NT 10.0; WOW64) AppleWebKit/537.36 (KHTML, like Gecko) Chrome/90.0.4400.8 Safari/537.36" "savemoki.com"
89.38.224.157 - - [04/Sep/2022:22:14:35 -0700] "GET /blog/ HTTP/1.1" 200 698 "http://savemoki.com/blog/" "Mozilla/5.0 (Windows NT 10.0; WOW64) AppleWebKit/537.36 (KHTML, like Gecko) Chrome/90.0.4400.8 Safari/537.36" "savemoki.com"
89.38.224.157 - - [04/Sep/2022:22:14:35 -0700] "GET /blog/contact_us.html HTTP/1.1" 404 73 "http://savemoki.com/blog/contact_us.html" "Mozilla/5.0 (Windows NT 10.0; WOW64) AppleWebKit/537.36 (KHTML, like Gecko) Chrome/90.0.4400.8 Safari/537.36" "savemoki.com"
89.38.224.157 - - [04/Sep/2022:22:14:37 -0700] "GET /contact_us.html HTTP/1.1" 200 18024 "http://savemoki.com/contact_us.html" "Mozilla/5.0 (Windows NT 10.0; WOW64) AppleWebKit/537.36 (KHTML, like Gecko) Chrome/90.0.4400.8 Safari/537.36" "savemoki.com"
114.119.139.185 - - [04/Sep/2022:22:16:54 -0700] "GET /clipart/lines/horizontal?C=D%3BO%3DA HTTP/1.1" 301 1434 "https://savemoki.com/clipart/lines/horizontal?N=D" "Mozilla/5.0 (Linux; Android 7.0;) AppleWebKit/537.36 (KHTML, like Gecko) Mobile Safari/537.36 (compatible; PetalBot;+https://webmaster.petalsearch.com/site/petalbot)" "savemoki.com"
114.119.139.185 - - [04/Sep/2022:22:16:59 -0700] "GET /clipart/lines/horizontal/?C=D%3BO%3DA HTTP/1.1" 200 408 "https://savemoki.com/clipart/lines/horizontal?N=D" "Mozilla/5.0 (Linux; Android 7.0;) AppleWebKit/537.36 (KHTML, like Gecko) Mobile Safari/537.36 (compatible; PetalBot;+https://webmaster.petalsearch.com/site/petalbot)" "savemoki.com"
216.244.66.249 - - [04/Sep/2022:22:23:53 -0700] "GET /robots.txt HTTP/1.1" 200 39 "-" "Mozilla/5.0 (compatible; DotBot/1.2; +https://opensiteexplorer.org/dotbot; help@moz.com)" "savemoki.com"
216.244.66.249 - - [04/Sep/2022:22:23:53 -0700] "GET /robots.txt HTTP/1.1" 200 39 "-" "Mozilla/5.0 (compatible; DotBot/1.2; +https://opensiteexplorer.org/dotbot; help@moz.com)" "www.savemoki.com"
43.153.174.253 - - [04/Sep/2022:22:26:25 -0700] "GET /contact_us.html HTTP/1.1" 200 18024 "http://savemoki.com/contact_us.html" "Mozilla/5.0 (Windows NT 6.2; Win64; x64) AppleWebKit/537.36 (KHTML, like Gecko) Chrome/90.0.4430.72 Safari/537.36" "savemoki.com"
154.54.249.194 - - [04/Sep/2022:22:26:43 -0700] "GET /2test/index.php/courses/sample-course/lessons/lesson-28/ HTTP/1.1" 404 18320 "-" "Mozilla/5.0 (compatible; Barkrowler/0.9; +https://babbar.tech/crawler)" "savemoki.com"
10.213.116.63 - - [04/Sep/2022:22:26:47 -0700] "POST /2test/wp-cron.php?doing_wp_cron=1662355607.0174400806427001953125 HTTP/1.1" 200 - "https://savemoki.com/2test/wp-cron.php?doing_wp_cron=1662355607.0174400806427001953125" "WordPress/5.4.11; https://savemoki.com/2test" "savemoki.com"
51.222.253.9 - - [04/Sep/2022:22:30:23 -0700] "GET /files/?C=M;O=A HTTP/1.1" 200 380 "-" "Mozilla/5.0 (compatible; AhrefsBot/7.0; +http://ahrefs.com/robot/)" "www.savemoki.com"
68.173.67.148 - - [04/Sep/2022:22:31:25 -0700] "GET /contact_us.html HTTP/1.1" 200 18024 "http://savemoki.com/contact_us.html" "Mozilla/5.0 (Windows NT 10.0; Win64; x64) AppleWebKit/537.36 (KHTML, like Gecko) Chrome/90.0.4430.72 Safari/537.36 Edg/90.0.818.39" "savemoki.com"
45.138.74.127 - - [04/Sep/2022:22:44:34 -0700] "GET / HTTP/1.1" 200 7350 "https://jav-fetish.com/" "Mozilla/4.0 (compatible; MSIE 6.0; Windows NT 5.1; SV1)" "www.savemoki.com"
45.138.74.127 - - [04/Sep/2022:22:44:35 -0700] "GET / HTTP/1.1" 200 7350 "https://jav-fetish.com/" "Mozilla/4.0 (compatible; MSIE 6.0; Windows NT 5.1; SV1)" "www.savemoki.com"
45.138.74.127 - - [04/Sep/2022:22:44:36 -0700] "GET / HTTP/1.1" 200 7350 "https://jav-fetish.com/" "Mozilla/4.0 (compatible; MSIE 6.0; Windows NT 5.1; SV1)" "www.savemoki.com"
20.74.83.20 - - [04/Sep/2022:22:56:33 -0700] "GET /wp-content/themes/seotheme/mar.php HTTP/1.1" 404 88 "www.google.com" "Mozlila/5.0 (Linux; Android 7.0; SM-G892A Bulid/NRD90M; wv) AppleWebKit/537.36 (KHTML, like Gecko) Version/4.0 Chrome/60.0.3112.107 Moblie Safari/537.36" "savemoki.com"
20.74.83.20 - - [04/Sep/2022:22:56:38 -0700] "GET /wp-content/themes/seotheme/mar.php HTTP/1.1" 404 88 "www.google.com" "Mozlila/5.0 (Linux; Android 7.0; SM-G892A Bulid/NRD90M; wv) AppleWebKit/537.36 (KHTML, like Gecko) Version/4.0 Chrome/60.0.3112.107 Moblie Safari/537.36" "savemoki.com"
216.244.66.249 - - [04/Sep/2022:23:15:20 -0700] "GET /robots.txt HTTP/1.1" 200 39 "-" "Mozilla/5.0 (compatible; DotBot/1.2; +https://opensiteexplorer.org/dotbot; help@moz.com)" "savemoki.com"
216.244.66.249 - - [04/Sep/2022:23:15:20 -0700] "GET /robots.txt HTTP/1.1" 200 39 "-" "Mozilla/5.0 (compatible; DotBot/1.2; +https://opensiteexplorer.org/dotbot; help@moz.com)" "www.savemoki.com"
51.222.253.13 - - [04/Sep/2022:23:19:44 -0700] "GET /clipart/?C=S;O=A HTTP/1.1" 200 440 "-" "Mozilla/5.0 (compatible; AhrefsBot/7.0; +http://ahrefs.com/robot/)" "www.savemoki.com"
207.96.113.90 - - [04/Sep/2022:23:25:18 -0700] "GET /contact_us.html HTTP/1.1" 200 18024 "http://savemoki.com/contact_us.html" "Mozilla/5.0 (Windows NT 6.1; Win64; x64) AppleWebKit/537.36 (KHTML, like Gecko) Chrome/90.0.4427.0 Safari/537.36" "savemoki.com"
185.119.81.99 - - [04/Sep/2022:23:27:08 -0700] "GET /2test/wp-login.php HTTP/1.1" 200 6050 "-" "Mozilla/5.0 (Windows NT 10.0; Win64; x64) AppleWebKit/537.36 (KHTML, like Gecko) Chrome/81.0.4044.138 Safari/537.36" "savemoki.com"
185.119.81.99 - - [04/Sep/2022:23:27:13 -0700] "POST /2test/wp-login.php HTTP/1.1" 200 6339 "http://savemoki.com/2test/wp-login.php" "Mozilla/5.0 (Windows NT 10.0; Win64; x64) AppleWebKit/537.36 (KHTML, like Gecko) Chrome/81.0.4044.138 Safari/537.36" "savemoki.com"
10.213.116.62 - - [04/Sep/2022:23:27:11 -0700] "POST /2test/wp-cron.php?doing_wp_cron=1662359231.7465190887451171875000 HTTP/1.1" 200 - "http://savemoki.com/2test/wp-cron.php?doing_wp_cron=1662359231.7465190887451171875000" "WordPress/5.4.11; http://savemoki.com/2test" "savemoki.com"
207.46.13.101 - - [04/Sep/2022:23:33:52 -0700] "GET / HTTP/1.1" 200 1285 "-" "Mozilla/5.0 (compatible; bingbot/2.0; +http://www.bing.com/bingbot.htm)" "savemoki.com"
37.139.53.84 - - [04/Sep/2022:23:35:04 -0700] "GET /contact_us.html HTTP/1.1" 200 18024 "http://savemoki.com/contact_us.html" "Mozilla/5.0 (Windows NT 10.0; Win64; x64) AppleWebKit/537.36 (KHTML, like Gecko) Chrome/83.0.4103.44 Safari/537.36 OPR/69.0.3686.7 (Edition beta)" "savemoki.com"
183.89.186.65 - - [04/Sep/2022:23:39:03 -0700] "GET /contact_us.html HTTP/1.1" 200 18024 "http://savemoki.com/contact_us.html" "Mozilla/5.0 (Windows NT 10.0) AppleWebKit/537.36 (KHTML, like Gecko) Chrome/90.0.4430.85 Safari/537.36" "savemoki.com"
51.222.253.11 - - [04/Sep/2022:23:48:56 -0700] "GET /clipart/?C=D;O=A HTTP/1.1" 200 440 "-" "Mozilla/5.0 (compatible; AhrefsBot/7.0; +http://ahrefs.com/robot/)" "www.savemoki.com"
154.54.249.194 - - [04/Sep/2022:23:52:13 -0700] "GET /2test/index.php/courses/sample-course/lessons/lesson-55/ HTTP/1.1" 404 18320 "-" "Mozilla/5.0 (compatible; Barkrowler/0.9; +https://babbar.tech/crawler)" "savemoki.com"
10.213.116.62 - - [04/Sep/2022:23:52:17 -0700] "POST /2test/wp-cron.php?doing_wp_cron=1662360737.0708971023559570312500 HTTP/1.1" 200 - "https://savemoki.com/2test/wp-cron.php?doing_wp_cron=1662360737.0708971023559570312500" "WordPress/5.4.11; https://savemoki.com/2test" "savemoki.com"
114.119.156.133 - - [04/Sep/2022:23:56:00 -0700] "GET /photo_album.html HTTP/1.1" 200 6353 "http://savemoki.com/Links_Feline_Health.html" "Mozilla/5.0 (Linux; Android 7.0;) AppleWebKit/537.36 (KHTML, like Gecko) Mobile Safari/537.36 (compatible; PetalBot;+https://webmaster.petalsearch.com/site/petalbot)" "savemoki.com"
218.102.220.3 - - [04/Sep/2022:23:59:02 -0700] "GET /contact_us.html HTTP/1.1" 200 18024 "http://savemoki.com/contact_us.html" "Mozilla/5.0 (Windows NT 6.1; Win64; x64) AppleWebKit/537.36 (KHTML, like Gecko) Chrome/90.0.4430.93 Safari/537.36" "savemoki.com"
216.244.66.249 - - [05/Sep/2022:00:01:41 -0700] "GET /robots.txt HTTP/1.1" 200 39 "-" "Mozilla/5.0 (compatible; DotBot/1.2; +https://opensiteexplorer.org/dotbot; help@moz.com)" "www.savemoki.com"
216.244.66.249 - - [05/Sep/2022:00:01:41 -0700] "GET /robots.txt HTTP/1.1" 200 39 "-" "Mozilla/5.0 (compatible; DotBot/1.2; +https://opensiteexplorer.org/dotbot; help@moz.com)" "savemoki.com"
51.222.253.16 - - [05/Sep/2022:00:15:34 -0700] "GET /clipart/lines/ HTTP/1.1" 200 361 "-" "Mozilla/5.0 (compatible; AhrefsBot/7.0; +http://ahrefs.com/robot/)" "www.savemoki.com"
114.119.139.183 - - [05/Sep/2022:00:21:40 -0700] "GET /blog/wp-content/themes?C=M%3BO%3DA HTTP/1.1" 301 1435 "https://www.savemoki.com/blog/wp-content/themes?C=D%3BO%3DA" "Mozilla/5.0 (Linux; Android 7.0;) AppleWebKit/537.36 (KHTML, like Gecko) Mobile Safari/537.36 (compatible; PetalBot;+https://webmaster.petalsearch.com/site/petalbot)" "www.savemoki.com"
114.119.139.183 - - [05/Sep/2022:00:21:44 -0700] "GET /blog/wp-content/themes/?C=M%3BO%3DA HTTP/1.1" 200 405 "https://www.savemoki.com/blog/wp-content/themes?C=D%3BO%3DA" "Mozilla/5.0 (Linux; Android 7.0;) AppleWebKit/537.36 (KHTML, like Gecko) Mobile Safari/537.36 (compatible; PetalBot;+https://webmaster.petalsearch.com/site/petalbot)" "www.savemoki.com"
51.222.253.20 - - [05/Sep/2022:00:24:45 -0700] "GET /robots.txt HTTP/1.1" 200 55 "-" "Mozilla/5.0 (compatible; AhrefsBot/7.0; +http://ahrefs.com/robot/)" "savemoki.com"
51.222.253.2 - - [05/Sep/2022:00:24:46 -0700] "GET /New1.html HTTP/1.1" 200 425 "-" "Mozilla/5.0 (compatible; AhrefsBot/7.0; +http://ahrefs.com/robot/)" "savemoki.com"
51.222.253.1 - - [05/Sep/2022:00:25:58 -0700] "GET /blog/wp-content/themes/?C=D;O=D HTTP/1.1" 200 403 "-" "Mozilla/5.0 (compatible; AhrefsBot/7.0; +http://ahrefs.com/robot/)" "www.savemoki.com"
51.222.253.14 - - [05/Sep/2022:00:27:06 -0700] "GET /New3.html HTTP/1.1" 200 425 "-" "Mozilla/5.0 (compatible; AhrefsBot/7.0; +http://ahrefs.com/robot/)" "savemoki.com"
49.51.98.9 - - [05/Sep/2022:00:28:17 -0700] "GET /contact_us.html HTTP/1.1" 200 18024 "http://savemoki.com/contact_us.html" "Mozilla/5.0 (Windows NT 10.0; Win64; x64) AppleWebKit/537.36 (KHTML, like Gecko) Chrome/90.0.4430.85 Safari/537.36 Edg/90.0.818.49" "savemoki.com"
157.55.39.181 - - [05/Sep/2022:00:34:44 -0700] "GET /updates_on_special_friends.html HTTP/1.1" 404 88 "-" "Mozilla/5.0 (compatible; bingbot/2.0; +http://www.bing.com/bingbot.htm)" "savemoki.com"
114.119.139.185 - - [05/Sep/2022:00:35:27 -0700] "GET /?C=D%3BO%3DA HTTP/1.1" 200 1285 "https://savemoki.com/" "Mozilla/5.0 (Linux; Android 7.0;) AppleWebKit/537.36 (KHTML, like Gecko) Mobile Safari/537.36 (compatible; PetalBot;+https://webmaster.petalsearch.com/site/petalbot)" "savemoki.com"
1.162.95.214 - - [05/Sep/2022:00:38:35 -0700] "GET /contact_us.html HTTP/1.1" 200 18024 "http://savemoki.com/contact_us.html" "Mozilla/5.0 (Windows NT 10.0) AppleWebKit/537.36 (KHTML, like Gecko) Chrome/90.0.4430.72 Safari/537.36" "savemoki.com"
209.97.185.87 - - [05/Sep/2022:00:40:12 -0700] "GET /wp-admin/install.php?step=1 HTTP/1.1" 404 88 "-" "Mozilla/5.0 (X11; Linux x86_64; rv:52.0) Gecko/20100101 Firefox/52.0" "savemoki.com"
209.97.185.87 - - [05/Sep/2022:00:40:12 -0700] "GET /wp-admin/setup-config.php HTTP/1.1" 404 88 "-" "Mozilla/5.0 (X11; Linux x86_64; rv:52.0) Gecko/20100101 Firefox/52.0" "savemoki.com"
209.97.185.87 - - [05/Sep/2022:00:40:13 -0700] "GET /new/wp-admin/install.php?step=1 HTTP/1.1" 404 88 "-" "Mozilla/5.0 (X11; Linux x86_64; rv:52.0) Gecko/20100101 Firefox/52.0" "savemoki.com"
209.97.185.87 - - [05/Sep/2022:00:40:13 -0700] "GET /new/wp-admin/setup-config.php HTTP/1.1" 404 88 "-" "Mozilla/5.0 (X11; Linux x86_64; rv:52.0) Gecko/20100101 Firefox/52.0" "savemoki.com"
209.97.185.87 - - [05/Sep/2022:00:40:13 -0700] "GET /blog/wp-admin/install.php?step=1 HTTP/1.1" 404 88 "-" "Mozilla/5.0 (X11; Linux x86_64; rv:52.0) Gecko/20100101 Firefox/52.0" "savemoki.com"
209.97.185.87 - - [05/Sep/2022:00:40:14 -0700] "GET /blog/wp-admin/setup-config.php HTTP/1.1" 404 88 "-" "Mozilla/5.0 (X11; Linux x86_64; rv:52.0) Gecko/20100101 Firefox/52.0" "savemoki.com"
209.97.185.87 - - [05/Sep/2022:00:40:14 -0700] "GET /blogs/wp-admin/install.php?step=1 HTTP/1.1" 404 88 "-" "Mozilla/5.0 (X11; Linux x86_64; rv:52.0) Gecko/20100101 Firefox/52.0" "savemoki.com"
209.97.185.87 - - [05/Sep/2022:00:40:14 -0700] "GET /blogs/wp-admin/setup-config.php HTTP/1.1" 404 88 "-" "Mozilla/5.0 (X11; Linux x86_64; rv:52.0) Gecko/20100101 Firefox/52.0" "savemoki.com"
209.97.185.87 - - [05/Sep/2022:00:40:15 -0700] "GET /demo/wp-admin/install.php?step=1 HTTP/1.1" 404 88 "-" "Mozilla/5.0 (X11; Linux x86_64; rv:52.0) Gecko/20100101 Firefox/52.0" "savemoki.com"
209.97.185.87 - - [05/Sep/2022:00:40:15 -0700] "GET /demo/wp-admin/setup-config.php HTTP/1.1" 404 88 "-" "Mozilla/5.0 (X11; Linux x86_64; rv:52.0) Gecko/20100101 Firefox/52.0" "savemoki.com"
209.97.185.87 - - [05/Sep/2022:00:40:16 -0700] "GET /wp/wp-admin/install.php?step=1 HTTP/1.1" 404 88 "-" "Mozilla/5.0 (X11; Linux x86_64; rv:52.0) Gecko/20100101 Firefox/52.0" "savemoki.com"
209.97.185.87 - - [05/Sep/2022:00:40:16 -0700] "GET /wp/wp-admin/setup-config.php HTTP/1.1" 404 88 "-" "Mozilla/5.0 (X11; Linux x86_64; rv:52.0) Gecko/20100101 Firefox/52.0" "savemoki.com"
209.97.185.87 - - [05/Sep/2022:00:40:16 -0700] "GET /wordpress/wp-admin/install.php?step=1 HTTP/1.1" 404 88 "-" "Mozilla/5.0 (X11; Linux x86_64; rv:52.0) Gecko/20100101 Firefox/52.0" "savemoki.com"
209.97.185.87 - - [05/Sep/2022:00:40:16 -0700] "GET /wordpress/wp-admin/setup-config.php HTTP/1.1" 404 88 "-" "Mozilla/5.0 (X11; Linux x86_64; rv:52.0) Gecko/20100101 Firefox/52.0" "savemoki.com"
209.97.185.87 - - [05/Sep/2022:00:40:17 -0700] "GET /tes/wp-admin/install.php?step=1 HTTP/1.1" 404 88 "-" "Mozilla/5.0 (X11; Linux x86_64; rv:52.0) Gecko/20100101 Firefox/52.0" "savemoki.com"
209.97.185.87 - - [05/Sep/2022:00:40:17 -0700] "GET /tes/wp-admin/setup-config.php HTTP/1.1" 404 88 "-" "Mozilla/5.0 (X11; Linux x86_64; rv:52.0) Gecko/20100101 Firefox/52.0" "savemoki.com"
209.97.185.87 - - [05/Sep/2022:00:40:17 -0700] "GET /test/wp-admin/install.php?step=1 HTTP/1.1" 404 88 "-" "Mozilla/5.0 (X11; Linux x86_64; rv:52.0) Gecko/20100101 Firefox/52.0" "savemoki.com"
209.97.185.87 - - [05/Sep/2022:00:40:18 -0700] "GET /test/wp-admin/setup-config.php HTTP/1.1" 404 88 "-" "Mozilla/5.0 (X11; Linux x86_64; rv:52.0) Gecko/20100101 Firefox/52.0" "savemoki.com"
209.97.185.87 - - [05/Sep/2022:00:40:18 -0700] "GET /web/wp-admin/install.php?step=1 HTTP/1.1" 404 88 "-" "Mozilla/5.0 (X11; Linux x86_64; rv:52.0) Gecko/20100101 Firefox/52.0" "savemoki.com"
209.97.185.87 - - [05/Sep/2022:00:40:19 -0700] "GET /web/wp-admin/setup-config.php HTTP/1.1" 404 88 "-" "Mozilla/5.0 (X11; Linux x86_64; rv:52.0) Gecko/20100101 Firefox/52.0" "savemoki.com"
209.97.185.87 - - [05/Sep/2022:00:40:19 -0700] "GET /cms/wp-admin/install.php?step=1 HTTP/1.1" 404 88 "-" "Mozilla/5.0 (X11; Linux x86_64; rv:52.0) Gecko/20100101 Firefox/52.0" "savemoki.com"
209.97.185.87 - - [05/Sep/2022:00:40:19 -0700] "GET /cms/wp-admin/setup-config.php HTTP/1.1" 404 88 "-" "Mozilla/5.0 (X11; Linux x86_64; rv:52.0) Gecko/20100101 Firefox/52.0" "savemoki.com"
209.97.185.87 - - [05/Sep/2022:00:40:20 -0700] "POST /wp-admin/admin-ajax.php HTTP/1.1" 404 88 "-" "Mozilla/5.0 (X11; Linux x86_64; rv:52.0) Gecko/20100101 Firefox/52.0" "savemoki.com"
209.97.185.87 - - [05/Sep/2022:00:40:20 -0700] "GET /wp-admin/ HTTP/1.1" 404 88 "-" "Mozilla/5.0 (X11; Linux x86_64; rv:52.0) Gecko/20100101 Firefox/52.0" "savemoki.com"
216.244.66.249 - - [05/Sep/2022:00:45:33 -0700] "GET /robots.txt HTTP/1.1" 200 39 "-" "Mozilla/5.0 (compatible; DotBot/1.2; +https://opensiteexplorer.org/dotbot; help@moz.com)" "savemoki.com"
216.244.66.249 - - [05/Sep/2022:00:45:33 -0700] "GET /robots.txt HTTP/1.1" 200 39 "-" "Mozilla/5.0 (compatible; DotBot/1.2; +https://opensiteexplorer.org/dotbot; help@moz.com)" "www.savemoki.com"
114.119.139.185 - - [05/Sep/2022:00:45:55 -0700] "GET /images?N=D HTTP/1.1" 301 1412 "https://savemoki.com/images?N=A" "Mozilla/5.0 (Linux; Android 7.0;) AppleWebKit/537.36 (KHTML, like Gecko) Mobile Safari/537.36 (compatible; PetalBot;+https://webmaster.petalsearch.com/site/petalbot)" "savemoki.com"
114.119.139.185 - - [05/Sep/2022:00:46:03 -0700] "GET /images/?N=D HTTP/1.1" 200 2158 "https://savemoki.com/images?N=A" "Mozilla/5.0 (Linux; Android 7.0;) AppleWebKit/537.36 (KHTML, like Gecko) Mobile Safari/537.36 (compatible; PetalBot;+https://webmaster.petalsearch.com/site/petalbot)" "savemoki.com"
51.222.253.5 - - [05/Sep/2022:00:52:28 -0700] "GET /clipart/pageHeaders/?C=D;O=D HTTP/1.1" 200 427 "-" "Mozilla/5.0 (compatible; AhrefsBot/7.0; +http://ahrefs.com/robot/)" "www.savemoki.com"
49.51.96.77 - - [05/Sep/2022:00:55:17 -0700] "GET /contact_us.html HTTP/1.1" 200 18024 "http://savemoki.com/contact_us.html" "Mozilla/5.0 (Windows NT 6.1) AppleWebKit/537.36 (KHTML, like Gecko) Chrome/90.0.4430.85 Safari/537.36" "savemoki.com"
85.15.65.70 - - [05/Sep/2022:01:01:57 -0700] "GET /contact_us.html HTTP/1.1" 200 18024 "http://savemoki.com/contact_us.html" "Mozilla/5.0 (Windows NT 6.1) AppleWebKit/537.36 (KHTML, like Gecko) Chrome/90.0.4430.85 Safari/537.36" "savemoki.com"
114.119.156.133 - - [05/Sep/2022:01:02:06 -0700] "GET /files?D=A HTTP/1.1" 301 1413 "https://www.savemoki.com/files?D=D" "Mozilla/5.0 (Linux; Android 7.0;) AppleWebKit/537.36 (KHTML, like Gecko) Mobile Safari/537.36 (compatible; PetalBot;+https://webmaster.petalsearch.com/site/petalbot)" "www.savemoki.com"
114.119.156.133 - - [05/Sep/2022:01:02:15 -0700] "GET /files/?D=A HTTP/1.1" 200 380 "https://www.savemoki.com/files?D=D" "Mozilla/5.0 (Linux; Android 7.0;) AppleWebKit/537.36 (KHTML, like Gecko) Mobile Safari/537.36 (compatible; PetalBot;+https://webmaster.petalsearch.com/site/petalbot)" "www.savemoki.com"
114.119.139.185 - - [05/Sep/2022:01:07:53 -0700] "GET /navigation_bars?N=A HTTP/1.1" 301 1421 "https://www.savemoki.com/navigation_bars?M=D" "Mozilla/5.0 (Linux; Android 7.0;) AppleWebKit/537.36 (KHTML, like Gecko) Mobile Safari/537.36 (compatible; PetalBot;+https://webmaster.petalsearch.com/site/petalbot)" "www.savemoki.com"
114.119.139.185 - - [05/Sep/2022:01:08:00 -0700] "GET /navigation_bars/?N=A HTTP/1.1" 200 408 "https://www.savemoki.com/navigation_bars?M=D" "Mozilla/5.0 (Linux; Android 7.0;) AppleWebKit/537.36 (KHTML, like Gecko) Mobile Safari/537.36 (compatible; PetalBot;+https://webmaster.petalsearch.com/site/petalbot)" "www.savemoki.com"
51.222.253.15 - - [05/Sep/2022:01:10:58 -0700] "GET /navigation_bars/?C=N;O=D HTTP/1.1" 200 405 "-" "Mozilla/5.0 (compatible; AhrefsBot/7.0; +http://ahrefs.com/robot/)" "savemoki.com"
43.134.169.115 - - [05/Sep/2022:01:11:00 -0700] "GET /contact_us.html HTTP/1.1" 200 18024 "http://savemoki.com/contact_us.html" "Mozilla/5.0 (Windows NT 6.1; WOW64) AppleWebKit/537.36 (KHTML, like Gecko) Chrome/90.0.4430.85 Safari/537.36" "savemoki.com"
154.54.249.194 - - [05/Sep/2022:01:22:30 -0700] "GET /2test/index.php/courses/sample-course/lessons/lesson-29/ HTTP/1.1" 404 18320 "-" "Mozilla/5.0 (compatible; Barkrowler/0.9; +https://babbar.tech/crawler)" "savemoki.com"
10.213.116.63 - - [05/Sep/2022:01:22:35 -0700] "POST /2test/wp-cron.php?doing_wp_cron=1662366155.1189239025115966796875 HTTP/1.1" 200 - "https://savemoki.com/2test/wp-cron.php?doing_wp_cron=1662366155.1189239025115966796875" "WordPress/5.4.11; https://savemoki.com/2test" "savemoki.com"
49.51.25.64 - - [05/Sep/2022:01:23:15 -0700] "GET /contact_us.html HTTP/1.1" 200 18024 "http://savemoki.com/contact_us.html" "Mozilla/5.0 (Windows NT 10.0) AppleWebKit/537.36 (KHTML, like Gecko) Chrome/90.0.4430.72 Safari/537.36" "savemoki.com"
114.119.134.192 - - [05/Sep/2022:01:26:44 -0700] "GET /clipart/buttons/themes/swoosh_blue?M=A HTTP/1.1" 301 1435 "https://savemoki.com/clipart/buttons/themes/swoosh_blue?N=A" "Mozilla/5.0 (Linux; Android 7.0;) AppleWebKit/537.36 (KHTML, like Gecko) Mobile Safari/537.36 (compatible; PetalBot;+https://webmaster.petalsearch.com/site/petalbot)" "savemoki.com"
114.119.134.192 - - [05/Sep/2022:01:26:49 -0700] "GET /clipart/buttons/themes/swoosh_blue/?M=A HTTP/1.1" 200 418 "https://savemoki.com/clipart/buttons/themes/swoosh_blue?N=A" "Mozilla/5.0 (Linux; Android 7.0;) AppleWebKit/537.36 (KHTML, like Gecko) Mobile Safari/537.36 (compatible; PetalBot;+https://webmaster.petalsearch.com/site/petalbot)" "savemoki.com"
51.222.253.7 - - [05/Sep/2022:01:28:55 -0700] "GET /blog/wp-content/themes/themeforest-625914-ice-theme-powerful-wordpress-theme-1/?C=M;O=A HTTP/1.1" 200 512 "-" "Mozilla/5.0 (compatible; AhrefsBot/7.0; +http://ahrefs.com/robot/)" "savemoki.com"
216.244.66.249 - - [05/Sep/2022:01:29:14 -0700] "GET /robots.txt HTTP/1.1" 200 39 "-" "Mozilla/5.0 (compatible; DotBot/1.2; +https://opensiteexplorer.org/dotbot; help@moz.com)" "www.savemoki.com"
216.244.66.249 - - [05/Sep/2022:01:29:14 -0700] "GET /robots.txt HTTP/1.1" 200 39 "-" "Mozilla/5.0 (compatible; DotBot/1.2; +https://opensiteexplorer.org/dotbot; help@moz.com)" "savemoki.com"
207.46.13.232 - - [05/Sep/2022:01:31:53 -0700] "GET /robots.txt HTTP/1.1" 200 55 "-" "Mozilla/5.0 (compatible; bingbot/2.0; +http://www.bing.com/bingbot.htm)" "www.savemoki.com"
157.55.39.192 - - [05/Sep/2022:01:32:02 -0700] "GET /images/title.gif HTTP/1.1" 200 1231 "-" "Mozilla/5.0 (compatible; bingbot/2.0; +http://www.bing.com/bingbot.htm)" "www.savemoki.com"
114.119.134.192 - - [05/Sep/2022:01:32:11 -0700] "GET /Mokis_Labwork.html HTTP/1.1" 200 4943 "http://www.savemoki.com?C=N%3BO%3DD" "Mozilla/5.0 (Linux; Android 7.0;) AppleWebKit/537.36 (KHTML, like Gecko) Mobile Safari/537.36 (compatible; PetalBot;+https://webmaster.petalsearch.com/site/petalbot)" "www.savemoki.com"
114.119.139.183 - - [05/Sep/2022:01:38:47 -0700] "GET /clipart/backgrounds?N=A HTTP/1.1" 301 1416 "https://savemoki.com/clipart/backgrounds?D=D" "Mozilla/5.0 (Linux; Android 7.0;) AppleWebKit/537.36 (KHTML, like Gecko) Mobile Safari/537.36 (compatible; PetalBot;+https://webmaster.petalsearch.com/site/petalbot)" "savemoki.com"
114.119.139.183 - - [05/Sep/2022:01:38:53 -0700] "GET /clipart/backgrounds/?N=A HTTP/1.1" 200 366 "https://savemoki.com/clipart/backgrounds?D=D" "Mozilla/5.0 (Linux; Android 7.0;) AppleWebKit/537.36 (KHTML, like Gecko) Mobile Safari/537.36 (compatible; PetalBot;+https://webmaster.petalsearch.com/site/petalbot)" "savemoki.com"
114.119.134.192 - - [05/Sep/2022:01:44:53 -0700] "GET /New2.html HTTP/1.1" 200 561 "http://savemoki.com/" "Mozilla/5.0 (Linux; Android 7.0;) AppleWebKit/537.36 (KHTML, like Gecko) Mobile Safari/537.36 (compatible; PetalBot;+https://webmaster.petalsearch.com/site/petalbot)" "savemoki.com"
51.222.253.20 - - [05/Sep/2022:01:46:02 -0700] "GET /blog/?C=D;O=A HTTP/1.1" 200 352 "-" "Mozilla/5.0 (compatible; AhrefsBot/7.0; +http://ahrefs.com/robot/)" "savemoki.com"
114.119.156.133 - - [05/Sep/2022:01:51:41 -0700] "GET /clipart/buttons?C=D%3BO%3DA HTTP/1.1" 301 1429 "https://www.savemoki.com/clipart/buttons?C=M%3BO%3DA" "Mozilla/5.0 (Linux; Android 7.0;) AppleWebKit/537.36 (KHTML, like Gecko) Mobile Safari/537.36 (compatible; PetalBot;+https://webmaster.petalsearch.com/site/petalbot)" "www.savemoki.com"
114.119.156.133 - - [05/Sep/2022:01:51:51 -0700] "GET /clipart/buttons/?C=D%3BO%3DA HTTP/1.1" 200 359 "https://www.savemoki.com/clipart/buttons?C=M%3BO%3DA" "Mozilla/5.0 (Linux; Android 7.0;) AppleWebKit/537.36 (KHTML, like Gecko) Mobile Safari/537.36 (compatible; PetalBot;+https://webmaster.petalsearch.com/site/petalbot)" "www.savemoki.com"
43.157.45.70 - - [05/Sep/2022:01:55:59 -0700] "GET /contact_us.html HTTP/1.1" 200 18024 "http://savemoki.com/contact_us.html" "Mozilla/5.0 (Windows NT 10.0) AppleWebKit/537.36 (KHTML, like Gecko) Chrome/90.0.4430.72 Safari/537.36" "savemoki.com"
114.119.139.183 - - [05/Sep/2022:02:02:10 -0700] "GET /blog/wp-content/themes/themeforest-625914-ice-theme-powerful-wordpress-theme-1/sample%20content/contact_form.txt HTTP/1.1" 200 137 "https://savemoki.com/blog/wp-content/themes/themeforest-625914-ice-theme-powerful-wordpress-theme-1/sample%20content?D=D" "Mozilla/5.0 (Linux; Android 7.0;) AppleWebKit/537.36 (KHTML, like Gecko) Mobile Safari/537.36 (compatible; PetalBot;+https://webmaster.petalsearch.com/site/petalbot)" "savemoki.com"
51.222.253.8 - - [05/Sep/2022:02:03:58 -0700] "GET /?C=D;O=A HTTP/1.1" 200 1288 "-" "Mozilla/5.0 (compatible; AhrefsBot/7.0; +http://ahrefs.com/robot/)" "savemoki.com"
37.139.53.84 - - [05/Sep/2022:02:06:15 -0700] "GET /contact_us.html HTTP/1.1" 200 18024 "http://savemoki.com/contact_us.html" "Mozilla/5.0 (Windows NT 6.1; WOW64) AppleWebKit/537.36 (KHTML, like Gecko) Chrome/83.0.4102.0 Safari/537.36" "savemoki.com"
65.21.206.43 - - [05/Sep/2022:02:07:07 -0700] "GET /Mokismedicalsec.html HTTP/1.1" 200 3973 "-" "Mozilla/5.0 (Windows NT 10.0; Win64; x64) AppleWebKit/537.36 (KHTML, like Gecko) Chrome/91.0.4472.114 Safari/537.36 Edg/91.0.864.54" "savemoki.com"
114.119.139.183 - - [05/Sep/2022:02:07:41 -0700] "GET /sitebuilder/scripts?M=A HTTP/1.1" 301 1423 "https://www.savemoki.com/sitebuilder/scripts?S=D" "Mozilla/5.0 (Linux; Android 7.0;) AppleWebKit/537.36 (KHTML, like Gecko) Mobile Safari/537.36 (compatible; PetalBot;+https://webmaster.petalsearch.com/site/petalbot)" "www.savemoki.com"
114.119.139.183 - - [05/Sep/2022:02:07:47 -0700] "GET /sitebuilder/scripts/?M=A HTTP/1.1" 200 373 "https://www.savemoki.com/sitebuilder/scripts?S=D" "Mozilla/5.0 (Linux; Android 7.0;) AppleWebKit/537.36 (KHTML, like Gecko) Mobile Safari/537.36 (compatible; PetalBot;+https://webmaster.petalsearch.com/site/petalbot)" "www.savemoki.com"
114.119.156.133 - - [05/Sep/2022:02:13:45 -0700] "GET /images?M=A HTTP/1.1" 301 1413 "https://www.savemoki.com/images?M=D" "Mozilla/5.0 (Linux; Android 7.0;) AppleWebKit/537.36 (KHTML, like Gecko) Mobile Safari/537.36 (compatible; PetalBot;+https://webmaster.petalsearch.com/site/petalbot)" "www.savemoki.com"
114.119.156.133 - - [05/Sep/2022:02:13:48 -0700] "GET /images/?M=A HTTP/1.1" 200 2158 "https://www.savemoki.com/images?M=D" "Mozilla/5.0 (Linux; Android 7.0;) AppleWebKit/537.36 (KHTML, like Gecko) Mobile Safari/537.36 (compatible; PetalBot;+https://webmaster.petalsearch.com/site/petalbot)" "www.savemoki.com"
216.244.66.249 - - [05/Sep/2022:02:14:38 -0700] "GET /robots.txt HTTP/1.1" 200 39 "-" "Mozilla/5.0 (compatible; DotBot/1.2; +https://opensiteexplorer.org/dotbot; help@moz.com)" "www.savemoki.com"
216.244.66.249 - - [05/Sep/2022:02:14:38 -0700] "GET /robots.txt HTTP/1.1" 200 39 "-" "Mozilla/5.0 (compatible; DotBot/1.2; +https://opensiteexplorer.org/dotbot; help@moz.com)" "savemoki.com"
112.92.90.79 - - [05/Sep/2022:02:17:47 -0700] "GET / HTTP/1.1" 200 1288 "-" "Mozilla/4.0 (compatible; MSIE 7.0; Windows NT 5.1; TencentTraveler ; EmbeddedWB 14.52 from: http://www.bsalsa.com/ EmbeddedWB 14.52; .NET CLR 2.0.50727; InfoPath.2; .NET CLR 3.0.04506.30; .NET CLR 3.0.04506.590; .NET CLR 3.0.04506.648; .NET CLR 3.5.21022)" "www.savemoki.com"
112.92.90.79 - - [05/Sep/2022:02:17:48 -0700] "GET / HTTP/1.1" 200 1288 "-" "Mozilla/5.0 (Windows NT 6.1; WOW64) AppleWebKit/537.36 (KHTML, like Gecko) Chrome/50.0.2661.102 Safari/537.36" "www.savemoki.com"
112.92.90.79 - - [05/Sep/2022:02:17:48 -0700] "GET / HTTP/1.1" 200 1288 "-" "Mozilla/5.0 (Windows NT 6.1; WOW64) AppleWebKit/537.36 (KHTML, like Gecko) Chrome/50.0.2661.102 Safari/537.36" "www.savemoki.com"
114.119.139.183 - - [05/Sep/2022:02:19:42 -0700] "GET /clipart/pageHeaders?D=D HTTP/1.1" 301 1421 "https://savemoki.com/clipart/pageHeaders?D=A" "Mozilla/5.0 (Linux; Android 7.0;) AppleWebKit/537.36 (KHTML, like Gecko) Mobile Safari/537.36 (compatible; PetalBot;+https://webmaster.petalsearch.com/site/petalbot)" "savemoki.com"
114.119.139.183 - - [05/Sep/2022:02:19:44 -0700] "GET /clipart/pageHeaders/?D=D HTTP/1.1" 200 427 "https://savemoki.com/clipart/pageHeaders?D=A" "Mozilla/5.0 (Linux; Android 7.0;) AppleWebKit/537.36 (KHTML, like Gecko) Mobile Safari/537.36 (compatible; PetalBot;+https://webmaster.petalsearch.com/site/petalbot)" "savemoki.com"
114.115.223.222 - - [05/Sep/2022:02:22:23 -0700] "GET /contact_us.html HTTP/1.1" 200 18024 "http://savemoki.com/contact_us.html" "Mozilla/5.0 (Windows NT 6.1; ) AppleWebKit/537.36 (KHTML, like Gecko) Chrome/90.0.4430.85 Safari/537.36" "savemoki.com"
8.219.98.77 - - [05/Sep/2022:02:22:50 -0700] "GET /contact_us.html HTTP/1.1" 200 18024 "http://savemoki.com/contact_us.html" "Mozilla/5.0 (Windows NT 6.1; ) AppleWebKit/537.36 (KHTML, like Gecko) Chrome/90.0.4430.85 Safari/537.36" "savemoki.com"
43.153.176.165 - - [05/Sep/2022:02:24:38 -0700] "GET /contact_us.html HTTP/1.1" 200 18024 "http://savemoki.com/contact_us.html" "Mozilla/5.0 (Windows NT 6.1; ) AppleWebKit/537.36 (KHTML, like Gecko) Chrome/90.0.4430.85 Safari/537.36" "savemoki.com"
114.119.156.133 - - [05/Sep/2022:02:31:40 -0700] "GET /clipart/pageHeaders/ HTTP/1.1" 200 427 "https://savemoki.com/clipart/?C=D%3BO%3DA" "Mozilla/5.0 (Linux; Android 7.0;) AppleWebKit/537.36 (KHTML, like Gecko) Mobile Safari/537.36 (compatible; PetalBot;+https://webmaster.petalsearch.com/site/petalbot)" "savemoki.com"
51.222.253.5 - - [05/Sep/2022:02:33:30 -0700] "GET / HTTP/1.1" 200 1288 "-" "Mozilla/5.0 (compatible; AhrefsBot/7.0; +http://ahrefs.com/robot/)" "www.savemoki.com"
114.119.139.183 - - [05/Sep/2022:02:37:46 -0700] "GET /clipart/buttons/themes/rectangle_yellow HTTP/1.1" 301 1434 "https://www.savemoki.com/clipart/buttons/themes?C=M%3BO%3DA" "Mozilla/5.0 (Linux; Android 7.0;) AppleWebKit/537.36 (KHTML, like Gecko) Mobile Safari/537.36 (compatible; PetalBot;+https://webmaster.petalsearch.com/site/petalbot)" "www.savemoki.com"
114.119.139.183 - - [05/Sep/2022:02:37:47 -0700] "GET /clipart/buttons/themes/rectangle_yellow/ HTTP/1.1" 200 427 "https://www.savemoki.com/clipart/buttons/themes?C=M%3BO%3DA" "Mozilla/5.0 (Linux; Android 7.0;) AppleWebKit/537.36 (KHTML, like Gecko) Mobile Safari/537.36 (compatible; PetalBot;+https://webmaster.petalsearch.com/site/petalbot)" "www.savemoki.com"
188.165.201.173 - - [05/Sep/2022:02:38:42 -0700] "GET /contact_us.html HTTP/1.1" 200 18024 "http://savemoki.com/contact_us.html" "Mozilla/5.0 (Windows NT 6.1; ) AppleWebKit/537.36 (KHTML, like Gecko) Chrome/90.0.4430.85 Safari/537.36" "savemoki.com"
51.222.253.18 - - [05/Sep/2022:02:45:30 -0700] "GET / HTTP/1.1" 200 1288 "-" "Mozilla/5.0 (compatible; AhrefsBot/7.0; +http://ahrefs.com/robot/)" "www.savemoki.com"
114.119.139.148 - - [05/Sep/2022:02:49:52 -0700] "GET /clipart/images HTTP/1.1" 301 1413 "https://savemoki.com/clipart?N=A" "Mozilla/5.0 (Linux; Android 7.0;) AppleWebKit/537.36 (KHTML, like Gecko) Mobile Safari/537.36 (compatible; PetalBot;+https://webmaster.petalsearch.com/site/petalbot)" "savemoki.com"
114.119.139.148 - - [05/Sep/2022:02:49:54 -0700] "GET /clipart/images/ HTTP/1.1" 200 489 "https://savemoki.com/clipart?N=A" "Mozilla/5.0 (Linux; Android 7.0;) AppleWebKit/537.36 (KHTML, like Gecko) Mobile Safari/537.36 (compatible; PetalBot;+https://webmaster.petalsearch.com/site/petalbot)" "savemoki.com"
154.54.249.194 - - [05/Sep/2022:02:50:40 -0700] "GET /2test/index.php/courses/sample-course/lessons/lesson-19/ HTTP/1.1" 404 18320 "-" "Mozilla/5.0 (compatible; Barkrowler/0.9; +https://babbar.tech/crawler)" "savemoki.com"
10.213.116.62 - - [05/Sep/2022:02:50:44 -0700] "POST /2test/wp-cron.php?doing_wp_cron=1662371444.5485448837280273437500 HTTP/1.1" 200 - "https://savemoki.com/2test/wp-cron.php?doing_wp_cron=1662371444.5485448837280273437500" "WordPress/5.4.11; https://savemoki.com/2test" "savemoki.com"
49.51.96.209 - - [05/Sep/2022:02:53:01 -0700] "GET /contact_us.html HTTP/1.1" 200 18024 "http://savemoki.com/contact_us.html" "Mozilla/5.0 (Windows NT 10.0; Win64; x64) AppleWebKit/537.36 (KHTML, like Gecko) Chrome/90.0.4430.72 Safari/537.36 Edg/90.0.818.42" "savemoki.com"
88.147.152.99 - - [05/Sep/2022:02:54:57 -0700] "GET /blog1/2015/05/07/test-post/ HTTP/1.1" 404 73 "http://savemoki.com/blog1/2015/05/07/test-post/" "Mozilla/5.0 (Windows NT 6.1; Win64; x64) AppleWebKit/537.36 (KHTML, like Gecko) Chrome/90.0.4430.85 Safari/537.36" "savemoki.com"
88.147.152.99 - - [05/Sep/2022:02:54:58 -0700] "GET / HTTP/1.1" 200 7350 "http://savemoki.com/" "Mozilla/5.0 (Windows NT 6.1; Win64; x64) AppleWebKit/537.36 (KHTML, like Gecko) Chrome/90.0.4430.85 Safari/537.36" "savemoki.com"
88.147.152.99 - - [05/Sep/2022:02:54:58 -0700] "GET /blog/ HTTP/1.1" 200 698 "http://savemoki.com/blog/" "Mozilla/5.0 (Windows NT 6.1; Win64; x64) AppleWebKit/537.36 (KHTML, like Gecko) Chrome/90.0.4430.85 Safari/537.36" "savemoki.com"
88.147.152.99 - - [05/Sep/2022:02:54:59 -0700] "GET /blog/contact_us.html HTTP/1.1" 404 73 "http://savemoki.com/blog/contact_us.html" "Mozilla/5.0 (Windows NT 6.1; Win64; x64) AppleWebKit/537.36 (KHTML, like Gecko) Chrome/90.0.4430.85 Safari/537.36" "savemoki.com"
88.147.152.99 - - [05/Sep/2022:02:54:59 -0700] "GET /contact_us.html HTTP/1.1" 200 18024 "http://savemoki.com/contact_us.html" "Mozilla/5.0 (Windows NT 6.1; Win64; x64) AppleWebKit/537.36 (KHTML, like Gecko) Chrome/90.0.4430.85 Safari/537.36" "savemoki.com"
114.119.139.148 - - [05/Sep/2022:02:56:00 -0700] "GET /clipart/backgrounds/fullpage?C=S%3BO%3DA HTTP/1.1" 301 1432 "https://www.savemoki.com/clipart/backgrounds/fullpage?M=A" "Mozilla/5.0 (Linux; Android 7.0;) AppleWebKit/537.36 (KHTML, like Gecko) Mobile Safari/537.36 (compatible; PetalBot;+https://webmaster.petalsearch.com/site/petalbot)" "www.savemoki.com"
114.119.139.148 - - [05/Sep/2022:02:56:01 -0700] "GET /clipart/backgrounds/fullpage/?C=S%3BO%3DA HTTP/1.1" 200 389 "https://www.savemoki.com/clipart/backgrounds/fullpage?M=A" "Mozilla/5.0 (Linux; Android 7.0;) AppleWebKit/537.36 (KHTML, like Gecko) Mobile Safari/537.36 (compatible; PetalBot;+https://webmaster.petalsearch.com/site/petalbot)" "www.savemoki.com"
51.222.253.8 - - [05/Sep/2022:02:57:28 -0700] "GET /blog/wp-content/themes/themeforest-625914-ice-theme-powerful-wordpress-theme-1/?C=D;O=A HTTP/1.1" 200 513 "-" "Mozilla/5.0 (compatible; AhrefsBot/7.0; +http://ahrefs.com/robot/)" "savemoki.com"
185.252.223.237 - - [05/Sep/2022:02:59:01 -0700] "GET /blog1/2015/05/07/test-post/ HTTP/1.1" 404 73 "http://savemoki.com/blog1/2015/05/07/test-post/" "Mozilla/5.0 (Windows NT 6.3) AppleWebKit/537.36 (KHTML, like Gecko) Chrome/90.0.4430.72 Safari/537.36" "savemoki.com"
185.252.223.237 - - [05/Sep/2022:02:59:01 -0700] "GET / HTTP/1.1" 200 7350 "http://savemoki.com/" "Mozilla/5.0 (Windows NT 6.3) AppleWebKit/537.36 (KHTML, like Gecko) Chrome/90.0.4430.72 Safari/537.36" "savemoki.com"
185.252.223.237 - - [05/Sep/2022:02:59:02 -0700] "GET /blog/ HTTP/1.1" 200 698 "http://savemoki.com/blog/" "Mozilla/5.0 (Windows NT 6.3) AppleWebKit/537.36 (KHTML, like Gecko) Chrome/90.0.4430.72 Safari/537.36" "savemoki.com"
185.252.223.237 - - [05/Sep/2022:02:59:03 -0700] "GET /blog/contact_us.html HTTP/1.1" 404 73 "http://savemoki.com/blog/contact_us.html" "Mozilla/5.0 (Windows NT 6.3) AppleWebKit/537.36 (KHTML, like Gecko) Chrome/90.0.4430.72 Safari/537.36" "savemoki.com"
185.252.223.237 - - [05/Sep/2022:02:59:03 -0700] "GET /contact_us.html HTTP/1.1" 200 18024 "http://savemoki.com/contact_us.html" "Mozilla/5.0 (Windows NT 6.3) AppleWebKit/537.36 (KHTML, like Gecko) Chrome/90.0.4430.72 Safari/537.36" "savemoki.com"
216.244.66.249 - - [05/Sep/2022:03:00:12 -0700] "GET /robots.txt HTTP/1.1" 200 39 "-" "Mozilla/5.0 (compatible; DotBot/1.2; +https://opensiteexplorer.org/dotbot; help@moz.com)" "savemoki.com"
216.244.66.249 - - [05/Sep/2022:03:00:12 -0700] "GET /robots.txt HTTP/1.1" 200 39 "-" "Mozilla/5.0 (compatible; DotBot/1.2; +https://opensiteexplorer.org/dotbot; help@moz.com)" "www.savemoki.com"
114.119.139.148 - - [05/Sep/2022:03:02:03 -0700] "GET /clipart/lines/horizontal?N=A HTTP/1.1" 301 1425 "https://savemoki.com/clipart/lines/horizontal?M=D" "Mozilla/5.0 (Linux; Android 7.0;) AppleWebKit/537.36 (KHTML, like Gecko) Mobile Safari/537.36 (compatible; PetalBot;+https://webmaster.petalsearch.com/site/petalbot)" "savemoki.com"
114.119.139.148 - - [05/Sep/2022:03:02:04 -0700] "GET /clipart/lines/horizontal/?N=A HTTP/1.1" 200 408 "https://savemoki.com/clipart/lines/horizontal?M=D" "Mozilla/5.0 (Linux; Android 7.0;) AppleWebKit/537.36 (KHTML, like Gecko) Mobile Safari/537.36 (compatible; PetalBot;+https://webmaster.petalsearch.com/site/petalbot)" "savemoki.com"
114.119.134.192 - - [05/Sep/2022:03:08:10 -0700] "GET /clipart/buttons/themes/rectangle_yellow/?C=M%3BO%3DA HTTP/1.1" 200 427 "https://savemoki.com/clipart/buttons/themes/rectangle_yellow?S=A" "Mozilla/5.0 (Linux; Android 7.0;) AppleWebKit/537.36 (KHTML, like Gecko) Mobile Safari/537.36 (compatible; PetalBot;+https://webmaster.petalsearch.com/site/petalbot)" "savemoki.com"
51.222.253.19 - - [05/Sep/2022:03:09:28 -0700] "GET /blog/wp-content/themes/themeforest-625914-ice-theme-powerful-wordpress-theme-1/sample%20content/ HTTP/1.1" 200 576 "-" "Mozilla/5.0 (compatible; AhrefsBot/7.0; +http://ahrefs.com/robot/)" "savemoki.com"
40.118.21.153 - - [05/Sep/2022:03:19:35 -0700] "GET //ALFA_DATA/alfacgiapi/perl.alfa HTTP/1.1" 404 88 "-" "Mozilla/5.0 (Windows NT 4.0; WOW64) AppleWebKit/537.36 (KHTML, like Gecko) Chrome/37.0.2049.0 Safari/537.36" "savemoki.com"
114.119.134.192 - - [05/Sep/2022:03:20:21 -0700] "GET /clipart/images/sidebars?C=N%3BO%3DD HTTP/1.1" 301 1434 "https://www.savemoki.com/clipart/images/sidebars?C=D%3BO%3DA" "Mozilla/5.0 (Linux; Android 7.0;) AppleWebKit/537.36 (KHTML, like Gecko) Mobile Safari/537.36 (compatible; PetalBot;+https://webmaster.petalsearch.com/site/petalbot)" "www.savemoki.com"
114.119.134.192 - - [05/Sep/2022:03:20:25 -0700] "GET /clipart/images/sidebars/?C=N%3BO%3DD HTTP/1.1" 200 432 "https://www.savemoki.com/clipart/images/sidebars?C=D%3BO%3DA" "Mozilla/5.0 (Linux; Android 7.0;) AppleWebKit/537.36 (KHTML, like Gecko) Mobile Safari/537.36 (compatible; PetalBot;+https://webmaster.petalsearch.com/site/petalbot)" "www.savemoki.com"
185.119.81.99 - - [05/Sep/2022:03:20:36 -0700] "GET /2test/wp-login.php HTTP/1.1" 200 6052 "-" "Mozilla/5.0 (Windows NT 6.1) AppleWebKit/537.36 (KHTML, like Gecko) Chrome/56.0.2924.76 Safari/537.36" "savemoki.com"
10.213.116.64 - - [05/Sep/2022:03:20:42 -0700] "POST /2test/wp-cron.php?doing_wp_cron=1662373242.4045269489288330078125 HTTP/1.1" 200 - "http://savemoki.com/2test/wp-cron.php?doing_wp_cron=1662373242.4045269489288330078125" "WordPress/5.4.11; http://savemoki.com/2test" "savemoki.com"
185.119.81.99 - - [05/Sep/2022:03:20:45 -0700] "POST /2test/wp-login.php HTTP/1.1" 200 6348 "http://savemoki.com/2test/wp-login.php" "Mozilla/5.0 (Windows NT 6.1) AppleWebKit/537.36 (KHTML, like Gecko) Chrome/56.0.2924.76 Safari/537.36" "savemoki.com"
51.222.253.8 - - [05/Sep/2022:03:21:06 -0700] "GET /2test/index.php/courses/kindergarten/?tab=tab-curriculum HTTP/1.1" 200 22545 "-" "Mozilla/5.0 (compatible; AhrefsBot/7.0; +http://ahrefs.com/robot/)" "savemoki.com"
114.119.139.183 - - [05/Sep/2022:03:26:23 -0700] "GET /blog/wp-content/themes/themeforest-625914-ice-theme-powerful-wordpress-theme-1?C=D%3BO%3DA HTTP/1.1" 301 1468 "https://www.savemoki.com/blog/wp-content/themes/themeforest-625914-ice-theme-powerful-wordpress-theme-1?C=M%3BO%3DA" "Mozilla/5.0 (Linux; Android 7.0;) AppleWebKit/537.36 (KHTML, like Gecko) Mobile Safari/537.36 (compatible; PetalBot;+https://webmaster.petalsearch.com/site/petalbot)" "www.savemoki.com"
114.119.139.183 - - [05/Sep/2022:03:26:23 -0700] "GET /blog/wp-content/themes/themeforest-625914-ice-theme-powerful-wordpress-theme-1/?C=D%3BO%3DA HTTP/1.1" 200 513 "https://www.savemoki.com/blog/wp-content/themes/themeforest-625914-ice-theme-powerful-wordpress-theme-1?C=M%3BO%3DA" "Mozilla/5.0 (Linux; Android 7.0;) AppleWebKit/537.36 (KHTML, like Gecko) Mobile Safari/537.36 (compatible; PetalBot;+https://webmaster.petalsearch.com/site/petalbot)" "www.savemoki.com"
43.153.74.143 - - [05/Sep/2022:03:26:51 -0700] "GET /contact_us.html HTTP/1.1" 200 18024 "http://savemoki.com/contact_us.html" "Mozilla/5.0 (Windows NT 10.0) AppleWebKit/537.36 (KHTML, like Gecko) Chrome/90.0.4430.85 Safari/537.36 Edg/90.0.818.46" "savemoki.com"
103.195.238.241 - - [05/Sep/2022:03:28:17 -0700] "GET / HTTP/1.1" 200 1288 "-" "python-requests/2.27.1" "savemoki.com"
51.222.253.2 - - [05/Sep/2022:03:33:24 -0700] "GET /photo_album.html HTTP/1.1" 200 6353 "-" "Mozilla/5.0 (compatible; AhrefsBot/7.0; +http://ahrefs.com/robot/)" "savemoki.com"
114.119.139.183 - - [05/Sep/2022:03:33:53 -0700] "GET /clipart/buttons/themes/swoosh_blue/?C=D%3BO%3DA HTTP/1.1" 200 418 "https://savemoki.com/clipart/buttons/themes/swoosh_blue?C=S%3BO%3DA" "Mozilla/5.0 (Linux; Android 7.0;) AppleWebKit/537.36 (KHTML, like Gecko) Mobile Safari/537.36 (compatible; PetalBot;+https://webmaster.petalsearch.com/site/petalbot)" "savemoki.com"
114.119.139.185 - - [05/Sep/2022:03:44:46 -0700] "GET /blog/wp-content/themes/themeforest-625914-ice-theme-powerful-wordpress-theme-1?C=S%3BO%3DA HTTP/1.1" 301 1468 "https://www.savemoki.com/blog/wp-content/themes/themeforest-625914-ice-theme-powerful-wordpress-theme-1?C=M%3BO%3DA" "Mozilla/5.0 (Linux; Android 7.0;) AppleWebKit/537.36 (KHTML, like Gecko) Mobile Safari/537.36 (compatible; PetalBot;+https://webmaster.petalsearch.com/site/petalbot)" "www.savemoki.com"
114.119.139.185 - - [05/Sep/2022:03:44:48 -0700] "GET /blog/wp-content/themes/themeforest-625914-ice-theme-powerful-wordpress-theme-1/?C=S%3BO%3DA HTTP/1.1" 200 513 "https://www.savemoki.com/blog/wp-content/themes/themeforest-625914-ice-theme-powerful-wordpress-theme-1?C=M%3BO%3DA" "Mozilla/5.0 (Linux; Android 7.0;) AppleWebKit/537.36 (KHTML, like Gecko) Mobile Safari/537.36 (compatible; PetalBot;+https://webmaster.petalsearch.com/site/petalbot)" "www.savemoki.com"
51.222.253.3 - - [05/Sep/2022:03:45:57 -0700] "GET /Shop.html HTTP/1.1" 200 2842 "-" "Mozilla/5.0 (compatible; AhrefsBot/7.0; +http://ahrefs.com/robot/)" "savemoki.com"
216.244.66.249 - - [05/Sep/2022:03:48:21 -0700] "GET /robots.txt HTTP/1.1" 200 39 "-" "Mozilla/5.0 (compatible; DotBot/1.2; +https://opensiteexplorer.org/dotbot; help@moz.com)" "www.savemoki.com"
216.244.66.249 - - [05/Sep/2022:03:48:21 -0700] "GET /robots.txt HTTP/1.1" 200 39 "-" "Mozilla/5.0 (compatible; DotBot/1.2; +https://opensiteexplorer.org/dotbot; help@moz.com)" "savemoki.com"
114.119.139.185 - - [05/Sep/2022:03:50:37 -0700] "GET /Other_Cats_In_Need.html HTTP/1.1" 200 6033 "http://savemoki.com/Mokislabpage1.html" "Mozilla/5.0 (Linux; Android 7.0;) AppleWebKit/537.36 (KHTML, like Gecko) Mobile Safari/537.36 (compatible; PetalBot;+https://webmaster.petalsearch.com/site/petalbot)" "savemoki.com"
114.119.156.133 - - [05/Sep/2022:03:56:43 -0700] "GET /navigation_bars?C=M%3BO%3DA HTTP/1.1" 301 1428 "https://savemoki.com/navigation_bars?C=D%3BO%3DA" "Mozilla/5.0 (Linux; Android 7.0;) AppleWebKit/537.36 (KHTML, like Gecko) Mobile Safari/537.36 (compatible; PetalBot;+https://webmaster.petalsearch.com/site/petalbot)" "savemoki.com"
114.119.139.148 - - [05/Sep/2022:04:02:48 -0700] "GET /socialenginetrial/ HTTP/1.1" 200 318 "http://savemoki.com/" "Mozilla/5.0 (Linux; Android 7.0;) AppleWebKit/537.36 (KHTML, like Gecko) Mobile Safari/537.36 (compatible; PetalBot;+https://webmaster.petalsearch.com/site/petalbot)" "savemoki.com"
51.222.253.15 - - [05/Sep/2022:04:08:35 -0700] "GET / HTTP/1.1" 200 1288 "-" "Mozilla/5.0 (compatible; AhrefsBot/7.0; +http://ahrefs.com/robot/)" "savemoki.com"
114.119.156.133 - - [05/Sep/2022:04:08:51 -0700] "GET /clipart/buttons?M=D HTTP/1.1" 301 1419 "https://savemoki.com/clipart/buttons?M=A" "Mozilla/5.0 (Linux; Android 7.0;) AppleWebKit/537.36 (KHTML, like Gecko) Mobile Safari/537.36 (compatible; PetalBot;+https://webmaster.petalsearch.com/site/petalbot)" "savemoki.com"
114.119.156.133 - - [05/Sep/2022:04:08:51 -0700] "GET /clipart/buttons/?M=D HTTP/1.1" 200 359 "https://savemoki.com/clipart/buttons?M=A" "Mozilla/5.0 (Linux; Android 7.0;) AppleWebKit/537.36 (KHTML, like Gecko) Mobile Safari/537.36 (compatible; PetalBot;+https://webmaster.petalsearch.com/site/petalbot)" "savemoki.com"
185.119.81.99 - - [05/Sep/2022:04:15:33 -0700] "GET /2test/wp-login.php HTTP/1.1" 200 6061 "-" "Mozilla/5.0 (Windows NT 10.0; Win64; x64) AppleWebKit/537.36 (KHTML, like Gecko) Chrome/88.0.4324.104 Safari/537.36" "savemoki.com"
