114.119.139.185 - - [08/Sep/2022:07:13:19 -0700] "GET /sitebuilder/scripts HTTP/1.1" 301 1415 "https://www.savemoki.com/sitebuilder?S=A" "Mozilla/5.0 (Linux; Android 7.0;) AppleWebKit/537.36 (KHTML, like Gecko) Mobile Safari/537.36 (compatible; PetalBot;+https://webmaster.petalsearch.com/site/petalbot)" "www.savemoki.com"
114.119.139.185 - - [08/Sep/2022:07:13:20 -0700] "GET /sitebuilder/scripts/ HTTP/1.1" 200 373 "https://www.savemoki.com/sitebuilder?S=A" "Mozilla/5.0 (Linux; Android 7.0;) AppleWebKit/537.36 (KHTML, like Gecko) Mobile Safari/537.36 (compatible; PetalBot;+https://webmaster.petalsearch.com/site/petalbot)" "www.savemoki.com"
114.119.134.192 - - [08/Sep/2022:07:18:19 -0700] "GET /files?S=A HTTP/1.1" 301 1413 "https://www.savemoki.com/files?D=D" "Mozilla/5.0 (Linux; Android 7.0;) AppleWebKit/537.36 (KHTML, like Gecko) Mobile Safari/537.36 (compatible; PetalBot;+https://webmaster.petalsearch.com/site/petalbot)" "www.savemoki.com"
114.119.134.192 - - [08/Sep/2022:07:18:20 -0700] "GET /files/?S=A HTTP/1.1" 200 380 "https://www.savemoki.com/files?D=D" "Mozilla/5.0 (Linux; Android 7.0;) AppleWebKit/537.36 (KHTML, like Gecko) Mobile Safari/537.36 (compatible; PetalBot;+https://webmaster.petalsearch.com/site/petalbot)" "www.savemoki.com"
114.119.139.167 - - [08/Sep/2022:07:23:22 -0700] "GET /sitebuilder/images HTTP/1.1" 301 1417 "https://www.savemoki.com/sitebuilder?S=A" "Mozilla/5.0 (Linux; Android 7.0;) AppleWebKit/537.36 (KHTML, like Gecko) Mobile Safari/537.36 (compatible; PetalBot;+https://webmaster.petalsearch.com/site/petalbot)" "www.savemoki.com"
114.119.139.167 - - [08/Sep/2022:07:23:24 -0700] "GET /sitebuilder/images/ HTTP/1.1" 200 3814 "https://www.savemoki.com/sitebuilder?S=A" "Mozilla/5.0 (Linux; Android 7.0;) AppleWebKit/537.36 (KHTML, like Gecko) Mobile Safari/537.36 (compatible; PetalBot;+https://webmaster.petalsearch.com/site/petalbot)" "www.savemoki.com"
138.246.253.24 - - [08/Sep/2022:07:24:56 -0700] "GET /robots.txt HTTP/1.1" 200 39 "-" "Mozilla/5.0 (Windows NT 10.0; Win64; x64) AppleWebKit/537.36 (KHTML, like Gecko) Chrome/103.0.5060.134 Safari/537.36" "savemoki.com"
114.119.139.167 - - [08/Sep/2022:07:28:20 -0700] "GET /clipart/pageHeaders?N=D HTTP/1.1" 301 1421 "https://savemoki.com/clipart/pageHeaders?N=A" "Mozilla/5.0 (Linux; Android 7.0;) AppleWebKit/537.36 (KHTML, like Gecko) Mobile Safari/537.36 (compatible; PetalBot;+https://webmaster.petalsearch.com/site/petalbot)" "savemoki.com"
114.119.139.167 - - [08/Sep/2022:07:28:21 -0700] "GET /clipart/pageHeaders/?N=D HTTP/1.1" 200 427 "https://savemoki.com/clipart/pageHeaders?N=A" "Mozilla/5.0 (Linux; Android 7.0;) AppleWebKit/537.36 (KHTML, like Gecko) Mobile Safari/537.36 (compatible; PetalBot;+https://webmaster.petalsearch.com/site/petalbot)" "savemoki.com"
54.39.29.64 - - [08/Sep/2022:07:33:59 -0700] "GET /blog1/2015/05/07/test-post/ HTTP/1.1" 404 73 "http://savemoki.com/blog1/2015/05/07/test-post/" "Mozilla/5.0 (Windows NT 10.0) AppleWebKit/537.36 (KHTML, like Gecko) Chrome/90.0.4430.85 Safari/537.36" "savemoki.com"
54.39.29.64 - - [08/Sep/2022:07:33:59 -0700] "GET / HTTP/1.1" 200 7350 "http://savemoki.com/" "Mozilla/5.0 (Windows NT 10.0) AppleWebKit/537.36 (KHTML, like Gecko) Chrome/90.0.4430.85 Safari/537.36" "savemoki.com"
54.39.29.64 - - [08/Sep/2022:07:34:00 -0700] "GET /blog/ HTTP/1.1" 200 698 "http://savemoki.com/blog/" "Mozilla/5.0 (Windows NT 10.0) AppleWebKit/537.36 (KHTML, like Gecko) Chrome/90.0.4430.85 Safari/537.36" "savemoki.com"
216.244.66.249 - - [08/Sep/2022:07:45:42 -0700] "GET /robots.txt HTTP/1.1" 200 39 "-" "Mozilla/5.0 (compatible; DotBot/1.2; +https://opensiteexplorer.org/dotbot; help@moz.com)" "www.savemoki.com"
216.244.66.249 - - [08/Sep/2022:07:45:42 -0700] "GET /robots.txt HTTP/1.1" 200 39 "-" "Mozilla/5.0 (compatible; DotBot/1.2; +https://opensiteexplorer.org/dotbot; help@moz.com)" "savemoki.com"
207.46.13.48 - - [08/Sep/2022:07:46:26 -0700] "GET /Ways_U_Can_help.html HTTP/1.1" 200 4289 "-" "Mozilla/5.0 (compatible; bingbot/2.0; +http://www.bing.com/bingbot.htm)" "www.savemoki.com"
49.51.28.153 - - [08/Sep/2022:07:55:32 -0700] "GET /contact_us.html HTTP/1.1" 200 18024 "http://savemoki.com/contact_us.html" "Mozilla/5.0 (Windows NT 10.0; Win64; x64) AppleWebKit/537.36 (KHTML, like Gecko) Chrome/90.0.4430.85 Safari/537.36 Edg/90.0.818.46" "savemoki.com"
180.183.34.57 - - [08/Sep/2022:08:07:23 -0700] "GET /contact_us.html HTTP/1.1" 200 18024 "http://savemoki.com/contact_us.html" "Mozilla/5.0 (Windows NT 6.3; Win64; x64) AppleWebKit/537.36 (KHTML, like Gecko) Chrome/90.0.4430.93 Safari/537.36" "savemoki.com"
155.138.131.178 - - [08/Sep/2022:08:13:46 -0700] "GET /contact_us.html HTTP/1.1" 200 18024 "http://savemoki.com/contact_us.html" "Mozilla/5.0 (Windows NT 6.3; Win64; x64) AppleWebKit/537.36 (KHTML, like Gecko) Chrome/90.0.4430.85 Safari/537.36" "savemoki.com"
207.46.13.53 - - [08/Sep/2022:08:22:54 -0700] "GET /2test/index.php/2020/04/03/sample-page/ HTTP/1.1" 200 21060 "-" "Mozilla/5.0 (compatible; bingbot/2.0; +http://www.bing.com/bingbot.htm)" "savemoki.com"
10.213.116.64 - - [08/Sep/2022:08:23:07 -0700] "POST /2test/wp-cron.php?doing_wp_cron=1662650587.2084090709686279296875 HTTP/1.1" 200 - "https://savemoki.com/2test/wp-cron.php?doing_wp_cron=1662650587.2084090709686279296875" "WordPress/5.4.11; https://savemoki.com/2test" "savemoki.com"
95.38.75.146 - - [08/Sep/2022:08:28:56 -0700] "GET /contact_us.html HTTP/1.1" 200 18024 "http://savemoki.com/contact_us.html" "Mozilla/5.0 (Windows NT 10.0; WOW64) AppleWebKit/537.36 (KHTML, like Gecko) Chrome/90.0.4430.93 Safari/537.36" "savemoki.com"
37.139.53.84 - - [08/Sep/2022:08:29:08 -0700] "GET /contact_us.html HTTP/1.1" 200 18024 "http://savemoki.com/contact_us.html" "Mozilla/5.0 (Windows NT 6.1; ) AppleWebKit/537.36 (KHTML, like Gecko) Chrome/83.0.4103.61 Safari/537.36" "savemoki.com"
95.38.75.146 - - [08/Sep/2022:08:29:41 -0700] "GET / HTTP/1.1" 200 7350 "http://savemoki.com/" "Mozilla/5.0 (Windows NT 10.0; WOW64) AppleWebKit/537.36 (KHTML, like Gecko) Chrome/90.0.4430.93 Safari/537.36" "savemoki.com"
95.38.75.146 - - [08/Sep/2022:08:29:55 -0700] "GET /blog/ HTTP/1.1" 200 698 "http://savemoki.com/blog/" "Mozilla/5.0 (Windows NT 10.0; WOW64) AppleWebKit/537.36 (KHTML, like Gecko) Chrome/90.0.4430.93 Safari/537.36" "savemoki.com"
95.38.75.146 - - [08/Sep/2022:08:30:04 -0700] "GET /blog/contact_us.html HTTP/1.1" 404 73 "http://savemoki.com/blog/contact_us.html" "Mozilla/5.0 (Windows NT 10.0; WOW64) AppleWebKit/537.36 (KHTML, like Gecko) Chrome/90.0.4430.93 Safari/537.36" "savemoki.com"
95.38.75.146 - - [08/Sep/2022:08:30:11 -0700] "GET /contact_us.html HTTP/1.1" 200 18024 "http://savemoki.com/contact_us.html" "Mozilla/5.0 (Windows NT 10.0; WOW64) AppleWebKit/537.36 (KHTML, like Gecko) Chrome/90.0.4430.93 Safari/537.36" "savemoki.com"
216.244.66.249 - - [08/Sep/2022:08:35:29 -0700] "GET /robots.txt HTTP/1.1" 200 39 "-" "Mozilla/5.0 (compatible; DotBot/1.2; +https://opensiteexplorer.org/dotbot; help@moz.com)" "www.savemoki.com"
216.244.66.249 - - [08/Sep/2022:08:35:29 -0700] "GET /robots.txt HTTP/1.1" 200 39 "-" "Mozilla/5.0 (compatible; DotBot/1.2; +https://opensiteexplorer.org/dotbot; help@moz.com)" "savemoki.com"
195.242.110.254 - - [08/Sep/2022:08:35:41 -0700] "GET / HTTP/1.1" 200 7350 "https://s-forum.biz/" "Mozilla/4.0 (compatible; MSIE 5.5; Windows NT 5.0; .NET CLR 1.1.4322)" "www.savemoki.com"
195.242.110.254 - - [08/Sep/2022:08:35:42 -0700] "GET / HTTP/1.1" 200 7350 "https://s-forum.biz/" "Mozilla/4.0 (compatible; MSIE 5.5; Windows NT 5.0; .NET CLR 1.1.4322)" "www.savemoki.com"
195.242.110.254 - - [08/Sep/2022:08:35:42 -0700] "GET / HTTP/1.1" 200 7350 "https://s-forum.biz/" "Mozilla/4.0 (compatible; MSIE 5.5; Windows NT 5.0; .NET CLR 1.1.4322)" "www.savemoki.com"
207.46.13.53 - - [08/Sep/2022:08:37:16 -0700] "GET /Links_Feline_Health.html HTTP/1.1" 200 10246 "-" "Mozilla/5.0 (compatible; bingbot/2.0; +http://www.bing.com/bingbot.htm)" "www.savemoki.com"
114.119.139.166 - - [08/Sep/2022:08:45:20 -0700] "GET /clipart/buttons/themes/swoosh_blue/?C=S%3BO%3DA HTTP/1.1" 200 418 "https://www.savemoki.com/clipart/buttons/themes/swoosh_blue/?C=M%3BO%3DA" "Mozilla/5.0 (Linux; Android 7.0;) AppleWebKit/537.36 (KHTML, like Gecko) Mobile Safari/537.36 (compatible; PetalBot;+https://webmaster.petalsearch.com/site/petalbot)" "www.savemoki.com"
114.119.156.133 - - [08/Sep/2022:08:50:21 -0700] "GET /Mokismedicalsec.html HTTP/1.1" 200 3973 "http://www.savemoki.com?C=M%3BO%3DA" "Mozilla/5.0 (Linux; Android 7.0;) AppleWebKit/537.36 (KHTML, like Gecko) Mobile Safari/537.36 (compatible; PetalBot;+https://webmaster.petalsearch.com/site/petalbot)" "www.savemoki.com"
104.28.249.46 - - [08/Sep/2022:08:52:17 -0700] "GET /contact_us.html HTTP/1.1" 200 18024 "http://savemoki.com/contact_us.html" "Mozilla/5.0 (Windows NT 6.3) AppleWebKit/537.36 (KHTML, like Gecko) Chrome/90.0.4430.72 Safari/537.36" "savemoki.com"
51.222.253.20 - - [08/Sep/2022:08:52:37 -0700] "GET /?C=S;O=A HTTP/1.1" 200 1257 "-" "Mozilla/5.0 (compatible; AhrefsBot/7.0; +http://ahrefs.com/robot/)" "savemoki.com"
51.222.253.16 - - [08/Sep/2022:08:54:32 -0700] "GET /blog/wp-content/themes/themeforest-625914-ice-theme-powerful-wordpress-theme-1/PSD/?C=N;O=D HTTP/1.1" 200 418 "-" "Mozilla/5.0 (compatible; AhrefsBot/7.0; +http://ahrefs.com/robot/)" "www.savemoki.com"
114.119.139.166 - - [08/Sep/2022:08:55:16 -0700] "GET /clipart/?C=N%3BO%3DD HTTP/1.1" 200 440 "https://www.savemoki.com/clipart?D=D" "Mozilla/5.0 (Linux; Android 7.0;) AppleWebKit/537.36 (KHTML, like Gecko) Mobile Safari/537.36 (compatible; PetalBot;+https://webmaster.petalsearch.com/site/petalbot)" "www.savemoki.com"
51.222.253.10 - - [08/Sep/2022:08:55:40 -0700] "GET /sitebuilder/images/?C=D;O=A HTTP/1.1" 200 3814 "-" "Mozilla/5.0 (compatible; AhrefsBot/7.0; +http://ahrefs.com/robot/)" "www.savemoki.com"
51.222.253.17 - - [08/Sep/2022:08:56:32 -0700] "GET /clipart/buttons/themes/ HTTP/1.1" 200 404 "-" "Mozilla/5.0 (compatible; AhrefsBot/7.0; +http://ahrefs.com/robot/)" "savemoki.com"
54.36.149.59 - - [08/Sep/2022:08:57:26 -0700] "GET /robots.txt HTTP/1.1" 200 55 "-" "Mozilla/5.0 (compatible; AhrefsBot/7.0; +http://ahrefs.com/robot/)" "www.savemoki.com"
51.222.253.3 - - [08/Sep/2022:08:57:27 -0700] "GET /clipart/images/frames/ HTTP/1.1" 200 379 "-" "Mozilla/5.0 (compatible; AhrefsBot/7.0; +http://ahrefs.com/robot/)" "www.savemoki.com"
51.222.253.6 - - [08/Sep/2022:08:57:41 -0700] "GET /Mokis_Medical_Records.html HTTP/1.1" 200 5014 "-" "Mozilla/5.0 (compatible; AhrefsBot/7.0; +http://ahrefs.com/robot/)" "www.savemoki.com"
51.222.253.4 - - [08/Sep/2022:08:58:00 -0700] "GET /sitebuilder/images/Medical_Record_1-449x600.jpg HTTP/1.1" 200 49002 "-" "Mozilla/5.0 (compatible; AhrefsBot/7.0; +http://ahrefs.com/robot/)" "www.savemoki.com"
51.222.253.4 - - [08/Sep/2022:08:58:01 -0700] "GET /sitebuilder/images/Medical_Record_7-449x600.jpg HTTP/1.1" 200 43522 "-" "Mozilla/5.0 (compatible; AhrefsBot/7.0; +http://ahrefs.com/robot/)" "www.savemoki.com"
51.222.253.9 - - [08/Sep/2022:08:58:02 -0700] "GET /sitebuilder/images/Medical_Record_8-449x600.jpg HTTP/1.1" 200 33246 "-" "Mozilla/5.0 (compatible; AhrefsBot/7.0; +http://ahrefs.com/robot/)" "www.savemoki.com"
51.222.253.6 - - [08/Sep/2022:08:58:03 -0700] "GET /sitebuilder/images/UC_DAvis_Referal-450x600.jpg HTTP/1.1" 200 43672 "-" "Mozilla/5.0 (compatible; AhrefsBot/7.0; +http://ahrefs.com/robot/)" "www.savemoki.com"
51.222.253.8 - - [08/Sep/2022:08:58:04 -0700] "GET /Mokis_Medical_Records.html HTTP/1.1" 200 5014 "-" "Mozilla/5.0 (compatible; AhrefsBot/7.0; +http://ahrefs.com/robot/)" "www.savemoki.com"
51.222.253.6 - - [08/Sep/2022:08:58:04 -0700] "GET /sitebuilder/images/UC_Davis_Discharge-449x600.jpg HTTP/1.1" 200 38570 "-" "Mozilla/5.0 (compatible; AhrefsBot/7.0; +http://ahrefs.com/robot/)" "www.savemoki.com"
51.222.253.12 - - [08/Sep/2022:08:58:09 -0700] "GET /sitebuilder/?C=S;O=A HTTP/1.1" 200 372 "-" "Mozilla/5.0 (compatible; AhrefsBot/7.0; +http://ahrefs.com/robot/)" "savemoki.com"
51.222.253.2 - - [08/Sep/2022:08:58:13 -0700] "GET /navigation_bars/?C=S;O=A HTTP/1.1" 200 408 "-" "Mozilla/5.0 (compatible; AhrefsBot/7.0; +http://ahrefs.com/robot/)" "savemoki.com"
51.222.253.10 - - [08/Sep/2022:08:58:18 -0700] "GET /sitebuilder/images/?C=M;O=A HTTP/1.1" 200 3958 "-" "Mozilla/5.0 (compatible; AhrefsBot/7.0; +http://ahrefs.com/robot/)" "www.savemoki.com"
51.222.253.13 - - [08/Sep/2022:08:58:35 -0700] "GET /blog/wp-content/themes/themeforest-625914-ice-theme-powerful-wordpress-theme-1/ HTTP/1.1" 200 513 "-" "Mozilla/5.0 (compatible; AhrefsBot/7.0; +http://ahrefs.com/robot/)" "savemoki.com"
51.222.253.17 - - [08/Sep/2022:08:58:38 -0700] "GET /sitebuilder/?C=D;O=A HTTP/1.1" 200 372 "-" "Mozilla/5.0 (compatible; AhrefsBot/7.0; +http://ahrefs.com/robot/)" "savemoki.com"
51.222.253.8 - - [08/Sep/2022:08:58:42 -0700] "GET /sitebuilder/images/?C=S;O=A HTTP/1.1" 200 3874 "-" "Mozilla/5.0 (compatible; AhrefsBot/7.0; +http://ahrefs.com/robot/)" "www.savemoki.com"
51.222.253.13 - - [08/Sep/2022:08:58:44 -0700] "GET /socialenginetrial/?C=M;O=A HTTP/1.1" 200 317 "-" "Mozilla/5.0 (compatible; AhrefsBot/7.0; +http://ahrefs.com/robot/)" "www.savemoki.com"
51.222.253.17 - - [08/Sep/2022:08:58:46 -0700] "GET /navigation_bars/?C=D;O=A HTTP/1.1" 200 408 "-" "Mozilla/5.0 (compatible; AhrefsBot/7.0; +http://ahrefs.com/robot/)" "savemoki.com"
114.119.139.167 - - [08/Sep/2022:09:00:18 -0700] "GET /clipart/buttons/?C=D%3BO%3DA HTTP/1.1" 200 359 "https://www.savemoki.com/clipart/buttons?C=N%3BO%3DD" "Mozilla/5.0 (Linux; Android 7.0;) AppleWebKit/537.36 (KHTML, like Gecko) Mobile Safari/537.36 (compatible; PetalBot;+https://webmaster.petalsearch.com/site/petalbot)" "www.savemoki.com"
82.118.29.203 - - [08/Sep/2022:09:04:45 -0700] "GET /blog1/2015/05/07/test-post/ HTTP/1.1" 404 73 "http://savemoki.com/blog1/2015/05/07/test-post/" "Mozilla/5.0 (Windows NT 10.0; Win64; x64) AppleWebKit/537.36 (KHTML, like Gecko) Chrome/90.0.4430.72 Safari/537.36" "savemoki.com"
82.118.29.203 - - [08/Sep/2022:09:04:46 -0700] "GET / HTTP/1.1" 200 7350 "http://savemoki.com/" "Mozilla/5.0 (Windows NT 10.0; Win64; x64) AppleWebKit/537.36 (KHTML, like Gecko) Chrome/90.0.4430.72 Safari/537.36" "savemoki.com"
82.118.29.203 - - [08/Sep/2022:09:04:47 -0700] "GET /blog/ HTTP/1.1" 200 698 "http://savemoki.com/blog/" "Mozilla/5.0 (Windows NT 10.0; Win64; x64) AppleWebKit/537.36 (KHTML, like Gecko) Chrome/90.0.4430.72 Safari/537.36" "savemoki.com"
114.119.139.183 - - [08/Sep/2022:09:05:20 -0700] "GET /clipart/bullets?D=D HTTP/1.1" 301 1416 "https://savemoki.com/clipart/bullets?D=A" "Mozilla/5.0 (Linux; Android 7.0;) AppleWebKit/537.36 (KHTML, like Gecko) Mobile Safari/537.36 (compatible; PetalBot;+https://webmaster.petalsearch.com/site/petalbot)" "savemoki.com"
114.119.139.183 - - [08/Sep/2022:09:05:21 -0700] "GET /clipart/bullets/?D=D HTTP/1.1" 200 429 "https://savemoki.com/clipart/bullets?D=A" "Mozilla/5.0 (Linux; Android 7.0;) AppleWebKit/537.36 (KHTML, like Gecko) Mobile Safari/537.36 (compatible; PetalBot;+https://webmaster.petalsearch.com/site/petalbot)" "savemoki.com"
185.191.171.34 - - [08/Sep/2022:09:05:42 -0700] "GET /robots.txt HTTP/1.1" 200 55 "-" "Mozilla/5.0 (compatible; SemrushBot/7~bl; +http://www.semrush.com/bot.html)" "savemoki.com"
185.191.171.22 - - [08/Sep/2022:09:05:43 -0700] "GET /Shop.html HTTP/1.1" 200 2842 "-" "Mozilla/5.0 (compatible; SemrushBot/7~bl; +http://www.semrush.com/bot.html)" "savemoki.com"
114.119.139.183 - - [08/Sep/2022:09:10:19 -0700] "GET /blog/wp-content/themes/themeforest-625914-ice-theme-powerful-wordpress-theme-1/licensing?C=N%3BO%3DD HTTP/1.1" 301 1475 "https://www.savemoki.com/blog/wp-content/themes/themeforest-625914-ice-theme-powerful-wordpress-theme-1/licensing?C=D%3BO%3DA" "Mozilla/5.0 (Linux; Android 7.0;) AppleWebKit/537.36 (KHTML, like Gecko) Mobile Safari/537.36 (compatible; PetalBot;+https://webmaster.petalsearch.com/site/petalbot)" "www.savemoki.com"
114.119.139.183 - - [08/Sep/2022:09:10:20 -0700] "GET /blog/wp-content/themes/themeforest-625914-ice-theme-powerful-wordpress-theme-1/licensing/?C=N%3BO%3DD HTTP/1.1" 200 419 "https://www.savemoki.com/blog/wp-content/themes/themeforest-625914-ice-theme-powerful-wordpress-theme-1/licensing?C=D%3BO%3DA" "Mozilla/5.0 (Linux; Android 7.0;) AppleWebKit/537.36 (KHTML, like Gecko) Mobile Safari/537.36 (compatible; PetalBot;+https://webmaster.petalsearch.com/site/petalbot)" "www.savemoki.com"
51.222.253.16 - - [08/Sep/2022:09:13:57 -0700] "GET / HTTP/1.1" 200 1285 "-" "Mozilla/5.0 (compatible; AhrefsBot/7.0; +http://ahrefs.com/robot/)" "www.savemoki.com"
114.119.134.192 - - [08/Sep/2022:09:15:19 -0700] "GET /clipart/images/sidebars?S=A HTTP/1.1" 301 1425 "https://www.savemoki.com/clipart/images/sidebars?S=D" "Mozilla/5.0 (Linux; Android 7.0;) AppleWebKit/537.36 (KHTML, like Gecko) Mobile Safari/537.36 (compatible; PetalBot;+https://webmaster.petalsearch.com/site/petalbot)" "www.savemoki.com"
114.119.134.192 - - [08/Sep/2022:09:15:20 -0700] "GET /clipart/images/sidebars/?S=A HTTP/1.1" 200 432 "https://www.savemoki.com/clipart/images/sidebars?S=D" "Mozilla/5.0 (Linux; Android 7.0;) AppleWebKit/537.36 (KHTML, like Gecko) Mobile Safari/537.36 (compatible; PetalBot;+https://webmaster.petalsearch.com/site/petalbot)" "www.savemoki.com"
114.119.134.192 - - [08/Sep/2022:09:20:17 -0700] "GET /clipart/backgrounds/fullpage/?C=S%3BO%3DA HTTP/1.1" 200 389 "https://www.savemoki.com/clipart/backgrounds/fullpage?N=A" "Mozilla/5.0 (Linux; Android 7.0;) AppleWebKit/537.36 (KHTML, like Gecko) Mobile Safari/537.36 (compatible; PetalBot;+https://webmaster.petalsearch.com/site/petalbot)" "www.savemoki.com"
185.119.81.104 - - [08/Sep/2022:09:24:34 -0700] "GET /2test/wp-login.php HTTP/1.1" 200 6052 "-" "Mozilla/5.0 (Windows NT 6.1; WOW64) AppleWebKit/537.36 (KHTML, like Gecko) Chrome/50.0.2661.94 Safari/537.36" "savemoki.com"
10.213.116.62 - - [08/Sep/2022:09:24:36 -0700] "POST /2test/wp-cron.php?doing_wp_cron=1662654276.8210740089416503906250 HTTP/1.1" 200 - "http://savemoki.com/2test/wp-cron.php?doing_wp_cron=1662654276.8210740089416503906250" "WordPress/5.4.11; http://savemoki.com/2test" "savemoki.com"
185.119.81.104 - - [08/Sep/2022:09:24:38 -0700] "POST /2test/wp-login.php HTTP/1.1" 200 6339 "http://savemoki.com/2test/wp-login.php" "Mozilla/5.0 (Windows NT 6.1; WOW64) AppleWebKit/537.36 (KHTML, like Gecko) Chrome/50.0.2661.94 Safari/537.36" "savemoki.com"
114.119.139.167 - - [08/Sep/2022:09:25:20 -0700] "GET /sitebuilder/?C=N%3BO%3DD HTTP/1.1" 200 372 "https://www.savemoki.com/sitebuilder?C=S%3BO%3DA" "Mozilla/5.0 (Linux; Android 7.0;) AppleWebKit/537.36 (KHTML, like Gecko) Mobile Safari/537.36 (compatible; PetalBot;+https://webmaster.petalsearch.com/site/petalbot)" "www.savemoki.com"
216.244.66.249 - - [08/Sep/2022:09:26:06 -0700] "GET /robots.txt HTTP/1.1" 200 39 "-" "Mozilla/5.0 (compatible; DotBot/1.2; +https://opensiteexplorer.org/dotbot; help@moz.com)" "www.savemoki.com"
216.244.66.249 - - [08/Sep/2022:09:26:06 -0700] "GET /robots.txt HTTP/1.1" 200 39 "-" "Mozilla/5.0 (compatible; DotBot/1.2; +https://opensiteexplorer.org/dotbot; help@moz.com)" "savemoki.com"
47.242.40.222 - - [08/Sep/2022:09:26:08 -0700] "GET /contact_us.html HTTP/1.1" 200 18024 "http://savemoki.com/contact_us.html" "Mozilla/5.0 (Windows NT 10.0; Win64; x64) AppleWebKit/537.36 (KHTML, like Gecko) Chrome/90.0.4430.85 Safari/537.36" "savemoki.com"
47.242.40.222 - - [08/Sep/2022:09:26:48 -0700] "GET / HTTP/1.1" 200 7350 "http://savemoki.com/" "Mozilla/5.0 (Windows NT 10.0; Win64; x64) AppleWebKit/537.36 (KHTML, like Gecko) Chrome/90.0.4430.85 Safari/537.36" "savemoki.com"
47.242.40.222 - - [08/Sep/2022:09:26:59 -0700] "GET /blog/ HTTP/1.1" 200 698 "http://savemoki.com/blog/" "Mozilla/5.0 (Windows NT 10.0; Win64; x64) AppleWebKit/537.36 (KHTML, like Gecko) Chrome/90.0.4430.85 Safari/537.36" "savemoki.com"
47.242.40.222 - - [08/Sep/2022:09:27:00 -0700] "GET /blog/contact_us.html HTTP/1.1" 404 73 "http://savemoki.com/blog/contact_us.html" "Mozilla/5.0 (Windows NT 10.0; Win64; x64) AppleWebKit/537.36 (KHTML, like Gecko) Chrome/90.0.4430.85 Safari/537.36" "savemoki.com"
47.242.40.222 - - [08/Sep/2022:09:27:02 -0700] "GET /contact_us.html HTTP/1.1" 200 18024 "http://savemoki.com/contact_us.html" "Mozilla/5.0 (Windows NT 10.0; Win64; x64) AppleWebKit/537.36 (KHTML, like Gecko) Chrome/90.0.4430.85 Safari/537.36" "savemoki.com"
114.119.139.183 - - [08/Sep/2022:09:30:20 -0700] "GET /media HTTP/1.1" 301 1404 "http://savemoki.com?C=N%3BO%3DD" "Mozilla/5.0 (Linux; Android 7.0;) AppleWebKit/537.36 (KHTML, like Gecko) Mobile Safari/537.36 (compatible; PetalBot;+https://webmaster.petalsearch.com/site/petalbot)" "savemoki.com"
114.119.139.183 - - [08/Sep/2022:09:30:21 -0700] "GET /media/ HTTP/1.1" 200 396 "http://savemoki.com?C=N%3BO%3DD" "Mozilla/5.0 (Linux; Android 7.0;) AppleWebKit/537.36 (KHTML, like Gecko) Mobile Safari/537.36 (compatible; PetalBot;+https://webmaster.petalsearch.com/site/petalbot)" "savemoki.com"
51.222.253.7 - - [08/Sep/2022:09:31:35 -0700] "GET / HTTP/1.1" 200 1285 "-" "Mozilla/5.0 (compatible; AhrefsBot/7.0; +http://ahrefs.com/robot/)" "www.savemoki.com"
114.119.134.192 - - [08/Sep/2022:09:36:44 -0700] "GET /clipart/buttons/themes/swoosh_blue?C=N%3BO%3DD HTTP/1.1" 301 1445 "https://savemoki.com/clipart/buttons/themes/swoosh_blue?C=S%3BO%3DA" "Mozilla/5.0 (Linux; Android 7.0;) AppleWebKit/537.36 (KHTML, like Gecko) Mobile Safari/537.36 (compatible; PetalBot;+https://webmaster.petalsearch.com/site/petalbot)" "savemoki.com"
114.119.134.192 - - [08/Sep/2022:09:36:47 -0700] "GET /clipart/buttons/themes/swoosh_blue/?C=N%3BO%3DD HTTP/1.1" 200 418 "https://savemoki.com/clipart/buttons/themes/swoosh_blue?C=S%3BO%3DA" "Mozilla/5.0 (Linux; Android 7.0;) AppleWebKit/537.36 (KHTML, like Gecko) Mobile Safari/537.36 (compatible; PetalBot;+https://webmaster.petalsearch.com/site/petalbot)" "savemoki.com"
114.119.139.166 - - [08/Sep/2022:09:40:18 -0700] "GET /socialenginetrial?C=S%3BO%3DA HTTP/1.1" 301 1430 "https://savemoki.com/socialenginetrial" "Mozilla/5.0 (Linux; Android 7.0;) AppleWebKit/537.36 (KHTML, like Gecko) Mobile Safari/537.36 (compatible; PetalBot;+https://webmaster.petalsearch.com/site/petalbot)" "savemoki.com"
114.119.139.166 - - [08/Sep/2022:09:40:19 -0700] "GET /socialenginetrial/?C=S%3BO%3DA HTTP/1.1" 200 318 "https://savemoki.com/socialenginetrial" "Mozilla/5.0 (Linux; Android 7.0;) AppleWebKit/537.36 (KHTML, like Gecko) Mobile Safari/537.36 (compatible; PetalBot;+https://webmaster.petalsearch.com/site/petalbot)" "savemoki.com"
114.119.139.167 - - [08/Sep/2022:09:45:20 -0700] "GET /blog/wp-content/themes/themeforest-625914-ice-theme-powerful-wordpress-theme-1?N=A HTTP/1.1" 301 1458 "https://savemoki.com/blog/wp-content/themes/themeforest-625914-ice-theme-powerful-wordpress-theme-1?N=D" "Mozilla/5.0 (Linux; Android 7.0;) AppleWebKit/537.36 (KHTML, like Gecko) Mobile Safari/537.36 (compatible; PetalBot;+https://webmaster.petalsearch.com/site/petalbot)" "savemoki.com"
114.119.139.167 - - [08/Sep/2022:09:45:20 -0700] "GET /blog/wp-content/themes/themeforest-625914-ice-theme-powerful-wordpress-theme-1/?N=A HTTP/1.1" 200 513 "https://savemoki.com/blog/wp-content/themes/themeforest-625914-ice-theme-powerful-wordpress-theme-1?N=D" "Mozilla/5.0 (Linux; Android 7.0;) AppleWebKit/537.36 (KHTML, like Gecko) Mobile Safari/537.36 (compatible; PetalBot;+https://webmaster.petalsearch.com/site/petalbot)" "savemoki.com"
51.222.253.3 - - [08/Sep/2022:09:47:49 -0700] "GET /2test/index.php/2020/04/ HTTP/1.1" 200 18384 "-" "Mozilla/5.0 (compatible; AhrefsBot/7.0; +http://ahrefs.com/robot/)" "savemoki.com"
10.213.116.64 - - [08/Sep/2022:09:48:09 -0700] "POST /2test/wp-cron.php?doing_wp_cron=1662655689.6769170761108398437500 HTTP/1.1" 200 - "https://savemoki.com/2test/wp-cron.php?doing_wp_cron=1662655689.6769170761108398437500" "WordPress/5.4.11; https://savemoki.com/2test" "savemoki.com"
51.222.253.3 - - [08/Sep/2022:09:48:09 -0700] "GET /2test/index.php/2020/04/ HTTP/1.1" 200 20886 "-" "Mozilla/5.0 (compatible; AhrefsBot/7.0; +http://ahrefs.com/robot/)" "savemoki.com"
51.222.253.6 - - [08/Sep/2022:10:03:39 -0700] "GET /clipart/buttons/themes/?C=N;O=A HTTP/1.1" 200 404 "-" "Mozilla/5.0 (compatible; AhrefsBot/7.0; +http://ahrefs.com/robot/)" "savemoki.com"
45.138.74.127 - - [08/Sep/2022:10:09:36 -0700] "GET / HTTP/1.1" 200 7350 "https://jav-fetish.site/" "Mozilla/4.0 (compatible; MSIE 6.0; Windows NT 5.0; .NET CLR 1.0.3705; .NET CLR 1.1.4322)" "www.savemoki.com"
45.138.74.127 - - [08/Sep/2022:10:09:46 -0700] "GET / HTTP/1.1" 200 7350 "https://jav-fetish.site/" "Mozilla/4.0 (compatible; MSIE 6.0; Windows NT 5.0; .NET CLR 1.0.3705; .NET CLR 1.1.4322)" "www.savemoki.com"
45.138.74.127 - - [08/Sep/2022:10:09:50 -0700] "GET / HTTP/1.1" 200 7350 "https://jav-fetish.site/" "Mozilla/4.0 (compatible; MSIE 6.0; Windows NT 5.0; .NET CLR 1.0.3705; .NET CLR 1.1.4322)" "www.savemoki.com"
216.244.66.249 - - [08/Sep/2022:10:17:13 -0700] "GET /robots.txt HTTP/1.1" 200 39 "-" "Mozilla/5.0 (compatible; DotBot/1.2; +https://opensiteexplorer.org/dotbot; help@moz.com)" "savemoki.com"
216.244.66.249 - - [08/Sep/2022:10:17:13 -0700] "GET /robots.txt HTTP/1.1" 200 39 "-" "Mozilla/5.0 (compatible; DotBot/1.2; +https://opensiteexplorer.org/dotbot; help@moz.com)" "www.savemoki.com"
51.222.253.5 - - [08/Sep/2022:10:18:49 -0700] "GET /media/?C=S;O=A HTTP/1.1" 200 397 "-" "Mozilla/5.0 (compatible; AhrefsBot/7.0; +http://ahrefs.com/robot/)" "savemoki.com"
37.139.53.84 - - [08/Sep/2022:10:54:47 -0700] "GET /contact_us.html HTTP/1.1" 200 18024 "http://savemoki.com/contact_us.html" "Mozilla/5.0 (Windows NT 10.0; ) AppleWebKit/537.36 (KHTML, like Gecko) Chrome/83.0.4086.0 Safari/537.36" "savemoki.com"
47.103.14.177 - - [08/Sep/2022:11:03:02 -0700] "GET / HTTP/1.1" 200 1285 "-" "Mozilla/5.0 (X11; Ubuntu; Linux x86_64; rv:36.0) Gecko/20100101 Firefox/36.0" "savemoki.com"
47.103.14.177 - - [08/Sep/2022:11:03:03 -0700] "GET /?C=S;O=A HTTP/1.1" 200 1257 "-" "Mozilla/5.0 (X11; Ubuntu; Linux x86_64; rv:36.0) Gecko/20100101 Firefox/36.0" "savemoki.com"
47.103.14.177 - - [08/Sep/2022:11:03:03 -0700] "GET /?C=M;O=A HTTP/1.1" 200 1283 "-" "Mozilla/5.0 (X11; Ubuntu; Linux x86_64; rv:36.0) Gecko/20100101 Firefox/36.0" "savemoki.com"
47.103.14.177 - - [08/Sep/2022:11:03:03 -0700] "GET /?C=N;O=D HTTP/1.1" 200 1300 "-" "Mozilla/5.0 (X11; Ubuntu; Linux x86_64; rv:36.0) Gecko/20100101 Firefox/36.0" "savemoki.com"
47.103.14.177 - - [08/Sep/2022:11:03:03 -0700] "GET /?C=D;O=A HTTP/1.1" 200 1285 "-" "Mozilla/5.0 (X11; Ubuntu; Linux x86_64; rv:36.0) Gecko/20100101 Firefox/36.0" "savemoki.com"
10.213.116.63 - - [08/Sep/2022:11:03:10 -0700] "POST /2test/wp-cron.php?doing_wp_cron=1662660190.2641448974609375000000 HTTP/1.1" 200 - "http://savemoki.com/2test/wp-cron.php?doing_wp_cron=1662660190.2641448974609375000000" "WordPress/5.4.11; http://savemoki.com/2test" "savemoki.com"
47.103.14.177 - - [08/Sep/2022:11:03:02 -0700] "GET /2test/ HTTP/1.1" 200 20491 "-" "Mozilla/5.0 (X11; Ubuntu; Linux x86_64; rv:36.0) Gecko/20100101 Firefox/36.0" "savemoki.com"
216.244.66.249 - - [08/Sep/2022:11:08:39 -0700] "GET /robots.txt HTTP/1.1" 200 39 "-" "Mozilla/5.0 (compatible; DotBot/1.2; +https://opensiteexplorer.org/dotbot; help@moz.com)" "savemoki.com"
216.244.66.249 - - [08/Sep/2022:11:08:39 -0700] "GET /robots.txt HTTP/1.1" 200 39 "-" "Mozilla/5.0 (compatible; DotBot/1.2; +https://opensiteexplorer.org/dotbot; help@moz.com)" "www.savemoki.com"
51.222.253.4 - - [08/Sep/2022:11:28:14 -0700] "GET /clipart/images/frames/?C=N;O=D HTTP/1.1" 200 377 "-" "Mozilla/5.0 (compatible; AhrefsBot/7.0; +http://ahrefs.com/robot/)" "www.savemoki.com"
216.244.66.249 - - [08/Sep/2022:12:00:06 -0700] "GET /robots.txt HTTP/1.1" 200 39 "-" "Mozilla/5.0 (compatible; DotBot/1.2; +https://opensiteexplorer.org/dotbot; help@moz.com)" "savemoki.com"
216.244.66.249 - - [08/Sep/2022:12:00:06 -0700] "GET /robots.txt HTTP/1.1" 200 39 "-" "Mozilla/5.0 (compatible; DotBot/1.2; +https://opensiteexplorer.org/dotbot; help@moz.com)" "www.savemoki.com"
45.138.74.8 - - [08/Sep/2022:12:04:01 -0700] "GET /blog1/2015/05/07/test-post/ HTTP/1.1" 404 73 "https://porndl.org/" "Mozilla/4.0 (compatible; MSIE 6.0; Windows NT 5.1; Maxthon; .NET CLR 1.1.4322)" "savemoki.com"
45.138.74.8 - - [08/Sep/2022:12:04:16 -0700] "GET /blog1/2015/05/07/test-post/ HTTP/1.1" 404 73 "https://porndl.org/" "Mozilla/4.0 (compatible; MSIE 6.0; Windows NT 5.1; Maxthon; .NET CLR 1.1.4322)" "savemoki.com"
45.138.74.8 - - [08/Sep/2022:12:04:20 -0700] "GET /blog1/2015/05/07/test-post/ HTTP/1.1" 404 73 "https://porndl.org/" "Mozilla/4.0 (compatible; MSIE 6.0; Windows NT 5.1; Maxthon; .NET CLR 1.1.4322)" "savemoki.com"
207.46.13.53 - - [08/Sep/2022:12:27:31 -0700] "GET /home HTTP/1.1" 200 5367 "-" "Mozilla/5.0 (compatible; bingbot/2.0; +http://www.bing.com/bingbot.htm)" "savemoki.com"
54.36.148.223 - - [08/Sep/2022:12:27:42 -0700] "GET /robots.txt HTTP/1.1" 200 55 "-" "Mozilla/5.0 (compatible; AhrefsBot/7.0; +http://ahrefs.com/robot/)" "www.savemoki.com"
51.222.253.15 - - [08/Sep/2022:12:38:37 -0700] "GET /sitebuilder/?C=N;O=A HTTP/1.1" 200 372 "-" "Mozilla/5.0 (compatible; AhrefsBot/7.0; +http://ahrefs.com/robot/)" "savemoki.com"
216.244.66.249 - - [08/Sep/2022:12:50:19 -0700] "GET /robots.txt HTTP/1.1" 200 39 "-" "Mozilla/5.0 (compatible; DotBot/1.2; +https://opensiteexplorer.org/dotbot; help@moz.com)" "savemoki.com"
216.244.66.249 - - [08/Sep/2022:12:50:19 -0700] "GET /robots.txt HTTP/1.1" 200 39 "-" "Mozilla/5.0 (compatible; DotBot/1.2; +https://opensiteexplorer.org/dotbot; help@moz.com)" "www.savemoki.com"
87.250.224.111 - - [08/Sep/2022:12:52:09 -0700] "GET /robots.txt HTTP/1.1" 200 39 "-" "Mozilla/5.0 (compatible; YandexBot/3.0; +http://yandex.com/bots)" "savemoki.com"
87.250.224.90 - - [08/Sep/2022:12:52:12 -0700] "GET /Mokis_friends.html HTTP/1.1" 200 5925 "-" "Mozilla/5.0 (compatible; YandexBot/3.0; +http://yandex.com/bots)" "savemoki.com"
114.119.139.166 - - [08/Sep/2022:13:02:54 -0700] "GET /clipart?N=D HTTP/1.1" 301 1413 "https://savemoki.com/clipart?N=A" "Mozilla/5.0 (Linux; Android 7.0;) AppleWebKit/537.36 (KHTML, like Gecko) Mobile Safari/537.36 (compatible; PetalBot;+https://webmaster.petalsearch.com/site/petalbot)" "savemoki.com"
114.119.139.166 - - [08/Sep/2022:13:03:06 -0700] "GET /clipart/?N=D HTTP/1.1" 200 440 "https://savemoki.com/clipart?N=A" "Mozilla/5.0 (Linux; Android 7.0;) AppleWebKit/537.36 (KHTML, like Gecko) Mobile Safari/537.36 (compatible; PetalBot;+https://webmaster.petalsearch.com/site/petalbot)" "savemoki.com"
114.119.139.148 - - [08/Sep/2022:13:07:50 -0700] "GET /navigation_bars HTTP/1.1" 301 1411 "http://savemoki.com?C=N%3BO%3DD" "Mozilla/5.0 (Linux; Android 7.0;) AppleWebKit/537.36 (KHTML, like Gecko) Mobile Safari/537.36 (compatible; PetalBot;+https://webmaster.petalsearch.com/site/petalbot)" "savemoki.com"
114.119.139.148 - - [08/Sep/2022:13:07:51 -0700] "GET /navigation_bars/ HTTP/1.1" 200 408 "http://savemoki.com?C=N%3BO%3DD" "Mozilla/5.0 (Linux; Android 7.0;) AppleWebKit/537.36 (KHTML, like Gecko) Mobile Safari/537.36 (compatible; PetalBot;+https://webmaster.petalsearch.com/site/petalbot)" "savemoki.com"
51.222.253.16 - - [08/Sep/2022:13:09:07 -0700] "GET /blog/wp-content/themes/themeforest-625914-ice-theme-powerful-wordpress-theme-1/PSD/?C=D;O=A HTTP/1.1" 200 419 "-" "Mozilla/5.0 (compatible; AhrefsBot/7.0; +http://ahrefs.com/robot/)" "www.savemoki.com"
66.249.79.17 - - [08/Sep/2022:13:10:11 -0700] "GET /clipart/pageHeaders/sweeping_curves_blue.gif HTTP/1.1" 200 24925 "-" "Googlebot-Image/1.0" "www.savemoki.com"
114.119.139.167 - - [08/Sep/2022:13:12:52 -0700] "GET /images?N=A HTTP/1.1" 301 1412 "https://savemoki.com/images?M=D" "Mozilla/5.0 (Linux; Android 7.0;) AppleWebKit/537.36 (KHTML, like Gecko) Mobile Safari/537.36 (compatible; PetalBot;+https://webmaster.petalsearch.com/site/petalbot)" "savemoki.com"
114.119.139.167 - - [08/Sep/2022:13:12:55 -0700] "GET /images/?N=A HTTP/1.1" 200 2158 "https://savemoki.com/images?M=D" "Mozilla/5.0 (Linux; Android 7.0;) AppleWebKit/537.36 (KHTML, like Gecko) Mobile Safari/537.36 (compatible; PetalBot;+https://webmaster.petalsearch.com/site/petalbot)" "savemoki.com"
114.119.134.192 - - [08/Sep/2022:13:17:56 -0700] "GET /blog/wp-content/themes/themeforest-625914-ice-theme-powerful-wordpress-theme-1/licensing?C=D%3BO%3DA HTTP/1.1" 301 1475 "https://www.savemoki.com/blog/wp-content/themes/themeforest-625914-ice-theme-powerful-wordpress-theme-1/licensing" "Mozilla/5.0 (Linux; Android 7.0;) AppleWebKit/537.36 (KHTML, like Gecko) Mobile Safari/537.36 (compatible; PetalBot;+https://webmaster.petalsearch.com/site/petalbot)" "www.savemoki.com"
114.119.134.192 - - [08/Sep/2022:13:17:59 -0700] "GET /blog/wp-content/themes/themeforest-625914-ice-theme-powerful-wordpress-theme-1/licensing/?C=D%3BO%3DA HTTP/1.1" 200 419 "https://www.savemoki.com/blog/wp-content/themes/themeforest-625914-ice-theme-powerful-wordpress-theme-1/licensing" "Mozilla/5.0 (Linux; Android 7.0;) AppleWebKit/537.36 (KHTML, like Gecko) Mobile Safari/537.36 (compatible; PetalBot;+https://webmaster.petalsearch.com/site/petalbot)" "www.savemoki.com"
66.249.79.69 - - [08/Sep/2022:13:21:23 -0700] "GET /clipart/pageHeaders/sweeping_curves_blue.gif HTTP/1.1" 200 24925 "-" "Googlebot-Image/1.0" "savemoki.com"
114.119.139.185 - - [08/Sep/2022:13:22:52 -0700] "GET /clipart/images/sidebars?D=D HTTP/1.1" 301 1425 "https://www.savemoki.com/clipart/images/sidebars?D=A" "Mozilla/5.0 (Linux; Android 7.0;) AppleWebKit/537.36 (KHTML, like Gecko) Mobile Safari/537.36 (compatible; PetalBot;+https://webmaster.petalsearch.com/site/petalbot)" "www.savemoki.com"
114.119.139.185 - - [08/Sep/2022:13:22:54 -0700] "GET /clipart/images/sidebars/?D=D HTTP/1.1" 200 432 "https://www.savemoki.com/clipart/images/sidebars?D=A" "Mozilla/5.0 (Linux; Android 7.0;) AppleWebKit/537.36 (KHTML, like Gecko) Mobile Safari/537.36 (compatible; PetalBot;+https://webmaster.petalsearch.com/site/petalbot)" "www.savemoki.com"
37.139.53.84 - - [08/Sep/2022:13:24:14 -0700] "GET /contact_us.html HTTP/1.1" 200 18024 "http://savemoki.com/contact_us.html" "Mozilla/5.0 (Windows NT 6.1; ) AppleWebKit/537.36 (KHTML, like Gecko) Chrome/83.0.4103.61 Safari/537.36" "savemoki.com"
114.119.139.185 - - [08/Sep/2022:13:27:54 -0700] "GET /blog/wp-content/themes/themeforest-625914-ice-theme-powerful-wordpress-theme-1/sample%20content?C=N%3BO%3DD HTTP/1.1" 301 1475 "https://savemoki.com/blog/wp-content/themes/themeforest-625914-ice-theme-powerful-wordpress-theme-1/sample%20content?S=A" "Mozilla/5.0 (Linux; Android 7.0;) AppleWebKit/537.36 (KHTML, like Gecko) Mobile Safari/537.36 (compatible; PetalBot;+https://webmaster.petalsearch.com/site/petalbot)" "savemoki.com"
114.119.139.185 - - [08/Sep/2022:13:27:55 -0700] "GET /blog/wp-content/themes/themeforest-625914-ice-theme-powerful-wordpress-theme-1/sample%20content/?C=N%3BO%3DD HTTP/1.1" 200 576 "https://savemoki.com/blog/wp-content/themes/themeforest-625914-ice-theme-powerful-wordpress-theme-1/sample%20content?S=A" "Mozilla/5.0 (Linux; Android 7.0;) AppleWebKit/537.36 (KHTML, like Gecko) Mobile Safari/537.36 (compatible; PetalBot;+https://webmaster.petalsearch.com/site/petalbot)" "savemoki.com"
114.119.134.192 - - [08/Sep/2022:13:32:51 -0700] "GET /blog/wp-content/themes/themeforest-625914-ice-theme-powerful-wordpress-theme-1?C=S%3BO%3DA HTTP/1.1" 301 1467 "https://savemoki.com/blog/wp-content/themes/themeforest-625914-ice-theme-powerful-wordpress-theme-1?C=N%3BO%3DD" "Mozilla/5.0 (Linux; Android 7.0;) AppleWebKit/537.36 (KHTML, like Gecko) Mobile Safari/537.36 (compatible; PetalBot;+https://webmaster.petalsearch.com/site/petalbot)" "savemoki.com"
114.119.134.192 - - [08/Sep/2022:13:32:55 -0700] "GET /blog/wp-content/themes/themeforest-625914-ice-theme-powerful-wordpress-theme-1/?C=S%3BO%3DA HTTP/1.1" 200 513 "https://savemoki.com/blog/wp-content/themes/themeforest-625914-ice-theme-powerful-wordpress-theme-1?C=N%3BO%3DD" "Mozilla/5.0 (Linux; Android 7.0;) AppleWebKit/537.36 (KHTML, like Gecko) Mobile Safari/537.36 (compatible; PetalBot;+https://webmaster.petalsearch.com/site/petalbot)" "savemoki.com"
51.254.215.154 - - [08/Sep/2022:13:33:57 -0700] "GET /wp-admin/auto_seo.php?ARRAY[0]=123 HTTP/1.1" 404 73 "savemoki.com" "Mozilla/5.1 (Windows NT 6.0; WOW64) AppleWebKit/537.37 (KHTML, like Gecko) Chrome/58.0.1145.75 Safari/537.37" "savemoki.com"
51.254.215.154 - - [08/Sep/2022:13:34:32 -0700] "GET /auto_seo.php?ARRAY[0]=123 HTTP/1.1" 404 73 "savemoki.com" "Mozilla/5.1 (Windows NT 6.0; WOW64) AppleWebKit/537.37 (KHTML, like Gecko) Chrome/58.0.1145.75 Safari/537.37" "savemoki.com"
51.254.215.154 - - [08/Sep/2022:13:35:21 -0700] "GET /wp-content/auto_seo.php?ARRAY[0]=123 HTTP/1.1" 404 73 "savemoki.com" "Mozilla/5.1 (Windows NT 6.0; WOW64) AppleWebKit/537.37 (KHTML, like Gecko) Chrome/58.0.1145.75 Safari/537.37" "savemoki.com"
207.46.13.48 - - [08/Sep/2022:13:36:11 -0700] "GET /updates_on_special_friends.html HTTP/1.1" 404 88 "-" "Mozilla/5.0 (compatible; bingbot/2.0; +http://www.bing.com/bingbot.htm)" "savemoki.com"
185.191.171.18 - - [08/Sep/2022:13:37:29 -0700] "GET /robots.txt HTTP/1.1" 200 55 "-" "Mozilla/5.0 (compatible; SemrushBot/7~bl; +http://www.semrush.com/bot.html)" "savemoki.com"
185.191.171.5 - - [08/Sep/2022:13:37:30 -0700] "GET /2test/wp-login.php?action=postpass HTTP/1.1" 200 - "-" "Mozilla/5.0 (compatible; SemrushBot/7~bl; +http://www.semrush.com/bot.html)" "savemoki.com"
10.213.116.64 - - [08/Sep/2022:13:37:33 -0700] "POST /2test/wp-cron.php?doing_wp_cron=1662669453.8719830513000488281250 HTTP/1.1" 200 - "http://savemoki.com/2test/wp-cron.php?doing_wp_cron=1662669453.8719830513000488281250" "WordPress/5.4.11; http://savemoki.com/2test" "savemoki.com"
114.119.134.192 - - [08/Sep/2022:13:37:53 -0700] "GET /navigation_bars?C=D%3BO%3DA HTTP/1.1" 301 1428 "https://savemoki.com/navigation_bars?C=M%3BO%3DA" "Mozilla/5.0 (Linux; Android 7.0;) AppleWebKit/537.36 (KHTML, like Gecko) Mobile Safari/537.36 (compatible; PetalBot;+https://webmaster.petalsearch.com/site/petalbot)" "savemoki.com"
114.119.134.192 - - [08/Sep/2022:13:37:54 -0700] "GET /navigation_bars/?C=D%3BO%3DA HTTP/1.1" 200 408 "https://savemoki.com/navigation_bars?C=M%3BO%3DA" "Mozilla/5.0 (Linux; Android 7.0;) AppleWebKit/537.36 (KHTML, like Gecko) Mobile Safari/537.36 (compatible; PetalBot;+https://webmaster.petalsearch.com/site/petalbot)" "savemoki.com"
51.222.253.19 - - [08/Sep/2022:13:40:42 -0700] "GET /Updates_On_Special_Friends.html HTTP/1.1" 200 2469 "-" "Mozilla/5.0 (compatible; AhrefsBot/7.0; +http://ahrefs.com/robot/)" "www.savemoki.com"
51.222.253.8 - - [08/Sep/2022:13:40:45 -0700] "GET /sitebuilder/images/s77a431161m991972_1_-279x230.jpg HTTP/1.1" 200 14377 "-" "Mozilla/5.0 (compatible; AhrefsBot/7.0; +http://ahrefs.com/robot/)" "www.savemoki.com"
51.222.253.7 - - [08/Sep/2022:13:40:46 -0700] "GET /images/717945_1203094807_1_.jpg HTTP/1.1" 200 6644 "-" "Mozilla/5.0 (compatible; AhrefsBot/7.0; +http://ahrefs.com/robot/)" "www.savemoki.com"
51.222.253.2 - - [08/Sep/2022:13:40:47 -0700] "GET /sitebuilder/images/header_1-223x857.jpg HTTP/1.1" 200 6340 "-" "Mozilla/5.0 (compatible; AhrefsBot/7.0; +http://ahrefs.com/robot/)" "www.savemoki.com"
216.244.66.249 - - [08/Sep/2022:13:41:16 -0700] "GET /robots.txt HTTP/1.1" 200 39 "-" "Mozilla/5.0 (compatible; DotBot/1.2; +https://opensiteexplorer.org/dotbot; help@moz.com)" "savemoki.com"
216.244.66.249 - - [08/Sep/2022:13:41:16 -0700] "GET /robots.txt HTTP/1.1" 200 39 "-" "Mozilla/5.0 (compatible; DotBot/1.2; +https://opensiteexplorer.org/dotbot; help@moz.com)" "www.savemoki.com"
114.119.139.185 - - [08/Sep/2022:13:42:59 -0700] "GET /clipart/lines/horizontal?C=S%3BO%3DA HTTP/1.1" 301 1434 "https://savemoki.com/clipart/lines/horizontal?N=D" "Mozilla/5.0 (Linux; Android 7.0;) AppleWebKit/537.36 (KHTML, like Gecko) Mobile Safari/537.36 (compatible; PetalBot;+https://webmaster.petalsearch.com/site/petalbot)" "savemoki.com"
114.119.139.185 - - [08/Sep/2022:13:43:03 -0700] "GET /clipart/lines/horizontal/?C=S%3BO%3DA HTTP/1.1" 200 408 "https://savemoki.com/clipart/lines/horizontal?N=D" "Mozilla/5.0 (Linux; Android 7.0;) AppleWebKit/537.36 (KHTML, like Gecko) Mobile Safari/537.36 (compatible; PetalBot;+https://webmaster.petalsearch.com/site/petalbot)" "savemoki.com"
114.119.156.133 - - [08/Sep/2022:13:47:55 -0700] "GET /blog/wp-content/?C=N%3BO%3DD HTTP/1.1" 200 359 "https://www.savemoki.com/blog/wp-content/?C=S%3BO%3DA" "Mozilla/5.0 (Linux; Android 7.0;) AppleWebKit/537.36 (KHTML, like Gecko) Mobile Safari/537.36 (compatible; PetalBot;+https://webmaster.petalsearch.com/site/petalbot)" "www.savemoki.com"
5.255.253.117 - - [08/Sep/2022:13:52:21 -0700] "GET /robots.txt HTTP/1.1" 200 39 "-" "Mozilla/5.0 (compatible; YandexBot/3.0; +http://yandex.com/bots)" "www.savemoki.com"
5.255.253.117 - - [08/Sep/2022:13:52:21 -0700] "GET / HTTP/1.1" 200 1285 "-" "Mozilla/5.0 (compatible; YandexBot/3.0; +http://yandex.com/bots)" "savemoki.com"
87.250.224.111 - - [08/Sep/2022:13:52:21 -0700] "GET /robots.txt HTTP/1.1" 200 39 "-" "Mozilla/5.0 (compatible; YandexBot/3.0; +http://yandex.com/bots)" "www.savemoki.com"
87.250.224.38 - - [08/Sep/2022:13:52:22 -0700] "GET /robots.txt HTTP/1.1" 200 39 "-" "Mozilla/5.0 (compatible; YandexBot/3.0; +http://yandex.com/bots)" "savemoki.com"
87.250.224.111 - - [08/Sep/2022:13:52:25 -0700] "GET / HTTP/1.1" 200 1285 "-" "Mozilla/5.0 (compatible; YandexBot/3.0; +http://yandex.com/bots)" "www.savemoki.com"
95.108.213.40 - - [08/Sep/2022:13:52:25 -0700] "GET / HTTP/1.1" 200 1285 "-" "Mozilla/5.0 (compatible; YandexBot/3.0; +http://yandex.com/bots)" "www.savemoki.com"
95.108.213.40 - - [08/Sep/2022:13:52:26 -0700] "GET / HTTP/1.1" 200 1285 "-" "Mozilla/5.0 (compatible; YandexBot/3.0; +http://yandex.com/bots)" "savemoki.com"
114.119.139.166 - - [08/Sep/2022:13:52:54 -0700] "GET /clipart/images/frames?D=A HTTP/1.1" 301 1423 "https://www.savemoki.com/clipart/images/frames?S=D" "Mozilla/5.0 (Linux; Android 7.0;) AppleWebKit/537.36 (KHTML, like Gecko) Mobile Safari/537.36 (compatible; PetalBot;+https://webmaster.petalsearch.com/site/petalbot)" "www.savemoki.com"
114.119.139.166 - - [08/Sep/2022:13:53:01 -0700] "GET /clipart/images/frames/?D=A HTTP/1.1" 200 379 "https://www.savemoki.com/clipart/images/frames?S=D" "Mozilla/5.0 (Linux; Android 7.0;) AppleWebKit/537.36 (KHTML, like Gecko) Mobile Safari/537.36 (compatible; PetalBot;+https://webmaster.petalsearch.com/site/petalbot)" "www.savemoki.com"
114.119.139.183 - - [08/Sep/2022:13:57:58 -0700] "GET /images?S=D HTTP/1.1" 301 1412 "https://savemoki.com/images?S=A" "Mozilla/5.0 (Linux; Android 7.0;) AppleWebKit/537.36 (KHTML, like Gecko) Mobile Safari/537.36 (compatible; PetalBot;+https://webmaster.petalsearch.com/site/petalbot)" "savemoki.com"
114.119.139.183 - - [08/Sep/2022:13:57:59 -0700] "GET /images/?S=D HTTP/1.1" 200 2158 "https://savemoki.com/images?S=A" "Mozilla/5.0 (Linux; Android 7.0;) AppleWebKit/537.36 (KHTML, like Gecko) Mobile Safari/537.36 (compatible; PetalBot;+https://webmaster.petalsearch.com/site/petalbot)" "savemoki.com"
114.119.139.166 - - [08/Sep/2022:14:02:52 -0700] "GET /clipart/buttons/themes?C=M%3BO%3DA HTTP/1.1" 301 1434 "https://savemoki.com/clipart/buttons/themes?N=D" "Mozilla/5.0 (Linux; Android 7.0;) AppleWebKit/537.36 (KHTML, like Gecko) Mobile Safari/537.36 (compatible; PetalBot;+https://webmaster.petalsearch.com/site/petalbot)" "savemoki.com"
114.119.139.185 - - [08/Sep/2022:14:07:57 -0700] "GET /clipart/images/frames HTTP/1.1" 301 1418 "https://savemoki.com/clipart/images?C=D%3BO%3DA" "Mozilla/5.0 (Linux; Android 7.0;) AppleWebKit/537.36 (KHTML, like Gecko) Mobile Safari/537.36 (compatible; PetalBot;+https://webmaster.petalsearch.com/site/petalbot)" "savemoki.com"
114.119.139.185 - - [08/Sep/2022:14:07:58 -0700] "GET /clipart/images/frames/ HTTP/1.1" 200 379 "https://savemoki.com/clipart/images?C=D%3BO%3DA" "Mozilla/5.0 (Linux; Android 7.0;) AppleWebKit/537.36 (KHTML, like Gecko) Mobile Safari/537.36 (compatible; PetalBot;+https://webmaster.petalsearch.com/site/petalbot)" "savemoki.com"
114.119.139.183 - - [08/Sep/2022:14:12:57 -0700] "GET /clipart/lines/horizontal?S=D HTTP/1.1" 301 1425 "https://savemoki.com/clipart/lines/horizontal?S=A" "Mozilla/5.0 (Linux; Android 7.0;) AppleWebKit/537.36 (KHTML, like Gecko) Mobile Safari/537.36 (compatible; PetalBot;+https://webmaster.petalsearch.com/site/petalbot)" "savemoki.com"
114.119.139.183 - - [08/Sep/2022:14:12:57 -0700] "GET /clipart/lines/horizontal/?S=D HTTP/1.1" 200 408 "https://savemoki.com/clipart/lines/horizontal?S=A" "Mozilla/5.0 (Linux; Android 7.0;) AppleWebKit/537.36 (KHTML, like Gecko) Mobile Safari/537.36 (compatible; PetalBot;+https://webmaster.petalsearch.com/site/petalbot)" "savemoki.com"
114.119.139.167 - - [08/Sep/2022:14:18:08 -0700] "GET /blog/ HTTP/1.1" 200 352 "http://savemoki.com/?C=D%3BO%3DA" "Mozilla/5.0 (Linux; Android 7.0;) AppleWebKit/537.36 (KHTML, like Gecko) Mobile Safari/537.36 (compatible; PetalBot;+https://webmaster.petalsearch.com/site/petalbot)" "savemoki.com"
114.119.156.133 - - [08/Sep/2022:14:23:14 -0700] "GET /2test/index.php/2020/04/03/hello-world/ HTTP/1.1" 200 22576 "http://savemoki.com/2test/index.php/courses/kindergarten?tab=tab-curriculum" "Mozilla/5.0 (Linux; Android 7.0;) AppleWebKit/537.36 (KHTML, like Gecko) Mobile Safari/537.36 (compatible; PetalBot;+https://webmaster.petalsearch.com/site/petalbot)" "savemoki.com"
10.213.116.63 - - [08/Sep/2022:14:23:17 -0700] "POST /2test/wp-cron.php?doing_wp_cron=1662672197.9092409610748291015625 HTTP/1.1" 200 - "http://savemoki.com/2test/wp-cron.php?doing_wp_cron=1662672197.9092409610748291015625" "WordPress/5.4.11; http://savemoki.com/2test" "savemoki.com"
85.192.63.181 - - [08/Sep/2022:14:26:08 -0700] "GET / HTTP/1.1" 200 7350 "https://sochinarkolog.ru/lechenie-zavisimosti-ot-solei.html" "Mozilla/4.0 (compatible; MSIE 7.0; Windows NT 5.1; SV1; .NET CLR 2.0.50727)" "www.savemoki.com"
85.192.63.181 - - [08/Sep/2022:14:26:08 -0700] "GET / HTTP/1.1" 200 7350 "https://sochinarkolog.ru/lechenie-zavisimosti-ot-solei.html" "Mozilla/4.0 (compatible; MSIE 7.0; Windows NT 5.1; SV1; .NET CLR 2.0.50727)" "www.savemoki.com"
85.192.63.181 - - [08/Sep/2022:14:26:09 -0700] "GET / HTTP/1.1" 200 7350 "https://sochinarkolog.ru/lechenie-zavisimosti-ot-solei.html" "Mozilla/4.0 (compatible; MSIE 7.0; Windows NT 5.1; SV1; .NET CLR 2.0.50727)" "www.savemoki.com"
114.119.134.192 - - [08/Sep/2022:14:28:34 -0700] "GET /socialenginetrial?M=D HTTP/1.1" 301 1421 "https://savemoki.com/socialenginetrial?M=A" "Mozilla/5.0 (Linux; Android 7.0;) AppleWebKit/537.36 (KHTML, like Gecko) Mobile Safari/537.36 (compatible; PetalBot;+https://webmaster.petalsearch.com/site/petalbot)" "savemoki.com"
114.119.134.192 - - [08/Sep/2022:14:28:35 -0700] "GET /socialenginetrial/?M=D HTTP/1.1" 200 318 "https://savemoki.com/socialenginetrial?M=A" "Mozilla/5.0 (Linux; Android 7.0;) AppleWebKit/537.36 (KHTML, like Gecko) Mobile Safari/537.36 (compatible; PetalBot;+https://webmaster.petalsearch.com/site/petalbot)" "savemoki.com"
216.244.66.249 - - [08/Sep/2022:14:30:32 -0700] "GET /robots.txt HTTP/1.1" 200 39 "-" "Mozilla/5.0 (compatible; DotBot/1.2; +https://opensiteexplorer.org/dotbot; help@moz.com)" "www.savemoki.com"
216.244.66.249 - - [08/Sep/2022:14:30:32 -0700] "GET /robots.txt HTTP/1.1" 200 39 "-" "Mozilla/5.0 (compatible; DotBot/1.2; +https://opensiteexplorer.org/dotbot; help@moz.com)" "savemoki.com"
114.119.139.167 - - [08/Sep/2022:14:33:47 -0700] "GET /clipart/images/frames/?C=M%3BO%3DA HTTP/1.1" 200 379 "https://www.savemoki.com/clipart/images/frames/?C=N%3BO%3DD" "Mozilla/5.0 (Linux; Android 7.0;) AppleWebKit/537.36 (KHTML, like Gecko) Mobile Safari/537.36 (compatible; PetalBot;+https://webmaster.petalsearch.com/site/petalbot)" "www.savemoki.com"
188.130.219.173 - - [08/Sep/2022:14:35:50 -0700] "GET /blog1/2015/05/07/test-post/ HTTP/1.1" 404 73 "http://savemoki.com/blog1/2015/05/07/test-post/" "Mozilla/5.0 (Windows NT 6.1; ) AppleWebKit/537.36 (KHTML, like Gecko) Chrome/90.0.4430.85 Safari/537.36" "savemoki.com"
188.130.219.173 - - [08/Sep/2022:14:35:51 -0700] "GET / HTTP/1.1" 200 7350 "http://savemoki.com/" "Mozilla/5.0 (Windows NT 6.1; ) AppleWebKit/537.36 (KHTML, like Gecko) Chrome/90.0.4430.85 Safari/537.36" "savemoki.com"
188.130.219.173 - - [08/Sep/2022:14:35:51 -0700] "GET /blog/ HTTP/1.1" 200 698 "http://savemoki.com/blog/" "Mozilla/5.0 (Windows NT 6.1; ) AppleWebKit/537.36 (KHTML, like Gecko) Chrome/90.0.4430.85 Safari/537.36" "savemoki.com"
176.31.115.13 - - [08/Sep/2022:14:38:44 -0700] "GET /blog1/2015/05/07/test-post/ HTTP/1.1" 404 73 "http://savemoki.com/blog1/2015/05/07/test-post/#comment-31345/" "Mozilla/5.0 (Windows NT 6.1; Win64; x64) AppleWebKit/537.36 (KHTML, like Gecko) Chrome/90.0.4430.72 Safari/537.36" "savemoki.com"
176.31.115.13 - - [08/Sep/2022:14:38:44 -0700] "GET / HTTP/1.1" 200 7350 "http://savemoki.com/" "Mozilla/5.0 (Windows NT 6.1; Win64; x64) AppleWebKit/537.36 (KHTML, like Gecko) Chrome/90.0.4430.72 Safari/537.36" "savemoki.com"
176.31.115.13 - - [08/Sep/2022:14:38:45 -0700] "GET /blog/ HTTP/1.1" 200 698 "http://savemoki.com/blog/" "Mozilla/5.0 (Windows NT 6.1; Win64; x64) AppleWebKit/537.36 (KHTML, like Gecko) Chrome/90.0.4430.72 Safari/537.36" "savemoki.com"
176.31.115.13 - - [08/Sep/2022:14:38:45 -0700] "GET /blog/contact_us.html HTTP/1.1" 404 73 "http://savemoki.com/blog/contact_us.html" "Mozilla/5.0 (Windows NT 6.1; Win64; x64) AppleWebKit/537.36 (KHTML, like Gecko) Chrome/90.0.4430.72 Safari/537.36" "savemoki.com"
176.31.115.13 - - [08/Sep/2022:14:38:46 -0700] "GET /contact_us.html HTTP/1.1" 200 18024 "http://savemoki.com/contact_us.html" "Mozilla/5.0 (Windows NT 6.1; Win64; x64) AppleWebKit/537.36 (KHTML, like Gecko) Chrome/90.0.4430.72 Safari/537.36" "savemoki.com"
