114.119.139.166 - - [08/Sep/2022:14:39:09 -0700] "GET /2test/wp-admin HTTP/1.1" 301 1411 "https://savemoki.com/2test/index.php/2020/04/03/sample-page" "Mozilla/5.0 (Linux; Android 7.0;) AppleWebKit/537.36 (KHTML, like Gecko) Mobile Safari/537.36 (compatible; PetalBot;+https://webmaster.petalsearch.com/site/petalbot)" "savemoki.com"
114.119.139.166 - - [08/Sep/2022:14:39:10 -0700] "GET /2test/wp-admin/ HTTP/1.1" 302 - "https://savemoki.com/2test/index.php/2020/04/03/sample-page" "Mozilla/5.0 (Linux; Android 7.0;) AppleWebKit/537.36 (KHTML, like Gecko) Mobile Safari/537.36 (compatible; PetalBot;+https://webmaster.petalsearch.com/site/petalbot)" "savemoki.com"
10.213.116.62 - - [08/Sep/2022:14:39:13 -0700] "POST /2test/wp-cron.php?doing_wp_cron=1662673153.8719499111175537109375 HTTP/1.1" 200 - "http://savemoki.com/2test/wp-cron.php?doing_wp_cron=1662673153.8719499111175537109375" "WordPress/5.4.11; http://savemoki.com/2test" "savemoki.com"
114.119.139.166 - - [08/Sep/2022:14:39:15 -0700] "GET /2test/wp-login.php?redirect_to=http://savemoki.com/2test/wp-admin/&reauth=1 HTTP/1.1" 200 6052 "https://savemoki.com/2test/index.php/2020/04/03/sample-page" "Mozilla/5.0 (Linux; Android 7.0;) AppleWebKit/537.36 (KHTML, like Gecko) Mobile Safari/537.36 (compatible; PetalBot;+https://webmaster.petalsearch.com/site/petalbot)" "savemoki.com"
114.119.156.133 - - [08/Sep/2022:14:44:36 -0700] "GET /clipart/images/sidebars?N=D HTTP/1.1" 301 1425 "https://www.savemoki.com/clipart/images/sidebars?N=A" "Mozilla/5.0 (Linux; Android 7.0;) AppleWebKit/537.36 (KHTML, like Gecko) Mobile Safari/537.36 (compatible; PetalBot;+https://webmaster.petalsearch.com/site/petalbot)" "www.savemoki.com"
114.119.156.133 - - [08/Sep/2022:14:44:36 -0700] "GET /clipart/images/sidebars/?N=D HTTP/1.1" 200 432 "https://www.savemoki.com/clipart/images/sidebars?N=A" "Mozilla/5.0 (Linux; Android 7.0;) AppleWebKit/537.36 (KHTML, like Gecko) Mobile Safari/537.36 (compatible; PetalBot;+https://webmaster.petalsearch.com/site/petalbot)" "www.savemoki.com"
114.119.156.133 - - [08/Sep/2022:14:50:16 -0700] "GET / HTTP/1.1" 200 1285 "https://savemoki.com/sitebuilder/?C=D%3BO%3DA" "Mozilla/5.0 (Linux; Android 7.0;) AppleWebKit/537.36 (KHTML, like Gecko) Mobile Safari/537.36 (compatible; PetalBot;+https://webmaster.petalsearch.com/site/petalbot)" "savemoki.com"
114.119.139.185 - - [08/Sep/2022:14:56:12 -0700] "GET /navigation_bars?S=A HTTP/1.1" 301 1421 "https://www.savemoki.com/navigation_bars?M=D" "Mozilla/5.0 (Linux; Android 7.0;) AppleWebKit/537.36 (KHTML, like Gecko) Mobile Safari/537.36 (compatible; PetalBot;+https://webmaster.petalsearch.com/site/petalbot)" "www.savemoki.com"
114.119.139.185 - - [08/Sep/2022:14:56:14 -0700] "GET /navigation_bars/?S=A HTTP/1.1" 200 408 "https://www.savemoki.com/navigation_bars?M=D" "Mozilla/5.0 (Linux; Android 7.0;) AppleWebKit/537.36 (KHTML, like Gecko) Mobile Safari/537.36 (compatible; PetalBot;+https://webmaster.petalsearch.com/site/petalbot)" "www.savemoki.com"
51.222.253.20 - - [08/Sep/2022:15:00:32 -0700] "GET /robots.txt HTTP/1.1" 200 55 "-" "Mozilla/5.0 (compatible; AhrefsBot/7.0; +http://ahrefs.com/robot/)" "savemoki.com"
51.222.253.19 - - [08/Sep/2022:15:00:33 -0700] "GET / HTTP/1.1" 200 1285 "-" "Mozilla/5.0 (compatible; AhrefsBot/7.0; +http://ahrefs.com/robot/)" "savemoki.com"
114.119.139.185 - - [08/Sep/2022:15:02:24 -0700] "GET /2test/index.php/courses/kindergarten/?tab=tab-curriculum HTTP/1.1" 200 22470 "http://savemoki.com/2test/index.php/courses/kindergarten/?tab=tab-instructor" "Mozilla/5.0 (Linux; Android 7.0;) AppleWebKit/537.36 (KHTML, like Gecko) Mobile Safari/537.36 (compatible; PetalBot;+https://webmaster.petalsearch.com/site/petalbot)" "savemoki.com"
10.213.116.63 - - [08/Sep/2022:15:02:32 -0700] "POST /2test/wp-cron.php?doing_wp_cron=1662674552.4500188827514648437500 HTTP/1.1" 200 - "http://savemoki.com/2test/wp-cron.php?doing_wp_cron=1662674552.4500188827514648437500" "WordPress/5.4.11; http://savemoki.com/2test" "savemoki.com"
114.119.134.192 - - [08/Sep/2022:15:09:06 -0700] "GET /clipart/images/?C=M%3BO%3DA HTTP/1.1" 200 489 "https://savemoki.com/clipart/images/?C=D%3BO%3DA" "Mozilla/5.0 (Linux; Android 7.0;) AppleWebKit/537.36 (KHTML, like Gecko) Mobile Safari/537.36 (compatible; PetalBot;+https://webmaster.petalsearch.com/site/petalbot)" "savemoki.com"
216.244.66.249 - - [08/Sep/2022:15:19:06 -0700] "GET /robots.txt HTTP/1.1" 200 39 "-" "Mozilla/5.0 (compatible; DotBot/1.2; +https://opensiteexplorer.org/dotbot; help@moz.com)" "www.savemoki.com"
216.244.66.249 - - [08/Sep/2022:15:19:06 -0700] "GET /robots.txt HTTP/1.1" 200 39 "-" "Mozilla/5.0 (compatible; DotBot/1.2; +https://opensiteexplorer.org/dotbot; help@moz.com)" "savemoki.com"
82.118.29.172 - - [08/Sep/2022:15:25:30 -0700] "GET /blog1/2015/05/07/test-post/ HTTP/1.1" 404 73 "http://savemoki.com/blog1/2015/05/07/test-post/" "Mozilla/5.0 (Windows NT 10.0; WOW64) AppleWebKit/537.36 (KHTML, like Gecko) Chrome/90.0.4400.8 Safari/537.36" "savemoki.com"
82.118.29.172 - - [08/Sep/2022:15:25:31 -0700] "GET / HTTP/1.1" 200 7350 "http://savemoki.com/" "Mozilla/5.0 (Windows NT 10.0; WOW64) AppleWebKit/537.36 (KHTML, like Gecko) Chrome/90.0.4400.8 Safari/537.36" "savemoki.com"
82.118.29.172 - - [08/Sep/2022:15:25:32 -0700] "GET /blog/ HTTP/1.1" 200 698 "http://savemoki.com/blog/" "Mozilla/5.0 (Windows NT 10.0; WOW64) AppleWebKit/537.36 (KHTML, like Gecko) Chrome/90.0.4400.8 Safari/537.36" "savemoki.com"
82.118.29.246 - - [08/Sep/2022:15:27:24 -0700] "GET /blog1/2015/05/07/test-post/ HTTP/1.1" 404 73 "http://savemoki.com/blog1/2015/05/07/test-post/" "Mozilla/5.0 (Windows NT 6.3; Win64; x64) AppleWebKit/537.36 (KHTML, like Gecko) Chrome/90.0.4430.72 Safari/537.36 Edg/90.0.818.42" "savemoki.com"
82.118.29.246 - - [08/Sep/2022:15:27:24 -0700] "GET / HTTP/1.1" 200 7350 "http://savemoki.com/" "Mozilla/5.0 (Windows NT 6.3; Win64; x64) AppleWebKit/537.36 (KHTML, like Gecko) Chrome/90.0.4430.72 Safari/537.36 Edg/90.0.818.42" "savemoki.com"
82.118.29.246 - - [08/Sep/2022:15:27:25 -0700] "GET /blog/ HTTP/1.1" 200 698 "http://savemoki.com/blog/" "Mozilla/5.0 (Windows NT 6.3; Win64; x64) AppleWebKit/537.36 (KHTML, like Gecko) Chrome/90.0.4430.72 Safari/537.36 Edg/90.0.818.42" "savemoki.com"
51.222.253.20 - - [08/Sep/2022:15:29:51 -0700] "GET /blog/wp-content/?C=S;O=D HTTP/1.1" 200 357 "-" "Mozilla/5.0 (compatible; AhrefsBot/7.0; +http://ahrefs.com/robot/)" "savemoki.com"
65.109.26.29 - - [08/Sep/2022:15:43:27 -0700] "GET /robots.txt HTTP/1.1" 200 39 "-" "Mozilla/5.0 (compatible; MJ12bot/v1.4.8; http://mj12bot.com/)" "savemoki.com"
65.109.26.29 - - [08/Sep/2022:15:43:29 -0700] "GET /?C=D;O=A/ HTTP/1.1" 200 1285 "-" "Mozilla/5.0 (compatible; MJ12bot/v1.4.8; http://mj12bot.com/)" "savemoki.com"
65.109.26.29 - - [08/Sep/2022:15:43:31 -0700] "GET /?C=M;O=A/ HTTP/1.1" 200 1282 "-" "Mozilla/5.0 (compatible; MJ12bot/v1.4.8; http://mj12bot.com/)" "savemoki.com"
65.109.26.29 - - [08/Sep/2022:15:43:32 -0700] "GET /?C=N;O=D/ HTTP/1.1" 200 1285 "-" "Mozilla/5.0 (compatible; MJ12bot/v1.4.8; http://mj12bot.com/)" "savemoki.com"
65.109.26.29 - - [08/Sep/2022:15:43:34 -0700] "GET /?C=S;O=A/ HTTP/1.1" 200 1258 "-" "Mozilla/5.0 (compatible; MJ12bot/v1.4.8; http://mj12bot.com/)" "savemoki.com"
37.139.53.84 - - [08/Sep/2022:15:47:59 -0700] "GET /contact_us.html HTTP/1.1" 200 18024 "http://savemoki.com/contact_us.html" "Mozilla/5.0 (Windows NT 10.0; Win64; x64) AppleWebKit/537.36 (KHTML, like Gecko) Chrome/83.0.4103.0 Safari/537.36" "savemoki.com"
185.119.81.104 - - [08/Sep/2022:16:07:12 -0700] "GET /2test/wp-login.php HTTP/1.1" 200 6050 "-" "Mozilla/5.0 (Windows NT 10.0; WOW64) AppleWebKit/537.36 (KHTML, like Gecko) Chrome/80.0.3987.149 Safari/537.36" "savemoki.com"
10.213.116.63 - - [08/Sep/2022:16:07:14 -0700] "POST /2test/wp-cron.php?doing_wp_cron=1662678434.7847740650177001953125 HTTP/1.1" 200 - "http://savemoki.com/2test/wp-cron.php?doing_wp_cron=1662678434.7847740650177001953125" "WordPress/5.4.11; http://savemoki.com/2test" "savemoki.com"
185.119.81.104 - - [08/Sep/2022:16:07:16 -0700] "POST /2test/wp-login.php HTTP/1.1" 200 6346 "http://savemoki.com/2test/wp-login.php" "Mozilla/5.0 (Windows NT 10.0; WOW64) AppleWebKit/537.36 (KHTML, like Gecko) Chrome/80.0.3987.149 Safari/537.36" "savemoki.com"
216.244.66.249 - - [08/Sep/2022:16:09:52 -0700] "GET /robots.txt HTTP/1.1" 200 39 "-" "Mozilla/5.0 (compatible; DotBot/1.2; +https://opensiteexplorer.org/dotbot; help@moz.com)" "savemoki.com"
216.244.66.249 - - [08/Sep/2022:16:09:52 -0700] "GET /robots.txt HTTP/1.1" 200 39 "-" "Mozilla/5.0 (compatible; DotBot/1.2; +https://opensiteexplorer.org/dotbot; help@moz.com)" "www.savemoki.com"
114.119.139.183 - - [08/Sep/2022:16:19:24 -0700] "GET /Mokis_Medical_Records.html HTTP/1.1" 200 5014 "http://savemoki.com/?C=D%3BO%3DA" "Mozilla/5.0 (Linux; Android 7.0;) AppleWebKit/537.36 (KHTML, like Gecko) Mobile Safari/537.36 (compatible; PetalBot;+https://webmaster.petalsearch.com/site/petalbot)" "savemoki.com"
51.222.253.19 - - [08/Sep/2022:16:28:38 -0700] "GET /robots.txt HTTP/1.1" 200 55 "-" "Mozilla/5.0 (compatible; AhrefsBot/7.0; +http://ahrefs.com/robot/)" "savemoki.com"
51.222.253.9 - - [08/Sep/2022:16:28:39 -0700] "GET / HTTP/1.1" 200 1285 "-" "Mozilla/5.0 (compatible; AhrefsBot/7.0; +http://ahrefs.com/robot/)" "savemoki.com"
114.119.139.166 - - [08/Sep/2022:16:30:20 -0700] "GET /clipart/buttons/themes/rectangle_yellow/?C=M%3BO%3DA HTTP/1.1" 200 427 "https://www.savemoki.com/clipart/buttons/themes/rectangle_yellow/?C=D%3BO%3DA" "Mozilla/5.0 (Linux; Android 7.0;) AppleWebKit/537.36 (KHTML, like Gecko) Mobile Safari/537.36 (compatible; PetalBot;+https://webmaster.petalsearch.com/site/petalbot)" "www.savemoki.com"
27.73.65.3 - - [08/Sep/2022:16:32:09 -0700] "GET /mail/config-v1.1.xml?emailaddress=admin%40savemoki.com HTTP/1.1" 404 88 "-" "Mozilla/5.0 (Windows NT 6.1; rv:62.0) Gecko/20100101 Firefox/62.0" "savemoki.com"
27.73.65.3 - - [08/Sep/2022:16:32:13 -0700] "GET /autodiscover/autodiscover.xml HTTP/1.1" 404 88 "-" "Mozilla/5.0 (Windows NT 6.1) AppleWebKit/537.36 (KHTML, like Gecko) Chrome/63.0.2346.30 Safari/537.36" "savemoki.com"
114.119.139.167 - - [08/Sep/2022:16:41:17 -0700] "GET /clipart/buttons/themes HTTP/1.1" 301 1419 "https://savemoki.com/clipart/buttons/themes/rectangle_yellow?C=S%3BO%3DA" "Mozilla/5.0 (Linux; Android 7.0;) AppleWebKit/537.36 (KHTML, like Gecko) Mobile Safari/537.36 (compatible; PetalBot;+https://webmaster.petalsearch.com/site/petalbot)" "savemoki.com"
114.119.139.167 - - [08/Sep/2022:16:41:18 -0700] "GET /clipart/buttons/themes/ HTTP/1.1" 200 404 "https://savemoki.com/clipart/buttons/themes/rectangle_yellow?C=S%3BO%3DA" "Mozilla/5.0 (Linux; Android 7.0;) AppleWebKit/537.36 (KHTML, like Gecko) Mobile Safari/537.36 (compatible; PetalBot;+https://webmaster.petalsearch.com/site/petalbot)" "savemoki.com"
114.119.134.192 - - [08/Sep/2022:16:51:39 -0700] "GET /clipart/lines/horizontal/?C=S%3BO%3DA HTTP/1.1" 200 408 "https://savemoki.com/clipart/lines/horizontal/?C=M%3BO%3DA" "Mozilla/5.0 (Linux; Android 7.0;) AppleWebKit/537.36 (KHTML, like Gecko) Mobile Safari/537.36 (compatible; PetalBot;+https://webmaster.petalsearch.com/site/petalbot)" "savemoki.com"
51.222.253.15 - - [08/Sep/2022:16:56:25 -0700] "GET /blog/wp-content/themes/themeforest-625914-ice-theme-powerful-wordpress-theme-1/PSD/?C=M;O=A HTTP/1.1" 200 420 "-" "Mozilla/5.0 (compatible; AhrefsBot/7.0; +http://ahrefs.com/robot/)" "www.savemoki.com"
216.244.66.249 - - [08/Sep/2022:17:00:23 -0700] "GET /robots.txt HTTP/1.1" 200 39 "-" "Mozilla/5.0 (compatible; DotBot/1.2; +https://opensiteexplorer.org/dotbot; help@moz.com)" "savemoki.com"
216.244.66.249 - - [08/Sep/2022:17:00:23 -0700] "GET /robots.txt HTTP/1.1" 200 39 "-" "Mozilla/5.0 (compatible; DotBot/1.2; +https://opensiteexplorer.org/dotbot; help@moz.com)" "www.savemoki.com"
114.119.156.133 - - [08/Sep/2022:17:01:56 -0700] "GET /blog/wp-content/themes/themeforest-625914-ice-theme-powerful-wordpress-theme-1/PSD?S=D HTTP/1.1" 301 1461 "https://savemoki.com/blog/wp-content/themes/themeforest-625914-ice-theme-powerful-wordpress-theme-1/PSD?S=A" "Mozilla/5.0 (Linux; Android 7.0;) AppleWebKit/537.36 (KHTML, like Gecko) Mobile Safari/537.36 (compatible; PetalBot;+https://webmaster.petalsearch.com/site/petalbot)" "savemoki.com"
114.119.156.133 - - [08/Sep/2022:17:02:00 -0700] "GET /blog/wp-content/themes/themeforest-625914-ice-theme-powerful-wordpress-theme-1/PSD/?S=D HTTP/1.1" 200 419 "https://savemoki.com/blog/wp-content/themes/themeforest-625914-ice-theme-powerful-wordpress-theme-1/PSD?S=A" "Mozilla/5.0 (Linux; Android 7.0;) AppleWebKit/537.36 (KHTML, like Gecko) Mobile Safari/537.36 (compatible; PetalBot;+https://webmaster.petalsearch.com/site/petalbot)" "savemoki.com"
207.46.13.51 - - [08/Sep/2022:17:05:04 -0700] "GET /media/ HTTP/1.1" 200 396 "-" "Mozilla/5.0 (compatible; bingbot/2.0; +http://www.bing.com/bingbot.htm)" "savemoki.com"
114.119.139.166 - - [08/Sep/2022:17:11:16 -0700] "GET /files?C=D%3BO%3DA HTTP/1.1" 301 1417 "https://savemoki.com/files?M=A" "Mozilla/5.0 (Linux; Android 7.0;) AppleWebKit/537.36 (KHTML, like Gecko) Mobile Safari/537.36 (compatible; PetalBot;+https://webmaster.petalsearch.com/site/petalbot)" "savemoki.com"
114.119.139.166 - - [08/Sep/2022:17:11:17 -0700] "GET /files/?C=D%3BO%3DA HTTP/1.1" 200 380 "https://savemoki.com/files?M=A" "Mozilla/5.0 (Linux; Android 7.0;) AppleWebKit/537.36 (KHTML, like Gecko) Mobile Safari/537.36 (compatible; PetalBot;+https://webmaster.petalsearch.com/site/petalbot)" "savemoki.com"
114.119.139.183 - - [08/Sep/2022:17:20:30 -0700] "GET /2test/index.php/courses/kindergarten/ HTTP/1.1" 200 22451 "http://savemoki.com/2test/index.php/courses/kindergarten?tab=tab-curriculum" "Mozilla/5.0 (Linux; Android 7.0;) AppleWebKit/537.36 (KHTML, like Gecko) Mobile Safari/537.36 (compatible; PetalBot;+https://webmaster.petalsearch.com/site/petalbot)" "savemoki.com"
10.213.116.64 - - [08/Sep/2022:17:20:34 -0700] "POST /2test/wp-cron.php?doing_wp_cron=1662682834.5357809066772460937500 HTTP/1.1" 200 - "http://savemoki.com/2test/wp-cron.php?doing_wp_cron=1662682834.5357809066772460937500" "WordPress/5.4.11; http://savemoki.com/2test" "savemoki.com"
74.208.19.189 - - [08/Sep/2022:17:23:15 -0700] "GET / HTTP/1.1" 200 1285 "-" "Mozilla/5.0 (Windows NT 10.0; WOW64) AppleWebKit/537.36 (KHTML, like Gecko) Chrome/84.0.4147.125 Safari/537.36" "savemoki.com"
74.208.19.189 - - [08/Sep/2022:17:23:15 -0700] "GET /wp-includes/fonts/font.php HTTP/1.1" 404 88 "-" "Mozilla/5.0 (Windows NT 10.0; WOW64) AppleWebKit/537.36 (KHTML, like Gecko) Chrome/84.0.4147.125 Safari/537.36" "savemoki.com"
74.208.19.189 - - [08/Sep/2022:17:23:15 -0700] "GET /wp-content/uploads/uploads.php HTTP/1.1" 404 88 "-" "Mozilla/5.0 (Windows NT 10.0; WOW64) AppleWebKit/537.36 (KHTML, like Gecko) Chrome/84.0.4147.125 Safari/537.36" "savemoki.com"
74.208.19.189 - - [08/Sep/2022:17:23:15 -0700] "GET /wp-content/plugins/backupbuddy/js/global_admin.js HTTP/1.1" 404 88 "-" "Mozilla/5.0 (Windows NT 10.0; WOW64) AppleWebKit/537.36 (KHTML, like Gecko) Chrome/84.0.4147.125 Safari/537.36" "savemoki.com"
74.208.19.189 - - [08/Sep/2022:17:23:16 -0700] "GET /wp-admin/admin-post.php?local-download=wp-config.php&local-destination-id=0 HTTP/1.1" 404 88 "-" "Mozilla/5.0 (Windows NT 10.0; WOW64) AppleWebKit/537.36 (KHTML, like Gecko) Chrome/84.0.4147.125 Safari/537.36" "savemoki.com"
74.208.19.189 - - [08/Sep/2022:17:23:16 -0700] "GET /wp-admin/admin-ajax.php?local-download=wp-config.php&local-destination-id=0 HTTP/1.1" 404 88 "-" "Mozilla/5.0 (Windows NT 10.0; WOW64) AppleWebKit/537.36 (KHTML, like Gecko) Chrome/84.0.4147.125 Safari/537.36" "savemoki.com"
74.208.19.189 - - [08/Sep/2022:17:23:16 -0700] "GET /wp-config.php~ HTTP/1.1" 404 88 "-" "Mozilla/5.0 (Windows NT 10.0; WOW64) AppleWebKit/537.36 (KHTML, like Gecko) Chrome/84.0.4147.125 Safari/537.36" "savemoki.com"
74.208.19.189 - - [08/Sep/2022:17:23:16 -0700] "GET /wp-admin/admin-ajax.php?action=duplicator_download&file=/../wp-config.php HTTP/1.1" 404 88 "-" "Mozilla/5.0 (Windows NT 10.0; WOW64) AppleWebKit/537.36 (KHTML, like Gecko) Chrome/84.0.4147.125 Safari/537.36" "savemoki.com"
74.208.19.189 - - [08/Sep/2022:17:23:17 -0700] "GET /wp-config.php?aam-media=1 HTTP/1.1" 404 88 "-" "Mozilla/5.0 (Windows NT 10.0; WOW64) AppleWebKit/537.36 (KHTML, like Gecko) Chrome/84.0.4147.125 Safari/537.36" "savemoki.com"
74.208.19.189 - - [08/Sep/2022:17:23:17 -0700] "GET /wp-config.php.old HTTP/1.1" 404 88 "-" "Mozilla/5.0 (Windows NT 10.0; WOW64) AppleWebKit/537.36 (KHTML, like Gecko) Chrome/84.0.4147.125 Safari/537.36" "savemoki.com"
74.208.19.189 - - [08/Sep/2022:17:23:17 -0700] "POST /wp-admin/admin-ajax.php HTTP/1.1" 404 88 "-" "Mozilla/5.0 (Windows NT 10.0; WOW64) AppleWebKit/537.36 (KHTML, like Gecko) Chrome/84.0.4147.125 Safari/537.36" "savemoki.com"
74.208.19.189 - - [08/Sep/2022:17:23:17 -0700] "GET /?aam-media=wp-config.php HTTP/1.1" 200 1285 "-" "Mozilla/5.0 (Windows NT 10.0; WOW64) AppleWebKit/537.36 (KHTML, like Gecko) Chrome/84.0.4147.125 Safari/537.36" "savemoki.com"
114.119.139.167 - - [08/Sep/2022:17:29:49 -0700] "GET /clipart/buttons/themes/?C=N%3BO%3DD HTTP/1.1" 200 404 "https://savemoki.com/clipart/buttons/themes/?C=D%3BO%3DA" "Mozilla/5.0 (Linux; Android 7.0;) AppleWebKit/537.36 (KHTML, like Gecko) Mobile Safari/537.36 (compatible; PetalBot;+https://webmaster.petalsearch.com/site/petalbot)" "savemoki.com"
114.119.156.133 - - [08/Sep/2022:17:38:50 -0700] "GET /clipart/images/frames?N=A HTTP/1.1" 301 1423 "https://www.savemoki.com/clipart/images/frames?S=D" "Mozilla/5.0 (Linux; Android 7.0;) AppleWebKit/537.36 (KHTML, like Gecko) Mobile Safari/537.36 (compatible; PetalBot;+https://webmaster.petalsearch.com/site/petalbot)" "www.savemoki.com"
114.119.156.133 - - [08/Sep/2022:17:38:51 -0700] "GET /clipart/images/frames/?N=A HTTP/1.1" 200 379 "https://www.savemoki.com/clipart/images/frames?S=D" "Mozilla/5.0 (Linux; Android 7.0;) AppleWebKit/537.36 (KHTML, like Gecko) Mobile Safari/537.36 (compatible; PetalBot;+https://webmaster.petalsearch.com/site/petalbot)" "www.savemoki.com"
157.245.1.59 - - [08/Sep/2022:17:38:54 -0700] "GET /contact_us.html HTTP/1.1" 200 18024 "http://savemoki.com/contact_us.html" "Mozilla/5.0 (Windows NT 6.1; WOW64) AppleWebKit/537.36 (KHTML, like Gecko) Chrome/90.0.4430.93 Safari/537.36" "savemoki.com"
114.119.139.185 - - [08/Sep/2022:17:48:15 -0700] "GET /images?C=D%3BO%3DA HTTP/1.1" 301 1420 "https://www.savemoki.com/images?N=A" "Mozilla/5.0 (Linux; Android 7.0;) AppleWebKit/537.36 (KHTML, like Gecko) Mobile Safari/537.36 (compatible; PetalBot;+https://webmaster.petalsearch.com/site/petalbot)" "www.savemoki.com"
114.119.139.185 - - [08/Sep/2022:17:48:15 -0700] "GET /images/?C=D%3BO%3DA HTTP/1.1" 200 2158 "https://www.savemoki.com/images?N=A" "Mozilla/5.0 (Linux; Android 7.0;) AppleWebKit/537.36 (KHTML, like Gecko) Mobile Safari/537.36 (compatible; PetalBot;+https://webmaster.petalsearch.com/site/petalbot)" "www.savemoki.com"
216.244.66.249 - - [08/Sep/2022:17:50:56 -0700] "GET /robots.txt HTTP/1.1" 200 39 "-" "Mozilla/5.0 (compatible; DotBot/1.2; +https://opensiteexplorer.org/dotbot; help@moz.com)" "www.savemoki.com"
216.244.66.249 - - [08/Sep/2022:17:50:56 -0700] "GET /robots.txt HTTP/1.1" 200 39 "-" "Mozilla/5.0 (compatible; DotBot/1.2; +https://opensiteexplorer.org/dotbot; help@moz.com)" "savemoki.com"
51.222.253.18 - - [08/Sep/2022:17:57:48 -0700] "GET /clipart/?C=M;O=D HTTP/1.1" 200 435 "-" "Mozilla/5.0 (compatible; AhrefsBot/7.0; +http://ahrefs.com/robot/)" "savemoki.com"
114.119.139.183 - - [08/Sep/2022:17:58:23 -0700] "GET /clipart/images/?C=N%3BO%3DD HTTP/1.1" 200 489 "https://www.savemoki.com/clipart/images" "Mozilla/5.0 (Linux; Android 7.0;) AppleWebKit/537.36 (KHTML, like Gecko) Mobile Safari/537.36 (compatible; PetalBot;+https://webmaster.petalsearch.com/site/petalbot)" "www.savemoki.com"
114.119.139.185 - - [08/Sep/2022:18:08:37 -0700] "GET /sitebuilder/images?D=A HTTP/1.1" 301 1422 "https://www.savemoki.com/sitebuilder/images?D=D" "Mozilla/5.0 (Linux; Android 7.0;) AppleWebKit/537.36 (KHTML, like Gecko) Mobile Safari/537.36 (compatible; PetalBot;+https://webmaster.petalsearch.com/site/petalbot)" "www.savemoki.com"
114.119.139.185 - - [08/Sep/2022:18:08:38 -0700] "GET /sitebuilder/images/?D=A HTTP/1.1" 200 3814 "https://www.savemoki.com/sitebuilder/images?D=D" "Mozilla/5.0 (Linux; Android 7.0;) AppleWebKit/537.36 (KHTML, like Gecko) Mobile Safari/537.36 (compatible; PetalBot;+https://webmaster.petalsearch.com/site/petalbot)" "www.savemoki.com"
35.89.82.158 - - [08/Sep/2022:18:09:07 -0700] "GET / HTTP/1.1" 200 1285 "-" "Mozilla/5.0 (X11; Linux x86_64) AppleWebKit/537.36 (KHTML, like Gecko) Chrome/83.0.4103.97 Safari/537.36" "savemoki.com"
34.213.237.201 - - [08/Sep/2022:18:10:53 -0700] "GET / HTTP/1.1" 200 1285 "-" "Mozilla/5.0 (X11; Linux x86_64) AppleWebKit/537.36 (KHTML, like Gecko) Chrome/83.0.4103.97 Safari/537.36" "savemoki.com"
52.42.27.234 - - [08/Sep/2022:18:11:36 -0700] "GET /favicon.ico HTTP/1.1" 404 88 "-" "Mozilla/5.0 (X11; Linux x86_64) AppleWebKit/537.36 (KHTML, like Gecko) Chrome/83.0.4103.97 Safari/537.36" "savemoki.com"
52.42.27.234 - - [08/Sep/2022:18:11:37 -0700] "GET / HTTP/1.1" 200 1285 "-" "Mozilla/5.0 (X11; Linux x86_64) AppleWebKit/537.36 (KHTML, like Gecko) Chrome/83.0.4103.97 Safari/537.36" "savemoki.com"
114.119.139.148 - - [08/Sep/2022:18:19:02 -0700] "GET /clipart/bullets?C=S%3BO%3DA HTTP/1.1" 301 1425 "https://savemoki.com/clipart/bullets?C=D%3BO%3DA" "Mozilla/5.0 (Linux; Android 7.0;) AppleWebKit/537.36 (KHTML, like Gecko) Mobile Safari/537.36 (compatible; PetalBot;+https://webmaster.petalsearch.com/site/petalbot)" "savemoki.com"
114.119.139.148 - - [08/Sep/2022:18:19:05 -0700] "GET /clipart/bullets/?C=S%3BO%3DA HTTP/1.1" 200 429 "https://savemoki.com/clipart/bullets?C=D%3BO%3DA" "Mozilla/5.0 (Linux; Android 7.0;) AppleWebKit/537.36 (KHTML, like Gecko) Mobile Safari/537.36 (compatible; PetalBot;+https://webmaster.petalsearch.com/site/petalbot)" "savemoki.com"
49.51.27.233 - - [08/Sep/2022:18:22:17 -0700] "GET /contact_us.html HTTP/1.1" 200 18024 "http://savemoki.com/contact_us.html" "Mozilla/5.0 (Windows NT 6.2; Win64; x64) AppleWebKit/537.36 (KHTML, like Gecko) Chrome/90.0.4430.72 Safari/537.36" "savemoki.com"
114.119.139.185 - - [08/Sep/2022:18:29:39 -0700] "GET /clipart/buttons?N=D HTTP/1.1" 301 1419 "https://savemoki.com/clipart/buttons?N=A" "Mozilla/5.0 (Linux; Android 7.0;) AppleWebKit/537.36 (KHTML, like Gecko) Mobile Safari/537.36 (compatible; PetalBot;+https://webmaster.petalsearch.com/site/petalbot)" "savemoki.com"
114.119.139.185 - - [08/Sep/2022:18:29:40 -0700] "GET /clipart/buttons/?N=D HTTP/1.1" 200 359 "https://savemoki.com/clipart/buttons?N=A" "Mozilla/5.0 (Linux; Android 7.0;) AppleWebKit/537.36 (KHTML, like Gecko) Mobile Safari/537.36 (compatible; PetalBot;+https://webmaster.petalsearch.com/site/petalbot)" "savemoki.com"
192.99.14.117 - - [08/Sep/2022:18:30:28 -0700] "GET /robots.txt HTTP/1.1" 200 39 "-" "Mozilla/5.0 (compatible; MJ12bot/v1.4.8; http://mj12bot.com/)" "savemoki.com"
192.99.14.117 - - [08/Sep/2022:18:30:29 -0700] "GET /blog/wp-content/themes/themeforest-625914-ice-theme-powerful-wordpress-theme-1/ HTTP/1.1" 200 513 "-" "Mozilla/5.0 (compatible; MJ12bot/v1.4.8; http://mj12bot.com/)" "savemoki.com"
192.99.14.117 - - [08/Sep/2022:18:30:31 -0700] "GET /blog/wp-content/themes/themeforest-625914-ice-theme-powerful-wordpress-theme-1/documentation/ HTTP/1.1" 200 14882 "-" "Mozilla/5.0 (compatible; MJ12bot/v1.4.8; http://mj12bot.com/)" "savemoki.com"
192.99.14.117 - - [08/Sep/2022:18:30:33 -0700] "GET /blog/wp-content/themes/themeforest-625914-ice-theme-powerful-wordpress-theme-1/licensing/ HTTP/1.1" 200 419 "-" "Mozilla/5.0 (compatible; MJ12bot/v1.4.8; http://mj12bot.com/)" "savemoki.com"
192.99.14.117 - - [08/Sep/2022:18:31:04 -0700] "GET /blog/wp-content/themes/themeforest-625914-ice-theme-powerful-wordpress-theme-1/sample%20content/ HTTP/1.1" 200 576 "-" "Mozilla/5.0 (compatible; MJ12bot/v1.4.8; http://mj12bot.com/)" "savemoki.com"
192.99.14.117 - - [08/Sep/2022:18:31:06 -0700] "GET /robots.txt HTTP/1.1" 200 39 "-" "Mozilla/5.0 (compatible; MJ12bot/v1.4.8; http://mj12bot.com/)" "www.savemoki.com"
192.99.14.117 - - [08/Sep/2022:18:31:08 -0700] "GET /blog/wp-content/themes/themeforest-625914-ice-theme-powerful-wordpress-theme-1/ HTTP/1.1" 200 513 "-" "Mozilla/5.0 (compatible; MJ12bot/v1.4.8; http://mj12bot.com/)" "www.savemoki.com"
192.99.14.117 - - [08/Sep/2022:18:31:10 -0700] "GET /clipart/lines/ HTTP/1.1" 200 361 "-" "Mozilla/5.0 (compatible; MJ12bot/v1.4.8; http://mj12bot.com/)" "www.savemoki.com"
51.222.253.17 - - [08/Sep/2022:18:36:29 -0700] "GET /blog/wp-content/themes/themeforest-625914-ice-theme-powerful-wordpress-theme-1/PSD/?C=N;O=A HTTP/1.1" 200 419 "-" "Mozilla/5.0 (compatible; AhrefsBot/7.0; +http://ahrefs.com/robot/)" "savemoki.com"
82.118.29.245 - - [08/Sep/2022:18:37:31 -0700] "GET /blog1/2015/05/07/test-post/ HTTP/1.1" 404 73 "http://savemoki.com/blog1/2015/05/07/test-post/" "Mozilla/5.0 (Windows NT 10.0; Win64; x64) AppleWebKit/537.36 (KHTML, like Gecko) Chrome/90.0.4430.86 Safari/537.36" "savemoki.com"
82.118.29.245 - - [08/Sep/2022:18:37:32 -0700] "GET / HTTP/1.1" 200 7350 "http://savemoki.com/" "Mozilla/5.0 (Windows NT 10.0; Win64; x64) AppleWebKit/537.36 (KHTML, like Gecko) Chrome/90.0.4430.86 Safari/537.36" "savemoki.com"
82.118.29.245 - - [08/Sep/2022:18:37:32 -0700] "GET /blog/ HTTP/1.1" 200 698 "http://savemoki.com/blog/" "Mozilla/5.0 (Windows NT 10.0; Win64; x64) AppleWebKit/537.36 (KHTML, like Gecko) Chrome/90.0.4430.86 Safari/537.36" "savemoki.com"
37.139.53.84 - - [08/Sep/2022:18:38:24 -0700] "GET /contact_us.html HTTP/1.1" 200 18024 "http://savemoki.com/contact_us.html" "Mozilla/5.0 (Windows NT 10.0; Win64; x64) AppleWebKit/537.36 (KHTML, like Gecko) Chrome/83.0.4099.2 Safari/537.36" "savemoki.com"
114.119.139.185 - - [08/Sep/2022:18:40:08 -0700] "GET /files/?C=N%3BO%3DD HTTP/1.1" 200 380 "http://www.savemoki.com/files?C=D%3BO%3DA" "Mozilla/5.0 (Linux; Android 7.0;) AppleWebKit/537.36 (KHTML, like Gecko) Mobile Safari/537.36 (compatible; PetalBot;+https://webmaster.petalsearch.com/site/petalbot)" "www.savemoki.com"
216.244.66.249 - - [08/Sep/2022:18:40:32 -0700] "GET /robots.txt HTTP/1.1" 200 39 "-" "Mozilla/5.0 (compatible; DotBot/1.2; +https://opensiteexplorer.org/dotbot; help@moz.com)" "www.savemoki.com"
216.244.66.249 - - [08/Sep/2022:18:40:32 -0700] "GET /robots.txt HTTP/1.1" 200 39 "-" "Mozilla/5.0 (compatible; DotBot/1.2; +https://opensiteexplorer.org/dotbot; help@moz.com)" "savemoki.com"
51.222.253.6 - - [08/Sep/2022:18:49:10 -0700] "GET /blog/wp-content/themes/themeforest-625914-ice-theme-powerful-wordpress-theme-1/sample%20content/?C=N;O=D HTTP/1.1" 200 570 "-" "Mozilla/5.0 (compatible; AhrefsBot/7.0; +http://ahrefs.com/robot/)" "www.savemoki.com"
44.234.89.20 - - [08/Sep/2022:18:50:38 -0700] "GET / HTTP/1.1" 200 1285 "-" "Mozilla/4.0 (compatible; MSIE 6.0; Windows NT 5.1; FSL 7.0.6.01001)" "savemoki.com"
114.119.139.166 - - [08/Sep/2022:18:50:44 -0700] "GET /blog/wp-content/themes/themeforest-625914-ice-theme-powerful-wordpress-theme-1/licensing?C=D%3BO%3DA HTTP/1.1" 301 1473 "https://savemoki.com/blog/wp-content/themes/themeforest-625914-ice-theme-powerful-wordpress-theme-1/licensing" "Mozilla/5.0 (Linux; Android 7.0;) AppleWebKit/537.36 (KHTML, like Gecko) Mobile Safari/537.36 (compatible; PetalBot;+https://webmaster.petalsearch.com/site/petalbot)" "savemoki.com"
114.119.139.166 - - [08/Sep/2022:18:50:45 -0700] "GET /blog/wp-content/themes/themeforest-625914-ice-theme-powerful-wordpress-theme-1/licensing/?C=D%3BO%3DA HTTP/1.1" 200 419 "https://savemoki.com/blog/wp-content/themes/themeforest-625914-ice-theme-powerful-wordpress-theme-1/licensing" "Mozilla/5.0 (Linux; Android 7.0;) AppleWebKit/537.36 (KHTML, like Gecko) Mobile Safari/537.36 (compatible; PetalBot;+https://webmaster.petalsearch.com/site/petalbot)" "savemoki.com"
114.119.139.166 - - [08/Sep/2022:19:01:11 -0700] "GET /clipart/buttons/themes/swoosh_blue?D=A HTTP/1.1" 301 1435 "https://savemoki.com/clipart/buttons/themes/swoosh_blue?N=A" "Mozilla/5.0 (Linux; Android 7.0;) AppleWebKit/537.36 (KHTML, like Gecko) Mobile Safari/537.36 (compatible; PetalBot;+https://webmaster.petalsearch.com/site/petalbot)" "savemoki.com"
114.119.139.166 - - [08/Sep/2022:19:01:12 -0700] "GET /clipart/buttons/themes/swoosh_blue/?D=A HTTP/1.1" 200 418 "https://savemoki.com/clipart/buttons/themes/swoosh_blue?N=A" "Mozilla/5.0 (Linux; Android 7.0;) AppleWebKit/537.36 (KHTML, like Gecko) Mobile Safari/537.36 (compatible; PetalBot;+https://webmaster.petalsearch.com/site/petalbot)" "savemoki.com"
114.119.139.185 - - [08/Sep/2022:19:11:28 -0700] "GET /clipart/lines/horizontal/?C=D%3BO%3DA HTTP/1.1" 200 408 "https://savemoki.com/clipart/lines/horizontal/?C=M%3BO%3DA" "Mozilla/5.0 (Linux; Android 7.0;) AppleWebKit/537.36 (KHTML, like Gecko) Mobile Safari/537.36 (compatible; PetalBot;+https://webmaster.petalsearch.com/site/petalbot)" "savemoki.com"
118.184.177.43 - - [08/Sep/2022:19:15:44 -0700] "GET / HTTP/1.1" 200 1285 "-" "Sogou web spider/4.0(+http://www.sogou.com/docs/help/webmasters.htm#07)" "www.savemoki.com"
114.119.139.166 - - [08/Sep/2022:19:21:40 -0700] "GET /clipart/buttons/themes/rectangle_yellow?M=A HTTP/1.1" 301 1438 "https://savemoki.com/clipart/buttons/themes/rectangle_yellow?D=D" "Mozilla/5.0 (Linux; Android 7.0;) AppleWebKit/537.36 (KHTML, like Gecko) Mobile Safari/537.36 (compatible; PetalBot;+https://webmaster.petalsearch.com/site/petalbot)" "savemoki.com"
114.119.139.166 - - [08/Sep/2022:19:21:41 -0700] "GET /clipart/buttons/themes/rectangle_yellow/?M=A HTTP/1.1" 200 427 "https://savemoki.com/clipart/buttons/themes/rectangle_yellow?D=D" "Mozilla/5.0 (Linux; Android 7.0;) AppleWebKit/537.36 (KHTML, like Gecko) Mobile Safari/537.36 (compatible; PetalBot;+https://webmaster.petalsearch.com/site/petalbot)" "savemoki.com"
147.182.203.142 - - [08/Sep/2022:19:29:57 -0700] "GET /contact_us.html HTTP/1.1" 200 18024 "http://savemoki.com/contact_us.html" "Mozilla/5.0 (Windows NT 10.0; Win64; x64) AppleWebKit/537.36 (KHTML, like Gecko) Chrome/90.0.4430.85 Safari/537.36" "savemoki.com"
216.244.66.249 - - [08/Sep/2022:19:30:52 -0700] "GET /robots.txt HTTP/1.1" 200 39 "-" "Mozilla/5.0 (compatible; DotBot/1.2; +https://opensiteexplorer.org/dotbot; help@moz.com)" "savemoki.com"
216.244.66.249 - - [08/Sep/2022:19:30:52 -0700] "GET /robots.txt HTTP/1.1" 200 39 "-" "Mozilla/5.0 (compatible; DotBot/1.2; +https://opensiteexplorer.org/dotbot; help@moz.com)" "www.savemoki.com"
114.119.139.148 - - [08/Sep/2022:19:31:23 -0700] "GET /media?S=A HTTP/1.1" 301 1412 "https://savemoki.com/media?D=D" "Mozilla/5.0 (Linux; Android 7.0;) AppleWebKit/537.36 (KHTML, like Gecko) Mobile Safari/537.36 (compatible; PetalBot;+https://webmaster.petalsearch.com/site/petalbot)" "savemoki.com"
114.119.139.148 - - [08/Sep/2022:19:31:23 -0700] "GET /media/?S=A HTTP/1.1" 200 396 "https://savemoki.com/media?D=D" "Mozilla/5.0 (Linux; Android 7.0;) AppleWebKit/537.36 (KHTML, like Gecko) Mobile Safari/537.36 (compatible; PetalBot;+https://webmaster.petalsearch.com/site/petalbot)" "savemoki.com"
185.174.159.245 - - [08/Sep/2022:19:42:47 -0700] "GET /blog1/2015/05/07/test-post/ HTTP/1.1" 404 73 "http://savemoki.com/blog1/2015/05/07/test-post/" "Mozilla/5.0 (Windows NT 10.0; Win64; x64) AppleWebKit/537.36 (KHTML, like Gecko) Chrome/90.0.4430.85 Safari/537.36 Edg/90.0.818.46" "savemoki.com"
185.174.159.245 - - [08/Sep/2022:19:42:48 -0700] "GET / HTTP/1.1" 200 7350 "http://savemoki.com/" "Mozilla/5.0 (Windows NT 10.0; Win64; x64) AppleWebKit/537.36 (KHTML, like Gecko) Chrome/90.0.4430.85 Safari/537.36 Edg/90.0.818.46" "savemoki.com"
185.174.159.245 - - [08/Sep/2022:19:42:48 -0700] "GET /blog/ HTTP/1.1" 200 698 "http://savemoki.com/blog/" "Mozilla/5.0 (Windows NT 10.0; Win64; x64) AppleWebKit/537.36 (KHTML, like Gecko) Chrome/90.0.4430.85 Safari/537.36 Edg/90.0.818.46" "savemoki.com"
185.174.159.245 - - [08/Sep/2022:19:42:49 -0700] "GET /blog/contact_us.html HTTP/1.1" 404 73 "http://savemoki.com/blog/contact_us.html" "Mozilla/5.0 (Windows NT 10.0; Win64; x64) AppleWebKit/537.36 (KHTML, like Gecko) Chrome/90.0.4430.85 Safari/537.36 Edg/90.0.818.46" "savemoki.com"
185.174.159.245 - - [08/Sep/2022:19:42:49 -0700] "GET /contact_us.html HTTP/1.1" 200 18024 "http://savemoki.com/contact_us.html" "Mozilla/5.0 (Windows NT 10.0; Win64; x64) AppleWebKit/537.36 (KHTML, like Gecko) Chrome/90.0.4430.85 Safari/537.36 Edg/90.0.818.46" "savemoki.com"
114.119.139.148 - - [08/Sep/2022:19:48:59 -0700] "GET /clipart/images/?C=N%3BO%3DD HTTP/1.1" 200 489 "https://savemoki.com/clipart/images?C=N%3BO%3DD" "Mozilla/5.0 (Linux; Android 7.0;) AppleWebKit/537.36 (KHTML, like Gecko) Mobile Safari/537.36 (compatible; PetalBot;+https://webmaster.petalsearch.com/site/petalbot)" "savemoki.com"
114.119.139.183 - - [08/Sep/2022:19:55:30 -0700] "GET /sitebuilder/scripts?M=D HTTP/1.1" 301 1423 "https://www.savemoki.com/sitebuilder/scripts?M=A" "Mozilla/5.0 (Linux; Android 7.0;) AppleWebKit/537.36 (KHTML, like Gecko) Mobile Safari/537.36 (compatible; PetalBot;+https://webmaster.petalsearch.com/site/petalbot)" "www.savemoki.com"
114.119.139.183 - - [08/Sep/2022:19:55:34 -0700] "GET /sitebuilder/scripts/?M=D HTTP/1.1" 200 373 "https://www.savemoki.com/sitebuilder/scripts?M=A" "Mozilla/5.0 (Linux; Android 7.0;) AppleWebKit/537.36 (KHTML, like Gecko) Mobile Safari/537.36 (compatible; PetalBot;+https://webmaster.petalsearch.com/site/petalbot)" "www.savemoki.com"
51.222.253.8 - - [08/Sep/2022:19:59:41 -0700] "GET /blog/?C=N;O=A HTTP/1.1" 200 352 "-" "Mozilla/5.0 (compatible; AhrefsBot/7.0; +http://ahrefs.com/robot/)" "savemoki.com"
114.119.139.185 - - [08/Sep/2022:20:01:42 -0700] "GET /special_thanks HTTP/1.1" 200 3418 "http://savemoki.com/index.html.bak" "Mozilla/5.0 (Linux; Android 7.0;) AppleWebKit/537.36 (KHTML, like Gecko) Mobile Safari/537.36 (compatible; PetalBot;+https://webmaster.petalsearch.com/site/petalbot)" "savemoki.com"
114.119.139.183 - - [08/Sep/2022:20:07:46 -0700] "GET /clipart/images/frames?N=D HTTP/1.1" 301 1423 "https://www.savemoki.com/clipart/images/frames?N=A" "Mozilla/5.0 (Linux; Android 7.0;) AppleWebKit/537.36 (KHTML, like Gecko) Mobile Safari/537.36 (compatible; PetalBot;+https://webmaster.petalsearch.com/site/petalbot)" "www.savemoki.com"
114.119.139.183 - - [08/Sep/2022:20:07:50 -0700] "GET /clipart/images/frames/?N=D HTTP/1.1" 200 379 "https://www.savemoki.com/clipart/images/frames?N=A" "Mozilla/5.0 (Linux; Android 7.0;) AppleWebKit/537.36 (KHTML, like Gecko) Mobile Safari/537.36 (compatible; PetalBot;+https://webmaster.petalsearch.com/site/petalbot)" "www.savemoki.com"
10.213.116.62 - - [08/Sep/2022:20:13:56 -0700] "POST /2test/wp-cron.php?doing_wp_cron=1662693236.0009579658508300781250 HTTP/1.1" 200 - "https://savemoki.com/2test/wp-cron.php?doing_wp_cron=1662693236.0009579658508300781250" "WordPress/5.4.11; https://savemoki.com/2test" "savemoki.com"
114.119.134.192 - - [08/Sep/2022:20:13:51 -0700] "GET /2test/index.php/courses/sample-course?tab=tab-overview HTTP/1.1" 200 64437 "https://savemoki.com/2test/index.php/courses/sample-course" "Mozilla/5.0 (Linux; Android 7.0;) AppleWebKit/537.36 (KHTML, like Gecko) Mobile Safari/537.36 (compatible; PetalBot;+https://webmaster.petalsearch.com/site/petalbot)" "savemoki.com"
114.119.134.192 - - [08/Sep/2022:20:19:38 -0700] "GET /blog/wp-content/themes/themeforest-625914-ice-theme-powerful-wordpress-theme-1/sample%20content/icetheme.2012-06-13.xml HTTP/1.1" 200 47534 "https://savemoki.com/blog/wp-content/themes/themeforest-625914-ice-theme-powerful-wordpress-theme-1/sample%20content?N=D" "Mozilla/5.0 (Linux; Android 7.0;) AppleWebKit/537.36 (KHTML, like Gecko) Mobile Safari/537.36 (compatible; PetalBot;+https://webmaster.petalsearch.com/site/petalbot)" "savemoki.com"
216.244.66.249 - - [08/Sep/2022:20:20:33 -0700] "GET /robots.txt HTTP/1.1" 200 39 "-" "Mozilla/5.0 (compatible; DotBot/1.2; +https://opensiteexplorer.org/dotbot; help@moz.com)" "savemoki.com"
216.244.66.249 - - [08/Sep/2022:20:20:33 -0700] "GET /robots.txt HTTP/1.1" 200 39 "-" "Mozilla/5.0 (compatible; DotBot/1.2; +https://opensiteexplorer.org/dotbot; help@moz.com)" "www.savemoki.com"
114.119.139.183 - - [08/Sep/2022:20:25:26 -0700] "GET /clipart/images/?C=M%3BO%3DA HTTP/1.1" 200 489 "https://www.savemoki.com/clipart/images" "Mozilla/5.0 (Linux; Android 7.0;) AppleWebKit/537.36 (KHTML, like Gecko) Mobile Safari/537.36 (compatible; PetalBot;+https://webmaster.petalsearch.com/site/petalbot)" "www.savemoki.com"
8.210.68.132 - - [08/Sep/2022:20:25:58 -0700] "GET /contact_us.html HTTP/1.1" 200 18024 "http://savemoki.com/contact_us.html" "Mozilla/5.0 (Windows NT 6.3; Win64; x64) AppleWebKit/537.36 (KHTML, like Gecko) Chrome/90.0.4430.72 Safari/537.36" "savemoki.com"
51.222.253.9 - - [08/Sep/2022:20:27:53 -0700] "GET /sitebuilder/scripts/?C=D;O=A HTTP/1.1" 200 373 "-" "Mozilla/5.0 (compatible; AhrefsBot/7.0; +http://ahrefs.com/robot/)" "savemoki.com"
49.7.21.108 - - [08/Sep/2022:20:28:53 -0700] "GET / HTTP/1.1" 200 1285 "-" "Sogou web spider/4.0(+http://www.sogou.com/docs/help/webmasters.htm#07)" "www.savemoki.com"
114.119.139.148 - - [08/Sep/2022:20:31:13 -0700] "GET /clipart/buttons/themes/swoosh_blue?C=N%3BO%3DD HTTP/1.1" 301 1446 "https://www.savemoki.com/clipart/buttons/themes/swoosh_blue?C=S%3BO%3DA" "Mozilla/5.0 (Linux; Android 7.0;) AppleWebKit/537.36 (KHTML, like Gecko) Mobile Safari/537.36 (compatible; PetalBot;+https://webmaster.petalsearch.com/site/petalbot)" "www.savemoki.com"
114.119.139.148 - - [08/Sep/2022:20:31:19 -0700] "GET /clipart/buttons/themes/swoosh_blue/?C=N%3BO%3DD HTTP/1.1" 200 418 "https://www.savemoki.com/clipart/buttons/themes/swoosh_blue?C=S%3BO%3DA" "Mozilla/5.0 (Linux; Android 7.0;) AppleWebKit/537.36 (KHTML, like Gecko) Mobile Safari/537.36 (compatible; PetalBot;+https://webmaster.petalsearch.com/site/petalbot)" "www.savemoki.com"
114.119.134.192 - - [08/Sep/2022:20:36:45 -0700] "GET /clipart/lines?D=D HTTP/1.1" 301 1417 "https://savemoki.com/clipart/lines?D=A" "Mozilla/5.0 (Linux; Android 7.0;) AppleWebKit/537.36 (KHTML, like Gecko) Mobile Safari/537.36 (compatible; PetalBot;+https://webmaster.petalsearch.com/site/petalbot)" "savemoki.com"
114.119.134.192 - - [08/Sep/2022:20:36:47 -0700] "GET /clipart/lines/?D=D HTTP/1.1" 200 361 "https://savemoki.com/clipart/lines?D=A" "Mozilla/5.0 (Linux; Android 7.0;) AppleWebKit/537.36 (KHTML, like Gecko) Mobile Safari/537.36 (compatible; PetalBot;+https://webmaster.petalsearch.com/site/petalbot)" "savemoki.com"
51.222.253.6 - - [08/Sep/2022:20:39:40 -0700] "GET /blog/wp-content/themes/themeforest-625914-ice-theme-powerful-wordpress-theme-1/sample%20content/?C=N;O=D HTTP/1.1" 200 570 "-" "Mozilla/5.0 (compatible; AhrefsBot/7.0; +http://ahrefs.com/robot/)" "savemoki.com"
51.222.253.19 - - [08/Sep/2022:20:40:16 -0700] "GET /media/?C=N;O=A HTTP/1.1" 200 396 "-" "Mozilla/5.0 (compatible; AhrefsBot/7.0; +http://ahrefs.com/robot/)" "savemoki.com"
51.222.253.9 - - [08/Sep/2022:20:40:29 -0700] "GET /clipart/bullets/?C=M;O=A HTTP/1.1" 200 429 "-" "Mozilla/5.0 (compatible; AhrefsBot/7.0; +http://ahrefs.com/robot/)" "savemoki.com"
51.222.253.6 - - [08/Sep/2022:20:40:47 -0700] "GET /sitebuilder/scripts/?C=S;O=A HTTP/1.1" 200 373 "-" "Mozilla/5.0 (compatible; AhrefsBot/7.0; +http://ahrefs.com/robot/)" "savemoki.com"
51.222.253.20 - - [08/Sep/2022:20:40:58 -0700] "GET /sitebuilder/?C=M;O=D HTTP/1.1" 200 370 "-" "Mozilla/5.0 (compatible; AhrefsBot/7.0; +http://ahrefs.com/robot/)" "savemoki.com"
51.222.253.10 - - [08/Sep/2022:20:41:04 -0700] "GET /clipart/?C=M;O=A HTTP/1.1" 200 443 "-" "Mozilla/5.0 (compatible; AhrefsBot/7.0; +http://ahrefs.com/robot/)" "savemoki.com"
51.222.253.8 - - [08/Sep/2022:20:41:10 -0700] "GET /clipart/?C=D;O=A HTTP/1.1" 200 440 "-" "Mozilla/5.0 (compatible; AhrefsBot/7.0; +http://ahrefs.com/robot/)" "savemoki.com"
51.222.253.7 - - [08/Sep/2022:20:41:14 -0700] "GET /navigation_bars/?C=D;O=D HTTP/1.1" 200 405 "-" "Mozilla/5.0 (compatible; AhrefsBot/7.0; +http://ahrefs.com/robot/)" "savemoki.com"
51.222.253.13 - - [08/Sep/2022:20:41:17 -0700] "GET /clipart/bullets/?C=N;O=D HTTP/1.1" 200 426 "-" "Mozilla/5.0 (compatible; AhrefsBot/7.0; +http://ahrefs.com/robot/)" "savemoki.com"
51.222.253.1 - - [08/Sep/2022:20:41:19 -0700] "GET /Bud.html HTTP/1.1" 200 1820 "-" "Mozilla/5.0 (compatible; AhrefsBot/7.0; +http://ahrefs.com/robot/)" "www.savemoki.com"
51.222.253.18 - - [08/Sep/2022:20:41:20 -0700] "GET /clipart/buttons/?C=S;O=A HTTP/1.1" 200 360 "-" "Mozilla/5.0 (compatible; AhrefsBot/7.0; +http://ahrefs.com/robot/)" "www.savemoki.com"
51.222.253.17 - - [08/Sep/2022:20:41:21 -0700] "GET /Mokis_Labwork.html HTTP/1.1" 200 4943 "-" "Mozilla/5.0 (compatible; AhrefsBot/7.0; +http://ahrefs.com/robot/)" "savemoki.com"
51.222.253.2 - - [08/Sep/2022:20:41:22 -0700] "GET /sitebuilder/scripts/ HTTP/1.1" 200 373 "-" "Mozilla/5.0 (compatible; AhrefsBot/7.0; +http://ahrefs.com/robot/)" "www.savemoki.com"
51.222.253.1 - - [08/Sep/2022:20:41:23 -0700] "GET /sitebuilder/images/CloudMenu-3-inactive-64656.png HTTP/1.1" 200 737 "-" "Mozilla/5.0 (compatible; AhrefsBot/7.0; +http://ahrefs.com/robot/)" "www.savemoki.com"
51.222.253.13 - - [08/Sep/2022:20:41:23 -0700] "GET /sitebuilder/images/CloudMenu-1-inactive-64437.png HTTP/1.1" 200 751 "-" "Mozilla/5.0 (compatible; AhrefsBot/7.0; +http://ahrefs.com/robot/)" "www.savemoki.com"
51.222.253.10 - - [08/Sep/2022:20:41:24 -0700] "GET /clipart/buttons/ HTTP/1.1" 200 359 "-" "Mozilla/5.0 (compatible; AhrefsBot/7.0; +http://ahrefs.com/robot/)" "savemoki.com"
51.222.253.18 - - [08/Sep/2022:20:41:24 -0700] "GET /sitebuilder/images/CloudMenu-4-inactive-64750.png HTTP/1.1" 200 713 "-" "Mozilla/5.0 (compatible; AhrefsBot/7.0; +http://ahrefs.com/robot/)" "www.savemoki.com"
51.222.253.9 - - [08/Sep/2022:20:41:24 -0700] "GET /sitebuilder/images/CloudMenu-2-inactive-64531.png HTTP/1.1" 200 836 "-" "Mozilla/5.0 (compatible; AhrefsBot/7.0; +http://ahrefs.com/robot/)" "www.savemoki.com"
51.222.253.2 - - [08/Sep/2022:20:41:25 -0700] "GET /sitebuilder/images/header_1-223x404.jpg HTTP/1.1" 200 4123 "-" "Mozilla/5.0 (compatible; AhrefsBot/7.0; +http://ahrefs.com/robot/)" "www.savemoki.com"
51.222.253.18 - - [08/Sep/2022:20:41:26 -0700] "GET /sitebuilder/images/bg-819x518.jpg HTTP/1.1" 200 22588 "-" "Mozilla/5.0 (compatible; AhrefsBot/7.0; +http://ahrefs.com/robot/)" "www.savemoki.com"
51.222.253.5 - - [08/Sep/2022:20:41:27 -0700] "GET /sitebuilder/images/BUD-252x167.png HTTP/1.1" 200 96832 "-" "Mozilla/5.0 (compatible; AhrefsBot/7.0; +http://ahrefs.com/robot/)" "www.savemoki.com"
51.222.253.7 - - [08/Sep/2022:20:41:27 -0700] "GET /mokis_story.html HTTP/1.1" 200 12029 "-" "Mozilla/5.0 (compatible; AhrefsBot/7.0; +http://ahrefs.com/robot/)" "www.savemoki.com"
51.222.253.3 - - [08/Sep/2022:20:41:28 -0700] "GET /sitebuilder/images/Candle-167x207.png HTTP/1.1" 200 44346 "-" "Mozilla/5.0 (compatible; AhrefsBot/7.0; +http://ahrefs.com/robot/)" "www.savemoki.com"
51.222.253.2 - - [08/Sep/2022:20:41:29 -0700] "GET /sitebuilder/images/05_10_83---Church-Flowers_web_1_-180x209.jpg HTTP/1.1" 200 9449 "-" "Mozilla/5.0 (compatible; AhrefsBot/7.0; +http://ahrefs.com/robot/)" "www.savemoki.com"
51.222.253.10 - - [08/Sep/2022:20:41:29 -0700] "GET /Mokis_Medical_Records.html HTTP/1.1" 200 5014 "-" "Mozilla/5.0 (compatible; AhrefsBot/7.0; +http://ahrefs.com/robot/)" "savemoki.com"
51.222.253.7 - - [08/Sep/2022:20:41:30 -0700] "GET /sitebuilder/images/header_4-818x136.jpg HTTP/1.1" 200 11072 "-" "Mozilla/5.0 (compatible; AhrefsBot/7.0; +http://ahrefs.com/robot/)" "www.savemoki.com"
51.222.253.18 - - [08/Sep/2022:20:41:30 -0700] "GET /sitebuilder/images/navbar-1-active-00640.png HTTP/1.1" 200 1633 "-" "Mozilla/5.0 (compatible; AhrefsBot/7.0; +http://ahrefs.com/robot/)" "www.savemoki.com"
51.222.253.6 - - [08/Sep/2022:20:41:30 -0700] "GET /clipart/lines/horizontal/blue_wave_top.gif HTTP/1.1" 200 3687 "-" "Mozilla/5.0 (compatible; AhrefsBot/7.0; +http://ahrefs.com/robot/)" "www.savemoki.com"
51.222.253.18 - - [08/Sep/2022:20:41:30 -0700] "GET /sitebuilder/images/Moki_resting_in_his_bed-246x207.jpg HTTP/1.1" 200 12892 "-" "Mozilla/5.0 (compatible; AhrefsBot/7.0; +http://ahrefs.com/robot/)" "www.savemoki.com"
51.222.253.14 - - [08/Sep/2022:20:41:31 -0700] "GET /Special_Thanks.html HTTP/1.1" 200 3182 "-" "Mozilla/5.0 (compatible; AhrefsBot/7.0; +http://ahrefs.com/robot/)" "savemoki.com"
51.222.253.5 - - [08/Sep/2022:20:41:31 -0700] "GET /sitebuilder/images/navbar-5-inactive-01203.png HTTP/1.1" 200 1695 "-" "Mozilla/5.0 (compatible; AhrefsBot/7.0; +http://ahrefs.com/robot/)" "www.savemoki.com"
51.222.253.14 - - [08/Sep/2022:20:41:31 -0700] "GET /sitebuilder/images/navbar-3-inactive-00921.png HTTP/1.1" 200 1677 "-" "Mozilla/5.0 (compatible; AhrefsBot/7.0; +http://ahrefs.com/robot/)" "www.savemoki.com"
51.222.253.12 - - [08/Sep/2022:20:41:32 -0700] "GET /sitebuilder/images/Moki_and_Bandit-255x235.jpg HTTP/1.1" 200 16248 "-" "Mozilla/5.0 (compatible; AhrefsBot/7.0; +http://ahrefs.com/robot/)" "www.savemoki.com"
51.222.253.18 - - [08/Sep/2022:20:41:32 -0700] "GET /sitebuilder/images/navbar-10-inactive-19687.png HTTP/1.1" 200 1761 "-" "Mozilla/5.0 (compatible; AhrefsBot/7.0; +http://ahrefs.com/robot/)" "www.savemoki.com"
51.222.253.20 - - [08/Sep/2022:20:41:33 -0700] "GET /sitebuilder/images/Its_a_jungle_out_there-249x190.jpg HTTP/1.1" 200 15014 "-" "Mozilla/5.0 (compatible; AhrefsBot/7.0; +http://ahrefs.com/robot/)" "www.savemoki.com"
51.222.253.14 - - [08/Sep/2022:20:41:33 -0700] "GET /sitebuilder/images/Sick_Moki-438x286.jpg HTTP/1.1" 200 22144 "-" "Mozilla/5.0 (compatible; AhrefsBot/7.0; +http://ahrefs.com/robot/)" "www.savemoki.com"
51.222.253.19 - - [08/Sep/2022:20:41:34 -0700] "GET /clipart/images/sidebars/curved_gold_and_blue.gif HTTP/1.1" 200 4615 "-" "Mozilla/5.0 (compatible; AhrefsBot/7.0; +http://ahrefs.com/robot/)" "www.savemoki.com"
51.222.253.15 - - [08/Sep/2022:20:41:34 -0700] "GET /clipart/pageHeaders/sweeping_curves_blue.gif HTTP/1.1" 200 24925 "-" "Mozilla/5.0 (compatible; AhrefsBot/7.0; +http://ahrefs.com/robot/)" "www.savemoki.com"
51.222.253.7 - - [08/Sep/2022:20:41:35 -0700] "GET /mokis_story.html HTTP/1.1" 200 12029 "-" "Mozilla/5.0 (compatible; AhrefsBot/7.0; +http://ahrefs.com/robot/)" "www.savemoki.com"
51.222.253.10 - - [08/Sep/2022:20:41:35 -0700] "GET /clipart/images/quotemark-preceeding-gold.gif HTTP/1.1" 200 133 "-" "Mozilla/5.0 (compatible; AhrefsBot/7.0; +http://ahrefs.com/robot/)" "www.savemoki.com"
51.222.253.13 - - [08/Sep/2022:20:41:36 -0700] "GET /sitebuilder/scripts/layers.js HTTP/1.1" 200 1140 "-" "Mozilla/5.0 (compatible; AhrefsBot/7.0; +http://ahrefs.com/robot/)" "www.savemoki.com"
51.222.253.2 - - [08/Sep/2022:20:41:36 -0700] "GET /sitebuilder/images/navbar-4-inactive-01062.png HTTP/1.1" 200 1810 "-" "Mozilla/5.0 (compatible; AhrefsBot/7.0; +http://ahrefs.com/robot/)" "www.savemoki.com"
51.222.253.13 - - [08/Sep/2022:20:41:42 -0700] "GET /sitebuilder/images/navbar-8-inactive-19390.png HTTP/1.1" 200 1736 "-" "Mozilla/5.0 (compatible; AhrefsBot/7.0; +http://ahrefs.com/robot/)" "www.savemoki.com"
51.222.253.5 - - [08/Sep/2022:20:41:43 -0700] "GET /clipart/images/quotemark-proceeding-gold.gif HTTP/1.1" 200 128 "-" "Mozilla/5.0 (compatible; AhrefsBot/7.0; +http://ahrefs.com/robot/)" "www.savemoki.com"
51.222.253.10 - - [08/Sep/2022:20:41:44 -0700] "GET /clipart/images/frames/gold_panel_shadow.gif HTTP/1.1" 200 12480 "-" "Mozilla/5.0 (compatible; AhrefsBot/7.0; +http://ahrefs.com/robot/)" "www.savemoki.com"
51.222.253.9 - - [08/Sep/2022:20:41:44 -0700] "GET /clipart/lines/horizontal/blue_wave_bottom.gif HTTP/1.1" 200 650 "-" "Mozilla/5.0 (compatible; AhrefsBot/7.0; +http://ahrefs.com/robot/)" "www.savemoki.com"
51.222.253.7 - - [08/Sep/2022:20:41:45 -0700] "GET /sitebuilder/images/navbar-0-inactive-00390.png HTTP/1.1" 200 1637 "-" "Mozilla/5.0 (compatible; AhrefsBot/7.0; +http://ahrefs.com/robot/)" "www.savemoki.com"
51.222.253.17 - - [08/Sep/2022:20:42:02 -0700] "GET /clipart/pageHeaders/sweeping_curves_blue.gif HTTP/1.1" 200 24925 "-" "Mozilla/5.0 (compatible; AhrefsBot/7.0; +http://ahrefs.com/robot/)" "savemoki.com"
51.222.253.20 - - [08/Sep/2022:20:42:03 -0700] "GET /sitebuilder/scripts/layers.js HTTP/1.1" 200 1140 "-" "Mozilla/5.0 (compatible; AhrefsBot/7.0; +http://ahrefs.com/robot/)" "savemoki.com"
51.222.253.18 - - [08/Sep/2022:20:42:03 -0700] "GET /clipart/images/quotemark-proceeding-gold.gif HTTP/1.1" 200 128 "-" "Mozilla/5.0 (compatible; AhrefsBot/7.0; +http://ahrefs.com/robot/)" "savemoki.com"
51.222.253.11 - - [08/Sep/2022:20:42:03 -0700] "GET /clipart/images/frames/gold_panel_shadow.gif HTTP/1.1" 200 12480 "-" "Mozilla/5.0 (compatible; AhrefsBot/7.0; +http://ahrefs.com/robot/)" "savemoki.com"
51.222.253.2 - - [08/Sep/2022:20:42:04 -0700] "GET /clipart/images/quotemark-preceeding-gold.gif HTTP/1.1" 200 133 "-" "Mozilla/5.0 (compatible; AhrefsBot/7.0; +http://ahrefs.com/robot/)" "savemoki.com"
51.222.253.2 - - [08/Sep/2022:20:42:04 -0700] "GET /Mokis_Medical_Records.html HTTP/1.1" 200 5014 "-" "Mozilla/5.0 (compatible; AhrefsBot/7.0; +http://ahrefs.com/robot/)" "savemoki.com"
51.222.253.15 - - [08/Sep/2022:20:42:05 -0700] "GET /sitebuilder/images/Medical_Record_7-449x600.jpg HTTP/1.1" 200 43522 "-" "Mozilla/5.0 (compatible; AhrefsBot/7.0; +http://ahrefs.com/robot/)" "savemoki.com"
51.222.253.1 - - [08/Sep/2022:20:42:06 -0700] "GET /sitebuilder/images/navbar-0-inactive-00390.png HTTP/1.1" 200 1637 "-" "Mozilla/5.0 (compatible; AhrefsBot/7.0; +http://ahrefs.com/robot/)" "savemoki.com"
51.222.253.3 - - [08/Sep/2022:20:42:06 -0700] "GET /sitebuilder/images/navbar-3-inactive-00921.png HTTP/1.1" 200 1677 "-" "Mozilla/5.0 (compatible; AhrefsBot/7.0; +http://ahrefs.com/robot/)" "savemoki.com"
