136.243.214.34 - - [02/Sep/2022:01:07:23 -0700] "GET /2test/index.php/heritage-flex-academy/ HTTP/1.1" 200 19099 "-" "serpstatbot/2.1 (advanced backlink tracking bot; https://serpstatbot.com/; abuse@serpstatbot.com)" "savemoki.com"
136.243.214.34 - - [02/Sep/2022:01:07:56 -0700] "GET /2test/index.php/courses/third-grade/ HTTP/1.1" 200 20466 "-" "serpstatbot/2.1 (advanced backlink tracking bot; https://serpstatbot.com/; abuse@serpstatbot.com)" "savemoki.com"
136.243.214.34 - - [02/Sep/2022:01:08:27 -0700] "GET /2test/index.php/courses/sixth-grade/ HTTP/1.1" 200 20470 "-" "serpstatbot/2.1 (advanced backlink tracking bot; https://serpstatbot.com/; abuse@serpstatbot.com)" "savemoki.com"
136.243.214.34 - - [02/Sep/2022:01:09:01 -0700] "GET /2test/index.php/courses/seventh-grade/ HTTP/1.1" 200 20365 "-" "serpstatbot/2.1 (advanced backlink tracking bot; https://serpstatbot.com/; abuse@serpstatbot.com)" "savemoki.com"
136.243.214.34 - - [02/Sep/2022:01:09:36 -0700] "GET /2test/index.php/courses/kindergarten/?tab=tab-instructor HTTP/1.1" 200 22470 "-" "serpstatbot/2.1 (advanced backlink tracking bot; https://serpstatbot.com/; abuse@serpstatbot.com)" "savemoki.com"
136.243.214.34 - - [02/Sep/2022:01:10:08 -0700] "GET /2test/index.php/courses/kindergarten/?tab=tab-curriculum HTTP/1.1" 200 22470 "-" "serpstatbot/2.1 (advanced backlink tracking bot; https://serpstatbot.com/; abuse@serpstatbot.com)" "savemoki.com"
136.243.214.34 - - [02/Sep/2022:01:10:41 -0700] "GET /2test/index.php/courses/kindergarten/ HTTP/1.1" 200 22451 "-" "serpstatbot/2.1 (advanced backlink tracking bot; https://serpstatbot.com/; abuse@serpstatbot.com)" "savemoki.com"
136.243.214.34 - - [02/Sep/2022:01:11:13 -0700] "GET /2test/index.php/courses/first-grade/ HTTP/1.1" 200 20457 "-" "serpstatbot/2.1 (advanced backlink tracking bot; https://serpstatbot.com/; abuse@serpstatbot.com)" "savemoki.com"
136.243.214.34 - - [02/Sep/2022:01:11:45 -0700] "GET /2test/index.php/courses/fifth-grade/ HTTP/1.1" 200 20466 "-" "serpstatbot/2.1 (advanced backlink tracking bot; https://serpstatbot.com/; abuse@serpstatbot.com)" "savemoki.com"
136.243.214.34 - - [02/Sep/2022:01:12:17 -0700] "GET /2test/index.php/category/uncategorized/ HTTP/1.1" 200 19802 "-" "serpstatbot/2.1 (advanced backlink tracking bot; https://serpstatbot.com/; abuse@serpstatbot.com)" "savemoki.com"
216.244.66.249 - - [02/Sep/2022:01:12:49 -0700] "GET /robots.txt HTTP/1.1" 200 39 "-" "Mozilla/5.0 (compatible; DotBot/1.2; +https://opensiteexplorer.org/dotbot; help@moz.com)" "savemoki.com"
216.244.66.249 - - [02/Sep/2022:01:12:49 -0700] "GET /robots.txt HTTP/1.1" 200 39 "-" "Mozilla/5.0 (compatible; DotBot/1.2; +https://opensiteexplorer.org/dotbot; help@moz.com)" "www.savemoki.com"
136.243.214.34 - - [02/Sep/2022:01:12:47 -0700] "GET /2test/index.php/2020/04/03/sample-page/ HTTP/1.1" 200 21003 "-" "serpstatbot/2.1 (advanced backlink tracking bot; https://serpstatbot.com/; abuse@serpstatbot.com)" "savemoki.com"
136.243.214.34 - - [02/Sep/2022:01:13:18 -0700] "GET /2test/index.php/2020/04/03/hello-world/ HTTP/1.1" 200 22576 "-" "serpstatbot/2.1 (advanced backlink tracking bot; https://serpstatbot.com/; abuse@serpstatbot.com)" "savemoki.com"
136.243.214.34 - - [02/Sep/2022:01:13:51 -0700] "GET /2test/index.php/2020/04/ HTTP/1.1" 200 20832 "-" "serpstatbot/2.1 (advanced backlink tracking bot; https://serpstatbot.com/; abuse@serpstatbot.com)" "savemoki.com"
136.243.214.34 - - [02/Sep/2022:01:14:21 -0700] "GET /2test/ HTTP/1.1" 200 20491 "-" "serpstatbot/2.1 (advanced backlink tracking bot; https://serpstatbot.com/; abuse@serpstatbot.com)" "savemoki.com"
136.243.214.34 - - [02/Sep/2022:01:17:03 -0700] "GET /index.html HTTP/1.1" 404 88 "-" "serpstatbot/2.1 (advanced backlink tracking bot; https://serpstatbot.com/; abuse@serpstatbot.com)" "www.savemoki.com"
136.243.214.34 - - [02/Sep/2022:01:17:39 -0700] "GET /Videos.html HTTP/1.1" 200 5182 "-" "serpstatbot/2.1 (advanced backlink tracking bot; https://serpstatbot.com/; abuse@serpstatbot.com)" "www.savemoki.com"
136.243.214.34 - - [02/Sep/2022:01:18:12 -0700] "GET /Special_Thanks.html HTTP/1.1" 200 3182 "-" "serpstatbot/2.1 (advanced backlink tracking bot; https://serpstatbot.com/; abuse@serpstatbot.com)" "www.savemoki.com"
136.243.214.34 - - [02/Sep/2022:01:18:41 -0700] "GET /Mokis_Medical_Records.html HTTP/1.1" 200 5014 "-" "serpstatbot/2.1 (advanced backlink tracking bot; https://serpstatbot.com/; abuse@serpstatbot.com)" "www.savemoki.com"
136.243.214.34 - - [02/Sep/2022:01:19:10 -0700] "GET /Mokis_Labwork.html HTTP/1.1" 200 4943 "-" "serpstatbot/2.1 (advanced backlink tracking bot; https://serpstatbot.com/; abuse@serpstatbot.com)" "www.savemoki.com"
136.243.214.34 - - [02/Sep/2022:01:19:16 -0700] "GET /index.html HTTP/1.1" 404 88 "-" "serpstatbot/2.1 (advanced backlink tracking bot; https://serpstatbot.com/; abuse@serpstatbot.com)" "savemoki.com"
136.243.214.34 - - [02/Sep/2022:01:19:38 -0700] "GET /Bud.html HTTP/1.1" 200 1820 "-" "serpstatbot/2.1 (advanced backlink tracking bot; https://serpstatbot.com/; abuse@serpstatbot.com)" "www.savemoki.com"
136.243.214.34 - - [02/Sep/2022:01:19:57 -0700] "GET /Videos.html HTTP/1.1" 200 5182 "-" "serpstatbot/2.1 (advanced backlink tracking bot; https://serpstatbot.com/; abuse@serpstatbot.com)" "savemoki.com"
136.243.214.34 - - [02/Sep/2022:01:20:38 -0700] "GET /Special_Thanks.html HTTP/1.1" 200 3182 "-" "serpstatbot/2.1 (advanced backlink tracking bot; https://serpstatbot.com/; abuse@serpstatbot.com)" "savemoki.com"
136.243.214.34 - - [02/Sep/2022:01:21:15 -0700] "GET /Mokis_Medical_Records.html HTTP/1.1" 200 5014 "-" "serpstatbot/2.1 (advanced backlink tracking bot; https://serpstatbot.com/; abuse@serpstatbot.com)" "savemoki.com"
136.243.214.34 - - [02/Sep/2022:01:21:54 -0700] "GET /Mokis_Labwork.html HTTP/1.1" 200 4943 "-" "serpstatbot/2.1 (advanced backlink tracking bot; https://serpstatbot.com/; abuse@serpstatbot.com)" "savemoki.com"
207.46.13.131 - - [02/Sep/2022:01:22:25 -0700] "GET /Links_Feline_Health.html HTTP/1.1" 200 10246 "-" "Mozilla/5.0 (compatible; bingbot/2.0; +http://www.bing.com/bingbot.htm)" "www.savemoki.com"
136.243.214.34 - - [02/Sep/2022:01:22:32 -0700] "GET /Bud.html HTTP/1.1" 200 1820 "-" "serpstatbot/2.1 (advanced backlink tracking bot; https://serpstatbot.com/; abuse@serpstatbot.com)" "savemoki.com"
136.243.214.34 - - [02/Sep/2022:01:23:08 -0700] "GET /2test/index.php/feed/ HTTP/1.1" 200 3630 "-" "serpstatbot/2.1 (advanced backlink tracking bot; https://serpstatbot.com/; abuse@serpstatbot.com)" "savemoki.com"
10.213.116.62 - - [02/Sep/2022:01:23:10 -0700] "POST /2test/wp-cron.php?doing_wp_cron=1662106990.7616679668426513671875 HTTP/1.1" 200 - "http://savemoki.com/2test/wp-cron.php?doing_wp_cron=1662106990.7616679668426513671875" "WordPress/5.4.11; http://savemoki.com/2test" "savemoki.com"
136.243.214.34 - - [02/Sep/2022:01:23:42 -0700] "GET /2test/index.php/comments/feed/ HTTP/1.1" 200 1847 "-" "serpstatbot/2.1 (advanced backlink tracking bot; https://serpstatbot.com/; abuse@serpstatbot.com)" "savemoki.com"
136.243.214.34 - - [02/Sep/2022:01:24:19 -0700] "GET /2test HTTP/1.1" 301 1404 "-" "serpstatbot/2.1 (advanced backlink tracking bot; https://serpstatbot.com/; abuse@serpstatbot.com)" "savemoki.com"
136.243.214.34 - - [02/Sep/2022:01:24:54 -0700] "GET /2test/index.php/profile/admin/ HTTP/1.1" 404 18243 "-" "serpstatbot/2.1 (advanced backlink tracking bot; https://serpstatbot.com/; abuse@serpstatbot.com)" "savemoki.com"
136.243.214.34 - - [02/Sep/2022:01:25:27 -0700] "GET /2test/wp-admin/ HTTP/1.1" 302 - "-" "serpstatbot/2.1 (advanced backlink tracking bot; https://serpstatbot.com/; abuse@serpstatbot.com)" "savemoki.com"
51.222.253.19 - - [02/Sep/2022:01:35:45 -0700] "GET /clipart/buttons/themes/rectangle_yellow/?C=D;O=A HTTP/1.1" 200 427 "-" "Mozilla/5.0 (compatible; AhrefsBot/7.0; +http://ahrefs.com/robot/)" "savemoki.com"
136.243.214.34 - - [02/Sep/2022:01:49:17 -0700] "GET /index.html HTTP/1.1" 404 88 "-" "serpstatbot/2.1 (advanced backlink tracking bot; https://serpstatbot.com/; abuse@serpstatbot.com)" "www.savemoki.com"
136.243.214.34 - - [02/Sep/2022:01:51:27 -0700] "GET /index.html HTTP/1.1" 404 88 "-" "serpstatbot/2.1 (advanced backlink tracking bot; https://serpstatbot.com/; abuse@serpstatbot.com)" "savemoki.com"
114.119.139.148 - - [02/Sep/2022:01:56:58 -0700] "GET /clipart/buttons/themes?D=A HTTP/1.1" 301 1424 "https://savemoki.com/clipart/buttons/themes?D=D" "Mozilla/5.0 (Linux; Android 7.0;) AppleWebKit/537.36 (KHTML, like Gecko) Mobile Safari/537.36 (compatible; PetalBot;+https://webmaster.petalsearch.com/site/petalbot)" "savemoki.com"
114.119.139.148 - - [02/Sep/2022:01:56:59 -0700] "GET /clipart/buttons/themes/?D=A HTTP/1.1" 200 404 "https://savemoki.com/clipart/buttons/themes?D=D" "Mozilla/5.0 (Linux; Android 7.0;) AppleWebKit/537.36 (KHTML, like Gecko) Mobile Safari/537.36 (compatible; PetalBot;+https://webmaster.petalsearch.com/site/petalbot)" "savemoki.com"
216.244.66.249 - - [02/Sep/2022:01:58:40 -0700] "GET /robots.txt HTTP/1.1" 200 39 "-" "Mozilla/5.0 (compatible; DotBot/1.2; +https://opensiteexplorer.org/dotbot; help@moz.com)" "www.savemoki.com"
216.244.66.249 - - [02/Sep/2022:01:58:40 -0700] "GET /robots.txt HTTP/1.1" 200 39 "-" "Mozilla/5.0 (compatible; DotBot/1.2; +https://opensiteexplorer.org/dotbot; help@moz.com)" "savemoki.com"
178.45.155.205 - - [02/Sep/2022:01:59:45 -0700] "GET /contact_us.html HTTP/1.1" 200 18024 "http://savemoki.com/contact_us.html" "Mozilla/5.0 (Windows NT 10.0; Win64; x64) AppleWebKit/537.36 (KHTML, like Gecko) Chrome/90.0.4430.72 Safari/537.36 Edg/90.0.818.42" "savemoki.com"
157.55.39.193 - - [02/Sep/2022:02:02:12 -0700] "GET /sitebuilder/images/recyclefundraiser_1_-198x208.jpg HTTP/1.1" 200 10675 "-" "Mozilla/5.0 (compatible; bingbot/2.0; +http://www.bing.com/bingbot.htm)" "savemoki.com"
114.119.139.183 - - [02/Sep/2022:02:04:38 -0700] "GET /clipart/pageHeaders/?C=D%3BO%3DA HTTP/1.1" 200 427 "https://savemoki.com/clipart/pageHeaders/?C=S%3BO%3DA" "Mozilla/5.0 (Linux; Android 7.0;) AppleWebKit/537.36 (KHTML, like Gecko) Mobile Safari/537.36 (compatible; PetalBot;+https://webmaster.petalsearch.com/site/petalbot)" "savemoki.com"
185.191.171.24 - - [02/Sep/2022:02:07:58 -0700] "GET /robots.txt HTTP/1.1" 200 55 "-" "Mozilla/5.0 (compatible; SemrushBot/7~bl; +http://www.semrush.com/bot.html)" "savemoki.com"
185.191.171.26 - - [02/Sep/2022:02:07:58 -0700] "GET /contact_us HTTP/1.1" 200 7367 "-" "Mozilla/5.0 (compatible; SemrushBot/7~bl; +http://www.semrush.com/bot.html)" "savemoki.com"
114.119.134.192 - - [02/Sep/2022:02:12:08 -0700] "GET /clipart/images/sidebars?S=D HTTP/1.1" 301 1425 "https://www.savemoki.com/clipart/images/sidebars?S=A" "Mozilla/5.0 (Linux; Android 7.0;) AppleWebKit/537.36 (KHTML, like Gecko) Mobile Safari/537.36 (compatible; PetalBot;+https://webmaster.petalsearch.com/site/petalbot)" "www.savemoki.com"
114.119.134.192 - - [02/Sep/2022:02:12:09 -0700] "GET /clipart/images/sidebars/?S=D HTTP/1.1" 200 432 "https://www.savemoki.com/clipart/images/sidebars?S=A" "Mozilla/5.0 (Linux; Android 7.0;) AppleWebKit/537.36 (KHTML, like Gecko) Mobile Safari/537.36 (compatible; PetalBot;+https://webmaster.petalsearch.com/site/petalbot)" "www.savemoki.com"
114.119.139.183 - - [02/Sep/2022:02:19:46 -0700] "GET /sitebuilder/images/?C=M%3BO%3DA HTTP/1.1" 200 3814 "https://www.savemoki.com/sitebuilder/images?S=A" "Mozilla/5.0 (Linux; Android 7.0;) AppleWebKit/537.36 (KHTML, like Gecko) Mobile Safari/537.36 (compatible; PetalBot;+https://webmaster.petalsearch.com/site/petalbot)" "www.savemoki.com"
51.222.253.19 - - [02/Sep/2022:02:20:54 -0700] "GET /specialthanks.html HTTP/1.1" 200 2923 "-" "Mozilla/5.0 (compatible; AhrefsBot/7.0; +http://ahrefs.com/robot/)" "savemoki.com"
51.222.253.17 - - [02/Sep/2022:02:20:57 -0700] "GET /sitebuilder/images/CloudMenu-2-active-64562.png HTTP/1.1" 200 836 "-" "Mozilla/5.0 (compatible; AhrefsBot/7.0; +http://ahrefs.com/robot/)" "savemoki.com"
51.222.253.19 - - [02/Sep/2022:02:20:57 -0700] "GET /sitebuilder/images/430965_1164805506_1_-284x180.jpg HTTP/1.1" 200 9984 "-" "Mozilla/5.0 (compatible; AhrefsBot/7.0; +http://ahrefs.com/robot/)" "savemoki.com"
51.222.253.14 - - [02/Sep/2022:02:20:57 -0700] "GET /images/Cat_Blogosphere.jpg HTTP/1.1" 200 6334 "-" "Mozilla/5.0 (compatible; AhrefsBot/7.0; +http://ahrefs.com/robot/)" "savemoki.com"
51.222.253.20 - - [02/Sep/2022:02:21:02 -0700] "GET /sitebuilder/images/gse_multipart50447_1_-220x138.jpg HTTP/1.1" 200 9570 "-" "Mozilla/5.0 (compatible; AhrefsBot/7.0; +http://ahrefs.com/robot/)" "savemoki.com"
51.222.253.9 - - [02/Sep/2022:02:21:02 -0700] "GET /images/12_11_70_thumb_1_.jpg HTTP/1.1" 200 2316 "-" "Mozilla/5.0 (compatible; AhrefsBot/7.0; +http://ahrefs.com/robot/)" "savemoki.com"
51.222.253.10 - - [02/Sep/2022:02:21:02 -0700] "GET /images/1450_09_67_thumb_1_.jpg HTTP/1.1" 200 2707 "-" "Mozilla/5.0 (compatible; AhrefsBot/7.0; +http://ahrefs.com/robot/)" "savemoki.com"
51.222.253.14 - - [02/Sep/2022:02:21:08 -0700] "GET /sitebuilder/images/header_1-223x1338.jpg HTTP/1.1" 200 8581 "-" "Mozilla/5.0 (compatible; AhrefsBot/7.0; +http://ahrefs.com/robot/)" "savemoki.com"
51.222.253.13 - - [02/Sep/2022:02:21:19 -0700] "GET /sitebuilder/images/Banner_Rev_For_Size_1_-537x111.jpg HTTP/1.1" 200 13779 "-" "Mozilla/5.0 (compatible; AhrefsBot/7.0; +http://ahrefs.com/robot/)" "savemoki.com"
118.184.177.46 - - [02/Sep/2022:02:22:47 -0700] "GET / HTTP/1.1" 200 1285 "-" "Sogou web spider/4.0(+http://www.sogou.com/docs/help/webmasters.htm#07)" "www.savemoki.com"
136.243.214.34 - - [02/Sep/2022:02:24:09 -0700] "GET /2test/index.php/profile/admin/ HTTP/1.1" 404 18243 "-" "serpstatbot/2.1 (advanced backlink tracking bot; https://serpstatbot.com/; abuse@serpstatbot.com)" "savemoki.com"
10.213.116.64 - - [02/Sep/2022:02:24:13 -0700] "POST /2test/wp-cron.php?doing_wp_cron=1662110653.2385489940643310546875 HTTP/1.1" 200 - "http://savemoki.com/2test/wp-cron.php?doing_wp_cron=1662110653.2385489940643310546875" "WordPress/5.4.11; http://savemoki.com/2test" "savemoki.com"
124.206.180.144 - - [02/Sep/2022:02:26:19 -0700] "GET /favicon.ico HTTP/1.1" 404 88 "-" "Mozilla/5.0 (Windows NT 10.0; Win64; x64) AppleWebKit/537.36 (KHTML, like Gecko) Chrome/93.0.4577.63 Safari/537.36" "savemoki.com"
114.119.139.148 - - [02/Sep/2022:02:34:43 -0700] "GET /blog/wp-content/themes/themeforest-625914-ice-theme-powerful-wordpress-theme-1/PSD/?C=M%3BO%3DA HTTP/1.1" 200 419 "https://www.savemoki.com/blog/wp-content/themes/themeforest-625914-ice-theme-powerful-wordpress-theme-1/PSD/?C=D%3BO%3DA" "Mozilla/5.0 (Linux; Android 7.0;) AppleWebKit/537.36 (KHTML, like Gecko) Mobile Safari/537.36 (compatible; PetalBot;+https://webmaster.petalsearch.com/site/petalbot)" "www.savemoki.com"
94.41.13.138 - - [02/Sep/2022:02:37:38 -0700] "GET /contact_us.html HTTP/1.1" 200 18024 "http://savemoki.com/contact_us.html" "Mozilla/5.0 (Windows NT 10.0; Win64; x64) AppleWebKit/537.36 (KHTML, like Gecko) Chrome/90.0.4430.72 Safari/537.36" "savemoki.com"
114.119.139.183 - - [02/Sep/2022:02:42:10 -0700] "GET /socialenginetrial/?C=M%3BO%3DA HTTP/1.1" 200 318 "https://www.savemoki.com/socialenginetrial?M=A" "Mozilla/5.0 (Linux; Android 7.0;) AppleWebKit/537.36 (KHTML, like Gecko) Mobile Safari/537.36 (compatible; PetalBot;+https://webmaster.petalsearch.com/site/petalbot)" "www.savemoki.com"
216.244.66.249 - - [02/Sep/2022:02:46:20 -0700] "GET /robots.txt HTTP/1.1" 200 39 "-" "Mozilla/5.0 (compatible; DotBot/1.2; +https://opensiteexplorer.org/dotbot; help@moz.com)" "www.savemoki.com"
216.244.66.249 - - [02/Sep/2022:02:46:21 -0700] "GET /robots.txt HTTP/1.1" 200 39 "-" "Mozilla/5.0 (compatible; DotBot/1.2; +https://opensiteexplorer.org/dotbot; help@moz.com)" "savemoki.com"
114.119.134.192 - - [02/Sep/2022:02:49:25 -0700] "GET /blog?N=D HTTP/1.1" 301 1411 "https://savemoki.com/blog?N=A" "Mozilla/5.0 (Linux; Android 7.0;) AppleWebKit/537.36 (KHTML, like Gecko) Mobile Safari/537.36 (compatible; PetalBot;+https://webmaster.petalsearch.com/site/petalbot)" "savemoki.com"
114.119.134.192 - - [02/Sep/2022:02:49:26 -0700] "GET /blog/?N=D HTTP/1.1" 200 352 "https://savemoki.com/blog?N=A" "Mozilla/5.0 (Linux; Android 7.0;) AppleWebKit/537.36 (KHTML, like Gecko) Mobile Safari/537.36 (compatible; PetalBot;+https://webmaster.petalsearch.com/site/petalbot)" "savemoki.com"
223.96.90.216 - - [02/Sep/2022:02:54:03 -0700] "GET /blog1/2015/05/07/test-post/ HTTP/1.1" 404 73 "http://savemoki.com/blog1/2015/05/07/test-post/" "Mozilla/5.0 (Windows NT 6.1; Win64; x64) AppleWebKit/537.36 (KHTML, like Gecko) Chrome/90.0.4430.85 Safari/537.36 Edg/90.0.818.49" "savemoki.com"
223.96.90.216 - - [02/Sep/2022:02:54:03 -0700] "GET /blog1/2015/05/07/test-post/ HTTP/1.1" 404 73 "http://savemoki.com/blog1/2015/05/07/test-post/" "Mozilla/5.0 (Windows NT 6.1; Win64; x64) AppleWebKit/537.36 (KHTML, like Gecko) Chrome/90.0.4430.85 Safari/537.36 Edg/90.0.818.49" "savemoki.com"
223.96.90.216 - - [02/Sep/2022:02:54:03 -0700] "GET /blog1/2015/05/07/test-post/ HTTP/1.1" 404 73 "http://savemoki.com/blog1/2015/05/07/test-post/" "Mozilla/5.0 (Windows NT 6.1; Win64; x64) AppleWebKit/537.36 (KHTML, like Gecko) Chrome/90.0.4430.85 Safari/537.36 Edg/90.0.818.49" "savemoki.com"
223.96.90.216 - - [02/Sep/2022:02:54:09 -0700] "GET /blog1/2015/05/07/test-post/ HTTP/1.1" 404 73 "http://savemoki.com/blog1/2015/05/07/test-post/" "Mozilla/5.0 (Windows NT 6.1; Win64; x64) AppleWebKit/537.36 (KHTML, like Gecko) Chrome/90.0.4430.85 Safari/537.36 Edg/90.0.818.49" "savemoki.com"
223.96.90.216 - - [02/Sep/2022:02:54:10 -0700] "GET / HTTP/1.1" 200 7350 "http://savemoki.com/" "Mozilla/5.0 (Windows NT 6.1; Win64; x64) AppleWebKit/537.36 (KHTML, like Gecko) Chrome/90.0.4430.85 Safari/537.36 Edg/90.0.818.49" "savemoki.com"
5.143.37.15 - - [02/Sep/2022:02:54:11 -0700] "GET /blog/ HTTP/1.1" 200 698 "http://savemoki.com/blog/" "Mozilla/5.0 (Windows NT 6.1; Win64; x64) AppleWebKit/537.36 (KHTML, like Gecko) Chrome/90.0.4430.85 Safari/537.36 Edg/90.0.818.49" "savemoki.com"
5.143.37.15 - - [02/Sep/2022:02:54:12 -0700] "GET /blog/contact_us.html HTTP/1.1" 404 73 "http://savemoki.com/blog/contact_us.html" "Mozilla/5.0 (Windows NT 6.1; Win64; x64) AppleWebKit/537.36 (KHTML, like Gecko) Chrome/90.0.4430.85 Safari/537.36 Edg/90.0.818.49" "savemoki.com"
5.143.37.15 - - [02/Sep/2022:02:54:12 -0700] "GET /contact_us.html HTTP/1.1" 200 18024 "http://savemoki.com/contact_us.html" "Mozilla/5.0 (Windows NT 6.1; Win64; x64) AppleWebKit/537.36 (KHTML, like Gecko) Chrome/90.0.4430.85 Safari/537.36 Edg/90.0.818.49" "savemoki.com"
114.119.156.133 - - [02/Sep/2022:02:56:25 -0700] "GET /New4.html HTTP/1.1" 200 1117 "http://savemoki.com/" "Mozilla/5.0 (Linux; Android 7.0;) AppleWebKit/537.36 (KHTML, like Gecko) Mobile Safari/537.36 (compatible; PetalBot;+https://webmaster.petalsearch.com/site/petalbot)" "savemoki.com"
114.119.139.148 - - [02/Sep/2022:03:03:15 -0700] "GET /2test/index.php/courses/third-grade HTTP/1.1" 200 20528 "https://savemoki.com/2test/index.php/2020/04/03/sample-page" "Mozilla/5.0 (Linux; Android 7.0;) AppleWebKit/537.36 (KHTML, like Gecko) Mobile Safari/537.36 (compatible; PetalBot;+https://webmaster.petalsearch.com/site/petalbot)" "savemoki.com"
10.213.116.62 - - [02/Sep/2022:03:03:18 -0700] "POST /2test/wp-cron.php?doing_wp_cron=1662112998.3073589801788330078125 HTTP/1.1" 200 - "https://savemoki.com/2test/wp-cron.php?doing_wp_cron=1662112998.3073589801788330078125" "WordPress/5.4.11; https://savemoki.com/2test" "savemoki.com"
51.222.253.4 - - [02/Sep/2022:03:05:51 -0700] "GET /?C=S;O=A HTTP/1.1" 200 1258 "-" "Mozilla/5.0 (compatible; AhrefsBot/7.0; +http://ahrefs.com/robot/)" "www.savemoki.com"
114.119.139.185 - - [02/Sep/2022:03:10:25 -0700] "GET /Mokislabpage2.html HTTP/1.1" 200 4057 "http://savemoki.com/" "Mozilla/5.0 (Linux; Android 7.0;) AppleWebKit/537.36 (KHTML, like Gecko) Mobile Safari/537.36 (compatible; PetalBot;+https://webmaster.petalsearch.com/site/petalbot)" "savemoki.com"
114.119.139.148 - - [02/Sep/2022:03:17:27 -0700] "GET /clipart/backgrounds?S=D HTTP/1.1" 301 1418 "https://www.savemoki.com/clipart/backgrounds?S=A" "Mozilla/5.0 (Linux; Android 7.0;) AppleWebKit/537.36 (KHTML, like Gecko) Mobile Safari/537.36 (compatible; PetalBot;+https://webmaster.petalsearch.com/site/petalbot)" "www.savemoki.com"
114.119.139.148 - - [02/Sep/2022:03:17:39 -0700] "GET /clipart/backgrounds/?S=D HTTP/1.1" 200 366 "https://www.savemoki.com/clipart/backgrounds?S=A" "Mozilla/5.0 (Linux; Android 7.0;) AppleWebKit/537.36 (KHTML, like Gecko) Mobile Safari/537.36 (compatible; PetalBot;+https://webmaster.petalsearch.com/site/petalbot)" "www.savemoki.com"
36.72.171.192 - - [02/Sep/2022:03:21:26 -0700] "GET /contact_us.html HTTP/1.1" 200 18024 "http://savemoki.com/contact_us.html" "Mozilla/5.0 (Windows NT 6.3; Win64; x64) AppleWebKit/537.36 (KHTML, like Gecko) Chrome/90.0.4430.72 Safari/537.36" "savemoki.com"
51.222.253.18 - - [02/Sep/2022:03:33:52 -0700] "GET /blog/?C=N;O=A HTTP/1.1" 200 352 "-" "Mozilla/5.0 (compatible; AhrefsBot/7.0; +http://ahrefs.com/robot/)" "www.savemoki.com"
114.119.139.183 - - [02/Sep/2022:03:37:41 -0700] "GET /2test/index.php/2020/04/03/hello-world/ HTTP/1.1" 200 22576 "http://savemoki.com/2test/index.php/courses/first-grade/" "Mozilla/5.0 (Linux; Android 7.0;) AppleWebKit/537.36 (KHTML, like Gecko) Mobile Safari/537.36 (compatible; PetalBot;+https://webmaster.petalsearch.com/site/petalbot)" "savemoki.com"
10.213.116.62 - - [02/Sep/2022:03:37:44 -0700] "POST /2test/wp-cron.php?doing_wp_cron=1662115064.4259519577026367187500 HTTP/1.1" 200 - "http://savemoki.com/2test/wp-cron.php?doing_wp_cron=1662115064.4259519577026367187500" "WordPress/5.4.11; http://savemoki.com/2test" "savemoki.com"
114.119.134.192 - - [02/Sep/2022:03:51:56 -0700] "GET /blog/wp-content/ HTTP/1.1" 200 359 "https://www.savemoki.com/blog/wp-content/themes/?C=M%3BO%3DA" "Mozilla/5.0 (Linux; Android 7.0;) AppleWebKit/537.36 (KHTML, like Gecko) Mobile Safari/537.36 (compatible; PetalBot;+https://webmaster.petalsearch.com/site/petalbot)" "www.savemoki.com"
216.244.66.249 - - [02/Sep/2022:04:00:05 -0700] "GET /robots.txt HTTP/1.1" 200 39 "-" "Mozilla/5.0 (compatible; DotBot/1.2; +https://opensiteexplorer.org/dotbot; help@moz.com)" "www.savemoki.com"
216.244.66.249 - - [02/Sep/2022:04:00:05 -0700] "GET /robots.txt HTTP/1.1" 200 39 "-" "Mozilla/5.0 (compatible; DotBot/1.2; +https://opensiteexplorer.org/dotbot; help@moz.com)" "savemoki.com"
51.222.253.16 - - [02/Sep/2022:04:01:58 -0700] "GET /Mokis_Labwork.html HTTP/1.1" 200 4943 "-" "Mozilla/5.0 (compatible; AhrefsBot/7.0; +http://ahrefs.com/robot/)" "savemoki.com"
51.222.253.1 - - [02/Sep/2022:04:01:59 -0700] "GET /Mokis_Labwork.html HTTP/1.1" 200 4943 "-" "Mozilla/5.0 (compatible; AhrefsBot/7.0; +http://ahrefs.com/robot/)" "savemoki.com"
51.222.253.10 - - [02/Sep/2022:04:02:00 -0700] "GET /sitebuilder/images/Lab_10-449x600.jpg HTTP/1.1" 200 34657 "-" "Mozilla/5.0 (compatible; AhrefsBot/7.0; +http://ahrefs.com/robot/)" "savemoki.com"
114.119.139.183 - - [02/Sep/2022:04:04:27 -0700] "GET /blog/wp-content/themes/themeforest-625914-ice-theme-powerful-wordpress-theme-1/PSD/ice_index.psd HTTP/1.1" 200 15942515 "https://savemoki.com/blog/wp-content/themes/themeforest-625914-ice-theme-powerful-wordpress-theme-1/PSD?M=A" "Mozilla/5.0 (Linux; Android 7.0;) AppleWebKit/537.36 (KHTML, like Gecko) Mobile Safari/537.36 (compatible; PetalBot;+https://webmaster.petalsearch.com/site/petalbot)" "savemoki.com"
216.244.66.249 - - [02/Sep/2022:04:05:06 -0700] "GET /Mokislabpage1.html HTTP/1.1" 200 13787 "-" "Mozilla/5.0 (compatible; DotBot/1.2; +https://opensiteexplorer.org/dotbot; help@moz.com)" "www.savemoki.com"
162.212.131.94 - - [02/Sep/2022:04:05:18 -0700] "GET /wp-content/uploads/wp-blockup.php?lt=503c138bd956ccbe9a63967ef1f22dac&a=ZWNobyA0MDk3MjMqMjA7 HTTP/1.1" 404 73 "-" "Mozilla/5.0 (iPad; CPU OS 13_7 like Mac OS X) AppleWebKit/605.1.15 (KHTML, like Gecko) Version/13.1.2 Mobile/15E148 Safari/604.1" "savemoki.com"
162.212.131.94 - - [02/Sep/2022:04:05:18 -0700] "GET /wp-beckup.php?lt=503c138bd956ccbe9a63967ef1f22dac&a=ZWNobyA0MDk3MjMqMjA7 HTTP/1.1" 404 73 "-" "Mozilla/5.0 (Windows NT 6.1; Win64; x64; rv:47.0) Gecko/20100101 Firefox/62.0" "savemoki.com"
162.212.131.94 - - [02/Sep/2022:04:05:18 -0700] "GET /wp-stream.php?lt=503c138bd956ccbe9a63967ef1f22dac&a=ZWNobyA0MDk3MjMqMjA7 HTTP/1.1" 404 73 "-" "Mozilla/5.0 (Windows NT 10.0; Win64; x64) AppleWebKit/537.36 (KHTML, like Gecko) Chrome/92.0.4515.159 Safari/537.36" "savemoki.com"
162.212.131.94 - - [02/Sep/2022:04:05:18 -0700] "GET /wp-content/uploads/wp-stream.php?lt=503c138bd956ccbe9a63967ef1f22dac&a=ZWNobyA0MDk3MjMqMjA7 HTTP/1.1" 404 73 "-" "Mozilla/5.0 (iPad; CPU OS 13_7 like Mac OS X) AppleWebKit/605.1.15 (KHTML, like Gecko) Version/13.1.2 Mobile/15E148 Safari/604.1" "savemoki.com"
162.212.131.94 - - [02/Sep/2022:04:05:18 -0700] "GET /wp-blockdown.php?lt=503c138bd956ccbe9a63967ef1f22dac&a=ZWNobyA0MDk3MjMqMjA7 HTTP/1.1" 404 73 "-" "Mozilla/5.0 (Linux; arm_64; Android 7.1.1; Lenovo TB-8504X) AppleWebKit/537.36 (KHTML, like Gecko) Chrome/85.0.4183.127 YaBrowser/20.9.1.66.01 Safari/537.36" "savemoki.com"
162.212.131.94 - - [02/Sep/2022:04:05:18 -0700] "GET /wp-blockup.php?lt=503c138bd956ccbe9a63967ef1f22dac&a=ZWNobyA0MDk3MjMqMjA7 HTTP/1.1" 404 73 "-" "Mozilla/5.0 (iPhone; CPU iPhone OS 14_6 like Mac OS X) AppleWebKit/605.1.15 (KHTML, like Gecko) Version/14.1.1 Mobile/15E148 Safari/604.1" "savemoki.com"
162.212.131.94 - - [02/Sep/2022:04:05:18 -0700] "GET /wp-content/uploads/wp-blockdown.php?lt=503c138bd956ccbe9a63967ef1f22dac&a=ZWNobyA0MDk3MjMqMjA7 HTTP/1.1" 404 73 "-" "Mozilla/5.0 (Windows NT 10.0; Win64; x64) AppleWebKit/537.36 (KHTML, like Gecko) Chrome/85.0.4183.121 Safari/537.36" "savemoki.com"
162.212.131.94 - - [02/Sep/2022:04:05:18 -0700] "GET /wp-blog-post.php?lt=503c138bd956ccbe9a63967ef1f22dac&a=ZWNobyA0MDk3MjMqMjA7 HTTP/1.1" 404 73 "-" "Mozilla/5.0 (Windows NT 10.0; Win64; x64) AppleWebKit/537.36 (KHTML, like Gecko) Chrome/93.0.4577.82 Safari/537.36" "savemoki.com"
216.244.66.249 - - [02/Sep/2022:04:05:19 -0700] "GET /Videos.html HTTP/1.1" 200 16996 "-" "Mozilla/5.0 (compatible; DotBot/1.2; +https://opensiteexplorer.org/dotbot; help@moz.com)" "savemoki.com"
216.244.66.249 - - [02/Sep/2022:04:05:26 -0700] "GET /clipart/images/ HTTP/1.1" 200 1386 "-" "Mozilla/5.0 (compatible; DotBot/1.2; +https://opensiteexplorer.org/dotbot; help@moz.com)" "www.savemoki.com"
37.122.101.104 - - [02/Sep/2022:04:05:31 -0700] "GET /blog1/2015/05/07/test-post/ HTTP/1.1" 404 73 "http://savemoki.com/blog1/2015/05/07/test-post/" "Mozilla/5.0 (Windows NT 6.3; Win64; x64) AppleWebKit/537.36 (KHTML, like Gecko) Chrome/90.0.4430.85 Safari/537.36 Edg/90.0.818.49" "savemoki.com"
37.122.101.104 - - [02/Sep/2022:04:05:32 -0700] "GET / HTTP/1.1" 200 7350 "http://savemoki.com/" "Mozilla/5.0 (Windows NT 6.3; Win64; x64) AppleWebKit/537.36 (KHTML, like Gecko) Chrome/90.0.4430.85 Safari/537.36 Edg/90.0.818.49" "savemoki.com"
37.122.101.104 - - [02/Sep/2022:04:05:33 -0700] "GET /blog/ HTTP/1.1" 200 698 "http://savemoki.com/blog/" "Mozilla/5.0 (Windows NT 6.3; Win64; x64) AppleWebKit/537.36 (KHTML, like Gecko) Chrome/90.0.4430.85 Safari/537.36 Edg/90.0.818.49" "savemoki.com"
37.122.101.104 - - [02/Sep/2022:04:05:33 -0700] "GET /blog/contact_us.html HTTP/1.1" 404 73 "http://savemoki.com/blog/contact_us.html" "Mozilla/5.0 (Windows NT 6.3; Win64; x64) AppleWebKit/537.36 (KHTML, like Gecko) Chrome/90.0.4430.85 Safari/537.36 Edg/90.0.818.49" "savemoki.com"
37.122.101.104 - - [02/Sep/2022:04:05:34 -0700] "GET /contact_us.html HTTP/1.1" 200 18024 "http://savemoki.com/contact_us.html" "Mozilla/5.0 (Windows NT 6.3; Win64; x64) AppleWebKit/537.36 (KHTML, like Gecko) Chrome/90.0.4430.85 Safari/537.36 Edg/90.0.818.49" "savemoki.com"
114.119.139.148 - - [02/Sep/2022:04:11:12 -0700] "GET /clipart/pageHeaders HTTP/1.1" 301 1418 "https://www.savemoki.com/clipart?M=D" "Mozilla/5.0 (Linux; Android 7.0;) AppleWebKit/537.36 (KHTML, like Gecko) Mobile Safari/537.36 (compatible; PetalBot;+https://webmaster.petalsearch.com/site/petalbot)" "www.savemoki.com"
114.119.139.148 - - [02/Sep/2022:04:11:16 -0700] "GET /clipart/pageHeaders/ HTTP/1.1" 200 427 "https://www.savemoki.com/clipart?M=D" "Mozilla/5.0 (Linux; Android 7.0;) AppleWebKit/537.36 (KHTML, like Gecko) Mobile Safari/537.36 (compatible; PetalBot;+https://webmaster.petalsearch.com/site/petalbot)" "www.savemoki.com"
114.119.139.183 - - [02/Sep/2022:04:17:36 -0700] "GET /2test/index.php/courses/sixth-grade HTTP/1.1" 200 20532 "https://savemoki.com/2test/index.php/2020/04/03/sample-page" "Mozilla/5.0 (Linux; Android 7.0;) AppleWebKit/537.36 (KHTML, like Gecko) Mobile Safari/537.36 (compatible; PetalBot;+https://webmaster.petalsearch.com/site/petalbot)" "savemoki.com"
37.139.53.84 - - [02/Sep/2022:04:18:27 -0700] "GET /contact_us.html HTTP/1.1" 200 18024 "http://savemoki.com/contact_us.html" "Mozilla/5.0 (Windows NT 10.0; Win64; x64) AppleWebKit/537.36 (KHTML, like Gecko) Chrome/83.0.4103.61 Safari/537.36" "savemoki.com"
65.109.32.174 - - [02/Sep/2022:04:19:20 -0700] "GET /wp-admin/includes/ HTTP/1.1" 404 88 "-" "Mozlila/5.0 (Linux; Android 7.0; SM-G892A Bulid/NRD90M; wv) AppleWebKit/537.36 (KHTML, like Gecko) Version/4.0 Chrome/60.0.3112.107 Moblie Safari/537.36" "savemoki.com"
185.132.230.133 - - [02/Sep/2022:04:27:06 -0700] "GET /contact_us.html HTTP/1.1" 200 18024 "http://savemoki.com/contact_us.html" "Mozilla/5.0 (Windows NT 6.1) AppleWebKit/537.36 (KHTML, like Gecko) Chrome/90.0.4430.85 Safari/537.36" "savemoki.com"
207.46.13.232 - - [02/Sep/2022:04:30:37 -0700] "GET /robots.txt HTTP/1.1" 200 55 "-" "Mozilla/5.0 (compatible; bingbot/2.0; +http://www.bing.com/bingbot.htm)" "savemoki.com"
157.55.39.193 - - [02/Sep/2022:04:30:46 -0700] "GET /updates_on_special_friends.html HTTP/1.1" 404 88 "-" "Mozilla/5.0 (compatible; bingbot/2.0; +http://www.bing.com/bingbot.htm)" "savemoki.com"
114.119.139.148 - - [02/Sep/2022:04:30:52 -0700] "GET /socialenginetrial?C=M%3BO%3DA HTTP/1.1" 301 1426 "https://savemoki.com/socialenginetrial" "Mozilla/5.0 (Linux; Android 7.0;) AppleWebKit/537.36 (KHTML, like Gecko) Mobile Safari/537.36 (compatible; PetalBot;+https://webmaster.petalsearch.com/site/petalbot)" "savemoki.com"
114.119.139.148 - - [02/Sep/2022:04:31:00 -0700] "GET /socialenginetrial/?C=M%3BO%3DA HTTP/1.1" 200 318 "https://savemoki.com/socialenginetrial" "Mozilla/5.0 (Linux; Android 7.0;) AppleWebKit/537.36 (KHTML, like Gecko) Mobile Safari/537.36 (compatible; PetalBot;+https://webmaster.petalsearch.com/site/petalbot)" "savemoki.com"
185.191.171.9 - - [02/Sep/2022:04:41:50 -0700] "GET /robots.txt HTTP/1.1" 200 55 "-" "Mozilla/5.0 (compatible; SemrushBot/7~bl; +http://www.semrush.com/bot.html)" "savemoki.com"
185.191.171.37 - - [02/Sep/2022:04:41:51 -0700] "GET /Feline_health.html HTTP/1.1" 200 8098 "-" "Mozilla/5.0 (compatible; SemrushBot/7~bl; +http://www.semrush.com/bot.html)" "savemoki.com"
185.191.171.8 - - [02/Sep/2022:04:47:45 -0700] "GET /robots.txt HTTP/1.1" 200 55 "-" "Mozilla/5.0 (compatible; SemrushBot/7~bl; +http://www.semrush.com/bot.html)" "www.savemoki.com"
185.191.171.36 - - [02/Sep/2022:04:47:46 -0700] "GET /MedicalRecord.html HTTP/1.1" 200 4796 "-" "Mozilla/5.0 (compatible; SemrushBot/7~bl; +http://www.semrush.com/bot.html)" "www.savemoki.com"
114.119.134.192 - - [02/Sep/2022:04:51:30 -0700] "GET /clipart/pageHeaders/?C=N%3BO%3DD HTTP/1.1" 200 427 "https://www.savemoki.com/clipart/pageHeaders?C=S%3BO%3DA" "Mozilla/5.0 (Linux; Android 7.0;) AppleWebKit/537.36 (KHTML, like Gecko) Mobile Safari/537.36 (compatible; PetalBot;+https://webmaster.petalsearch.com/site/petalbot)" "www.savemoki.com"
216.244.66.249 - - [02/Sep/2022:04:53:09 -0700] "GET /robots.txt HTTP/1.1" 200 39 "-" "Mozilla/5.0 (compatible; DotBot/1.2; +https://opensiteexplorer.org/dotbot; help@moz.com)" "savemoki.com"
216.244.66.249 - - [02/Sep/2022:04:53:09 -0700] "GET /robots.txt HTTP/1.1" 200 39 "-" "Mozilla/5.0 (compatible; DotBot/1.2; +https://opensiteexplorer.org/dotbot; help@moz.com)" "www.savemoki.com"
114.119.134.192 - - [02/Sep/2022:04:57:57 -0700] "GET /navigation_bars/ HTTP/1.1" 200 408 "http://savemoki.com/" "Mozilla/5.0 (Linux; Android 7.0;) AppleWebKit/537.36 (KHTML, like Gecko) Mobile Safari/537.36 (compatible; PetalBot;+https://webmaster.petalsearch.com/site/petalbot)" "savemoki.com"
216.244.66.249 - - [02/Sep/2022:04:58:07 -0700] "GET /Mokis_Videos.html HTTP/1.1" 200 15744 "-" "Mozilla/5.0 (compatible; DotBot/1.2; +https://opensiteexplorer.org/dotbot; help@moz.com)" "savemoki.com"
216.244.66.249 - - [02/Sep/2022:04:58:19 -0700] "GET /clipart/images/ HTTP/1.1" 200 1386 "-" "Mozilla/5.0 (compatible; DotBot/1.2; +https://opensiteexplorer.org/dotbot; help@moz.com)" "savemoki.com"
114.119.139.185 - - [02/Sep/2022:05:05:24 -0700] "GET /robots.txt HTTP/1.1" 200 55 "http://www.savemoki.com?C=D%3BO%3DA" "Mozilla/5.0 (Linux; Android 7.0;) AppleWebKit/537.36 (KHTML, like Gecko) Mobile Safari/537.36 (compatible; PetalBot;+https://webmaster.petalsearch.com/site/petalbot)" "www.savemoki.com"
119.45.171.151 - - [02/Sep/2022:05:10:09 -0700] "GET /contact_us.html HTTP/1.1" 200 18024 "http://savemoki.com/contact_us.html" "Mozilla/5.0 (Windows NT 10.0; Win64; x64) AppleWebKit/537.36 (KHTML, like Gecko) Chrome/90.0.4430.85 Safari/537.36 Edg/90.0.818.49" "savemoki.com"
114.119.139.148 - - [02/Sep/2022:05:12:35 -0700] "GET /files?C=D%3BO%3DA HTTP/1.1" 301 1417 "https://savemoki.com/files?M=A" "Mozilla/5.0 (Linux; Android 7.0;) AppleWebKit/537.36 (KHTML, like Gecko) Mobile Safari/537.36 (compatible; PetalBot;+https://webmaster.petalsearch.com/site/petalbot)" "savemoki.com"
114.119.139.148 - - [02/Sep/2022:05:12:44 -0700] "GET /files/?C=D%3BO%3DA HTTP/1.1" 200 380 "https://savemoki.com/files?M=A" "Mozilla/5.0 (Linux; Android 7.0;) AppleWebKit/537.36 (KHTML, like Gecko) Mobile Safari/537.36 (compatible; PetalBot;+https://webmaster.petalsearch.com/site/petalbot)" "savemoki.com"
185.191.171.13 - - [02/Sep/2022:05:17:25 -0700] "GET /clipart/buttons/themes/swoosh_blue/ HTTP/1.1" 200 418 "-" "Mozilla/5.0 (compatible; SemrushBot/7~bl; +http://www.semrush.com/bot.html)" "savemoki.com"
114.119.139.183 - - [02/Sep/2022:05:18:18 -0700] "GET /clipart/buttons/themes/rectangle_yellow?C=D%3BO%3DA HTTP/1.1" 301 1445 "https://savemoki.com/clipart/buttons/themes/rectangle_yellow?C=M%3BO%3DA" "Mozilla/5.0 (Linux; Android 7.0;) AppleWebKit/537.36 (KHTML, like Gecko) Mobile Safari/537.36 (compatible; PetalBot;+https://webmaster.petalsearch.com/site/petalbot)" "savemoki.com"
114.119.139.183 - - [02/Sep/2022:05:18:27 -0700] "GET /clipart/buttons/themes/rectangle_yellow/?C=D%3BO%3DA HTTP/1.1" 200 427 "https://savemoki.com/clipart/buttons/themes/rectangle_yellow?C=M%3BO%3DA" "Mozilla/5.0 (Linux; Android 7.0;) AppleWebKit/537.36 (KHTML, like Gecko) Mobile Safari/537.36 (compatible; PetalBot;+https://webmaster.petalsearch.com/site/petalbot)" "savemoki.com"
114.119.156.133 - - [02/Sep/2022:05:25:51 -0700] "GET /media?C=S%3BO%3DA HTTP/1.1" 301 1422 "https://www.savemoki.com/media?M=A" "Mozilla/5.0 (Linux; Android 7.0;) AppleWebKit/537.36 (KHTML, like Gecko) Mobile Safari/537.36 (compatible; PetalBot;+https://webmaster.petalsearch.com/site/petalbot)" "www.savemoki.com"
114.119.156.133 - - [02/Sep/2022:05:25:59 -0700] "GET /media/?C=S%3BO%3DA HTTP/1.1" 200 396 "https://www.savemoki.com/media?M=A" "Mozilla/5.0 (Linux; Android 7.0;) AppleWebKit/537.36 (KHTML, like Gecko) Mobile Safari/537.36 (compatible; PetalBot;+https://webmaster.petalsearch.com/site/petalbot)" "www.savemoki.com"
114.119.139.185 - - [02/Sep/2022:05:32:24 -0700] "GET /clipart/lines/horizontal?S=A HTTP/1.1" 301 1425 "https://savemoki.com/clipart/lines/horizontal?M=D" "Mozilla/5.0 (Linux; Android 7.0;) AppleWebKit/537.36 (KHTML, like Gecko) Mobile Safari/537.36 (compatible; PetalBot;+https://webmaster.petalsearch.com/site/petalbot)" "savemoki.com"
114.119.139.185 - - [02/Sep/2022:05:32:38 -0700] "GET /clipart/lines/horizontal/?S=A HTTP/1.1" 200 408 "https://savemoki.com/clipart/lines/horizontal?M=D" "Mozilla/5.0 (Linux; Android 7.0;) AppleWebKit/537.36 (KHTML, like Gecko) Mobile Safari/537.36 (compatible; PetalBot;+https://webmaster.petalsearch.com/site/petalbot)" "savemoki.com"
114.119.156.133 - - [02/Sep/2022:05:38:27 -0700] "GET /clipart/images/?C=N%3BO%3DD HTTP/1.1" 200 489 "https://www.savemoki.com/clipart/images?C=D%3BO%3DA" "Mozilla/5.0 (Linux; Android 7.0;) AppleWebKit/537.36 (KHTML, like Gecko) Mobile Safari/537.36 (compatible; PetalBot;+https://webmaster.petalsearch.com/site/petalbot)" "www.savemoki.com"
216.244.66.249 - - [02/Sep/2022:05:39:55 -0700] "GET /robots.txt HTTP/1.1" 200 39 "-" "Mozilla/5.0 (compatible; DotBot/1.2; +https://opensiteexplorer.org/dotbot; help@moz.com)" "www.savemoki.com"
216.244.66.249 - - [02/Sep/2022:05:39:55 -0700] "GET /robots.txt HTTP/1.1" 200 39 "-" "Mozilla/5.0 (compatible; DotBot/1.2; +https://opensiteexplorer.org/dotbot; help@moz.com)" "savemoki.com"
114.119.139.183 - - [02/Sep/2022:05:46:02 -0700] "GET /sitebuilder/scripts HTTP/1.1" 301 1417 "https://savemoki.com/sitebuilder?C=D%3BO%3DA" "Mozilla/5.0 (Linux; Android 7.0;) AppleWebKit/537.36 (KHTML, like Gecko) Mobile Safari/537.36 (compatible; PetalBot;+https://webmaster.petalsearch.com/site/petalbot)" "savemoki.com"
114.119.139.183 - - [02/Sep/2022:05:46:14 -0700] "GET /sitebuilder/scripts/ HTTP/1.1" 200 373 "https://savemoki.com/sitebuilder?C=D%3BO%3DA" "Mozilla/5.0 (Linux; Android 7.0;) AppleWebKit/537.36 (KHTML, like Gecko) Mobile Safari/537.36 (compatible; PetalBot;+https://webmaster.petalsearch.com/site/petalbot)" "savemoki.com"
114.119.139.148 - - [02/Sep/2022:05:52:35 -0700] "GET /clipart/pageHeaders?S=D HTTP/1.1" 301 1422 "https://www.savemoki.com/clipart/pageHeaders?S=A" "Mozilla/5.0 (Linux; Android 7.0;) AppleWebKit/537.36 (KHTML, like Gecko) Mobile Safari/537.36 (compatible; PetalBot;+https://webmaster.petalsearch.com/site/petalbot)" "www.savemoki.com"
114.119.139.148 - - [02/Sep/2022:05:52:44 -0700] "GET /clipart/pageHeaders/?S=D HTTP/1.1" 200 427 "https://www.savemoki.com/clipart/pageHeaders?S=A" "Mozilla/5.0 (Linux; Android 7.0;) AppleWebKit/537.36 (KHTML, like Gecko) Mobile Safari/537.36 (compatible; PetalBot;+https://webmaster.petalsearch.com/site/petalbot)" "www.savemoki.com"
114.119.139.185 - - [02/Sep/2022:05:59:49 -0700] "GET /clipart/buttons/themes/swoosh_blue?C=D%3BO%3DA HTTP/1.1" 301 1446 "https://www.savemoki.com/clipart/buttons/themes/swoosh_blue?C=N%3BO%3DD" "Mozilla/5.0 (Linux; Android 7.0;) AppleWebKit/537.36 (KHTML, like Gecko) Mobile Safari/537.36 (compatible; PetalBot;+https://webmaster.petalsearch.com/site/petalbot)" "www.savemoki.com"
114.119.139.185 - - [02/Sep/2022:05:59:59 -0700] "GET /clipart/buttons/themes/swoosh_blue/?C=D%3BO%3DA HTTP/1.1" 200 418 "https://www.savemoki.com/clipart/buttons/themes/swoosh_blue?C=N%3BO%3DD" "Mozilla/5.0 (Linux; Android 7.0;) AppleWebKit/537.36 (KHTML, like Gecko) Mobile Safari/537.36 (compatible; PetalBot;+https://webmaster.petalsearch.com/site/petalbot)" "www.savemoki.com"
114.119.139.185 - - [02/Sep/2022:06:12:45 -0700] "GET /clipart/buttons/themes/rectangle_yellow?M=A HTTP/1.1" 301 1438 "https://savemoki.com/clipart/buttons/themes/rectangle_yellow?D=D" "Mozilla/5.0 (Linux; Android 7.0;) AppleWebKit/537.36 (KHTML, like Gecko) Mobile Safari/537.36 (compatible; PetalBot;+https://webmaster.petalsearch.com/site/petalbot)" "savemoki.com"
114.119.139.185 - - [02/Sep/2022:06:12:52 -0700] "GET /clipart/buttons/themes/rectangle_yellow/?M=A HTTP/1.1" 200 427 "https://savemoki.com/clipart/buttons/themes/rectangle_yellow?D=D" "Mozilla/5.0 (Linux; Android 7.0;) AppleWebKit/537.36 (KHTML, like Gecko) Mobile Safari/537.36 (compatible; PetalBot;+https://webmaster.petalsearch.com/site/petalbot)" "savemoki.com"
147.78.47.233 - - [02/Sep/2022:06:13:25 -0700] "GET /wp-login.php HTTP/1.1" 404 88 "-" "Mozilla/5.0 (Windows NT 10.0; Win64; x64) AppleWebKit/537.36 (KHTML, like Gecko) Chrome/64.0.3282.140 Safari/537.36 Edge/18.17763" "savemoki.com"
223.167.202.172 - - [02/Sep/2022:06:14:16 -0700] "GET /contact_us.html HTTP/1.1" 200 18024 "http://savemoki.com/contact_us.html" "Mozilla/5.0 (Windows NT 6.3; Win64; x64) AppleWebKit/537.36 (KHTML, like Gecko) Chrome/90.0.4430.93 Safari/537.36" "savemoki.com"
154.29.131.207 - - [02/Sep/2022:06:14:37 -0700] "GET /contact_us.html HTTP/1.1" 200 18024 "http://savemoki.com/contact_us.html" "Mozilla/5.0 (Windows NT 6.3; Win64; x64) AppleWebKit/537.36 (KHTML, like Gecko) Chrome/90.0.4430.93 Safari/537.36" "savemoki.com"
114.119.139.148 - - [02/Sep/2022:06:19:20 -0700] "GET /socialenginetrial?C=S%3BO%3DA HTTP/1.1" 301 1431 "https://www.savemoki.com/socialenginetrial?D=D" "Mozilla/5.0 (Linux; Android 7.0;) AppleWebKit/537.36 (KHTML, like Gecko) Mobile Safari/537.36 (compatible; PetalBot;+https://webmaster.petalsearch.com/site/petalbot)" "www.savemoki.com"
114.119.139.148 - - [02/Sep/2022:06:26:17 -0700] "GET /clipart/images/sidebars?C=M%3BO%3DA HTTP/1.1" 301 1433 "https://savemoki.com/clipart/images/sidebars?C=S%3BO%3DA" "Mozilla/5.0 (Linux; Android 7.0;) AppleWebKit/537.36 (KHTML, like Gecko) Mobile Safari/537.36 (compatible; PetalBot;+https://webmaster.petalsearch.com/site/petalbot)" "savemoki.com"
114.119.139.148 - - [02/Sep/2022:06:26:30 -0700] "GET /clipart/images/sidebars/?C=M%3BO%3DA HTTP/1.1" 200 432 "https://savemoki.com/clipart/images/sidebars?C=S%3BO%3DA" "Mozilla/5.0 (Linux; Android 7.0;) AppleWebKit/537.36 (KHTML, like Gecko) Mobile Safari/537.36 (compatible; PetalBot;+https://webmaster.petalsearch.com/site/petalbot)" "savemoki.com"
216.244.66.249 - - [02/Sep/2022:06:26:45 -0700] "GET /robots.txt HTTP/1.1" 200 39 "-" "Mozilla/5.0 (compatible; DotBot/1.2; +https://opensiteexplorer.org/dotbot; help@moz.com)" "savemoki.com"
216.244.66.249 - - [02/Sep/2022:06:26:45 -0700] "GET /robots.txt HTTP/1.1" 200 39 "-" "Mozilla/5.0 (compatible; DotBot/1.2; +https://opensiteexplorer.org/dotbot; help@moz.com)" "www.savemoki.com"
114.119.134.192 - - [02/Sep/2022:06:33:07 -0700] "GET /blog/wp-content/themes/themeforest-625914-ice-theme-powerful-wordpress-theme-1/PSD/?C=N%3BO%3DD HTTP/1.1" 200 419 "https://savemoki.com/blog/wp-content/themes/themeforest-625914-ice-theme-powerful-wordpress-theme-1/PSD?M=A" "Mozilla/5.0 (Linux; Android 7.0;) AppleWebKit/537.36 (KHTML, like Gecko) Mobile Safari/537.36 (compatible; PetalBot;+https://webmaster.petalsearch.com/site/petalbot)" "savemoki.com"
54.36.148.167 - - [02/Sep/2022:06:34:56 -0700] "GET /robots.txt HTTP/1.1" 200 55 "-" "Mozilla/5.0 (compatible; AhrefsBot/7.0; +http://ahrefs.com/robot/)" "savemoki.com"
51.222.253.2 - - [02/Sep/2022:06:34:57 -0700] "GET / HTTP/1.1" 200 1285 "-" "Mozilla/5.0 (compatible; AhrefsBot/7.0; +http://ahrefs.com/robot/)" "savemoki.com"
51.222.253.5 - - [02/Sep/2022:06:38:41 -0700] "GET /Mokis_Labwork.html HTTP/1.1" 200 4943 "-" "Mozilla/5.0 (compatible; AhrefsBot/7.0; +http://ahrefs.com/robot/)" "savemoki.com"
114.119.139.185 - - [02/Sep/2022:06:41:36 -0700] "GET /clipart/backgrounds/fullpage/?C=S%3BO%3DA HTTP/1.1" 200 389 "https://savemoki.com/clipart/backgrounds/fullpage/?C=D%3BO%3DA" "Mozilla/5.0 (Linux; Android 7.0;) AppleWebKit/537.36 (KHTML, like Gecko) Mobile Safari/537.36 (compatible; PetalBot;+https://webmaster.petalsearch.com/site/petalbot)" "savemoki.com"
51.222.253.9 - - [02/Sep/2022:06:42:47 -0700] "GET /blog/ HTTP/1.1" 200 352 "-" "Mozilla/5.0 (compatible; AhrefsBot/7.0; +http://ahrefs.com/robot/)" "savemoki.com"
114.119.139.183 - - [02/Sep/2022:06:46:33 -0700] "GET /blog/wp-content/themes/themeforest-625914-ice-theme-powerful-wordpress-theme-1/licensing?C=N%3BO%3DD HTTP/1.1" 301 1475 "https://www.savemoki.com/blog/wp-content/themes/themeforest-625914-ice-theme-powerful-wordpress-theme-1/licensing?C=D%3BO%3DA" "Mozilla/5.0 (Linux; Android 7.0;) AppleWebKit/537.36 (KHTML, like Gecko) Mobile Safari/537.36 (compatible; PetalBot;+https://webmaster.petalsearch.com/site/petalbot)" "www.savemoki.com"
51.222.253.17 - - [02/Sep/2022:06:46:46 -0700] "GET /Mokis_friends.html HTTP/1.1" 200 5925 "-" "Mozilla/5.0 (compatible; AhrefsBot/7.0; +http://ahrefs.com/robot/)" "savemoki.com"
37.139.53.84 - - [02/Sep/2022:06:46:47 -0700] "GET /contact_us.html HTTP/1.1" 200 18024 "http://savemoki.com/contact_us.html" "Mozilla/5.0 (Windows NT 6.1; Win64; x64) AppleWebKit/537.36 (KHTML, like Gecko) Chrome/83.0.4103.24 Safari/537.36 Edg/83.0.478.18" "savemoki.com"
51.222.253.4 - - [02/Sep/2022:06:46:47 -0700] "GET /images/goldenpawaward.jpg HTTP/1.1" 200 12471 "-" "Mozilla/5.0 (compatible; AhrefsBot/7.0; +http://ahrefs.com/robot/)" "savemoki.com"
51.222.253.2 - - [02/Sep/2022:06:46:48 -0700] "GET /sitebuilder/images/Together-492x235.jpg HTTP/1.1" 200 23705 "-" "Mozilla/5.0 (compatible; AhrefsBot/7.0; +http://ahrefs.com/robot/)" "savemoki.com"
51.222.253.8 - - [02/Sep/2022:06:46:48 -0700] "GET /sitebuilder/images/P7120221-284x247.jpg HTTP/1.1" 200 13416 "-" "Mozilla/5.0 (compatible; AhrefsBot/7.0; +http://ahrefs.com/robot/)" "savemoki.com"
51.222.253.12 - - [02/Sep/2022:06:46:49 -0700] "GET /sitebuilder/images/Smokey_and_the_hunt-314x243.jpg HTTP/1.1" 200 14840 "-" "Mozilla/5.0 (compatible; AhrefsBot/7.0; +http://ahrefs.com/robot/)" "savemoki.com"
51.222.253.16 - - [02/Sep/2022:06:46:49 -0700] "GET /sitebuilder/images/Little_Kitty_adding_her_two_cents-329x248.jpg HTTP/1.1" 200 16240 "-" "Mozilla/5.0 (compatible; AhrefsBot/7.0; +http://ahrefs.com/robot/)" "savemoki.com"
51.222.253.2 - - [02/Sep/2022:06:46:50 -0700] "GET /sitebuilder/images/Sissy_and_Bandit-335x225.jpg HTTP/1.1" 200 13493 "-" "Mozilla/5.0 (compatible; AhrefsBot/7.0; +http://ahrefs.com/robot/)" "savemoki.com"
51.222.253.15 - - [02/Sep/2022:06:46:50 -0700] "GET /sitebuilder/images/header_1-223x3112.jpg HTTP/1.1" 200 16606 "-" "Mozilla/5.0 (compatible; AhrefsBot/7.0; +http://ahrefs.com/robot/)" "savemoki.com"
51.222.253.15 - - [02/Sep/2022:06:46:51 -0700] "GET /images/winningattitudeaward1.gif HTTP/1.1" 200 10451 "-" "Mozilla/5.0 (compatible; AhrefsBot/7.0; +http://ahrefs.com/robot/)" "savemoki.com"
51.222.253.9 - - [02/Sep/2022:06:46:51 -0700] "GET /sitebuilder/images/The_Bandit_hard_at_play-312x257.jpg HTTP/1.1" 200 12022 "-" "Mozilla/5.0 (compatible; AhrefsBot/7.0; +http://ahrefs.com/robot/)" "savemoki.com"
51.222.253.9 - - [02/Sep/2022:06:46:52 -0700] "GET /images/613627_1196558651_1_.gif HTTP/1.1" 200 48960 "-" "Mozilla/5.0 (compatible; AhrefsBot/7.0; +http://ahrefs.com/robot/)" "savemoki.com"
51.222.253.8 - - [02/Sep/2022:06:46:53 -0700] "GET /images/rudy_10feb08_1_.jpg HTTP/1.1" 200 86277 "-" "Mozilla/5.0 (compatible; AhrefsBot/7.0; +http://ahrefs.com/robot/)" "savemoki.com"
82.118.29.151 - - [02/Sep/2022:06:47:04 -0700] "GET /blog1/2015/05/07/test-post/ HTTP/1.1" 404 73 "http://savemoki.com/blog1/2015/05/07/test-post/" "Mozilla/5.0 (Windows NT 6.1) AppleWebKit/537.36 (KHTML, like Gecko) Chrome/90.0.4430.85 Safari/537.36" "savemoki.com"
82.118.29.151 - - [02/Sep/2022:06:47:05 -0700] "GET / HTTP/1.1" 200 7350 "http://savemoki.com/" "Mozilla/5.0 (Windows NT 6.1) AppleWebKit/537.36 (KHTML, like Gecko) Chrome/90.0.4430.85 Safari/537.36" "savemoki.com"
82.118.29.151 - - [02/Sep/2022:06:47:06 -0700] "GET /blog/ HTTP/1.1" 200 698 "http://savemoki.com/blog/" "Mozilla/5.0 (Windows NT 6.1) AppleWebKit/537.36 (KHTML, like Gecko) Chrome/90.0.4430.85 Safari/537.36" "savemoki.com"
185.191.171.10 - - [02/Sep/2022:06:47:32 -0700] "GET /robots.txt HTTP/1.1" 200 55 "-" "Mozilla/5.0 (compatible; SemrushBot/7~bl; +http://www.semrush.com/bot.html)" "savemoki.com"
185.191.171.12 - - [02/Sep/2022:06:47:33 -0700] "GET /Mokislabpage1.html HTTP/1.1" 200 4020 "-" "Mozilla/5.0 (compatible; SemrushBot/7~bl; +http://www.semrush.com/bot.html)" "savemoki.com"
51.222.253.14 - - [02/Sep/2022:06:50:37 -0700] "GET /clipart/ HTTP/1.1" 200 440 "-" "Mozilla/5.0 (compatible; AhrefsBot/7.0; +http://ahrefs.com/robot/)" "savemoki.com"
51.222.253.19 - - [02/Sep/2022:06:54:30 -0700] "GET /clipart/buttons/themes/rectangle_yellow/?C=S;O=A HTTP/1.1" 200 427 "-" "Mozilla/5.0 (compatible; AhrefsBot/7.0; +http://ahrefs.com/robot/)" "savemoki.com"
51.222.253.17 - - [02/Sep/2022:06:58:44 -0700] "GET /clipart/buttons/themes/rectangle_yellow/?C=M;O=A HTTP/1.1" 200 423 "-" "Mozilla/5.0 (compatible; AhrefsBot/7.0; +http://ahrefs.com/robot/)" "savemoki.com"
51.222.253.19 - - [02/Sep/2022:07:03:13 -0700] "GET /blog/wp-content/themes/themeforest-625914-ice-theme-powerful-wordpress-theme-1/sample%20content/icetheme.2012-06-13.xml HTTP/1.1" 200 47534 "-" "Mozilla/5.0 (compatible; AhrefsBot/7.0; +http://ahrefs.com/robot/)" "savemoki.com"
223.96.90.216 - - [02/Sep/2022:07:07:17 -0700] "GET /blog1/2015/05/07/test-post/ HTTP/1.1" 404 73 "http://savemoki.com/blog1/2015/05/07/test-post/" "Mozilla/5.0 (Windows NT 10.0) AppleWebKit/537.36 (KHTML, like Gecko) Chrome/90.0.4430.72 Safari/537.36" "savemoki.com"
51.222.253.8 - - [02/Sep/2022:07:07:31 -0700] "GET /temporarypreviewfile.html HTTP/1.1" 200 309 "-" "Mozilla/5.0 (compatible; AhrefsBot/7.0; +http://ahrefs.com/robot/)" "savemoki.com"
54.36.148.99 - - [02/Sep/2022:07:11:44 -0700] "GET /robots.txt HTTP/1.1" 200 55 "-" "Mozilla/5.0 (compatible; AhrefsBot/7.0; +http://ahrefs.com/robot/)" "www.savemoki.com"
51.222.253.17 - - [02/Sep/2022:07:11:46 -0700] "GET /?C=S;O=D HTTP/1.1" 200 1264 "-" "Mozilla/5.0 (compatible; AhrefsBot/7.0; +http://ahrefs.com/robot/)" "www.savemoki.com"
216.244.66.249 - - [02/Sep/2022:07:13:04 -0700] "GET /robots.txt HTTP/1.1" 200 39 "-" "Mozilla/5.0 (compatible; DotBot/1.2; +https://opensiteexplorer.org/dotbot; help@moz.com)" "www.savemoki.com"
114.119.134.192 - - [02/Sep/2022:07:13:33 -0700] "GET /clipart/backgrounds?N=D HTTP/1.1" 301 1418 "https://www.savemoki.com/clipart/backgrounds?N=A" "Mozilla/5.0 (Linux; Android 7.0;) AppleWebKit/537.36 (KHTML, like Gecko) Mobile Safari/537.36 (compatible; PetalBot;+https://webmaster.petalsearch.com/site/petalbot)" "www.savemoki.com"
