209.97.176.112 - - [05/Sep/2022:14:34:12 -0700] "GET /contact_us.html HTTP/1.1" 200 18024 "http://savemoki.com/contact_us.html" "Mozilla/5.0 (Windows NT 10.0) AppleWebKit/537.36 (KHTML, like Gecko) Chrome/90.0.4430.85 Safari/537.36 Edg/90.0.818.46" "savemoki.com"
114.119.139.185 - - [05/Sep/2022:14:37:23 -0700] "GET /sitebuilder?C=M%3BO%3DA HTTP/1.1" 301 1425 "https://savemoki.com/sitebuilder?C=D%3BO%3DA" "Mozilla/5.0 (Linux; Android 7.0;) AppleWebKit/537.36 (KHTML, like Gecko) Mobile Safari/537.36 (compatible; PetalBot;+https://webmaster.petalsearch.com/site/petalbot)" "savemoki.com"
114.119.139.185 - - [05/Sep/2022:14:37:24 -0700] "GET /sitebuilder/?C=M%3BO%3DA HTTP/1.1" 200 372 "https://savemoki.com/sitebuilder?C=D%3BO%3DA" "Mozilla/5.0 (Linux; Android 7.0;) AppleWebKit/537.36 (KHTML, like Gecko) Mobile Safari/537.36 (compatible; PetalBot;+https://webmaster.petalsearch.com/site/petalbot)" "savemoki.com"
114.119.156.133 - - [05/Sep/2022:14:43:01 -0700] "GET /mokis_story HTTP/1.1" 200 9307 "https://savemoki.com/mokis_medical_records" "Mozilla/5.0 (Linux; Android 7.0;) AppleWebKit/537.36 (KHTML, like Gecko) Mobile Safari/537.36 (compatible; PetalBot;+https://webmaster.petalsearch.com/site/petalbot)" "savemoki.com"
216.244.66.249 - - [05/Sep/2022:14:44:30 -0700] "GET /robots.txt HTTP/1.1" 200 39 "-" "Mozilla/5.0 (compatible; DotBot/1.2; +https://opensiteexplorer.org/dotbot; help@moz.com)" "savemoki.com"
216.244.66.249 - - [05/Sep/2022:14:44:30 -0700] "GET /robots.txt HTTP/1.1" 200 39 "-" "Mozilla/5.0 (compatible; DotBot/1.2; +https://opensiteexplorer.org/dotbot; help@moz.com)" "www.savemoki.com"
114.119.139.185 - - [05/Sep/2022:14:48:43 -0700] "GET /clipart/images/frames?M=D HTTP/1.1" 301 1423 "https://www.savemoki.com/clipart/images/frames?M=A" "Mozilla/5.0 (Linux; Android 7.0;) AppleWebKit/537.36 (KHTML, like Gecko) Mobile Safari/537.36 (compatible; PetalBot;+https://webmaster.petalsearch.com/site/petalbot)" "www.savemoki.com"
114.119.139.185 - - [05/Sep/2022:14:48:47 -0700] "GET /clipart/images/frames/?M=D HTTP/1.1" 200 379 "https://www.savemoki.com/clipart/images/frames?M=A" "Mozilla/5.0 (Linux; Android 7.0;) AppleWebKit/537.36 (KHTML, like Gecko) Mobile Safari/537.36 (compatible; PetalBot;+https://webmaster.petalsearch.com/site/petalbot)" "www.savemoki.com"
185.119.81.99 - - [05/Sep/2022:14:49:44 -0700] "GET /2test/wp-login.php HTTP/1.1" 200 6054 "-" "Mozilla/5.0 (Windows NT 6.1; Win64; x64) AppleWebKit/537.36 (KHTML, like Gecko) Chrome/54.0.2840.99 Safari/537.36" "savemoki.com"
10.213.116.63 - - [05/Sep/2022:14:49:47 -0700] "POST /2test/wp-cron.php?doing_wp_cron=1662414587.3570799827575683593750 HTTP/1.1" 200 - "http://savemoki.com/2test/wp-cron.php?doing_wp_cron=1662414587.3570799827575683593750" "WordPress/5.4.11; http://savemoki.com/2test" "savemoki.com"
185.119.81.99 - - [05/Sep/2022:14:49:49 -0700] "POST /2test/wp-login.php HTTP/1.1" 200 6337 "http://savemoki.com/2test/wp-login.php" "Mozilla/5.0 (Windows NT 6.1; Win64; x64) AppleWebKit/537.36 (KHTML, like Gecko) Chrome/54.0.2840.99 Safari/537.36" "savemoki.com"
114.119.140.102 - - [05/Sep/2022:15:01:42 -0700] "GET /robots.txt HTTP/1.1" 200 55 "-" "Mozilla/5.0 (compatible;PetalBot;+https://webmaster.petalsearch.com/site/petalbot)" "www.savemoki.com"
114.119.156.133 - - [05/Sep/2022:15:05:45 -0700] "GET /Links.html HTTP/1.1" 200 8682 "https://www.savemoki.com?C=S%3BO%3DA" "Mozilla/5.0 (Linux; Android 7.0;) AppleWebKit/537.36 (KHTML, like Gecko) Mobile Safari/537.36 (compatible; PetalBot;+https://webmaster.petalsearch.com/site/petalbot)" "www.savemoki.com"
81.17.57.144 - - [05/Sep/2022:15:10:12 -0700] "GET /robots.txt HTTP/1.1" 200 39 "-" "Mozilla/5.0 (compatible; MJ12bot/v1.4.8; http://mj12bot.com/)" "savemoki.com"
81.17.57.144 - - [05/Sep/2022:15:10:13 -0700] "GET / HTTP/1.1" 200 1287 "-" "Mozilla/5.0 (compatible; MJ12bot/v1.4.8; http://mj12bot.com/)" "savemoki.com"
81.17.57.144 - - [05/Sep/2022:15:10:23 -0700] "GET /robots.txt HTTP/1.1" 200 39 "-" "Mozilla/5.0 (compatible; MJ12bot/v1.4.8; http://mj12bot.com/)" "www.savemoki.com"
81.17.57.144 - - [05/Sep/2022:15:10:25 -0700] "GET / HTTP/1.1" 200 1287 "-" "Mozilla/5.0 (compatible; MJ12bot/v1.4.8; http://mj12bot.com/)" "www.savemoki.com"
114.119.156.133 - - [05/Sep/2022:15:11:25 -0700] "GET /clipart/bullets/?C=N%3BO%3DD HTTP/1.1" 200 429 "https://savemoki.com/clipart/bullets" "Mozilla/5.0 (Linux; Android 7.0;) AppleWebKit/537.36 (KHTML, like Gecko) Mobile Safari/537.36 (compatible; PetalBot;+https://webmaster.petalsearch.com/site/petalbot)" "savemoki.com"
77.75.77.36 - - [05/Sep/2022:15:11:36 -0700] "GET /robots.txt HTTP/1.1" 200 55 "-" "Mozilla/5.0 (compatible; SeznamBot/3.2; +http://napoveda.seznam.cz/en/seznambot-intro/)" "savemoki.com"
77.75.77.36 - - [05/Sep/2022:15:11:38 -0700] "GET /sitebuilder/images/Lab_6-450x600.jpg HTTP/1.1" 304 - "-" "Mozilla/5.0 (compatible; SeznamBot/3.2; +http://napoveda.seznam.cz/en/seznambot-intro/)" "savemoki.com"
195.146.4.192 - - [05/Sep/2022:15:16:04 -0700] "GET /blog1/2015/05/07/test-post/ HTTP/1.1" 404 73 "http://savemoki.com/blog1/2015/05/07/test-post/" "Mozilla/5.0 (Windows NT 6.1) AppleWebKit/537.36 (KHTML, like Gecko) Chrome/90.0.4430.72 Safari/537.36" "savemoki.com"
195.146.4.192 - - [05/Sep/2022:15:16:05 -0700] "GET / HTTP/1.1" 200 7350 "http://savemoki.com/" "Mozilla/5.0 (Windows NT 6.1) AppleWebKit/537.36 (KHTML, like Gecko) Chrome/90.0.4430.72 Safari/537.36" "savemoki.com"
195.146.4.192 - - [05/Sep/2022:15:16:05 -0700] "GET /blog/ HTTP/1.1" 200 698 "http://savemoki.com/blog/" "Mozilla/5.0 (Windows NT 6.1) AppleWebKit/537.36 (KHTML, like Gecko) Chrome/90.0.4430.72 Safari/537.36" "savemoki.com"
216.244.66.249 - - [05/Sep/2022:15:18:41 -0700] "GET /images/Lab_4.jpg HTTP/1.1" 200 2639974 "-" "Mozilla/5.0 (compatible; DotBot/1.2; +https://opensiteexplorer.org/dotbot; help@moz.com)" "savemoki.com"
216.244.66.249 - - [05/Sep/2022:15:18:43 -0700] "GET /images/phithetacecil.jpg HTTP/1.1" 200 13530 "-" "Mozilla/5.0 (compatible; DotBot/1.2; +https://opensiteexplorer.org/dotbot; help@moz.com)" "savemoki.com"
51.222.253.6 - - [05/Sep/2022:15:21:01 -0700] "GET / HTTP/1.1" 200 1287 "-" "Mozilla/5.0 (compatible; AhrefsBot/7.0; +http://ahrefs.com/robot/)" "www.savemoki.com"
114.119.156.133 - - [05/Sep/2022:15:22:45 -0700] "GET /navigation_bars/?C=N%3BO%3DD HTTP/1.1" 200 408 "https://www.savemoki.com/navigation_bars?C=M%3BO%3DA" "Mozilla/5.0 (Linux; Android 7.0;) AppleWebKit/537.36 (KHTML, like Gecko) Mobile Safari/537.36 (compatible; PetalBot;+https://webmaster.petalsearch.com/site/petalbot)" "www.savemoki.com"
51.222.253.4 - - [05/Sep/2022:15:25:48 -0700] "GET / HTTP/1.1" 200 1287 "-" "Mozilla/5.0 (compatible; AhrefsBot/7.0; +http://ahrefs.com/robot/)" "www.savemoki.com"
51.222.253.9 - - [05/Sep/2022:15:26:55 -0700] "GET /clipart/images/sidebars/?C=S;O=D HTTP/1.1" 200 431 "-" "Mozilla/5.0 (compatible; AhrefsBot/7.0; +http://ahrefs.com/robot/)" "savemoki.com"
54.36.148.32 - - [05/Sep/2022:15:28:07 -0700] "GET /robots.txt HTTP/1.1" 200 55 "-" "Mozilla/5.0 (compatible; AhrefsBot/7.0; +http://ahrefs.com/robot/)" "savemoki.com"
51.222.253.7 - - [05/Sep/2022:15:28:08 -0700] "GET /blog/wp-content/themes/?C=N;O=D HTTP/1.1" 200 403 "-" "Mozilla/5.0 (compatible; AhrefsBot/7.0; +http://ahrefs.com/robot/)" "savemoki.com"
114.119.139.185 - - [05/Sep/2022:15:28:29 -0700] "GET /files?S=D HTTP/1.1" 301 1413 "https://www.savemoki.com/files?S=A" "Mozilla/5.0 (Linux; Android 7.0;) AppleWebKit/537.36 (KHTML, like Gecko) Mobile Safari/537.36 (compatible; PetalBot;+https://webmaster.petalsearch.com/site/petalbot)" "www.savemoki.com"
51.222.253.5 - - [05/Sep/2022:15:28:30 -0700] "GET /sitebuilder/?C=M;O=D HTTP/1.1" 200 370 "-" "Mozilla/5.0 (compatible; AhrefsBot/7.0; +http://ahrefs.com/robot/)" "savemoki.com"
114.119.139.185 - - [05/Sep/2022:15:28:32 -0700] "GET /files/?S=D HTTP/1.1" 200 380 "https://www.savemoki.com/files?S=A" "Mozilla/5.0 (Linux; Android 7.0;) AppleWebKit/537.36 (KHTML, like Gecko) Mobile Safari/537.36 (compatible; PetalBot;+https://webmaster.petalsearch.com/site/petalbot)" "www.savemoki.com"
51.222.253.19 - - [05/Sep/2022:15:28:45 -0700] "GET /clipart/pageHeaders/?C=N;O=D HTTP/1.1" 200 427 "-" "Mozilla/5.0 (compatible; AhrefsBot/7.0; +http://ahrefs.com/robot/)" "savemoki.com"
51.222.253.14 - - [05/Sep/2022:15:28:58 -0700] "GET /clipart/buttons/themes/rectangle_yellow/?C=N;O=A HTTP/1.1" 200 427 "-" "Mozilla/5.0 (compatible; AhrefsBot/7.0; +http://ahrefs.com/robot/)" "savemoki.com"
51.222.253.10 - - [05/Sep/2022:15:29:19 -0700] "GET /clipart/buttons/themes/rectangle_yellow/?C=D;O=A HTTP/1.1" 200 427 "-" "Mozilla/5.0 (compatible; AhrefsBot/7.0; +http://ahrefs.com/robot/)" "savemoki.com"
51.222.253.2 - - [05/Sep/2022:15:29:43 -0700] "GET /clipart/pageHeaders/?C=N;O=D HTTP/1.1" 200 427 "-" "Mozilla/5.0 (compatible; AhrefsBot/7.0; +http://ahrefs.com/robot/)" "www.savemoki.com"
51.222.253.15 - - [05/Sep/2022:15:29:51 -0700] "GET /socialenginetrial/?C=D;O=A HTTP/1.1" 200 318 "-" "Mozilla/5.0 (compatible; AhrefsBot/7.0; +http://ahrefs.com/robot/)" "www.savemoki.com"
51.222.253.6 - - [05/Sep/2022:15:29:56 -0700] "GET /Links_Feline_Health.html HTTP/1.1" 200 10246 "-" "Mozilla/5.0 (compatible; AhrefsBot/7.0; +http://ahrefs.com/robot/)" "savemoki.com"
51.222.253.14 - - [05/Sep/2022:15:29:58 -0700] "GET /clipart/buttons/themes/rectangle_yellow/?C=M;O=A HTTP/1.1" 200 423 "-" "Mozilla/5.0 (compatible; AhrefsBot/7.0; +http://ahrefs.com/robot/)" "savemoki.com"
51.222.253.3 - - [05/Sep/2022:15:30:03 -0700] "GET /?C=D;O=A HTTP/1.1" 200 1287 "-" "Mozilla/5.0 (compatible; AhrefsBot/7.0; +http://ahrefs.com/robot/)" "savemoki.com"
51.222.253.19 - - [05/Sep/2022:15:30:04 -0700] "GET /Mokis_Story.html HTTP/1.1" 200 11607 "-" "Mozilla/5.0 (compatible; AhrefsBot/7.0; +http://ahrefs.com/robot/)" "savemoki.com"
51.222.253.5 - - [05/Sep/2022:15:30:04 -0700] "GET /clipart/buttons/themes/rectangle_yellow/?C=S;O=A HTTP/1.1" 200 427 "-" "Mozilla/5.0 (compatible; AhrefsBot/7.0; +http://ahrefs.com/robot/)" "savemoki.com"
51.222.253.17 - - [05/Sep/2022:15:30:00 -0700] "GET /2test/ HTTP/1.1" 200 20491 "-" "Mozilla/5.0 (compatible; AhrefsBot/7.0; +http://ahrefs.com/robot/)" "savemoki.com"
10.213.116.62 - - [05/Sep/2022:15:30:03 -0700] "POST /2test/wp-cron.php?doing_wp_cron=1662417003.4688179492950439453125 HTTP/1.1" 200 - "http://savemoki.com/2test/wp-cron.php?doing_wp_cron=1662417003.4688179492950439453125" "WordPress/5.4.11; http://savemoki.com/2test" "savemoki.com"
51.222.253.11 - - [05/Sep/2022:15:30:05 -0700] "GET /clipart/buttons/themes/rectangle_yellow/?C=M;O=D HTTP/1.1" 200 425 "-" "Mozilla/5.0 (compatible; AhrefsBot/7.0; +http://ahrefs.com/robot/)" "savemoki.com"
51.222.253.18 - - [05/Sep/2022:15:30:07 -0700] "GET /mokis_story.html HTTP/1.1" 200 12029 "-" "Mozilla/5.0 (compatible; AhrefsBot/7.0; +http://ahrefs.com/robot/)" "savemoki.com"
51.222.253.2 - - [05/Sep/2022:15:30:08 -0700] "GET /Mokislabpage1.html HTTP/1.1" 200 4020 "-" "Mozilla/5.0 (compatible; AhrefsBot/7.0; +http://ahrefs.com/robot/)" "savemoki.com"
51.222.253.14 - - [05/Sep/2022:15:30:09 -0700] "GET /2test/wp-content/plugins/learnpress/assets/css/bundle.min.css?ver=3.2.6.7 HTTP/1.1" 200 8649 "-" "Mozilla/5.0 (compatible; AhrefsBot/7.0; +http://ahrefs.com/robot/)" "savemoki.com"
51.222.253.12 - - [05/Sep/2022:15:30:09 -0700] "GET /Mokismedicalsec.html HTTP/1.1" 200 3973 "-" "Mozilla/5.0 (compatible; AhrefsBot/7.0; +http://ahrefs.com/robot/)" "savemoki.com"
51.222.253.9 - - [05/Sep/2022:15:30:09 -0700] "GET /2test/wp-includes/css/dist/block-library/style.min.css?ver=5.4.11 HTTP/1.1" 200 7642 "-" "Mozilla/5.0 (compatible; AhrefsBot/7.0; +http://ahrefs.com/robot/)" "savemoki.com"
51.222.253.4 - - [05/Sep/2022:15:30:10 -0700] "GET /2test/wp-content/themes/kids-campus/js/editable.js?ver=5.4.11 HTTP/1.1" 200 746 "-" "Mozilla/5.0 (compatible; AhrefsBot/7.0; +http://ahrefs.com/robot/)" "savemoki.com"
51.222.253.12 - - [05/Sep/2022:15:30:10 -0700] "GET /2test/wp-content/themes/kids-campus/css/nivo-slider.css?ver=5.4.11 HTTP/1.1" 200 1136 "-" "Mozilla/5.0 (compatible; AhrefsBot/7.0; +http://ahrefs.com/robot/)" "savemoki.com"
51.222.253.9 - - [05/Sep/2022:15:30:11 -0700] "GET /socialenginetrial/?C=S;O=A HTTP/1.1" 200 317 "-" "Mozilla/5.0 (compatible; AhrefsBot/7.0; +http://ahrefs.com/robot/)" "www.savemoki.com"
51.222.253.9 - - [05/Sep/2022:15:30:12 -0700] "GET /Announcements.html HTTP/1.1" 200 5728 "-" "Mozilla/5.0 (compatible; AhrefsBot/7.0; +http://ahrefs.com/robot/)" "savemoki.com"
51.222.253.13 - - [05/Sep/2022:15:30:13 -0700] "GET /clipart/images/sidebars/?C=M;O=D HTTP/1.1" 200 431 "-" "Mozilla/5.0 (compatible; AhrefsBot/7.0; +http://ahrefs.com/robot/)" "savemoki.com"
51.222.253.3 - - [05/Sep/2022:15:30:13 -0700] "GET /navigation_bars/ HTTP/1.1" 200 408 "-" "Mozilla/5.0 (compatible; AhrefsBot/7.0; +http://ahrefs.com/robot/)" "savemoki.com"
51.222.253.19 - - [05/Sep/2022:15:30:18 -0700] "GET /2test/wp-content/plugins/learnpress/assets/js/frontend/course.js?ver=3.2.6.7 HTTP/1.1" 200 3955 "-" "Mozilla/5.0 (compatible; AhrefsBot/7.0; +http://ahrefs.com/robot/)" "savemoki.com"
51.222.253.9 - - [05/Sep/2022:15:30:18 -0700] "GET /clipart/pageHeaders/sweeping_curves_blue.gif HTTP/1.1" 200 24925 "-" "Mozilla/5.0 (compatible; AhrefsBot/7.0; +http://ahrefs.com/robot/)" "savemoki.com"
51.222.253.3 - - [05/Sep/2022:15:30:18 -0700] "GET /sitebuilder/images/CloudMenu-1-active-64468.png HTTP/1.1" 200 751 "-" "Mozilla/5.0 (compatible; AhrefsBot/7.0; +http://ahrefs.com/robot/)" "savemoki.com"
51.222.253.15 - - [05/Sep/2022:15:30:19 -0700] "GET /sitebuilder/images/Moki_and_Bandit-251x194.jpg HTTP/1.1" 200 13538 "-" "Mozilla/5.0 (compatible; AhrefsBot/7.0; +http://ahrefs.com/robot/)" "savemoki.com"
51.222.253.2 - - [05/Sep/2022:15:30:19 -0700] "GET /2test/wp-content/themes/kids-campus/js/jquery.nivo.slider.js?ver=5.4.11 HTTP/1.1" 200 4886 "-" "Mozilla/5.0 (compatible; AhrefsBot/7.0; +http://ahrefs.com/robot/)" "savemoki.com"
51.222.253.17 - - [05/Sep/2022:15:30:19 -0700] "GET /sitebuilder/scripts/layers.js HTTP/1.1" 200 1140 "-" "Mozilla/5.0 (compatible; AhrefsBot/7.0; +http://ahrefs.com/robot/)" "savemoki.com"
51.222.253.1 - - [05/Sep/2022:15:30:19 -0700] "GET /sitebuilder/images/header_4-818x136.jpg HTTP/1.1" 200 11072 "-" "Mozilla/5.0 (compatible; AhrefsBot/7.0; +http://ahrefs.com/robot/)" "savemoki.com"
51.222.253.14 - - [05/Sep/2022:15:30:19 -0700] "GET /clipart/images/quotemark-proceeding-gold.gif HTTP/1.1" 200 128 "-" "Mozilla/5.0 (compatible; AhrefsBot/7.0; +http://ahrefs.com/robot/)" "savemoki.com"
51.222.253.18 - - [05/Sep/2022:15:30:20 -0700] "GET /clipart/images/frames/gold_panel_shadow.gif HTTP/1.1" 200 12480 "-" "Mozilla/5.0 (compatible; AhrefsBot/7.0; +http://ahrefs.com/robot/)" "savemoki.com"
51.222.253.18 - - [05/Sep/2022:15:30:20 -0700] "GET /sitebuilder/images/CloudMenu-2-inactive-64531.png HTTP/1.1" 200 836 "-" "Mozilla/5.0 (compatible; AhrefsBot/7.0; +http://ahrefs.com/robot/)" "savemoki.com"
51.222.253.9 - - [05/Sep/2022:15:30:21 -0700] "GET /clipart/images/quotemark-preceeding-gold.gif HTTP/1.1" 200 133 "-" "Mozilla/5.0 (compatible; AhrefsBot/7.0; +http://ahrefs.com/robot/)" "savemoki.com"
51.222.253.8 - - [05/Sep/2022:15:30:21 -0700] "GET /sitebuilder/images/header_1-223x3942.jpg HTTP/1.1" 200 20297 "-" "Mozilla/5.0 (compatible; AhrefsBot/7.0; +http://ahrefs.com/robot/)" "savemoki.com"
51.222.253.8 - - [05/Sep/2022:15:30:21 -0700] "GET /sitebuilder/images/navbar-0-inactive-00390.png HTTP/1.1" 200 1637 "-" "Mozilla/5.0 (compatible; AhrefsBot/7.0; +http://ahrefs.com/robot/)" "savemoki.com"
51.222.253.17 - - [05/Sep/2022:15:30:22 -0700] "GET /sitebuilder/images/navbar-3-inactive-00921.png HTTP/1.1" 200 1677 "-" "Mozilla/5.0 (compatible; AhrefsBot/7.0; +http://ahrefs.com/robot/)" "savemoki.com"
51.222.253.1 - - [05/Sep/2022:15:30:22 -0700] "GET /clipart/bullets/catPawPrint_gray.gif HTTP/1.1" 200 291 "-" "Mozilla/5.0 (compatible; AhrefsBot/7.0; +http://ahrefs.com/robot/)" "savemoki.com"
51.222.253.11 - - [05/Sep/2022:15:30:22 -0700] "GET /clipart/images/sidebars/curved_gold_and_blue.gif HTTP/1.1" 200 4615 "-" "Mozilla/5.0 (compatible; AhrefsBot/7.0; +http://ahrefs.com/robot/)" "savemoki.com"
51.222.253.14 - - [05/Sep/2022:15:30:22 -0700] "GET /images/title.gif HTTP/1.1" 200 1231 "-" "Mozilla/5.0 (compatible; AhrefsBot/7.0; +http://ahrefs.com/robot/)" "savemoki.com"
51.222.253.9 - - [05/Sep/2022:15:30:23 -0700] "GET /sitebuilder/images/Moki_resting_in_his_bed-246x207.jpg HTTP/1.1" 200 12892 "-" "Mozilla/5.0 (compatible; AhrefsBot/7.0; +http://ahrefs.com/robot/)" "savemoki.com"
51.222.253.7 - - [05/Sep/2022:15:30:23 -0700] "GET /sitebuilder/images/Sick_Moki-429x264.jpg HTTP/1.1" 200 20446 "-" "Mozilla/5.0 (compatible; AhrefsBot/7.0; +http://ahrefs.com/robot/)" "savemoki.com"
51.222.253.16 - - [05/Sep/2022:15:30:23 -0700] "GET /sitebuilder/images/CloudMenu-3-inactive-64656.png HTTP/1.1" 200 737 "-" "Mozilla/5.0 (compatible; AhrefsBot/7.0; +http://ahrefs.com/robot/)" "savemoki.com"
51.222.253.2 - - [05/Sep/2022:15:30:24 -0700] "GET /sitebuilder/images/CloudMenu-4-inactive-64750.png HTTP/1.1" 200 713 "-" "Mozilla/5.0 (compatible; AhrefsBot/7.0; +http://ahrefs.com/robot/)" "savemoki.com"
51.222.253.9 - - [05/Sep/2022:15:30:24 -0700] "GET /sitebuilder/images/CloudMenu-0-inactive-64343.png HTTP/1.1" 200 654 "-" "Mozilla/5.0 (compatible; AhrefsBot/7.0; +http://ahrefs.com/robot/)" "savemoki.com"
51.222.253.1 - - [05/Sep/2022:15:30:25 -0700] "GET /sitebuilder/images/Moki_resting_in_his_bed-226x192.jpg HTTP/1.1" 200 11280 "-" "Mozilla/5.0 (compatible; AhrefsBot/7.0; +http://ahrefs.com/robot/)" "savemoki.com"
51.222.253.13 - - [05/Sep/2022:15:30:27 -0700] "GET /2test/wp-content/plugins/learnpress/assets/js/frontend/learnpress.min.js?ver=3.2.6.7 HTTP/1.1" 200 506 "-" "Mozilla/5.0 (compatible; AhrefsBot/7.0; +http://ahrefs.com/robot/)" "savemoki.com"
51.222.253.18 - - [05/Sep/2022:15:30:27 -0700] "GET /2test/wp-content/plugins/learnpress/assets/css/learnpress.css?ver=3.2.6.7 HTTP/1.1" 200 9747 "-" "Mozilla/5.0 (compatible; AhrefsBot/7.0; +http://ahrefs.com/robot/)" "savemoki.com"
51.222.253.4 - - [05/Sep/2022:15:30:28 -0700] "GET /2test/wp-includes/js/underscore.min.js?ver=1.8.3 HTTP/1.1" 200 5663 "-" "Mozilla/5.0 (compatible; AhrefsBot/7.0; +http://ahrefs.com/robot/)" "savemoki.com"
51.222.253.5 - - [05/Sep/2022:15:30:28 -0700] "GET /2test/wp-content/plugins/learnpress/assets/js/frontend/become-teacher.js?ver=3.2.6.7 HTTP/1.1" 200 929 "-" "Mozilla/5.0 (compatible; AhrefsBot/7.0; +http://ahrefs.com/robot/)" "savemoki.com"
51.222.253.13 - - [05/Sep/2022:15:30:28 -0700] "GET /sitebuilder/images/Its_a_jungle_out_there-249x190.jpg HTTP/1.1" 200 15014 "-" "Mozilla/5.0 (compatible; AhrefsBot/7.0; +http://ahrefs.com/robot/)" "savemoki.com"
51.222.253.1 - - [05/Sep/2022:15:30:28 -0700] "GET /2test/wp-includes/js/utils.min.js?ver=5.4.11 HTTP/1.1" 200 828 "-" "Mozilla/5.0 (compatible; AhrefsBot/7.0; +http://ahrefs.com/robot/)" "savemoki.com"
51.222.253.16 - - [05/Sep/2022:15:30:29 -0700] "GET /sitebuilder/images/navbar-4-inactive-01062.png HTTP/1.1" 200 1810 "-" "Mozilla/5.0 (compatible; AhrefsBot/7.0; +http://ahrefs.com/robot/)" "savemoki.com"
51.222.253.12 - - [05/Sep/2022:15:30:29 -0700] "GET /2test/wp-includes/js/jquery/jquery.js?ver=1.12.4-wp HTTP/1.1" 200 33776 "-" "Mozilla/5.0 (compatible; AhrefsBot/7.0; +http://ahrefs.com/robot/)" "savemoki.com"
51.222.253.4 - - [05/Sep/2022:15:30:29 -0700] "GET /sitebuilder/images/Moki_and_Bandit-255x235.jpg HTTP/1.1" 200 16248 "-" "Mozilla/5.0 (compatible; AhrefsBot/7.0; +http://ahrefs.com/robot/)" "savemoki.com"
51.222.253.8 - - [05/Sep/2022:15:30:30 -0700] "GET /2test/wp-content/themes/kids-campus/style.css?ver=5.4.11 HTTP/1.1" 200 6660 "-" "Mozilla/5.0 (compatible; AhrefsBot/7.0; +http://ahrefs.com/robot/)" "savemoki.com"
51.222.253.4 - - [05/Sep/2022:15:30:30 -0700] "GET /mokis_story.html HTTP/1.1" 200 12029 "-" "Mozilla/5.0 (compatible; AhrefsBot/7.0; +http://ahrefs.com/robot/)" "savemoki.com"
51.222.253.2 - - [05/Sep/2022:15:30:30 -0700] "GET /2test/wp-content/plugins/learnpress/assets/js/vendor/plugins.all.min.js?ver=3.2.6.7 HTTP/1.1" 200 50121 "-" "Mozilla/5.0 (compatible; AhrefsBot/7.0; +http://ahrefs.com/robot/)" "savemoki.com"
51.222.253.17 - - [05/Sep/2022:15:30:30 -0700] "GET /sitebuilder/images/navbar-5-inactive-01203.png HTTP/1.1" 200 1695 "-" "Mozilla/5.0 (compatible; AhrefsBot/7.0; +http://ahrefs.com/robot/)" "savemoki.com"
51.222.253.19 - - [05/Sep/2022:15:30:31 -0700] "GET /2test/wp-includes/js/jquery/jquery-migrate.min.js?ver=1.4.1 HTTP/1.1" 200 4014 "-" "Mozilla/5.0 (compatible; AhrefsBot/7.0; +http://ahrefs.com/robot/)" "savemoki.com"
51.222.253.1 - - [05/Sep/2022:15:30:31 -0700] "GET /2test/wp-includes/js/wp-embed.min.js?ver=5.4.11 HTTP/1.1" 200 765 "-" "Mozilla/5.0 (compatible; AhrefsBot/7.0; +http://ahrefs.com/robot/)" "savemoki.com"
51.222.253.2 - - [05/Sep/2022:15:30:32 -0700] "GET /2test/wp-content/plugins/learnpress/assets/js/global.min.js?ver=3.2.6.7 HTTP/1.1" 200 454 "-" "Mozilla/5.0 (compatible; AhrefsBot/7.0; +http://ahrefs.com/robot/)" "savemoki.com"
51.222.253.5 - - [05/Sep/2022:15:30:33 -0700] "GET /2test/wp-content/themes/kids-campus/css/responsive.css?ver=5.4.11 HTTP/1.1" 200 1780 "-" "Mozilla/5.0 (compatible; AhrefsBot/7.0; +http://ahrefs.com/robot/)" "savemoki.com"
51.222.253.20 - - [05/Sep/2022:15:30:33 -0700] "GET /2test/wp-content/themes/kids-campus/fontsawesome/css/fontawesome-all.css?ver=5.4.11 HTTP/1.1" 200 9485 "-" "Mozilla/5.0 (compatible; AhrefsBot/7.0; +http://ahrefs.com/robot/)" "savemoki.com"
51.222.253.5 - - [05/Sep/2022:15:30:57 -0700] "GET /sitebuilder/images/navbar-9-inactive-19531.png HTTP/1.1" 200 1705 "-" "Mozilla/5.0 (compatible; AhrefsBot/7.0; +http://ahrefs.com/robot/)" "savemoki.com"
51.222.253.14 - - [05/Sep/2022:15:30:58 -0700] "GET /sitebuilder/images/Sick_Moki-438x286.jpg HTTP/1.1" 200 22144 "-" "Mozilla/5.0 (compatible; AhrefsBot/7.0; +http://ahrefs.com/robot/)" "savemoki.com"
51.222.253.1 - - [05/Sep/2022:15:30:58 -0700] "GET /sitebuilder/images/navbar-1-active-00640.png HTTP/1.1" 200 1633 "-" "Mozilla/5.0 (compatible; AhrefsBot/7.0; +http://ahrefs.com/robot/)" "savemoki.com"
51.222.253.9 - - [05/Sep/2022:15:30:59 -0700] "GET /clipart/lines/horizontal/blue_wave_top.gif HTTP/1.1" 200 3687 "-" "Mozilla/5.0 (compatible; AhrefsBot/7.0; +http://ahrefs.com/robot/)" "savemoki.com"
51.222.253.9 - - [05/Sep/2022:15:31:13 -0700] "GET /sitebuilder/images/navbar-8-inactive-19390.png HTTP/1.1" 200 1736 "-" "Mozilla/5.0 (compatible; AhrefsBot/7.0; +http://ahrefs.com/robot/)" "savemoki.com"
51.222.253.8 - - [05/Sep/2022:15:31:14 -0700] "GET /sitebuilder/images/navbar-10-inactive-19687.png HTTP/1.1" 200 1761 "-" "Mozilla/5.0 (compatible; AhrefsBot/7.0; +http://ahrefs.com/robot/)" "savemoki.com"
216.244.66.249 - - [05/Sep/2022:15:34:31 -0700] "GET /robots.txt HTTP/1.1" 200 39 "-" "Mozilla/5.0 (compatible; DotBot/1.2; +https://opensiteexplorer.org/dotbot; help@moz.com)" "www.savemoki.com"
216.244.66.249 - - [05/Sep/2022:15:34:31 -0700] "GET /robots.txt HTTP/1.1" 200 39 "-" "Mozilla/5.0 (compatible; DotBot/1.2; +https://opensiteexplorer.org/dotbot; help@moz.com)" "savemoki.com"
51.222.253.16 - - [05/Sep/2022:15:42:24 -0700] "GET /Mokislabpage3.html HTTP/1.1" 200 3826 "-" "Mozilla/5.0 (compatible; AhrefsBot/7.0; +http://ahrefs.com/robot/)" "savemoki.com"
51.222.253.12 - - [05/Sep/2022:15:42:26 -0700] "GET /sitebuilder/images/inactive.gif HTTP/1.1" 200 714 "-" "Mozilla/5.0 (compatible; AhrefsBot/7.0; +http://ahrefs.com/robot/)" "savemoki.com"
51.222.253.4 - - [05/Sep/2022:15:42:26 -0700] "GET /sitebuilder/images/navbar-6-inactive-85593.png HTTP/1.1" 200 831 "-" "Mozilla/5.0 (compatible; AhrefsBot/7.0; +http://ahrefs.com/robot/)" "savemoki.com"
51.222.253.17 - - [05/Sep/2022:15:42:27 -0700] "GET /Mokislabpage3.html HTTP/1.1" 200 3826 "-" "Mozilla/5.0 (compatible; AhrefsBot/7.0; +http://ahrefs.com/robot/)" "savemoki.com"
51.222.253.4 - - [05/Sep/2022:15:42:27 -0700] "GET /sitebuilder/images/navbar-5-inactive-85500.png HTTP/1.1" 200 827 "-" "Mozilla/5.0 (compatible; AhrefsBot/7.0; +http://ahrefs.com/robot/)" "savemoki.com"
51.222.253.17 - - [05/Sep/2022:15:42:28 -0700] "GET /sitebuilder/images/Lab_10-449x600.jpg HTTP/1.1" 200 34657 "-" "Mozilla/5.0 (compatible; AhrefsBot/7.0; +http://ahrefs.com/robot/)" "savemoki.com"
51.222.253.12 - - [05/Sep/2022:15:42:28 -0700] "GET /sitebuilder/images/navbar-6-inactive-08687.png HTTP/1.1" 200 699 "-" "Mozilla/5.0 (compatible; AhrefsBot/7.0; +http://ahrefs.com/robot/)" "savemoki.com"
51.222.253.17 - - [05/Sep/2022:15:42:29 -0700] "GET /sitebuilder/images/navbar-7-active-85687.png HTTP/1.1" 200 544 "-" "Mozilla/5.0 (compatible; AhrefsBot/7.0; +http://ahrefs.com/robot/)" "savemoki.com"
51.222.253.5 - - [05/Sep/2022:15:42:30 -0700] "GET /sitebuilder/images/navbar-0-inactive-07953.png HTTP/1.1" 200 558 "-" "Mozilla/5.0 (compatible; AhrefsBot/7.0; +http://ahrefs.com/robot/)" "savemoki.com"
51.222.253.3 - - [05/Sep/2022:15:42:31 -0700] "GET /sitebuilder/images/navbar-1-inactive-08062.png HTTP/1.1" 200 660 "-" "Mozilla/5.0 (compatible; AhrefsBot/7.0; +http://ahrefs.com/robot/)" "savemoki.com"
51.222.253.13 - - [05/Sep/2022:15:42:36 -0700] "GET /sitebuilder/images/navbar-3-inactive-08187.png HTTP/1.1" 200 738 "-" "Mozilla/5.0 (compatible; AhrefsBot/7.0; +http://ahrefs.com/robot/)" "savemoki.com"
51.222.253.2 - - [05/Sep/2022:15:42:36 -0700] "GET /clipart/pageHeaders/yellow_rose_on_blue.jpg HTTP/1.1" 200 16940 "-" "Mozilla/5.0 (compatible; AhrefsBot/7.0; +http://ahrefs.com/robot/)" "savemoki.com"
51.222.253.3 - - [05/Sep/2022:15:42:37 -0700] "GET /sitebuilder/images/navbar-8-inactive-08812.png HTTP/1.1" 200 630 "-" "Mozilla/5.0 (compatible; AhrefsBot/7.0; +http://ahrefs.com/robot/)" "savemoki.com"
51.222.253.4 - - [05/Sep/2022:15:42:37 -0700] "GET /sitebuilder/images/navbar-2-inactive-08125.png HTTP/1.1" 200 660 "-" "Mozilla/5.0 (compatible; AhrefsBot/7.0; +http://ahrefs.com/robot/)" "savemoki.com"
51.222.253.9 - - [05/Sep/2022:15:42:38 -0700] "GET /clipart/images/sidebars/flower_blue_green.jpg HTTP/1.1" 200 9491 "-" "Mozilla/5.0 (compatible; AhrefsBot/7.0; +http://ahrefs.com/robot/)" "savemoki.com"
51.222.253.3 - - [05/Sep/2022:15:42:38 -0700] "GET /sitebuilder/images/navbar-6-inactive-43968.png HTTP/1.1" 200 568 "-" "Mozilla/5.0 (compatible; AhrefsBot/7.0; +http://ahrefs.com/robot/)" "savemoki.com"
114.119.134.192 - - [05/Sep/2022:15:45:33 -0700] "GET /clipart/buttons/themes/rectangle_yellow?D=D HTTP/1.1" 301 1437 "https://savemoki.com/clipart/buttons/themes/rectangle_yellow?D=A" "Mozilla/5.0 (Linux; Android 7.0;) AppleWebKit/537.36 (KHTML, like Gecko) Mobile Safari/537.36 (compatible; PetalBot;+https://webmaster.petalsearch.com/site/petalbot)" "savemoki.com"
114.119.134.192 - - [05/Sep/2022:15:45:35 -0700] "GET /clipart/buttons/themes/rectangle_yellow/?D=D HTTP/1.1" 200 427 "https://savemoki.com/clipart/buttons/themes/rectangle_yellow?D=A" "Mozilla/5.0 (Linux; Android 7.0;) AppleWebKit/537.36 (KHTML, like Gecko) Mobile Safari/537.36 (compatible; PetalBot;+https://webmaster.petalsearch.com/site/petalbot)" "savemoki.com"
51.222.253.12 - - [05/Sep/2022:15:51:05 -0700] "GET /clipart/backgrounds/?C=M;O=D HTTP/1.1" 200 364 "-" "Mozilla/5.0 (compatible; AhrefsBot/7.0; +http://ahrefs.com/robot/)" "savemoki.com"
114.119.134.192 - - [05/Sep/2022:15:51:16 -0700] "GET /home HTTP/1.1" 200 5367 "https://www.savemoki.com/yahoo_site_admin/" "Mozilla/5.0 (Linux; Android 7.0;) AppleWebKit/537.36 (KHTML, like Gecko) Mobile Safari/537.36 (compatible; PetalBot;+https://webmaster.petalsearch.com/site/petalbot)" "www.savemoki.com"
154.54.249.194 - - [05/Sep/2022:15:51:36 -0700] "GET /2test/index.php/courses/sample-course/lessons/lesson-52/ HTTP/1.1" 404 18320 "-" "Mozilla/5.0 (compatible; Barkrowler/0.9; +https://babbar.tech/crawler)" "savemoki.com"
10.213.116.63 - - [05/Sep/2022:15:51:39 -0700] "POST /2test/wp-cron.php?doing_wp_cron=1662418299.3766679763793945312500 HTTP/1.1" 200 - "https://savemoki.com/2test/wp-cron.php?doing_wp_cron=1662418299.3766679763793945312500" "WordPress/5.4.11; https://savemoki.com/2test" "savemoki.com"
50.21.188.74 - - [05/Sep/2022:15:55:53 -0700] "GET /robots.txt HTTP/1.1" 200 55 "-" "IonCrawl (https://www.ionos.de/terms-gtc/faq-crawler-en/)" "savemoki.com"
157.55.39.181 - - [05/Sep/2022:15:56:55 -0700] "GET /updates_on_special_friends.html HTTP/1.1" 404 88 "-" "Mozilla/5.0 (compatible; bingbot/2.0; +http://www.bing.com/bingbot.htm)" "savemoki.com"
114.119.139.148 - - [05/Sep/2022:15:57:19 -0700] "GET /files?S=A HTTP/1.1" 301 1412 "https://savemoki.com/files?N=A" "Mozilla/5.0 (Linux; Android 7.0;) AppleWebKit/537.36 (KHTML, like Gecko) Mobile Safari/537.36 (compatible; PetalBot;+https://webmaster.petalsearch.com/site/petalbot)" "savemoki.com"
114.119.139.148 - - [05/Sep/2022:15:57:20 -0700] "GET /files/?S=A HTTP/1.1" 200 380 "https://savemoki.com/files?N=A" "Mozilla/5.0 (Linux; Android 7.0;) AppleWebKit/537.36 (KHTML, like Gecko) Mobile Safari/537.36 (compatible; PetalBot;+https://webmaster.petalsearch.com/site/petalbot)" "savemoki.com"
50.21.188.104 - - [05/Sep/2022:15:57:58 -0700] "GET /sitemap.xml HTTP/1.1" 200 251 "-" "IonCrawl (https://www.ionos.de/terms-gtc/faq-crawler-en/)" "savemoki.com"
50.21.188.104 - - [05/Sep/2022:15:58:00 -0700] "GET / HTTP/1.1" 200 1287 "-" "IonCrawl (https://www.ionos.de/terms-gtc/faq-crawler-en/)" "savemoki.com"
50.21.188.104 - - [05/Sep/2022:15:58:01 -0700] "GET /wp-admin/admin-ajax.php HTTP/1.1" 404 88 "-" "IonCrawl (https://www.ionos.de/terms-gtc/faq-crawler-en/)" "savemoki.com"
51.222.253.2 - - [05/Sep/2022:15:59:33 -0700] "GET /images/?C=M;O=D HTTP/1.1" 200 2174 "-" "Mozilla/5.0 (compatible; AhrefsBot/7.0; +http://ahrefs.com/robot/)" "www.savemoki.com"
50.21.188.74 - - [05/Sep/2022:16:02:18 -0700] "GET /contact_us.html HTTP/1.1" 200 4002 "-" "IonCrawl (https://www.ionos.de/terms-gtc/faq-crawler-en/)" "savemoki.com"
50.21.188.94 - - [05/Sep/2022:16:02:29 -0700] "GET /Links_Feline_Health.html HTTP/1.1" 200 10246 "-" "IonCrawl (https://www.ionos.de/terms-gtc/faq-crawler-en/)" "savemoki.com"
50.21.188.64 - - [05/Sep/2022:16:02:30 -0700] "GET /Links.html HTTP/1.1" 200 8682 "-" "IonCrawl (https://www.ionos.de/terms-gtc/faq-crawler-en/)" "savemoki.com"
50.21.188.74 - - [05/Sep/2022:16:02:31 -0700] "GET /Mokislabpage3.html HTTP/1.1" 200 3826 "-" "IonCrawl (https://www.ionos.de/terms-gtc/faq-crawler-en/)" "savemoki.com"
50.21.188.94 - - [05/Sep/2022:16:02:31 -0700] "GET /?C=N;O=D HTTP/1.1" 200 1300 "-" "IonCrawl (https://www.ionos.de/terms-gtc/faq-crawler-en/)" "savemoki.com"
50.21.188.64 - - [05/Sep/2022:16:02:31 -0700] "GET /Bud.html HTTP/1.1" 200 1820 "-" "IonCrawl (https://www.ionos.de/terms-gtc/faq-crawler-en/)" "savemoki.com"
50.21.188.94 - - [05/Sep/2022:16:02:32 -0700] "GET /New4.html HTTP/1.1" 200 1117 "-" "IonCrawl (https://www.ionos.de/terms-gtc/faq-crawler-en/)" "savemoki.com"
50.21.188.84 - - [05/Sep/2022:16:02:32 -0700] "GET /Donate HTTP/1.1" 200 2982 "-" "IonCrawl (https://www.ionos.de/terms-gtc/faq-crawler-en/)" "savemoki.com"
50.21.188.94 - - [05/Sep/2022:16:02:33 -0700] "GET /?C=D;O=A HTTP/1.1" 200 1287 "-" "IonCrawl (https://www.ionos.de/terms-gtc/faq-crawler-en/)" "savemoki.com"
50.21.188.74 - - [05/Sep/2022:16:02:35 -0700] "GET /New2.html HTTP/1.1" 200 561 "-" "IonCrawl (https://www.ionos.de/terms-gtc/faq-crawler-en/)" "savemoki.com"
50.21.188.64 - - [05/Sep/2022:16:02:36 -0700] "GET /?C=S;O=A HTTP/1.1" 200 1257 "-" "IonCrawl (https://www.ionos.de/terms-gtc/faq-crawler-en/)" "savemoki.com"
50.21.188.94 - - [05/Sep/2022:16:02:37 -0700] "GET /New1.html HTTP/1.1" 200 425 "-" "IonCrawl (https://www.ionos.de/terms-gtc/faq-crawler-en/)" "savemoki.com"
50.21.188.64 - - [05/Sep/2022:16:02:38 -0700] "GET /New3.html HTTP/1.1" 200 425 "-" "IonCrawl (https://www.ionos.de/terms-gtc/faq-crawler-en/)" "savemoki.com"
50.21.188.104 - - [05/Sep/2022:16:02:39 -0700] "GET /Other_Cats_In_Need.html HTTP/1.1" 200 6033 "-" "IonCrawl (https://www.ionos.de/terms-gtc/faq-crawler-en/)" "savemoki.com"
50.21.188.84 - - [05/Sep/2022:16:02:40 -0700] "GET /Mokis_Medical_Records.html HTTP/1.1" 200 5014 "-" "IonCrawl (https://www.ionos.de/terms-gtc/faq-crawler-en/)" "savemoki.com"
50.21.188.64 - - [05/Sep/2022:16:02:40 -0700] "GET /Mokis_Videos.html HTTP/1.1" 200 5528 "-" "IonCrawl (https://www.ionos.de/terms-gtc/faq-crawler-en/)" "savemoki.com"
50.21.188.104 - - [05/Sep/2022:16:02:40 -0700] "GET /Mokis_friends.html HTTP/1.1" 200 5925 "-" "IonCrawl (https://www.ionos.de/terms-gtc/faq-crawler-en/)" "savemoki.com"
50.21.188.94 - - [05/Sep/2022:16:02:41 -0700] "GET /Mokis_Story.html HTTP/1.1" 200 11607 "-" "IonCrawl (https://www.ionos.de/terms-gtc/faq-crawler-en/)" "savemoki.com"
50.21.188.64 - - [05/Sep/2022:16:02:41 -0700] "GET /Mokislabpage1.html HTTP/1.1" 200 4020 "-" "IonCrawl (https://www.ionos.de/terms-gtc/faq-crawler-en/)" "savemoki.com"
50.21.188.104 - - [05/Sep/2022:16:02:41 -0700] "GET /Announcements.html HTTP/1.1" 200 5728 "-" "IonCrawl (https://www.ionos.de/terms-gtc/faq-crawler-en/)" "savemoki.com"
50.21.188.74 - - [05/Sep/2022:16:02:42 -0700] "GET /MedicalRecord.html HTTP/1.1" 200 4796 "-" "IonCrawl (https://www.ionos.de/terms-gtc/faq-crawler-en/)" "savemoki.com"
50.21.188.104 - - [05/Sep/2022:16:02:43 -0700] "GET /?C=M;O=A HTTP/1.1" 200 1284 "-" "IonCrawl (https://www.ionos.de/terms-gtc/faq-crawler-en/)" "savemoki.com"
50.21.188.84 - - [05/Sep/2022:16:02:43 -0700] "GET /Mokismedicalsec.html HTTP/1.1" 200 3973 "-" "IonCrawl (https://www.ionos.de/terms-gtc/faq-crawler-en/)" "savemoki.com"
50.21.188.94 - - [05/Sep/2022:16:02:44 -0700] "GET /Feline_health.html HTTP/1.1" 200 8098 "-" "IonCrawl (https://www.ionos.de/terms-gtc/faq-crawler-en/)" "savemoki.com"
50.21.188.74 - - [05/Sep/2022:16:02:44 -0700] "GET /Mokislabpage2.html HTTP/1.1" 200 4057 "-" "IonCrawl (https://www.ionos.de/terms-gtc/faq-crawler-en/)" "savemoki.com"
50.21.188.84 - - [05/Sep/2022:16:02:45 -0700] "GET /Mokis_Labwork.html HTTP/1.1" 200 4943 "-" "IonCrawl (https://www.ionos.de/terms-gtc/faq-crawler-en/)" "savemoki.com"
50.21.188.64 - - [05/Sep/2022:16:02:45 -0700] "GET /Cartoon_Pet_Pills.html HTTP/1.1" 200 598 "-" "IonCrawl (https://www.ionos.de/terms-gtc/faq-crawler-en/)" "savemoki.com"
50.21.188.84 - - [05/Sep/2022:16:02:46 -0700] "GET /Shop.html HTTP/1.1" 200 2842 "-" "IonCrawl (https://www.ionos.de/terms-gtc/faq-crawler-en/)" "savemoki.com"
50.21.188.94 - - [05/Sep/2022:16:02:42 -0700] "GET /2test/ HTTP/1.1" 200 20491 "-" "IonCrawl (https://www.ionos.de/terms-gtc/faq-crawler-en/)" "savemoki.com"
51.222.253.13 - - [05/Sep/2022:16:08:18 -0700] "GET /photo_album.html HTTP/1.1" 200 6353 "-" "Mozilla/5.0 (compatible; AhrefsBot/7.0; +http://ahrefs.com/robot/)" "savemoki.com"
114.119.134.192 - - [05/Sep/2022:16:08:30 -0700] "GET /clipart/lines/horizontal?M=D HTTP/1.1" 301 1425 "https://savemoki.com/clipart/lines/horizontal?M=A" "Mozilla/5.0 (Linux; Android 7.0;) AppleWebKit/537.36 (KHTML, like Gecko) Mobile Safari/537.36 (compatible; PetalBot;+https://webmaster.petalsearch.com/site/petalbot)" "savemoki.com"
114.119.134.192 - - [05/Sep/2022:16:08:33 -0700] "GET /clipart/lines/horizontal/?M=D HTTP/1.1" 200 408 "https://savemoki.com/clipart/lines/horizontal?M=A" "Mozilla/5.0 (Linux; Android 7.0;) AppleWebKit/537.36 (KHTML, like Gecko) Mobile Safari/537.36 (compatible; PetalBot;+https://webmaster.petalsearch.com/site/petalbot)" "savemoki.com"
45.10.167.58 - - [05/Sep/2022:16:16:10 -0700] "GET /Links.html HTTP/1.1" 200 83209 "https://savemoki.com/Links.html" "Mozilla/5.0 (Windows NT 6.1; WOW64) AppleWebKit/537.36 (KHTML, like Gecko) Chrome/90.0.4430.72 Safari/537.36" "savemoki.com"
51.222.253.15 - - [05/Sep/2022:16:16:38 -0700] "GET /Announcements.html HTTP/1.1" 200 5728 "-" "Mozilla/5.0 (compatible; AhrefsBot/7.0; +http://ahrefs.com/robot/)" "savemoki.com"
51.222.253.13 - - [05/Sep/2022:16:16:44 -0700] "GET /sitebuilder/images/recyclefundraiser_1_-198x208.jpg HTTP/1.1" 200 10675 "-" "Mozilla/5.0 (compatible; AhrefsBot/7.0; +http://ahrefs.com/robot/)" "savemoki.com"
51.222.253.16 - - [05/Sep/2022:16:16:44 -0700] "GET /images/phithetacecil.jpg HTTP/1.1" 200 13530 "-" "Mozilla/5.0 (compatible; AhrefsBot/7.0; +http://ahrefs.com/robot/)" "savemoki.com"
51.222.253.4 - - [05/Sep/2022:16:16:45 -0700] "GET /sitebuilder/images/header_1-223x1841.jpg HTTP/1.1" 200 10993 "-" "Mozilla/5.0 (compatible; AhrefsBot/7.0; +http://ahrefs.com/robot/)" "savemoki.com"
54.36.148.45 - - [05/Sep/2022:16:25:44 -0700] "GET /robots.txt HTTP/1.1" 200 55 "-" "Mozilla/5.0 (compatible; AhrefsBot/7.0; +http://ahrefs.com/robot/)" "savemoki.com"
114.119.134.192 - - [05/Sep/2022:16:25:44 -0700] "GET /clipart/lines/horizontal/?C=M%3BO%3DA HTTP/1.1" 200 408 "https://savemoki.com/clipart/lines/horizontal?C=D%3BO%3DA" "Mozilla/5.0 (Linux; Android 7.0;) AppleWebKit/537.36 (KHTML, like Gecko) Mobile Safari/537.36 (compatible; PetalBot;+https://webmaster.petalsearch.com/site/petalbot)" "savemoki.com"
51.222.253.14 - - [05/Sep/2022:16:25:46 -0700] "GET /?C=M;O=A HTTP/1.1" 200 1284 "-" "Mozilla/5.0 (compatible; AhrefsBot/7.0; +http://ahrefs.com/robot/)" "savemoki.com"
92.207.253.226 - - [05/Sep/2022:16:33:00 -0700] "GET /blog1/2015/05/07/test-post/ HTTP/1.1" 404 73 "http://savemoki.com/blog1/2015/05/07/test-post/" "Mozilla/5.0 (Windows NT 6.1; ) AppleWebKit/537.36 (KHTML, like Gecko) Chrome/90.0.4430.85 Safari/537.36" "savemoki.com"
92.207.253.226 - - [05/Sep/2022:16:33:16 -0700] "GET / HTTP/1.1" 200 7350 "http://savemoki.com/" "Mozilla/5.0 (Windows NT 6.1; ) AppleWebKit/537.36 (KHTML, like Gecko) Chrome/90.0.4430.85 Safari/537.36" "savemoki.com"
51.222.253.15 - - [05/Sep/2022:16:34:40 -0700] "GET /Bud.html HTTP/1.1" 200 1820 "-" "Mozilla/5.0 (compatible; AhrefsBot/7.0; +http://ahrefs.com/robot/)" "savemoki.com"
114.119.156.133 - - [05/Sep/2022:16:37:19 -0700] "GET /blog/wp-content/themes/themeforest-625914-ice-theme-powerful-wordpress-theme-1/sample%20content/contact_form.txt HTTP/1.1" 200 137 "https://www.savemoki.com/blog/wp-content/themes/themeforest-625914-ice-theme-powerful-wordpress-theme-1/sample%20content?C=S%3BO%3DA" "Mozilla/5.0 (Linux; Android 7.0;) AppleWebKit/537.36 (KHTML, like Gecko) Mobile Safari/537.36 (compatible; PetalBot;+https://webmaster.petalsearch.com/site/petalbot)" "www.savemoki.com"
216.244.66.249 - - [05/Sep/2022:16:37:39 -0700] "GET /robots.txt HTTP/1.1" 200 39 "-" "Mozilla/5.0 (compatible; DotBot/1.2; +https://opensiteexplorer.org/dotbot; help@moz.com)" "savemoki.com"
216.244.66.249 - - [05/Sep/2022:16:37:39 -0700] "GET /robots.txt HTTP/1.1" 200 39 "-" "Mozilla/5.0 (compatible; DotBot/1.2; +https://opensiteexplorer.org/dotbot; help@moz.com)" "www.savemoki.com"
114.119.139.183 - - [05/Sep/2022:16:43:06 -0700] "GET /contact_us.html HTTP/1.1" 200 4002 "http://www.savemoki.com/Mokislabpage2.html" "Mozilla/5.0 (Linux; Android 7.0;) AppleWebKit/537.36 (KHTML, like Gecko) Mobile Safari/537.36 (compatible; PetalBot;+https://webmaster.petalsearch.com/site/petalbot)" "www.savemoki.com"
51.222.253.6 - - [05/Sep/2022:16:43:28 -0700] "GET /Mokis_friends.html HTTP/1.1" 200 5925 "-" "Mozilla/5.0 (compatible; AhrefsBot/7.0; +http://ahrefs.com/robot/)" "savemoki.com"
114.119.139.183 - - [05/Sep/2022:16:48:54 -0700] "GET /?C=N%3BO%3DD HTTP/1.1" 200 1287 "https://www.savemoki.com?C=S%3BO%3DA" "Mozilla/5.0 (Linux; Android 7.0;) AppleWebKit/537.36 (KHTML, like Gecko) Mobile Safari/537.36 (compatible; PetalBot;+https://webmaster.petalsearch.com/site/petalbot)" "www.savemoki.com"
37.139.53.84 - - [05/Sep/2022:16:53:17 -0700] "GET /contact_us.html HTTP/1.1" 200 18024 "http://savemoki.com/contact_us.html" "Mozilla/5.0 (Windows NT 6.3; WOW64) AppleWebKit/537.36 (KHTML, like Gecko) Chrome/83.0.4103.61 Safari/537.36" "savemoki.com"
114.119.156.133 - - [05/Sep/2022:16:54:45 -0700] "GET /files?M=A HTTP/1.1" 301 1412 "https://savemoki.com/files?N=A" "Mozilla/5.0 (Linux; Android 7.0;) AppleWebKit/537.36 (KHTML, like Gecko) Mobile Safari/537.36 (compatible; PetalBot;+https://webmaster.petalsearch.com/site/petalbot)" "savemoki.com"
114.119.156.133 - - [05/Sep/2022:16:54:48 -0700] "GET /files/?M=A HTTP/1.1" 200 380 "https://savemoki.com/files?N=A" "Mozilla/5.0 (Linux; Android 7.0;) AppleWebKit/537.36 (KHTML, like Gecko) Mobile Safari/537.36 (compatible; PetalBot;+https://webmaster.petalsearch.com/site/petalbot)" "savemoki.com"
161.97.85.148 - - [05/Sep/2022:16:54:55 -0700] "GET /blog1/2015/05/07/test-post/ HTTP/1.1" 404 73 "http://savemoki.com/blog1/2015/05/07/test-post/" "Mozilla/5.0 (Windows NT 10.0; Win64; x64) AppleWebKit/537.36 (KHTML, like Gecko) Chrome/90.0.4430.85 Safari/537.36 Edg/90.0.818.46" "savemoki.com"
161.97.85.148 - - [05/Sep/2022:16:54:55 -0700] "GET / HTTP/1.1" 200 7350 "http://savemoki.com/" "Mozilla/5.0 (Windows NT 10.0; Win64; x64) AppleWebKit/537.36 (KHTML, like Gecko) Chrome/90.0.4430.85 Safari/537.36 Edg/90.0.818.46" "savemoki.com"
161.97.85.148 - - [05/Sep/2022:16:54:56 -0700] "GET /blog/ HTTP/1.1" 200 698 "http://savemoki.com/blog/" "Mozilla/5.0 (Windows NT 10.0; Win64; x64) AppleWebKit/537.36 (KHTML, like Gecko) Chrome/90.0.4430.85 Safari/537.36 Edg/90.0.818.46" "savemoki.com"
114.119.150.37 - - [05/Sep/2022:16:57:08 -0700] "GET /robots.txt HTTP/1.1" 200 55 "-" "Mozilla/5.0 (compatible;PetalBot;+https://webmaster.petalsearch.com/site/petalbot)" "savemoki.com"
157.55.39.192 - - [05/Sep/2022:17:04:19 -0700] "GET /media/ HTTP/1.1" 200 396 "-" "Mozilla/5.0 (compatible; bingbot/2.0; +http://www.bing.com/bingbot.htm)" "savemoki.com"
114.119.156.133 - - [05/Sep/2022:17:06:34 -0700] "GET /images?C=D%3BO%3DA HTTP/1.1" 301 1421 "https://savemoki.com/images?M=A" "Mozilla/5.0 (Linux; Android 7.0;) AppleWebKit/537.36 (KHTML, like Gecko) Mobile Safari/537.36 (compatible; PetalBot;+https://webmaster.petalsearch.com/site/petalbot)" "savemoki.com"
114.119.156.133 - - [05/Sep/2022:17:06:34 -0700] "GET /images/?C=D%3BO%3DA HTTP/1.1" 200 2158 "https://savemoki.com/images?M=A" "Mozilla/5.0 (Linux; Android 7.0;) AppleWebKit/537.36 (KHTML, like Gecko) Mobile Safari/537.36 (compatible; PetalBot;+https://webmaster.petalsearch.com/site/petalbot)" "savemoki.com"
181.214.151.205 - - [05/Sep/2022:17:08:12 -0700] "GET /wp-login.php HTTP/1.1" 404 73 "http://savemoki.com/wp-login.php" "Mozilla/5.0 (Windows NT 6.1; WOW64) AppleWebKit/537.36 (KHTML, like Gecko) Chrome/90.0.4430.72 Safari/537.36" "savemoki.com"
181.214.151.205 - - [05/Sep/2022:17:08:12 -0700] "GET / HTTP/1.1" 200 7350 "http://savemoki.com/" "Mozilla/5.0 (Windows NT 6.1; WOW64) AppleWebKit/537.36 (KHTML, like Gecko) Chrome/90.0.4430.72 Safari/537.36" "savemoki.com"
181.214.151.205 - - [05/Sep/2022:17:08:13 -0700] "GET /blog/ HTTP/1.1" 200 698 "http://savemoki.com/blog/" "Mozilla/5.0 (Windows NT 6.1; WOW64) AppleWebKit/537.36 (KHTML, like Gecko) Chrome/90.0.4430.72 Safari/537.36" "savemoki.com"
181.214.151.205 - - [05/Sep/2022:17:08:13 -0700] "GET /blog/index.php HTTP/1.1" 404 73 "http://savemoki.com/index.php" "Mozilla/5.0 (Windows NT 6.1; WOW64) AppleWebKit/537.36 (KHTML, like Gecko) Chrome/90.0.4430.72 Safari/537.36" "savemoki.com"
181.214.151.205 - - [05/Sep/2022:17:08:13 -0700] "GET /index.php HTTP/1.1" 404 73 "http://savemoki.com/index.php" "Mozilla/5.0 (Windows NT 6.1; WOW64) AppleWebKit/537.36 (KHTML, like Gecko) Chrome/90.0.4430.72 Safari/537.36" "savemoki.com"
181.214.151.205 - - [05/Sep/2022:17:08:26 -0700] "GET /index.php HTTP/1.1" 404 73 "http://savemoki.com/index.php" "Mozilla/5.0 (Windows NT 6.1; WOW64) AppleWebKit/537.36 (KHTML, like Gecko) Chrome/90.0.4430.72 Safari/537.36" "savemoki.com"
154.54.249.194 - - [05/Sep/2022:17:09:17 -0700] "GET /2test/index.php/courses/sample-course/lessons/lesson-46/ HTTP/1.1" 404 18320 "-" "Mozilla/5.0 (compatible; Barkrowler/0.9; +https://babbar.tech/crawler)" "savemoki.com"
10.213.116.63 - - [05/Sep/2022:17:09:21 -0700] "POST /2test/wp-cron.php?doing_wp_cron=1662422961.1078588962554931640625 HTTP/1.1" 200 - "https://savemoki.com/2test/wp-cron.php?doing_wp_cron=1662422961.1078588962554931640625" "WordPress/5.4.11; https://savemoki.com/2test" "savemoki.com"
114.119.156.133 - - [05/Sep/2022:17:13:00 -0700] "GET /clipart/buttons/themes/rectangle_yellow/?C=N%3BO%3DD HTTP/1.1" 200 427 "https://www.savemoki.com/clipart/buttons/themes/rectangle_yellow/" "Mozilla/5.0 (Linux; Android 7.0;) AppleWebKit/537.36 (KHTML, like Gecko) Mobile Safari/537.36 (compatible; PetalBot;+https://webmaster.petalsearch.com/site/petalbot)" "www.savemoki.com"
114.119.145.134 - - [05/Sep/2022:17:18:12 -0700] "GET /robots.txt HTTP/1.1" 200 55 "-" "Mozilla/5.0 (compatible;PetalBot;+https://webmaster.petalsearch.com/site/petalbot)" "www.savemoki.com"
216.244.66.249 - - [05/Sep/2022:17:29:43 -0700] "GET /robots.txt HTTP/1.1" 200 39 "-" "Mozilla/5.0 (compatible; DotBot/1.2; +https://opensiteexplorer.org/dotbot; help@moz.com)" "www.savemoki.com"
114.119.139.183 - - [05/Sep/2022:17:31:01 -0700] "GET /images HTTP/1.1" 301 1406 "https://www.savemoki.com/?C=N%3BO%3DD" "Mozilla/5.0 (Linux; Android 7.0;) AppleWebKit/537.36 (KHTML, like Gecko) Mobile Safari/537.36 (compatible; PetalBot;+https://webmaster.petalsearch.com/site/petalbot)" "www.savemoki.com"
114.119.139.183 - - [05/Sep/2022:17:31:03 -0700] "GET /images/ HTTP/1.1" 200 2158 "https://www.savemoki.com/?C=N%3BO%3DD" "Mozilla/5.0 (Linux; Android 7.0;) AppleWebKit/537.36 (KHTML, like Gecko) Mobile Safari/537.36 (compatible; PetalBot;+https://webmaster.petalsearch.com/site/petalbot)" "www.savemoki.com"
51.222.253.9 - - [05/Sep/2022:17:32:07 -0700] "GET / HTTP/1.1" 200 1287 "-" "Mozilla/5.0 (compatible; AhrefsBot/7.0; +http://ahrefs.com/robot/)" "savemoki.com"
114.119.139.148 - - [05/Sep/2022:17:36:58 -0700] "GET /New4.html HTTP/1.1" 200 1117 "https://www.savemoki.com?C=S%3BO%3DA" "Mozilla/5.0 (Linux; Android 7.0;) AppleWebKit/537.36 (KHTML, like Gecko) Mobile Safari/537.36 (compatible; PetalBot;+https://webmaster.petalsearch.com/site/petalbot)" "www.savemoki.com"
51.222.253.2 - - [05/Sep/2022:17:43:52 -0700] "GET / HTTP/1.1" 200 1287 "-" "Mozilla/5.0 (compatible; AhrefsBot/7.0; +http://ahrefs.com/robot/)" "savemoki.com"
114.119.156.133 - - [05/Sep/2022:17:44:18 -0700] "GET /index.html.bak HTTP/1.1" 200 5368 "http://savemoki.com/" "Mozilla/5.0 (Linux; Android 7.0;) AppleWebKit/537.36 (KHTML, like Gecko) Mobile Safari/537.36 (compatible; PetalBot;+https://webmaster.petalsearch.com/site/petalbot)" "savemoki.com"
3.115.7.201 - - [05/Sep/2022:17:51:58 -0700] "GET /contact_us.html HTTP/1.1" 200 18024 "http://savemoki.com/contact_us.html" "Mozilla/5.0 (Windows NT 6.1) AppleWebKit/537.36 (KHTML, like Gecko) Chrome/90.0.4430.72 Safari/537.36" "savemoki.com"
114.119.139.183 - - [05/Sep/2022:17:54:52 -0700] "GET /Bud.html HTTP/1.1" 200 1820 "http://savemoki.com/" "Mozilla/5.0 (Linux; Android 7.0;) AppleWebKit/537.36 (KHTML, like Gecko) Mobile Safari/537.36 (compatible; PetalBot;+https://webmaster.petalsearch.com/site/petalbot)" "savemoki.com"
31.43.11.123 - - [05/Sep/2022:17:55:43 -0700] "GET /blog1/2015/05/07/test-post/ HTTP/1.1" 404 73 "http://savemoki.com/blog1/2015/05/07/test-post/" "Mozilla/5.0 (Windows NT 6.3; Win64; x64) AppleWebKit/537.36 (KHTML, like Gecko) Chrome/90.0.4430.85 Safari/537.36 Edg/90.0.818.49" "savemoki.com"
31.43.11.123 - - [05/Sep/2022:17:55:43 -0700] "GET / HTTP/1.1" 200 7350 "http://savemoki.com/" "Mozilla/5.0 (Windows NT 6.3; Win64; x64) AppleWebKit/537.36 (KHTML, like Gecko) Chrome/90.0.4430.85 Safari/537.36 Edg/90.0.818.49" "savemoki.com"
31.43.11.123 - - [05/Sep/2022:17:55:43 -0700] "GET /blog/ HTTP/1.1" 200 698 "http://savemoki.com/blog/" "Mozilla/5.0 (Windows NT 6.3; Win64; x64) AppleWebKit/537.36 (KHTML, like Gecko) Chrome/90.0.4430.85 Safari/537.36 Edg/90.0.818.49" "savemoki.com"
31.43.11.123 - - [05/Sep/2022:17:55:44 -0700] "GET /blog/contact_us.html HTTP/1.1" 404 73 "http://savemoki.com/blog/contact_us.html" "Mozilla/5.0 (Windows NT 6.3; Win64; x64) AppleWebKit/537.36 (KHTML, like Gecko) Chrome/90.0.4430.85 Safari/537.36 Edg/90.0.818.49" "savemoki.com"
31.43.11.123 - - [05/Sep/2022:17:55:44 -0700] "GET /contact_us.html HTTP/1.1" 200 18024 "http://savemoki.com/contact_us.html" "Mozilla/5.0 (Windows NT 6.3; Win64; x64) AppleWebKit/537.36 (KHTML, like Gecko) Chrome/90.0.4430.85 Safari/537.36 Edg/90.0.818.49" "savemoki.com"
51.222.253.15 - - [05/Sep/2022:17:56:11 -0700] "GET /clipart/buttons/themes/rectangle_yellow/?C=N;O=A HTTP/1.1" 200 427 "-" "Mozilla/5.0 (compatible; AhrefsBot/7.0; +http://ahrefs.com/robot/)" "savemoki.com"
114.119.156.133 - - [05/Sep/2022:18:00:49 -0700] "GET /sitebuilder/images?S=D HTTP/1.1" 301 1422 "https://www.savemoki.com/sitebuilder/images?S=A" "Mozilla/5.0 (Linux; Android 7.0;) AppleWebKit/537.36 (KHTML, like Gecko) Mobile Safari/537.36 (compatible; PetalBot;+https://webmaster.petalsearch.com/site/petalbot)" "www.savemoki.com"
114.119.156.133 - - [05/Sep/2022:18:00:50 -0700] "GET /sitebuilder/images/?S=D HTTP/1.1" 200 3814 "https://www.savemoki.com/sitebuilder/images?S=A" "Mozilla/5.0 (Linux; Android 7.0;) AppleWebKit/537.36 (KHTML, like Gecko) Mobile Safari/537.36 (compatible; PetalBot;+https://webmaster.petalsearch.com/site/petalbot)" "www.savemoki.com"
51.222.253.12 - - [05/Sep/2022:18:09:35 -0700] "GET /robots.txt HTTP/1.1" 200 55 "-" "Mozilla/5.0 (compatible; AhrefsBot/7.0; +http://ahrefs.com/robot/)" "www.savemoki.com"
51.222.253.11 - - [05/Sep/2022:18:09:36 -0700] "GET /clipart/pageHeaders/?C=S;O=D HTTP/1.1" 200 426 "-" "Mozilla/5.0 (compatible; AhrefsBot/7.0; +http://ahrefs.com/robot/)" "www.savemoki.com"
114.119.134.192 - - [05/Sep/2022:18:18:39 -0700] "GET /clipart/lines/horizontal?N=D HTTP/1.1" 301 1425 "https://savemoki.com/clipart/lines/horizontal?N=A" "Mozilla/5.0 (Linux; Android 7.0;) AppleWebKit/537.36 (KHTML, like Gecko) Mobile Safari/537.36 (compatible; PetalBot;+https://webmaster.petalsearch.com/site/petalbot)" "savemoki.com"
