51.222.253.10 - - [08/Oct/2022:21:59:33 -0700] "GET /blog/wp-content/themes/themeforest-625914-ice-theme-powerful-wordpress-theme-1/?C=S;O=D HTTP/1.1" 200 515 "-" "Mozilla/5.0 (compatible; AhrefsBot/7.0; +http://ahrefs.com/robot/)" "www.savemoki.com"
51.222.253.3 - - [08/Oct/2022:22:01:27 -0700] "GET /sitebuilder/scripts/?C=D;O=A HTTP/1.1" 200 373 "-" "Mozilla/5.0 (compatible; AhrefsBot/7.0; +http://ahrefs.com/robot/)" "savemoki.com"
51.222.253.5 - - [08/Oct/2022:22:03:23 -0700] "GET /sitebuilder/scripts/?C=S;O=A HTTP/1.1" 200 373 "-" "Mozilla/5.0 (compatible; AhrefsBot/7.0; +http://ahrefs.com/robot/)" "savemoki.com"
114.119.139.148 - - [08/Oct/2022:22:03:36 -0700] "GET /images?C=S%3BO%3DA HTTP/1.1" 301 1421 "https://savemoki.com/images?M=A" "Mozilla/5.0 (Linux; Android 7.0;) AppleWebKit/537.36 (KHTML, like Gecko) Mobile Safari/537.36 (compatible; PetalBot;+https://webmaster.petalsearch.com/site/petalbot)" "savemoki.com"
114.119.139.148 - - [08/Oct/2022:22:03:37 -0700] "GET /images/?C=S%3BO%3DA HTTP/1.1" 200 2158 "https://savemoki.com/images?M=A" "Mozilla/5.0 (Linux; Android 7.0;) AppleWebKit/537.36 (KHTML, like Gecko) Mobile Safari/537.36 (compatible; PetalBot;+https://webmaster.petalsearch.com/site/petalbot)" "savemoki.com"
51.222.253.18 - - [08/Oct/2022:22:05:17 -0700] "GET /images/ HTTP/1.1" 200 2158 "-" "Mozilla/5.0 (compatible; AhrefsBot/7.0; +http://ahrefs.com/robot/)" "www.savemoki.com"
51.222.253.19 - - [08/Oct/2022:22:07:07 -0700] "GET /clipart/buttons/themes/swoosh_blue/?C=M;O=D HTTP/1.1" 200 413 "-" "Mozilla/5.0 (compatible; AhrefsBot/7.0; +http://ahrefs.com/robot/)" "www.savemoki.com"
51.222.253.10 - - [08/Oct/2022:22:08:47 -0700] "GET /clipart/images/?C=D;O=A HTTP/1.1" 200 489 "-" "Mozilla/5.0 (compatible; AhrefsBot/7.0; +http://ahrefs.com/robot/)" "savemoki.com"
114.119.139.166 - - [08/Oct/2022:22:09:09 -0700] "GET /blog/wp-content/ HTTP/1.1" 200 359 "https://www.savemoki.com/blog/?C=M%3BO%3DA" "Mozilla/5.0 (Linux; Android 7.0;) AppleWebKit/537.36 (KHTML, like Gecko) Mobile Safari/537.36 (compatible; PetalBot;+https://webmaster.petalsearch.com/site/petalbot)" "www.savemoki.com"
51.222.253.4 - - [08/Oct/2022:22:10:35 -0700] "GET /images/?C=M;O=A HTTP/1.1" 200 2170 "-" "Mozilla/5.0 (compatible; AhrefsBot/7.0; +http://ahrefs.com/robot/)" "www.savemoki.com"
51.222.253.17 - - [08/Oct/2022:22:12:41 -0700] "GET /sitebuilder/scripts/?C=D;O=D HTTP/1.1" 200 370 "-" "Mozilla/5.0 (compatible; AhrefsBot/7.0; +http://ahrefs.com/robot/)" "www.savemoki.com"
114.119.139.166 - - [08/Oct/2022:22:14:41 -0700] "GET /clipart/buttons/themes/?C=D%3BO%3DA HTTP/1.1" 200 404 "https://savemoki.com/clipart/buttons/themes?C=S%3BO%3DA" "Mozilla/5.0 (Linux; Android 7.0;) AppleWebKit/537.36 (KHTML, like Gecko) Mobile Safari/537.36 (compatible; PetalBot;+https://webmaster.petalsearch.com/site/petalbot)" "savemoki.com"
51.222.253.6 - - [08/Oct/2022:22:15:02 -0700] "GET /2test/wp-login.php HTTP/1.1" 200 6069 "-" "Mozilla/5.0 (compatible; AhrefsBot/7.0; +http://ahrefs.com/robot/)" "savemoki.com"
51.222.253.14 - - [08/Oct/2022:22:17:24 -0700] "GET /blog/wp-content/themes/themeforest-625914-ice-theme-powerful-wordpress-theme-1/?C=M;O=D HTTP/1.1" 200 510 "-" "Mozilla/5.0 (compatible; AhrefsBot/7.0; +http://ahrefs.com/robot/)" "www.savemoki.com"
51.222.253.5 - - [08/Oct/2022:22:19:31 -0700] "GET /sitebuilder/scripts/?C=M;O=A HTTP/1.1" 200 373 "-" "Mozilla/5.0 (compatible; AhrefsBot/7.0; +http://ahrefs.com/robot/)" "savemoki.com"
114.119.139.148 - - [08/Oct/2022:22:20:13 -0700] "GET /clipart HTTP/1.1" 301 1410 "https://www.savemoki.com/clipart/images?M=D" "Mozilla/5.0 (Linux; Android 7.0;) AppleWebKit/537.36 (KHTML, like Gecko) Mobile Safari/537.36 (compatible; PetalBot;+https://webmaster.petalsearch.com/site/petalbot)" "www.savemoki.com"
114.119.139.148 - - [08/Oct/2022:22:20:15 -0700] "GET /clipart/ HTTP/1.1" 200 440 "https://www.savemoki.com/clipart/images?M=D" "Mozilla/5.0 (Linux; Android 7.0;) AppleWebKit/537.36 (KHTML, like Gecko) Mobile Safari/537.36 (compatible; PetalBot;+https://webmaster.petalsearch.com/site/petalbot)" "www.savemoki.com"
51.222.253.17 - - [08/Oct/2022:22:21:14 -0700] "GET /blog/wp-content/?C=S;O=D HTTP/1.1" 200 357 "-" "Mozilla/5.0 (compatible; AhrefsBot/7.0; +http://ahrefs.com/robot/)" "savemoki.com"
51.222.253.17 - - [08/Oct/2022:22:23:07 -0700] "GET /clipart/images/sidebars/?C=S;O=A HTTP/1.1" 200 432 "-" "Mozilla/5.0 (compatible; AhrefsBot/7.0; +http://ahrefs.com/robot/)" "savemoki.com"
51.222.253.4 - - [08/Oct/2022:22:24:56 -0700] "GET /navigation_bars/?C=M;O=D HTTP/1.1" 200 405 "-" "Mozilla/5.0 (compatible; AhrefsBot/7.0; +http://ahrefs.com/robot/)" "savemoki.com"
114.119.139.167 - - [08/Oct/2022:22:25:49 -0700] "GET /clipart/buttons/themes/swoosh_blue?S=A HTTP/1.1" 301 1435 "https://savemoki.com/clipart/buttons/themes/swoosh_blue?N=A" "Mozilla/5.0 (Linux; Android 7.0;) AppleWebKit/537.36 (KHTML, like Gecko) Mobile Safari/537.36 (compatible; PetalBot;+https://webmaster.petalsearch.com/site/petalbot)" "savemoki.com"
114.119.139.167 - - [08/Oct/2022:22:25:51 -0700] "GET /clipart/buttons/themes/swoosh_blue/?S=A HTTP/1.1" 200 418 "https://savemoki.com/clipart/buttons/themes/swoosh_blue?N=A" "Mozilla/5.0 (Linux; Android 7.0;) AppleWebKit/537.36 (KHTML, like Gecko) Mobile Safari/537.36 (compatible; PetalBot;+https://webmaster.petalsearch.com/site/petalbot)" "savemoki.com"
51.222.253.17 - - [08/Oct/2022:22:28:14 -0700] "GET / HTTP/1.1" 200 1286 "-" "Mozilla/5.0 (compatible; AhrefsBot/7.0; +http://ahrefs.com/robot/)" "savemoki.com"
51.222.253.17 - - [08/Oct/2022:22:29:51 -0700] "GET / HTTP/1.1" 200 1286 "-" "Mozilla/5.0 (compatible; AhrefsBot/7.0; +http://ahrefs.com/robot/)" "www.savemoki.com"
114.119.139.148 - - [08/Oct/2022:22:31:16 -0700] "GET /clipart/lines?C=D%3BO%3DA HTTP/1.1" 301 1427 "https://www.savemoki.com/clipart/lines?C=S%3BO%3DA" "Mozilla/5.0 (Linux; Android 7.0;) AppleWebKit/537.36 (KHTML, like Gecko) Mobile Safari/537.36 (compatible; PetalBot;+https://webmaster.petalsearch.com/site/petalbot)" "www.savemoki.com"
51.222.253.1 - - [08/Oct/2022:22:31:16 -0700] "GET /blog/wp-content/themes/themeforest-625914-ice-theme-powerful-wordpress-theme-1/sample%20content/?C=N;O=D HTTP/1.1" 200 570 "-" "Mozilla/5.0 (compatible; AhrefsBot/7.0; +http://ahrefs.com/robot/)" "www.savemoki.com"
114.119.139.148 - - [08/Oct/2022:22:31:18 -0700] "GET /clipart/lines/?C=D%3BO%3DA HTTP/1.1" 200 361 "https://www.savemoki.com/clipart/lines?C=S%3BO%3DA" "Mozilla/5.0 (Linux; Android 7.0;) AppleWebKit/537.36 (KHTML, like Gecko) Mobile Safari/537.36 (compatible; PetalBot;+https://webmaster.petalsearch.com/site/petalbot)" "www.savemoki.com"
51.222.253.7 - - [08/Oct/2022:22:32:35 -0700] "GET /2test/index.php/courses/kindergarten/ HTTP/1.1" 200 22526 "-" "Mozilla/5.0 (compatible; AhrefsBot/7.0; +http://ahrefs.com/robot/)" "savemoki.com"
10.213.116.64 - - [08/Oct/2022:22:32:39 -0700] "POST /2test/wp-cron.php?doing_wp_cron=1665293559.0274169445037841796875 HTTP/1.1" 200 - "https://savemoki.com/2test/wp-cron.php?doing_wp_cron=1665293559.0274169445037841796875" "WordPress/5.4.11; https://savemoki.com/2test" "savemoki.com"
136.169.138.65 - - [08/Oct/2022:22:33:23 -0700] "GET /contact_us.html HTTP/1.1" 200 18024 "http://savemoki.com/contact_us.html" "Mozilla/5.0 (Windows NT 10.0; Win64; x64) AppleWebKit/537.36 (KHTML, like Gecko) Chrome/90.0.4430.72 Safari/537.36" "savemoki.com"
51.222.253.11 - - [08/Oct/2022:22:34:06 -0700] "GET /clipart/buttons/themes/ HTTP/1.1" 200 404 "-" "Mozilla/5.0 (compatible; AhrefsBot/7.0; +http://ahrefs.com/robot/)" "savemoki.com"
51.222.253.16 - - [08/Oct/2022:22:35:38 -0700] "GET /clipart/pageHeaders/?C=S;O=A HTTP/1.1" 200 430 "-" "Mozilla/5.0 (compatible; AhrefsBot/7.0; +http://ahrefs.com/robot/)" "savemoki.com"
114.119.139.166 - - [08/Oct/2022:22:36:47 -0700] "GET /media?C=S%3BO%3DA HTTP/1.1" 301 1421 "https://savemoki.com/media?C=N%3BO%3DD" "Mozilla/5.0 (Linux; Android 7.0;) AppleWebKit/537.36 (KHTML, like Gecko) Mobile Safari/537.36 (compatible; PetalBot;+https://webmaster.petalsearch.com/site/petalbot)" "savemoki.com"
114.119.139.166 - - [08/Oct/2022:22:36:49 -0700] "GET /media/?C=S%3BO%3DA HTTP/1.1" 200 396 "https://savemoki.com/media?C=N%3BO%3DD" "Mozilla/5.0 (Linux; Android 7.0;) AppleWebKit/537.36 (KHTML, like Gecko) Mobile Safari/537.36 (compatible; PetalBot;+https://webmaster.petalsearch.com/site/petalbot)" "savemoki.com"
51.222.253.7 - - [08/Oct/2022:22:37:01 -0700] "GET /images/?C=D;O=A HTTP/1.1" 200 2158 "-" "Mozilla/5.0 (compatible; AhrefsBot/7.0; +http://ahrefs.com/robot/)" "www.savemoki.com"
51.222.253.5 - - [08/Oct/2022:22:38:26 -0700] "GET /blog/?C=S;O=A HTTP/1.1" 200 352 "-" "Mozilla/5.0 (compatible; AhrefsBot/7.0; +http://ahrefs.com/robot/)" "savemoki.com"
51.222.253.6 - - [08/Oct/2022:22:39:52 -0700] "GET /clipart/pageHeaders/?C=M;O=A HTTP/1.1" 200 430 "-" "Mozilla/5.0 (compatible; AhrefsBot/7.0; +http://ahrefs.com/robot/)" "savemoki.com"
51.222.253.8 - - [08/Oct/2022:22:41:19 -0700] "GET /clipart/lines/ HTTP/1.1" 200 361 "-" "Mozilla/5.0 (compatible; AhrefsBot/7.0; +http://ahrefs.com/robot/)" "www.savemoki.com"
114.119.139.167 - - [08/Oct/2022:22:42:19 -0700] "GET /blog/wp-content/themes/themeforest-625914-ice-theme-powerful-wordpress-theme-1/?C=N%3BO%3DD HTTP/1.1" 200 513 "https://www.savemoki.com/blog/wp-content/themes/themeforest-625914-ice-theme-powerful-wordpress-theme-1?C=D%3BO%3DA" "Mozilla/5.0 (Linux; Android 7.0;) AppleWebKit/537.36 (KHTML, like Gecko) Mobile Safari/537.36 (compatible; PetalBot;+https://webmaster.petalsearch.com/site/petalbot)" "www.savemoki.com"
51.222.253.10 - - [08/Oct/2022:22:42:52 -0700] "GET /blog/wp-content/themes/themeforest-625914-ice-theme-powerful-wordpress-theme-1/sample%20content/?C=D;O=A HTTP/1.1" 200 576 "-" "Mozilla/5.0 (compatible; AhrefsBot/7.0; +http://ahrefs.com/robot/)" "savemoki.com"
51.222.253.13 - - [08/Oct/2022:22:44:33 -0700] "GET /robots.txt HTTP/1.1" 200 55 "-" "Mozilla/5.0 (compatible; AhrefsBot/7.0; +http://ahrefs.com/robot/)" "savemoki.com"
51.222.253.16 - - [08/Oct/2022:22:44:35 -0700] "GET /clipart/pageHeaders/?C=D;O=A HTTP/1.1" 200 427 "-" "Mozilla/5.0 (compatible; AhrefsBot/7.0; +http://ahrefs.com/robot/)" "savemoki.com"
207.46.13.209 - - [08/Oct/2022:22:45:08 -0700] "GET /sitebuilder/images/Moki_s_1st_Halloween-225x191.jpg HTTP/1.1" 200 13250 "-" "Mozilla/5.0 (compatible; bingbot/2.0; +http://www.bing.com/bingbot.htm)" "www.savemoki.com"
51.222.253.6 - - [08/Oct/2022:22:46:06 -0700] "GET /blog/wp-content/themes/themeforest-625914-ice-theme-powerful-wordpress-theme-1/sample%20content/?C=M;O=A HTTP/1.1" 200 576 "-" "Mozilla/5.0 (compatible; AhrefsBot/7.0; +http://ahrefs.com/robot/)" "savemoki.com"
51.222.253.16 - - [08/Oct/2022:22:47:42 -0700] "GET /clipart/ HTTP/1.1" 200 440 "-" "Mozilla/5.0 (compatible; AhrefsBot/7.0; +http://ahrefs.com/robot/)" "www.savemoki.com"
114.119.139.167 - - [08/Oct/2022:22:47:50 -0700] "GET /clipart/buttons/themes?C=S%3BO%3DA HTTP/1.1" 301 1436 "https://www.savemoki.com/clipart/buttons/themes?C=D%3BO%3DA" "Mozilla/5.0 (Linux; Android 7.0;) AppleWebKit/537.36 (KHTML, like Gecko) Mobile Safari/537.36 (compatible; PetalBot;+https://webmaster.petalsearch.com/site/petalbot)" "www.savemoki.com"
114.119.139.167 - - [08/Oct/2022:22:47:51 -0700] "GET /clipart/buttons/themes/?C=S%3BO%3DA HTTP/1.1" 200 404 "https://www.savemoki.com/clipart/buttons/themes?C=D%3BO%3DA" "Mozilla/5.0 (Linux; Android 7.0;) AppleWebKit/537.36 (KHTML, like Gecko) Mobile Safari/537.36 (compatible; PetalBot;+https://webmaster.petalsearch.com/site/petalbot)" "www.savemoki.com"
51.222.253.8 - - [08/Oct/2022:22:49:14 -0700] "GET /blog/wp-content/themes/themeforest-625914-ice-theme-powerful-wordpress-theme-1/ HTTP/1.1" 200 513 "-" "Mozilla/5.0 (compatible; AhrefsBot/7.0; +http://ahrefs.com/robot/)" "www.savemoki.com"
51.222.253.12 - - [08/Oct/2022:22:51:03 -0700] "GET /clipart/lines/ HTTP/1.1" 200 361 "-" "Mozilla/5.0 (compatible; AhrefsBot/7.0; +http://ahrefs.com/robot/)" "savemoki.com"
51.222.253.20 - - [08/Oct/2022:22:52:47 -0700] "GET /images/?C=M;O=A HTTP/1.1" 200 2170 "-" "Mozilla/5.0 (compatible; AhrefsBot/7.0; +http://ahrefs.com/robot/)" "savemoki.com"
51.222.253.20 - - [08/Oct/2022:22:54:45 -0700] "GET /clipart/bullets/?C=S;O=A HTTP/1.1" 200 428 "-" "Mozilla/5.0 (compatible; AhrefsBot/7.0; +http://ahrefs.com/robot/)" "www.savemoki.com"
51.222.253.4 - - [08/Oct/2022:22:56:21 -0700] "GET /clipart/lines/horizontal/ HTTP/1.1" 200 408 "-" "Mozilla/5.0 (compatible; AhrefsBot/7.0; +http://ahrefs.com/robot/)" "savemoki.com"
110.81.249.31 - - [08/Oct/2022:22:57:31 -0700] "GET /contact_us.html HTTP/1.1" 200 18024 "http://savemoki.com/contact_us.html" "Mozilla/5.0 (Windows NT 10.0; Win64; x64) AppleWebKit/537.36 (KHTML, like Gecko) Chrome/90.0.4430.85 Safari/537.36 Edg/90.0.818.46" "savemoki.com"
51.222.253.15 - - [08/Oct/2022:22:57:49 -0700] "GET /clipart/bullets/?C=D;O=A HTTP/1.1" 200 429 "-" "Mozilla/5.0 (compatible; AhrefsBot/7.0; +http://ahrefs.com/robot/)" "www.savemoki.com"
110.81.249.31 - - [08/Oct/2022:22:57:53 -0700] "GET / HTTP/1.1" 200 7350 "http://savemoki.com/" "Mozilla/5.0 (Windows NT 10.0; Win64; x64) AppleWebKit/537.36 (KHTML, like Gecko) Chrome/90.0.4430.85 Safari/537.36 Edg/90.0.818.46" "savemoki.com"
110.81.249.31 - - [08/Oct/2022:22:58:15 -0700] "GET /contact_us.html HTTP/1.1" 200 18024 "http://savemoki.com/contact_us.html" "Mozilla/5.0 (Windows NT 10.0; Win64; x64) AppleWebKit/537.36 (KHTML, like Gecko) Chrome/90.0.4430.85 Safari/537.36 Edg/90.0.818.46" "savemoki.com"
114.119.139.167 - - [08/Oct/2022:22:58:48 -0700] "GET /2test/index.php/courses/fifth-grade/ HTTP/1.1" 200 20528 "https://savemoki.com/2test/index.php/courses/first-grade/" "Mozilla/5.0 (Linux; Android 7.0;) AppleWebKit/537.36 (KHTML, like Gecko) Mobile Safari/537.36 (compatible; PetalBot;+https://webmaster.petalsearch.com/site/petalbot)" "savemoki.com"
10.213.116.63 - - [08/Oct/2022:22:58:52 -0700] "POST /2test/wp-cron.php?doing_wp_cron=1665295132.2932279109954833984375 HTTP/1.1" 200 - "https://savemoki.com/2test/wp-cron.php?doing_wp_cron=1665295132.2932279109954833984375" "WordPress/5.4.11; https://savemoki.com/2test" "savemoki.com"
113.194.40.165 - - [08/Oct/2022:22:59:03 -0700] "GET /contact_us.html HTTP/1.1" 200 18024 "http://savemoki.com/contact_us.html" "Mozilla/5.0 (Windows NT 10.0; Win64; x64) AppleWebKit/537.36 (KHTML, like Gecko) Chrome/90.0.4430.85 Safari/537.36 Edg/90.0.818.46" "savemoki.com"
51.222.253.7 - - [08/Oct/2022:22:59:30 -0700] "GET /clipart/buttons/themes/?C=N;O=D HTTP/1.1" 200 397 "-" "Mozilla/5.0 (compatible; AhrefsBot/7.0; +http://ahrefs.com/robot/)" "savemoki.com"
51.222.253.16 - - [08/Oct/2022:23:01:10 -0700] "GET /blog/wp-content/themes/themeforest-625914-ice-theme-powerful-wordpress-theme-1/licensing/?C=S;O=D HTTP/1.1" 200 417 "-" "Mozilla/5.0 (compatible; AhrefsBot/7.0; +http://ahrefs.com/robot/)" "savemoki.com"
217.160.159.251 - - [08/Oct/2022:23:02:45 -0700] "GET /wp-admin/css/ HTTP/1.1" 404 88 "binance.com" "Mozilla/5.0 (Windows NT 10.0; Win64; x64) AppleWebKit/537.36 (KHTML, like Gecko) Chrome/90.0.4430.85 Safari/537.36" "savemoki.com"
51.222.253.5 - - [08/Oct/2022:23:02:49 -0700] "GET /navigation_bars/?C=M;O=A HTTP/1.1" 200 408 "-" "Mozilla/5.0 (compatible; AhrefsBot/7.0; +http://ahrefs.com/robot/)" "savemoki.com"
217.160.159.251 - - [08/Oct/2022:23:03:54 -0700] "GET /sites/default/files/ HTTP/1.1" 404 88 "binance.com" "Mozilla/5.0 (Windows NT 10.0; Win64; x64) AppleWebKit/537.36 (KHTML, like Gecko) Chrome/90.0.4430.85 Safari/537.36" "savemoki.com"
51.222.253.19 - - [08/Oct/2022:23:04:20 -0700] "GET /clipart/lines/horizontal/?C=N;O=D HTTP/1.1" 200 405 "-" "Mozilla/5.0 (compatible; AhrefsBot/7.0; +http://ahrefs.com/robot/)" "www.savemoki.com"
217.160.159.251 - - [08/Oct/2022:23:04:20 -0700] "GET /admin/controller/extension/extension/ HTTP/1.1" 404 88 "binance.com" "Mozilla/5.0 (Windows NT 10.0; Win64; x64) AppleWebKit/537.36 (KHTML, like Gecko) Chrome/90.0.4430.85 Safari/537.36" "savemoki.com"
114.119.139.185 - - [08/Oct/2022:23:04:21 -0700] "GET /clipart/images/sidebars?C=N%3BO%3DD HTTP/1.1" 301 1433 "https://savemoki.com/clipart/images/sidebars?C=S%3BO%3DA" "Mozilla/5.0 (Linux; Android 7.0;) AppleWebKit/537.36 (KHTML, like Gecko) Mobile Safari/537.36 (compatible; PetalBot;+https://webmaster.petalsearch.com/site/petalbot)" "savemoki.com"
114.119.139.185 - - [08/Oct/2022:23:04:22 -0700] "GET /clipart/images/sidebars/?C=N%3BO%3DD HTTP/1.1" 200 432 "https://savemoki.com/clipart/images/sidebars?C=S%3BO%3DA" "Mozilla/5.0 (Linux; Android 7.0;) AppleWebKit/537.36 (KHTML, like Gecko) Mobile Safari/537.36 (compatible; PetalBot;+https://webmaster.petalsearch.com/site/petalbot)" "savemoki.com"
217.160.159.251 - - [08/Oct/2022:23:05:02 -0700] "GET /uploads/ HTTP/1.1" 404 88 "binance.com" "Mozilla/5.0 (Windows NT 10.0; Win64; x64) AppleWebKit/537.36 (KHTML, like Gecko) Chrome/90.0.4430.85 Safari/537.36" "savemoki.com"
217.160.159.251 - - [08/Oct/2022:23:05:30 -0700] "GET /images/ HTTP/1.1" 200 2158 "binance.com" "Mozilla/5.0 (Windows NT 10.0; Win64; x64) AppleWebKit/537.36 (KHTML, like Gecko) Chrome/90.0.4430.85 Safari/537.36" "savemoki.com"
51.222.253.8 - - [08/Oct/2022:23:06:00 -0700] "GET /socialenginetrial/?C=S;O=A HTTP/1.1" 200 317 "-" "Mozilla/5.0 (compatible; AhrefsBot/7.0; +http://ahrefs.com/robot/)" "savemoki.com"
217.160.159.251 - - [08/Oct/2022:23:06:15 -0700] "GET /files/ HTTP/1.1" 200 380 "binance.com" "Mozilla/5.0 (Windows NT 10.0; Win64; x64) AppleWebKit/537.36 (KHTML, like Gecko) Chrome/90.0.4430.85 Safari/537.36" "savemoki.com"
51.222.253.4 - - [08/Oct/2022:23:07:33 -0700] "GET /blog/wp-content/themes/themeforest-625914-ice-theme-powerful-wordpress-theme-1/sample%20content/?C=M;O=A HTTP/1.1" 200 576 "-" "Mozilla/5.0 (compatible; AhrefsBot/7.0; +http://ahrefs.com/robot/)" "savemoki.com"
185.119.81.108 - - [08/Oct/2022:23:07:52 -0700] "GET /2test/wp-login.php HTTP/1.1" 200 6060 "-" "Mozilla/5.0 (Windows NT 10.0; Win64; x64) AppleWebKit/537.36 (KHTML, like Gecko) Chrome/66.0.3359.117 Safari/537.36" "savemoki.com"
185.119.81.108 - - [08/Oct/2022:23:07:56 -0700] "POST /2test/wp-login.php HTTP/1.1" 200 6485 "http://savemoki.com/2test/wp-login.php" "Mozilla/5.0 (Windows NT 10.0; Win64; x64) AppleWebKit/537.36 (KHTML, like Gecko) Chrome/66.0.3359.117 Safari/537.36" "savemoki.com"
51.222.253.18 - - [08/Oct/2022:23:09:08 -0700] "GET /blog/wp-content/themes/themeforest-625914-ice-theme-powerful-wordpress-theme-1/sample%20content/?C=D;O=A HTTP/1.1" 200 576 "-" "Mozilla/5.0 (compatible; AhrefsBot/7.0; +http://ahrefs.com/robot/)" "savemoki.com"
114.119.139.166 - - [08/Oct/2022:23:09:53 -0700] "GET /blog/wp-content/themes/themeforest-625914-ice-theme-powerful-wordpress-theme-1/PSD/?C=D%3BO%3DA HTTP/1.1" 200 419 "https://savemoki.com/blog/wp-content/themes/themeforest-625914-ice-theme-powerful-wordpress-theme-1/PSD?N=D" "Mozilla/5.0 (Linux; Android 7.0;) AppleWebKit/537.36 (KHTML, like Gecko) Mobile Safari/537.36 (compatible; PetalBot;+https://webmaster.petalsearch.com/site/petalbot)" "savemoki.com"
51.222.253.14 - - [08/Oct/2022:23:10:57 -0700] "GET /blog/wp-content/themes/themeforest-625914-ice-theme-powerful-wordpress-theme-1/?C=N;O=A HTTP/1.1" 200 513 "-" "Mozilla/5.0 (compatible; AhrefsBot/7.0; +http://ahrefs.com/robot/)" "www.savemoki.com"
51.222.253.20 - - [08/Oct/2022:23:12:47 -0700] "GET /images/?C=S;O=A HTTP/1.1" 200 2154 "-" "Mozilla/5.0 (compatible; AhrefsBot/7.0; +http://ahrefs.com/robot/)" "savemoki.com"
114.119.139.185 - - [08/Oct/2022:23:15:25 -0700] "GET /clipart/buttons/themes/swoosh_blue?C=M%3BO%3DA HTTP/1.1" 301 1446 "https://www.savemoki.com/clipart/buttons/themes/swoosh_blue?C=N%3BO%3DD" "Mozilla/5.0 (Linux; Android 7.0;) AppleWebKit/537.36 (KHTML, like Gecko) Mobile Safari/537.36 (compatible; PetalBot;+https://webmaster.petalsearch.com/site/petalbot)" "www.savemoki.com"
114.119.139.185 - - [08/Oct/2022:23:15:26 -0700] "GET /clipart/buttons/themes/swoosh_blue/?C=M%3BO%3DA HTTP/1.1" 200 418 "https://www.savemoki.com/clipart/buttons/themes/swoosh_blue?C=N%3BO%3DD" "Mozilla/5.0 (Linux; Android 7.0;) AppleWebKit/537.36 (KHTML, like Gecko) Mobile Safari/537.36 (compatible; PetalBot;+https://webmaster.petalsearch.com/site/petalbot)" "www.savemoki.com"
51.222.253.1 - - [08/Oct/2022:23:16:12 -0700] "GET /clipart/buttons/themes/ HTTP/1.1" 200 404 "-" "Mozilla/5.0 (compatible; AhrefsBot/7.0; +http://ahrefs.com/robot/)" "www.savemoki.com"
91.203.145.116 - - [08/Oct/2022:23:17:40 -0700] "GET /blog1/2015/05/07/test-post/ HTTP/1.1" 404 73 "http://savemoki.com/blog1/2015/05/07/test-post/" "Mozilla/5.0 (Windows NT 10.0; Win64; x64) AppleWebKit/537.36 (KHTML, like Gecko) Chrome/90.0.4430.86 Safari/537.36" "savemoki.com"
91.203.145.116 - - [08/Oct/2022:23:17:40 -0700] "GET / HTTP/1.1" 200 7350 "http://savemoki.com/" "Mozilla/5.0 (Windows NT 10.0; Win64; x64) AppleWebKit/537.36 (KHTML, like Gecko) Chrome/90.0.4430.86 Safari/537.36" "savemoki.com"
91.203.145.116 - - [08/Oct/2022:23:17:41 -0700] "GET /blog/ HTTP/1.1" 200 698 "http://savemoki.com/blog/" "Mozilla/5.0 (Windows NT 10.0; Win64; x64) AppleWebKit/537.36 (KHTML, like Gecko) Chrome/90.0.4430.86 Safari/537.36" "savemoki.com"
91.203.145.116 - - [08/Oct/2022:23:17:42 -0700] "GET /blog/contact_us.html HTTP/1.1" 404 73 "http://savemoki.com/blog/contact_us.html" "Mozilla/5.0 (Windows NT 10.0; Win64; x64) AppleWebKit/537.36 (KHTML, like Gecko) Chrome/90.0.4430.86 Safari/537.36" "savemoki.com"
91.203.145.116 - - [08/Oct/2022:23:17:43 -0700] "GET /contact_us.html HTTP/1.1" 200 18024 "http://savemoki.com/contact_us.html" "Mozilla/5.0 (Windows NT 10.0; Win64; x64) AppleWebKit/537.36 (KHTML, like Gecko) Chrome/90.0.4430.86 Safari/537.36" "savemoki.com"
51.222.253.6 - - [08/Oct/2022:23:19:22 -0700] "GET /files/?C=N;O=A HTTP/1.1" 200 380 "-" "Mozilla/5.0 (compatible; AhrefsBot/7.0; +http://ahrefs.com/robot/)" "savemoki.com"
114.119.139.185 - - [08/Oct/2022:23:21:00 -0700] "GET /clipart/backgrounds/?C=M%3BO%3DA HTTP/1.1" 200 366 "https://www.savemoki.com/clipart/backgrounds/?C=N%3BO%3DD" "Mozilla/5.0 (Linux; Android 7.0;) AppleWebKit/537.36 (KHTML, like Gecko) Mobile Safari/537.36 (compatible; PetalBot;+https://webmaster.petalsearch.com/site/petalbot)" "www.savemoki.com"
51.222.253.13 - - [08/Oct/2022:23:22:43 -0700] "GET /clipart/images/?C=S;O=A HTTP/1.1" 200 480 "-" "Mozilla/5.0 (compatible; AhrefsBot/7.0; +http://ahrefs.com/robot/)" "www.savemoki.com"
51.222.253.8 - - [08/Oct/2022:23:26:12 -0700] "GET /blog/wp-content/themes/themeforest-625914-ice-theme-powerful-wordpress-theme-1/sample%20content/?C=S;O=A HTTP/1.1" 200 565 "-" "Mozilla/5.0 (compatible; AhrefsBot/7.0; +http://ahrefs.com/robot/)" "savemoki.com"
114.119.139.166 - - [08/Oct/2022:23:26:35 -0700] "GET /socialenginetrial?C=D%3BO%3DA HTTP/1.1" 301 1431 "https://www.savemoki.com/socialenginetrial?D=D" "Mozilla/5.0 (Linux; Android 7.0;) AppleWebKit/537.36 (KHTML, like Gecko) Mobile Safari/537.36 (compatible; PetalBot;+https://webmaster.petalsearch.com/site/petalbot)" "www.savemoki.com"
114.119.139.166 - - [08/Oct/2022:23:26:37 -0700] "GET /socialenginetrial/?C=D%3BO%3DA HTTP/1.1" 200 318 "https://www.savemoki.com/socialenginetrial?D=D" "Mozilla/5.0 (Linux; Android 7.0;) AppleWebKit/537.36 (KHTML, like Gecko) Mobile Safari/537.36 (compatible; PetalBot;+https://webmaster.petalsearch.com/site/petalbot)" "www.savemoki.com"
51.222.253.11 - - [08/Oct/2022:23:29:30 -0700] "GET /blog/wp-content/themes/themeforest-625914-ice-theme-powerful-wordpress-theme-1/licensing/ HTTP/1.1" 200 419 "-" "Mozilla/5.0 (compatible; AhrefsBot/7.0; +http://ahrefs.com/robot/)" "savemoki.com"
114.119.139.185 - - [08/Oct/2022:23:31:55 -0700] "GET /blog/wp-content/themes/themeforest-625914-ice-theme-powerful-wordpress-theme-1/sample%20content/services_page.txt HTTP/1.1" 200 1258 "https://www.savemoki.com/blog/wp-content/themes/themeforest-625914-ice-theme-powerful-wordpress-theme-1/sample%20content/?C=N%3BO%3DD" "Mozilla/5.0 (Linux; Android 7.0;) AppleWebKit/537.36 (KHTML, like Gecko) Mobile Safari/537.36 (compatible; PetalBot;+https://webmaster.petalsearch.com/site/petalbot)" "www.savemoki.com"
51.222.253.17 - - [08/Oct/2022:23:32:55 -0700] "GET /images/?C=S;O=A HTTP/1.1" 200 2154 "-" "Mozilla/5.0 (compatible; AhrefsBot/7.0; +http://ahrefs.com/robot/)" "savemoki.com"
51.222.253.12 - - [08/Oct/2022:23:36:10 -0700] "GET /?C=M;O=A HTTP/1.1" 200 1285 "-" "Mozilla/5.0 (compatible; AhrefsBot/7.0; +http://ahrefs.com/robot/)" "www.savemoki.com"
185.119.81.96 - - [08/Oct/2022:23:37:00 -0700] "GET /2test/wp-login.php HTTP/1.1" 200 6049 "-" "Mozilla/5.0 (Windows NT 6.1; WOW64) AppleWebKit/537.36 (KHTML, like Gecko) Chrome/46.0.2490.86 Safari/537.36" "savemoki.com"
185.119.81.96 - - [08/Oct/2022:23:37:05 -0700] "POST /2test/wp-login.php HTTP/1.1" 200 6337 "http://savemoki.com/2test/wp-login.php" "Mozilla/5.0 (Windows NT 6.1; WOW64) AppleWebKit/537.36 (KHTML, like Gecko) Chrome/46.0.2490.86 Safari/537.36" "savemoki.com"
114.119.139.148 - - [08/Oct/2022:23:37:16 -0700] "GET /clipart/images/frames/?C=D%3BO%3DA HTTP/1.1" 200 379 "https://savemoki.com/clipart/images/frames?C=D%3BO%3DA" "Mozilla/5.0 (Linux; Android 7.0;) AppleWebKit/537.36 (KHTML, like Gecko) Mobile Safari/537.36 (compatible; PetalBot;+https://webmaster.petalsearch.com/site/petalbot)" "savemoki.com"
185.119.81.100 - - [08/Oct/2022:23:39:01 -0700] "GET /2test/wp-login.php HTTP/1.1" 200 6052 "-" "Mozilla/5.0 (Windows NT 10.0; WOW64) AppleWebKit/537.36 (KHTML, like Gecko) Chrome/46.0.2490.80 Safari/537.36" "savemoki.com"
10.213.116.64 - - [08/Oct/2022:23:39:05 -0700] "POST /2test/wp-cron.php?doing_wp_cron=1665297545.3053219318389892578125 HTTP/1.1" 200 - "http://savemoki.com/2test/wp-cron.php?doing_wp_cron=1665297545.3053219318389892578125" "WordPress/5.4.11; http://savemoki.com/2test" "savemoki.com"
185.119.81.100 - - [08/Oct/2022:23:39:07 -0700] "POST /2test/wp-login.php HTTP/1.1" 200 6340 "http://savemoki.com/2test/wp-login.php" "Mozilla/5.0 (Windows NT 10.0; WOW64) AppleWebKit/537.36 (KHTML, like Gecko) Chrome/46.0.2490.80 Safari/537.36" "savemoki.com"
51.222.253.15 - - [08/Oct/2022:23:39:24 -0700] "GET /clipart/?C=D;O=D HTTP/1.1" 200 438 "-" "Mozilla/5.0 (compatible; AhrefsBot/7.0; +http://ahrefs.com/robot/)" "savemoki.com"
114.119.139.167 - - [08/Oct/2022:23:42:35 -0700] "GET /sitebuilder/?C=S%3BO%3DA HTTP/1.1" 200 372 "https://www.savemoki.com/sitebuilder/?C=D%3BO%3DA" "Mozilla/5.0 (Linux; Android 7.0;) AppleWebKit/537.36 (KHTML, like Gecko) Mobile Safari/537.36 (compatible; PetalBot;+https://webmaster.petalsearch.com/site/petalbot)" "www.savemoki.com"
51.222.253.20 - - [08/Oct/2022:23:43:06 -0700] "GET /clipart/?C=S;O=D HTTP/1.1" 200 438 "-" "Mozilla/5.0 (compatible; AhrefsBot/7.0; +http://ahrefs.com/robot/)" "savemoki.com"
51.222.253.12 - - [08/Oct/2022:23:46:46 -0700] "GET /clipart/lines/?C=N;O=A HTTP/1.1" 200 361 "-" "Mozilla/5.0 (compatible; AhrefsBot/7.0; +http://ahrefs.com/robot/)" "savemoki.com"
114.119.139.167 - - [08/Oct/2022:23:47:54 -0700] "GET /clipart/backgrounds/fullpage?C=M%3BO%3DA HTTP/1.1" 301 1432 "https://www.savemoki.com/clipart/backgrounds/fullpage?M=A" "Mozilla/5.0 (Linux; Android 7.0;) AppleWebKit/537.36 (KHTML, like Gecko) Mobile Safari/537.36 (compatible; PetalBot;+https://webmaster.petalsearch.com/site/petalbot)" "www.savemoki.com"
114.119.139.167 - - [08/Oct/2022:23:47:55 -0700] "GET /clipart/backgrounds/fullpage/?C=M%3BO%3DA HTTP/1.1" 200 389 "https://www.savemoki.com/clipart/backgrounds/fullpage?M=A" "Mozilla/5.0 (Linux; Android 7.0;) AppleWebKit/537.36 (KHTML, like Gecko) Mobile Safari/537.36 (compatible; PetalBot;+https://webmaster.petalsearch.com/site/petalbot)" "www.savemoki.com"
51.222.253.6 - - [08/Oct/2022:23:48:33 -0700] "GET /socialenginetrial/?C=M;O=A HTTP/1.1" 200 317 "-" "Mozilla/5.0 (compatible; AhrefsBot/7.0; +http://ahrefs.com/robot/)" "savemoki.com"
51.222.253.19 - - [08/Oct/2022:23:50:11 -0700] "GET /socialenginetrial/?C=D;O=A HTTP/1.1" 200 318 "-" "Mozilla/5.0 (compatible; AhrefsBot/7.0; +http://ahrefs.com/robot/)" "savemoki.com"
194.110.203.45 - - [08/Oct/2022:23:51:15 -0700] "GET /home.rar HTTP/1.1" 404 73 "-" "Firefox" "savemoki.com"
51.222.253.10 - - [08/Oct/2022:23:51:52 -0700] "GET /clipart/backgrounds/fullpage/?C=N;O=D HTTP/1.1" 200 387 "-" "Mozilla/5.0 (compatible; AhrefsBot/7.0; +http://ahrefs.com/robot/)" "www.savemoki.com"
114.119.139.167 - - [08/Oct/2022:23:53:15 -0700] "GET /blog/wp-content/themes/themeforest-625914-ice-theme-powerful-wordpress-theme-1/PSD?M=D HTTP/1.1" 301 1461 "https://savemoki.com/blog/wp-content/themes/themeforest-625914-ice-theme-powerful-wordpress-theme-1/PSD?M=A" "Mozilla/5.0 (Linux; Android 7.0;) AppleWebKit/537.36 (KHTML, like Gecko) Mobile Safari/537.36 (compatible; PetalBot;+https://webmaster.petalsearch.com/site/petalbot)" "savemoki.com"
114.119.139.167 - - [08/Oct/2022:23:53:16 -0700] "GET /blog/wp-content/themes/themeforest-625914-ice-theme-powerful-wordpress-theme-1/PSD/?M=D HTTP/1.1" 200 419 "https://savemoki.com/blog/wp-content/themes/themeforest-625914-ice-theme-powerful-wordpress-theme-1/PSD?M=A" "Mozilla/5.0 (Linux; Android 7.0;) AppleWebKit/537.36 (KHTML, like Gecko) Mobile Safari/537.36 (compatible; PetalBot;+https://webmaster.petalsearch.com/site/petalbot)" "savemoki.com"
51.222.253.18 - - [08/Oct/2022:23:53:20 -0700] "GET /blog/?C=D;O=A HTTP/1.1" 200 352 "-" "Mozilla/5.0 (compatible; AhrefsBot/7.0; +http://ahrefs.com/robot/)" "savemoki.com"
51.222.253.3 - - [08/Oct/2022:23:56:38 -0700] "GET /clipart/images/?C=N;O=A HTTP/1.1" 200 489 "-" "Mozilla/5.0 (compatible; AhrefsBot/7.0; +http://ahrefs.com/robot/)" "savemoki.com"
51.222.253.14 - - [08/Oct/2022:23:58:30 -0700] "GET /clipart/buttons/themes/?C=N;O=D HTTP/1.1" 200 397 "-" "Mozilla/5.0 (compatible; AhrefsBot/7.0; +http://ahrefs.com/robot/)" "www.savemoki.com"
114.119.139.185 - - [08/Oct/2022:23:58:33 -0700] "GET /images/ HTTP/1.1" 200 2158 "http://savemoki.com?C=D%3BO%3DA" "Mozilla/5.0 (Linux; Android 7.0;) AppleWebKit/537.36 (KHTML, like Gecko) Mobile Safari/537.36 (compatible; PetalBot;+https://webmaster.petalsearch.com/site/petalbot)" "savemoki.com"
51.222.253.8 - - [09/Oct/2022:00:00:16 -0700] "GET /2test/index.php/2020/04/03/hello-world/ HTTP/1.1" 200 22652 "-" "Mozilla/5.0 (compatible; AhrefsBot/7.0; +http://ahrefs.com/robot/)" "savemoki.com"
51.222.253.12 - - [09/Oct/2022:00:00:22 -0700] "GET /2test/wp-includes/js/comment-reply.min.js?ver=5.4.11 HTTP/1.1" 200 1144 "-" "Mozilla/5.0 (compatible; AhrefsBot/7.0; +http://ahrefs.com/robot/)" "savemoki.com"
51.222.253.3 - - [09/Oct/2022:00:01:54 -0700] "GET /clipart/?C=M;O=D HTTP/1.1" 200 435 "-" "Mozilla/5.0 (compatible; AhrefsBot/7.0; +http://ahrefs.com/robot/)" "savemoki.com"
51.222.253.11 - - [09/Oct/2022:00:03:36 -0700] "GET /clipart/backgrounds/?C=M;O=D HTTP/1.1" 200 364 "-" "Mozilla/5.0 (compatible; AhrefsBot/7.0; +http://ahrefs.com/robot/)" "www.savemoki.com"
114.119.139.148 - - [09/Oct/2022:00:03:53 -0700] "GET /clipart/backgrounds?S=A HTTP/1.1" 301 1418 "https://www.savemoki.com/clipart/backgrounds?D=D" "Mozilla/5.0 (Linux; Android 7.0;) AppleWebKit/537.36 (KHTML, like Gecko) Mobile Safari/537.36 (compatible; PetalBot;+https://webmaster.petalsearch.com/site/petalbot)" "www.savemoki.com"
114.119.139.148 - - [09/Oct/2022:00:03:53 -0700] "GET /clipart/backgrounds/?S=A HTTP/1.1" 200 366 "https://www.savemoki.com/clipart/backgrounds?D=D" "Mozilla/5.0 (Linux; Android 7.0;) AppleWebKit/537.36 (KHTML, like Gecko) Mobile Safari/537.36 (compatible; PetalBot;+https://webmaster.petalsearch.com/site/petalbot)" "www.savemoki.com"
51.222.253.2 - - [09/Oct/2022:00:05:13 -0700] "GET /clipart/buttons/?C=N;O=A HTTP/1.1" 200 359 "-" "Mozilla/5.0 (compatible; AhrefsBot/7.0; +http://ahrefs.com/robot/)" "www.savemoki.com"
51.222.253.12 - - [09/Oct/2022:00:06:57 -0700] "GET /blog/wp-content/themes/themeforest-625914-ice-theme-powerful-wordpress-theme-1/?C=D;O=A HTTP/1.1" 200 513 "-" "Mozilla/5.0 (compatible; AhrefsBot/7.0; +http://ahrefs.com/robot/)" "savemoki.com"
114.119.139.167 - - [09/Oct/2022:00:09:13 -0700] "GET /blog/wp-content/themes/themeforest-625914-ice-theme-powerful-wordpress-theme-1/documentation/ HTTP/1.1" 200 14882 "https://www.savemoki.com/blog/wp-content/themes/themeforest-625914-ice-theme-powerful-wordpress-theme-1?C=D%3BO%3DA" "Mozilla/5.0 (Linux; Android 7.0;) AppleWebKit/537.36 (KHTML, like Gecko) Mobile Safari/537.36 (compatible; PetalBot;+https://webmaster.petalsearch.com/site/petalbot)" "www.savemoki.com"
51.222.253.5 - - [09/Oct/2022:00:10:10 -0700] "GET /2test/index.php/2020/04/03/sample-page/ HTTP/1.1" 200 21060 "-" "Mozilla/5.0 (compatible; AhrefsBot/7.0; +http://ahrefs.com/robot/)" "savemoki.com"
51.222.253.2 - - [09/Oct/2022:00:13:40 -0700] "GET /?C=D;O=A HTTP/1.1" 200 1286 "-" "Mozilla/5.0 (compatible; AhrefsBot/7.0; +http://ahrefs.com/robot/)" "www.savemoki.com"
114.119.139.185 - - [09/Oct/2022:00:14:31 -0700] "GET /sitebuilder?D=A HTTP/1.1" 301 1417 "https://www.savemoki.com/sitebuilder?D=D" "Mozilla/5.0 (Linux; Android 7.0;) AppleWebKit/537.36 (KHTML, like Gecko) Mobile Safari/537.36 (compatible; PetalBot;+https://webmaster.petalsearch.com/site/petalbot)" "www.savemoki.com"
114.119.139.185 - - [09/Oct/2022:00:14:32 -0700] "GET /sitebuilder/?D=A HTTP/1.1" 200 372 "https://www.savemoki.com/sitebuilder?D=D" "Mozilla/5.0 (Linux; Android 7.0;) AppleWebKit/537.36 (KHTML, like Gecko) Mobile Safari/537.36 (compatible; PetalBot;+https://webmaster.petalsearch.com/site/petalbot)" "www.savemoki.com"
51.222.253.7 - - [09/Oct/2022:00:16:54 -0700] "GET /?C=S;O=A HTTP/1.1" 200 1259 "-" "Mozilla/5.0 (compatible; AhrefsBot/7.0; +http://ahrefs.com/robot/)" "www.savemoki.com"
114.119.139.167 - - [09/Oct/2022:00:19:52 -0700] "GET /navigation_bars/?C=D%3BO%3DA HTTP/1.1" 200 408 "https://www.savemoki.com/navigation_bars?D=D" "Mozilla/5.0 (Linux; Android 7.0;) AppleWebKit/537.36 (KHTML, like Gecko) Mobile Safari/537.36 (compatible; PetalBot;+https://webmaster.petalsearch.com/site/petalbot)" "www.savemoki.com"
51.222.253.10 - - [09/Oct/2022:00:20:26 -0700] "GET /clipart/backgrounds/?C=S;O=D HTTP/1.1" 200 364 "-" "Mozilla/5.0 (compatible; AhrefsBot/7.0; +http://ahrefs.com/robot/)" "www.savemoki.com"
185.119.81.109 - - [09/Oct/2022:00:20:56 -0700] "GET /2test/wp-login.php HTTP/1.1" 200 6056 "-" "Mozilla/5.0 (Windows NT 10.0; Win64; x64) AppleWebKit/537.36 (KHTML, like Gecko) Chrome/91.0.4472.106 Safari/537.36" "savemoki.com"
10.213.116.64 - - [09/Oct/2022:00:20:59 -0700] "POST /2test/wp-cron.php?doing_wp_cron=1665300059.8636090755462646484375 HTTP/1.1" 200 - "http://savemoki.com/2test/wp-cron.php?doing_wp_cron=1665300059.8636090755462646484375" "WordPress/5.4.11; http://savemoki.com/2test" "savemoki.com"
185.119.81.109 - - [09/Oct/2022:00:21:01 -0700] "POST /2test/wp-login.php HTTP/1.1" 200 6340 "http://savemoki.com/2test/wp-login.php" "Mozilla/5.0 (Windows NT 10.0; Win64; x64) AppleWebKit/537.36 (KHTML, like Gecko) Chrome/91.0.4472.106 Safari/537.36" "savemoki.com"
51.222.253.2 - - [09/Oct/2022:00:23:51 -0700] "GET /clipart/buttons/ HTTP/1.1" 200 359 "-" "Mozilla/5.0 (compatible; AhrefsBot/7.0; +http://ahrefs.com/robot/)" "www.savemoki.com"
51.178.19.189 - - [09/Oct/2022:00:24:50 -0700] "GET /contact_us.html HTTP/1.1" 200 18024 "http://savemoki.com/contact_us.html" "Mozilla/5.0 (Windows NT 6.1; Win64; x64) AppleWebKit/537.36 (KHTML, like Gecko) Chrome/90.0.4430.85 Safari/537.36 Edg/90.0.818.49" "savemoki.com"
185.119.81.109 - - [09/Oct/2022:00:25:06 -0700] "GET /2test/wp-login.php HTTP/1.1" 200 6059 "-" "Mozilla/5.0 (Windows NT 5.1; Win64; x64) AppleWebKit/537.36 (KHTML, like Gecko) Chrome/60.0.3112.90 Safari/537.36" "savemoki.com"
114.119.139.148 - - [09/Oct/2022:00:25:12 -0700] "GET /blog/wp-content/themes/themeforest-625914-ice-theme-powerful-wordpress-theme-1/licensing/?C=N%3BO%3DD HTTP/1.1" 200 419 "https://savemoki.com/blog/wp-content/themes/themeforest-625914-ice-theme-powerful-wordpress-theme-1/licensing/?C=S%3BO%3DA" "Mozilla/5.0 (Linux; Android 7.0;) AppleWebKit/537.36 (KHTML, like Gecko) Mobile Safari/537.36 (compatible; PetalBot;+https://webmaster.petalsearch.com/site/petalbot)" "savemoki.com"
185.119.81.109 - - [09/Oct/2022:00:25:10 -0700] "POST /2test/wp-login.php HTTP/1.1" 200 6486 "http://savemoki.com/2test/wp-login.php" "Mozilla/5.0 (Windows NT 5.1; Win64; x64) AppleWebKit/537.36 (KHTML, like Gecko) Chrome/60.0.3112.90 Safari/537.36" "savemoki.com"
51.222.253.2 - - [09/Oct/2022:00:27:08 -0700] "GET /clipart/images/sidebars/?C=M;O=D HTTP/1.1" 200 431 "-" "Mozilla/5.0 (compatible; AhrefsBot/7.0; +http://ahrefs.com/robot/)" "www.savemoki.com"
114.233.214.148 - - [09/Oct/2022:00:28:53 -0700] "GET /contact_us.html HTTP/1.1" 200 18024 "http://savemoki.com/contact_us.html" "Mozilla/5.0 (Windows NT 6.1; ) AppleWebKit/537.36 (KHTML, like Gecko) Chrome/90.0.4430.72 Safari/537.36" "savemoki.com"
114.119.139.148 - - [09/Oct/2022:00:30:30 -0700] "GET /clipart/pageHeaders?C=S%3BO%3DA HTTP/1.1" 301 1430 "https://savemoki.com/clipart/pageHeaders?M=A" "Mozilla/5.0 (Linux; Android 7.0;) AppleWebKit/537.36 (KHTML, like Gecko) Mobile Safari/537.36 (compatible; PetalBot;+https://webmaster.petalsearch.com/site/petalbot)" "savemoki.com"
114.119.139.148 - - [09/Oct/2022:00:30:32 -0700] "GET /clipart/pageHeaders/?C=S%3BO%3DA HTTP/1.1" 200 427 "https://savemoki.com/clipart/pageHeaders?M=A" "Mozilla/5.0 (Linux; Android 7.0;) AppleWebKit/537.36 (KHTML, like Gecko) Mobile Safari/537.36 (compatible; PetalBot;+https://webmaster.petalsearch.com/site/petalbot)" "savemoki.com"
51.222.253.11 - - [09/Oct/2022:00:30:44 -0700] "GET /blog/wp-content/?C=N;O=A HTTP/1.1" 200 359 "-" "Mozilla/5.0 (compatible; AhrefsBot/7.0; +http://ahrefs.com/robot/)" "savemoki.com"
51.222.253.14 - - [09/Oct/2022:00:34:43 -0700] "GET /2test/index.php/courses/fifth-grade/ HTTP/1.1" 200 20528 "-" "Mozilla/5.0 (compatible; AhrefsBot/7.0; +http://ahrefs.com/robot/)" "savemoki.com"
216.244.66.249 - - [09/Oct/2022:00:38:18 -0700] "GET /robots.txt HTTP/1.1" 200 39 "-" "Mozilla/5.0 (compatible; DotBot/1.2; +https://opensiteexplorer.org/dotbot; help@moz.com)" "savemoki.com"
51.222.253.2 - - [09/Oct/2022:00:42:12 -0700] "GET /clipart/bullets/?C=N;O=D HTTP/1.1" 200 426 "-" "Mozilla/5.0 (compatible; AhrefsBot/7.0; +http://ahrefs.com/robot/)" "www.savemoki.com"
51.222.253.13 - - [09/Oct/2022:00:50:11 -0700] "GET /2test/index.php/courses/third-grade/ HTTP/1.1" 200 20528 "-" "Mozilla/5.0 (compatible; AhrefsBot/7.0; +http://ahrefs.com/robot/)" "savemoki.com"
10.213.116.62 - - [09/Oct/2022:00:50:15 -0700] "POST /2test/wp-cron.php?doing_wp_cron=1665301815.0823249816894531250000 HTTP/1.1" 200 - "https://savemoki.com/2test/wp-cron.php?doing_wp_cron=1665301815.0823249816894531250000" "WordPress/5.4.11; https://savemoki.com/2test" "savemoki.com"
51.222.253.17 - - [09/Oct/2022:00:54:03 -0700] "GET /media/?C=M;O=D HTTP/1.1" 200 393 "-" "Mozilla/5.0 (compatible; AhrefsBot/7.0; +http://ahrefs.com/robot/)" "www.savemoki.com"
5.161.152.105 - - [09/Oct/2022:00:54:29 -0700] "GET /wp-content/themes/seotheme/mar.php HTTP/1.1" 404 88 "-" "Mozlila/5.0 (Linux; Android 7.0; SM-G892A Bulid/NRD90M; wv) AppleWebKit/537.36 (KHTML, like Gecko) Version/4.0 Chrome/60.0.3112.107 Moblie Safari/537.36" "www.savemoki.com"
5.161.152.105 - - [09/Oct/2022:00:54:53 -0700] "GET /wp/wp-content/themes/seotheme/mar.php HTTP/1.1" 404 88 "-" "Mozlila/5.0 (Linux; Android 7.0; SM-G892A Bulid/NRD90M; wv) AppleWebKit/537.36 (KHTML, like Gecko) Version/4.0 Chrome/60.0.3112.107 Moblie Safari/537.36" "www.savemoki.com"
5.161.152.105 - - [09/Oct/2022:00:55:04 -0700] "GET /wordpress/wp-content/themes/seotheme/mar.php HTTP/1.1" 404 88 "-" "Mozlila/5.0 (Linux; Android 7.0; SM-G892A Bulid/NRD90M; wv) AppleWebKit/537.36 (KHTML, like Gecko) Version/4.0 Chrome/60.0.3112.107 Moblie Safari/537.36" "www.savemoki.com"
5.161.152.105 - - [09/Oct/2022:00:55:12 -0700] "GET /blog/wp-content/themes/seotheme/mar.php HTTP/1.1" 404 88 "-" "Mozlila/5.0 (Linux; Android 7.0; SM-G892A Bulid/NRD90M; wv) AppleWebKit/537.36 (KHTML, like Gecko) Version/4.0 Chrome/60.0.3112.107 Moblie Safari/537.36" "www.savemoki.com"
5.161.152.105 - - [09/Oct/2022:00:55:16 -0700] "GET /site/wp-content/themes/seotheme/mar.php HTTP/1.1" 404 88 "-" "Mozlila/5.0 (Linux; Android 7.0; SM-G892A Bulid/NRD90M; wv) AppleWebKit/537.36 (KHTML, like Gecko) Version/4.0 Chrome/60.0.3112.107 Moblie Safari/537.36" "www.savemoki.com"
51.222.253.6 - - [09/Oct/2022:00:58:04 -0700] "GET /sitebuilder/images/?C=M;O=A HTTP/1.1" 200 3958 "-" "Mozilla/5.0 (compatible; AhrefsBot/7.0; +http://ahrefs.com/robot/)" "savemoki.com"
81.19.136.10 - - [09/Oct/2022:00:59:45 -0700] "GET /2test/wp-includes/js/jquery/jquery.js?ver=1.12.4-wp HTTP/1.1" 200 33776 "-" "Opera/9.63 (Windows NT 5.2; U; en) Presto/2.1.1" "savemoki.com"
81.19.136.10 - - [09/Oct/2022:00:59:48 -0700] "GET /2test/wp-includes/js/jquery/jquery.js?ver=1.12.4-wp&SVys%3D7455%20AND%201%3D1%20UNION%20ALL%20SELECT%201%2CNULL%2C%27%3Cscript%3Ealert%28%22XSS%22%29%3C%2Fscript%3E%27%2Ctable_name%20FROM%20information_schema.tables%20WHERE%202%3E1--%2F%2A%2A%2F%3B%20EXEC%20xp_cmdshell%28%27cat%20..%2F..%2F..%2Fetc%2Fpasswd%27%29%23 HTTP/1.1" 200 33776 "-" "Opera/9.63 (Windows NT 5.2; U; en) Presto/2.1.1" "savemoki.com"
81.19.136.10 - - [09/Oct/2022:00:59:49 -0700] "GET /2test/wp-includes/js/jquery/jquery.js?ver=1.12.4-wp HTTP/1.1" 200 33776 "-" "Opera/9.63 (Windows NT 5.2; U; en) Presto/2.1.1" "savemoki.com"
81.19.136.10 - - [09/Oct/2022:00:59:51 -0700] "GET /2test/wp-includes/js/jquery/jquery.js?ver=3224 HTTP/1.1" 200 33776 "-" "Opera/9.63 (Windows NT 5.2; U; en) Presto/2.1.1" "savemoki.com"
81.19.136.10 - - [09/Oct/2022:00:59:52 -0700] "GET /2test/wp-includes/js/jquery/jquery.js?ver=1.12.4-wp%27.%29...%2C%2C%22%22 HTTP/1.1" 200 33776 "-" "Opera/9.63 (Windows NT 5.2; U; en) Presto/2.1.1" "savemoki.com"
81.19.136.10 - - [09/Oct/2022:00:59:53 -0700] "GET /2test/wp-includes/js/jquery/jquery.js?ver=1.12.4-wp%27mRWdXk%3C%27%22%3EtHTpAy HTTP/1.1" 200 33776 "-" "Opera/9.63 (Windows NT 5.2; U; en) Presto/2.1.1" "savemoki.com"
51.222.253.14 - - [09/Oct/2022:01:01:53 -0700] "GET /clipart/buttons/?C=D;O=A HTTP/1.1" 200 359 "-" "Mozilla/5.0 (compatible; AhrefsBot/7.0; +http://ahrefs.com/robot/)" "savemoki.com"
51.222.253.5 - - [09/Oct/2022:01:05:33 -0700] "GET /sitebuilder/images/ HTTP/1.1" 200 3814 "-" "Mozilla/5.0 (compatible; AhrefsBot/7.0; +http://ahrefs.com/robot/)" "www.savemoki.com"
51.222.253.2 - - [09/Oct/2022:01:08:59 -0700] "GET /files/?C=M;O=D HTTP/1.1" 200 377 "-" "Mozilla/5.0 (compatible; AhrefsBot/7.0; +http://ahrefs.com/robot/)" "savemoki.com"
51.222.253.15 - - [09/Oct/2022:01:12:36 -0700] "GET /clipart/pageHeaders/?C=S;O=D HTTP/1.1" 200 426 "-" "Mozilla/5.0 (compatible; AhrefsBot/7.0; +http://ahrefs.com/robot/)" "www.savemoki.com"
185.119.81.101 - - [09/Oct/2022:01:13:52 -0700] "GET /2test/wp-login.php HTTP/1.1" 200 6058 "-" "Mozilla/5.0 (Windows NT 10.0; Win64; x64) AppleWebKit/537.36 (KHTML, like Gecko) Chrome/77.0.3865.120 Safari/537.36" "savemoki.com"
185.119.81.101 - - [09/Oct/2022:01:13:56 -0700] "POST /2test/wp-login.php HTTP/1.1" 200 6346 "http://savemoki.com/2test/wp-login.php" "Mozilla/5.0 (Windows NT 10.0; Win64; x64) AppleWebKit/537.36 (KHTML, like Gecko) Chrome/77.0.3865.120 Safari/537.36" "savemoki.com"
98.10.76.66 - - [09/Oct/2022:01:14:14 -0700] "GET /contact_us.html HTTP/1.1" 200 18024 "http://savemoki.com/contact_us.html" "Mozilla/5.0 (Windows NT 10.0) AppleWebKit/537.36 (KHTML, like Gecko) Chrome/90.0.4430.85 Safari/537.36 Edg/90.0.818.46" "savemoki.com"
185.119.81.101 - - [09/Oct/2022:01:14:12 -0700] "GET /2test/wp-login.php HTTP/1.1" 200 6052 "-" "Mozilla/5.0 (Windows NT 10.0; WOW64) AppleWebKit/537.36 (KHTML, like Gecko) Chrome/96.0.4664.110 Safari/537.36" "savemoki.com"
185.119.81.101 - - [09/Oct/2022:01:14:16 -0700] "POST /2test/wp-login.php HTTP/1.1" 200 6483 "http://savemoki.com/2test/wp-login.php" "Mozilla/5.0 (Windows NT 10.0; WOW64) AppleWebKit/537.36 (KHTML, like Gecko) Chrome/96.0.4664.110 Safari/537.36" "savemoki.com"
51.222.253.19 - - [09/Oct/2022:01:16:09 -0700] "GET /sitebuilder/?C=N;O=A HTTP/1.1" 200 372 "-" "Mozilla/5.0 (compatible; AhrefsBot/7.0; +http://ahrefs.com/robot/)" "savemoki.com"
81.19.136.10 - - [09/Oct/2022:01:16:24 -0700] "POST /2test/wp-includes/js/jquery/jquery.js HTTP/1.1" 200 33776 "-" "Mozilla/5.0 (X11; U; Linux x86_64; fr; rv:1.9.0.2) Gecko/2008092213 Ubuntu/8.04 (hardy) Firefox/3.0.2" "savemoki.com"
81.19.136.10 - - [09/Oct/2022:01:16:27 -0700] "POST /2test/wp-includes/js/jquery/jquery.js?KUpB%3D6923%20AND%201%3D1%20UNION%20ALL%20SELECT%201%2CNULL%2C%27%3Cscript%3Ealert%28%22XSS%22%29%3C%2Fscript%3E%27%2Ctable_name%20FROM%20information_schema.tables%20WHERE%202%3E1--%2F%2A%2A%2F%3B%20EXEC%20xp_cmdshell%28%27cat%20..%2F..%2F..%2Fetc%2Fpasswd%27%29%23 HTTP/1.1" 200 33776 "-" "Mozilla/5.0 (X11; U; Linux x86_64; fr; rv:1.9.0.2) Gecko/2008092213 Ubuntu/8.04 (hardy) Firefox/3.0.2" "savemoki.com"
81.19.136.10 - - [09/Oct/2022:01:16:29 -0700] "POST /2test/wp-includes/js/jquery/jquery.js HTTP/1.1" 200 33776 "-" "Mozilla/5.0 (X11; U; Linux x86_64; fr; rv:1.9.0.2) Gecko/2008092213 Ubuntu/8.04 (hardy) Firefox/3.0.2" "savemoki.com"
81.19.136.10 - - [09/Oct/2022:01:16:30 -0700] "POST /2test/wp-includes/js/jquery/jquery.js HTTP/1.1" 200 33776 "-" "Mozilla/5.0 (X11; U; Linux x86_64; fr; rv:1.9.0.2) Gecko/2008092213 Ubuntu/8.04 (hardy) Firefox/3.0.2" "savemoki.com"
81.19.136.10 - - [09/Oct/2022:01:16:31 -0700] "POST /2test/wp-includes/js/jquery/jquery.js HTTP/1.1" 200 33776 "-" "Mozilla/5.0 (X11; U; Linux x86_64; fr; rv:1.9.0.2) Gecko/2008092213 Ubuntu/8.04 (hardy) Firefox/3.0.2" "savemoki.com"
81.19.136.10 - - [09/Oct/2022:01:16:33 -0700] "POST /2test/wp-includes/js/jquery/jquery.js HTTP/1.1" 200 33776 "-" "Mozilla/5.0 (X11; U; Linux x86_64; fr; rv:1.9.0.2) Gecko/2008092213 Ubuntu/8.04 (hardy) Firefox/3.0.2" "savemoki.com"
51.222.253.4 - - [09/Oct/2022:01:19:34 -0700] "GET /blog/wp-content/themes/themeforest-625914-ice-theme-powerful-wordpress-theme-1/documentation/ HTTP/1.1" 200 14882 "-" "Mozilla/5.0 (compatible; AhrefsBot/7.0; +http://ahrefs.com/robot/)" "www.savemoki.com"
51.222.253.16 - - [09/Oct/2022:01:19:37 -0700] "GET /blog/wp-content/themes/themeforest-625914-ice-theme-powerful-wordpress-theme-1/documentation/assets/blueprint-css/screen.css HTTP/1.1" 200 3206 "-" "Mozilla/5.0 (compatible; AhrefsBot/7.0; +http://ahrefs.com/robot/)" "www.savemoki.com"
51.222.253.2 - - [09/Oct/2022:01:20:07 -0700] "GET /blog/wp-content/themes/themeforest-625914-ice-theme-powerful-wordpress-theme-1/documentation/assets/blueprint-css/plugins/fancy-type/screen.css HTTP/1.1" 200 1142 "-" "Mozilla/5.0 (compatible; AhrefsBot/7.0; +http://ahrefs.com/robot/)" "www.savemoki.com"
51.222.253.3 - - [09/Oct/2022:01:20:08 -0700] "GET /blog/wp-content/themes/themeforest-625914-ice-theme-powerful-wordpress-theme-1/documentation/assets/blueprint-css/print.css HTTP/1.1" 200 666 "-" "Mozilla/5.0 (compatible; AhrefsBot/7.0; +http://ahrefs.com/robot/)" "www.savemoki.com"
51.222.253.12 - - [09/Oct/2022:01:22:53 -0700] "GET /yahoo_site_admin/ HTTP/1.1" 200 5367 "-" "Mozilla/5.0 (compatible; AhrefsBot/7.0; +http://ahrefs.com/robot/)" "www.savemoki.com"
51.222.253.11 - - [09/Oct/2022:01:27:31 -0700] "GET /Mokismedicalsec.html HTTP/1.1" 200 3973 "-" "Mozilla/5.0 (compatible; AhrefsBot/7.0; +http://ahrefs.com/robot/)" "www.savemoki.com"
51.222.253.4 - - [09/Oct/2022:01:27:37 -0700] "GET /sitebuilder/images/Medical_Record_7-449x600.jpg HTTP/1.1" 200 43522 "-" "Mozilla/5.0 (compatible; AhrefsBot/7.0; +http://ahrefs.com/robot/)" "www.savemoki.com"
51.222.253.8 - - [09/Oct/2022:01:27:38 -0700] "GET /sitebuilder/images/navbar-8-inactive-08812.png HTTP/1.1" 200 630 "-" "Mozilla/5.0 (compatible; AhrefsBot/7.0; +http://ahrefs.com/robot/)" "www.savemoki.com"
51.222.253.20 - - [09/Oct/2022:01:27:39 -0700] "GET /sitebuilder/images/navbar-1-inactive-08062.png HTTP/1.1" 200 660 "-" "Mozilla/5.0 (compatible; AhrefsBot/7.0; +http://ahrefs.com/robot/)" "www.savemoki.com"
51.222.253.19 - - [09/Oct/2022:01:27:39 -0700] "GET /sitebuilder/images/Medical_Record_8-449x600.jpg HTTP/1.1" 200 33246 "-" "Mozilla/5.0 (compatible; AhrefsBot/7.0; +http://ahrefs.com/robot/)" "www.savemoki.com"
51.222.253.17 - - [09/Oct/2022:01:27:40 -0700] "GET /Mokismedicalsec.html HTTP/1.1" 200 3973 "-" "Mozilla/5.0 (compatible; AhrefsBot/7.0; +http://ahrefs.com/robot/)" "www.savemoki.com"
51.222.253.17 - - [09/Oct/2022:01:27:40 -0700] "GET /sitebuilder/images/navbar-6-inactive-08687.png HTTP/1.1" 200 699 "-" "Mozilla/5.0 (compatible; AhrefsBot/7.0; +http://ahrefs.com/robot/)" "www.savemoki.com"
51.222.253.14 - - [09/Oct/2022:01:27:41 -0700] "GET /sitebuilder/images/navbar-6-inactive-85593.png HTTP/1.1" 200 831 "-" "Mozilla/5.0 (compatible; AhrefsBot/7.0; +http://ahrefs.com/robot/)" "www.savemoki.com"
51.222.253.16 - - [09/Oct/2022:01:27:41 -0700] "GET /sitebuilder/images/navbar-0-inactive-07953.png HTTP/1.1" 200 558 "-" "Mozilla/5.0 (compatible; AhrefsBot/7.0; +http://ahrefs.com/robot/)" "www.savemoki.com"
51.222.253.1 - - [09/Oct/2022:01:27:42 -0700] "GET /sitebuilder/images/navbar-6-inactive-43968.png HTTP/1.1" 200 568 "-" "Mozilla/5.0 (compatible; AhrefsBot/7.0; +http://ahrefs.com/robot/)" "www.savemoki.com"
51.222.253.11 - - [09/Oct/2022:01:27:42 -0700] "GET /sitebuilder/images/navbar-2-inactive-08125.png HTTP/1.1" 200 660 "-" "Mozilla/5.0 (compatible; AhrefsBot/7.0; +http://ahrefs.com/robot/)" "www.savemoki.com"
51.222.253.12 - - [09/Oct/2022:01:27:42 -0700] "GET /clipart/pageHeaders/yellow_rose_on_blue.jpg HTTP/1.1" 200 16940 "-" "Mozilla/5.0 (compatible; AhrefsBot/7.0; +http://ahrefs.com/robot/)" "www.savemoki.com"
51.222.253.18 - - [09/Oct/2022:01:27:43 -0700] "GET /sitebuilder/images/navbar-3-inactive-08187.png HTTP/1.1" 200 738 "-" "Mozilla/5.0 (compatible; AhrefsBot/7.0; +http://ahrefs.com/robot/)" "www.savemoki.com"
