136.243.220.211 - - [09/Oct/2022:04:46:59 -0700] "GET /?C=S;O=A HTTP/1.1" 200 1259 "-" "Mozilla/5.0 (compatible; DataForSeoBot/1.0; +https://dataforseo.com/dataforseo-bot)" "www.savemoki.com"
136.243.220.211 - - [09/Oct/2022:04:47:03 -0700] "GET /Bud.html HTTP/1.1" 200 1820 "-" "Mozilla/5.0 (compatible; DataForSeoBot/1.0; +https://dataforseo.com/dataforseo-bot)" "www.savemoki.com"
136.243.220.211 - - [09/Oct/2022:04:47:21 -0700] "GET /MedicalRecord.html HTTP/1.1" 200 4796 "-" "Mozilla/5.0 (compatible; DataForSeoBot/1.0; +https://dataforseo.com/dataforseo-bot)" "www.savemoki.com"
136.243.220.211 - - [09/Oct/2022:04:47:24 -0700] "GET /Mokislabpage1.html HTTP/1.1" 200 4020 "-" "Mozilla/5.0 (compatible; DataForSeoBot/1.0; +https://dataforseo.com/dataforseo-bot)" "www.savemoki.com"
185.119.81.109 - - [09/Oct/2022:04:47:33 -0700] "GET /2test/wp-login.php HTTP/1.1" 200 6053 "-" "Mozilla/5.0 (Windows NT 6.1; Win64; x64) AppleWebKit/537.36 (KHTML, like Gecko) Chrome/70.0.3538.67 Safari/537.36" "savemoki.com"
10.213.116.62 - - [09/Oct/2022:04:47:42 -0700] "POST /2test/wp-cron.php?doing_wp_cron=1665316062.4217090606689453125000 HTTP/1.1" 200 - "http://savemoki.com/2test/wp-cron.php?doing_wp_cron=1665316062.4217090606689453125000" "WordPress/5.4.11; http://savemoki.com/2test" "savemoki.com"
185.119.81.109 - - [09/Oct/2022:04:47:44 -0700] "POST /2test/wp-login.php HTTP/1.1" 200 6489 "http://savemoki.com/2test/wp-login.php" "Mozilla/5.0 (Windows NT 6.1; Win64; x64) AppleWebKit/537.36 (KHTML, like Gecko) Chrome/70.0.3538.67 Safari/537.36" "savemoki.com"
136.243.220.211 - - [09/Oct/2022:04:48:24 -0700] "GET /Cartoon_Pet_Pills.html HTTP/1.1" 200 598 "-" "Mozilla/5.0 (compatible; DataForSeoBot/1.0; +https://dataforseo.com/dataforseo-bot)" "www.savemoki.com"
114.119.139.167 - - [09/Oct/2022:04:48:50 -0700] "GET /clipart/images/frames?C=M%3BO%3DA HTTP/1.1" 301 1431 "https://savemoki.com/clipart/images/frames" "Mozilla/5.0 (Linux; Android 7.0;) AppleWebKit/537.36 (KHTML, like Gecko) Mobile Safari/537.36 (compatible; PetalBot;+https://webmaster.petalsearch.com/site/petalbot)" "savemoki.com"
114.119.139.167 - - [09/Oct/2022:04:48:51 -0700] "GET /clipart/images/frames/?C=M%3BO%3DA HTTP/1.1" 200 379 "https://savemoki.com/clipart/images/frames" "Mozilla/5.0 (Linux; Android 7.0;) AppleWebKit/537.36 (KHTML, like Gecko) Mobile Safari/537.36 (compatible; PetalBot;+https://webmaster.petalsearch.com/site/petalbot)" "savemoki.com"
136.243.220.211 - - [09/Oct/2022:04:49:18 -0700] "GET /?C=N;O=D HTTP/1.1" 200 1303 "-" "Mozilla/5.0 (compatible; DataForSeoBot/1.0; +https://dataforseo.com/dataforseo-bot)" "www.savemoki.com"
51.222.253.2 - - [09/Oct/2022:04:49:40 -0700] "GET /sitebuilder/scripts/?C=N;O=A HTTP/1.1" 200 373 "-" "Mozilla/5.0 (compatible; AhrefsBot/7.0; +http://ahrefs.com/robot/)" "savemoki.com"
136.243.220.211 - - [09/Oct/2022:04:50:20 -0700] "GET /media/ HTTP/1.1" 200 396 "-" "Mozilla/5.0 (compatible; DataForSeoBot/1.0; +https://dataforseo.com/dataforseo-bot)" "www.savemoki.com"
185.119.81.109 - - [09/Oct/2022:04:51:24 -0700] "GET /2test/wp-login.php HTTP/1.1" 200 6058 "-" "Mozilla/5.0 (Windows NT 6.1) AppleWebKit/537.36 (KHTML, like Gecko) Chrome/47.0.2526.106 Safari/537.36" "savemoki.com"
185.119.81.109 - - [09/Oct/2022:04:51:28 -0700] "POST /2test/wp-login.php HTTP/1.1" 200 6340 "http://savemoki.com/2test/wp-login.php" "Mozilla/5.0 (Windows NT 6.1) AppleWebKit/537.36 (KHTML, like Gecko) Chrome/47.0.2526.106 Safari/537.36" "savemoki.com"
136.243.220.211 - - [09/Oct/2022:04:51:37 -0700] "GET /temporarypreviewfile.html HTTP/1.1" 200 309 "-" "Mozilla/5.0 (compatible; DataForSeoBot/1.0; +https://dataforseo.com/dataforseo-bot)" "www.savemoki.com"
136.243.220.211 - - [09/Oct/2022:04:53:39 -0700] "GET /Updates_On_Special_Friends.html HTTP/1.1" 200 2469 "-" "Mozilla/5.0 (compatible; DataForSeoBot/1.0; +https://dataforseo.com/dataforseo-bot)" "www.savemoki.com"
114.119.139.148 - - [09/Oct/2022:04:54:16 -0700] "GET /blog?N=D HTTP/1.1" 301 1411 "https://savemoki.com/blog?N=A" "Mozilla/5.0 (Linux; Android 7.0;) AppleWebKit/537.36 (KHTML, like Gecko) Mobile Safari/537.36 (compatible; PetalBot;+https://webmaster.petalsearch.com/site/petalbot)" "savemoki.com"
114.119.139.148 - - [09/Oct/2022:04:54:16 -0700] "GET /blog/?N=D HTTP/1.1" 200 352 "https://savemoki.com/blog?N=A" "Mozilla/5.0 (Linux; Android 7.0;) AppleWebKit/537.36 (KHTML, like Gecko) Mobile Safari/537.36 (compatible; PetalBot;+https://webmaster.petalsearch.com/site/petalbot)" "savemoki.com"
51.222.253.11 - - [09/Oct/2022:04:56:24 -0700] "GET /blog/wp-content/themes/themeforest-625914-ice-theme-powerful-wordpress-theme-1/?C=N;O=D HTTP/1.1" 200 510 "-" "Mozilla/5.0 (compatible; AhrefsBot/7.0; +http://ahrefs.com/robot/)" "savemoki.com"
136.243.220.211 - - [09/Oct/2022:04:56:34 -0700] "GET /2test/ HTTP/1.1" 200 20545 "-" "Mozilla/5.0 (compatible; DataForSeoBot/1.0; +https://dataforseo.com/dataforseo-bot)" "www.savemoki.com"
136.243.220.211 - - [09/Oct/2022:04:56:40 -0700] "GET /?C=M;O=A HTTP/1.1" 200 1286 "-" "Mozilla/5.0 (compatible; DataForSeoBot/1.0; +https://dataforseo.com/dataforseo-bot)" "www.savemoki.com"
136.243.220.211 - - [09/Oct/2022:04:56:46 -0700] "GET /Donate HTTP/1.1" 200 2982 "-" "Mozilla/5.0 (compatible; DataForSeoBot/1.0; +https://dataforseo.com/dataforseo-bot)" "www.savemoki.com"
136.243.220.211 - - [09/Oct/2022:04:56:59 -0700] "GET /images/ HTTP/1.1" 200 2158 "-" "Mozilla/5.0 (compatible; DataForSeoBot/1.0; +https://dataforseo.com/dataforseo-bot)" "www.savemoki.com"
136.243.220.211 - - [09/Oct/2022:04:57:09 -0700] "GET /Links_Feline_Health.html HTTP/1.1" 200 10246 "-" "Mozilla/5.0 (compatible; DataForSeoBot/1.0; +https://dataforseo.com/dataforseo-bot)" "www.savemoki.com"
136.243.220.211 - - [09/Oct/2022:04:59:12 -0700] "GET /Ways_U_Can_help.html HTTP/1.1" 200 4289 "-" "Mozilla/5.0 (compatible; DataForSeoBot/1.0; +https://dataforseo.com/dataforseo-bot)" "www.savemoki.com"
114.119.139.167 - - [09/Oct/2022:04:59:41 -0700] "GET /sitebuilder/images?N=A HTTP/1.1" 301 1420 "https://savemoki.com/sitebuilder/images?S=D" "Mozilla/5.0 (Linux; Android 7.0;) AppleWebKit/537.36 (KHTML, like Gecko) Mobile Safari/537.36 (compatible; PetalBot;+https://webmaster.petalsearch.com/site/petalbot)" "savemoki.com"
114.119.139.167 - - [09/Oct/2022:04:59:42 -0700] "GET /sitebuilder/images/?N=A HTTP/1.1" 200 3814 "https://savemoki.com/sitebuilder/images?S=D" "Mozilla/5.0 (Linux; Android 7.0;) AppleWebKit/537.36 (KHTML, like Gecko) Mobile Safari/537.36 (compatible; PetalBot;+https://webmaster.petalsearch.com/site/petalbot)" "savemoki.com"
51.222.253.19 - - [09/Oct/2022:05:00:02 -0700] "GET /socialenginetrial/?C=N;O=A HTTP/1.1" 200 318 "-" "Mozilla/5.0 (compatible; AhrefsBot/7.0; +http://ahrefs.com/robot/)" "www.savemoki.com"
136.243.220.211 - - [09/Oct/2022:05:01:40 -0700] "GET /New1.html HTTP/1.1" 200 425 "-" "Mozilla/5.0 (compatible; DataForSeoBot/1.0; +https://dataforseo.com/dataforseo-bot)" "www.savemoki.com"
136.243.220.211 - - [09/Oct/2022:05:02:10 -0700] "GET /Videos.html HTTP/1.1" 200 5182 "-" "Mozilla/5.0 (compatible; DataForSeoBot/1.0; +https://dataforseo.com/dataforseo-bot)" "www.savemoki.com"
216.244.66.249 - - [09/Oct/2022:05:02:11 -0700] "GET /robots.txt HTTP/1.1" 200 39 "-" "Mozilla/5.0 (compatible; DotBot/1.2; +https://opensiteexplorer.org/dotbot; help@moz.com)" "savemoki.com"
51.222.253.17 - - [09/Oct/2022:05:03:47 -0700] "GET /clipart/images/sidebars/?C=N;O=A HTTP/1.1" 200 432 "-" "Mozilla/5.0 (compatible; AhrefsBot/7.0; +http://ahrefs.com/robot/)" "savemoki.com"
136.243.220.211 - - [09/Oct/2022:05:04:12 -0700] "GET /photo_album.html HTTP/1.1" 200 6353 "-" "Mozilla/5.0 (compatible; DataForSeoBot/1.0; +https://dataforseo.com/dataforseo-bot)" "www.savemoki.com"
136.243.220.211 - - [09/Oct/2022:05:04:15 -0700] "GET /Mokis_Medical_Records.html HTTP/1.1" 200 5014 "-" "Mozilla/5.0 (compatible; DataForSeoBot/1.0; +https://dataforseo.com/dataforseo-bot)" "www.savemoki.com"
136.243.220.211 - - [09/Oct/2022:05:04:19 -0700] "GET /New3.html HTTP/1.1" 200 425 "-" "Mozilla/5.0 (compatible; DataForSeoBot/1.0; +https://dataforseo.com/dataforseo-bot)" "www.savemoki.com"
136.243.220.211 - - [09/Oct/2022:05:04:29 -0700] "GET /Mokismedicalsec.html HTTP/1.1" 200 3973 "-" "Mozilla/5.0 (compatible; DataForSeoBot/1.0; +https://dataforseo.com/dataforseo-bot)" "www.savemoki.com"
114.119.139.166 - - [09/Oct/2022:05:05:08 -0700] "GET /sitebuilder/scripts HTTP/1.1" 301 1417 "https://savemoki.com/sitebuilder?C=D%3BO%3DA" "Mozilla/5.0 (Linux; Android 7.0;) AppleWebKit/537.36 (KHTML, like Gecko) Mobile Safari/537.36 (compatible; PetalBot;+https://webmaster.petalsearch.com/site/petalbot)" "savemoki.com"
114.119.139.166 - - [09/Oct/2022:05:05:09 -0700] "GET /sitebuilder/scripts/ HTTP/1.1" 200 373 "https://savemoki.com/sitebuilder?C=D%3BO%3DA" "Mozilla/5.0 (Linux; Android 7.0;) AppleWebKit/537.36 (KHTML, like Gecko) Mobile Safari/537.36 (compatible; PetalBot;+https://webmaster.petalsearch.com/site/petalbot)" "savemoki.com"
114.119.139.185 - - [09/Oct/2022:05:10:36 -0700] "GET /clipart/pageHeaders?D=D HTTP/1.1" 301 1422 "https://www.savemoki.com/clipart/pageHeaders?D=A" "Mozilla/5.0 (Linux; Android 7.0;) AppleWebKit/537.36 (KHTML, like Gecko) Mobile Safari/537.36 (compatible; PetalBot;+https://webmaster.petalsearch.com/site/petalbot)" "www.savemoki.com"
114.119.139.185 - - [09/Oct/2022:05:10:37 -0700] "GET /clipart/pageHeaders/?D=D HTTP/1.1" 200 427 "https://www.savemoki.com/clipart/pageHeaders?D=A" "Mozilla/5.0 (Linux; Android 7.0;) AppleWebKit/537.36 (KHTML, like Gecko) Mobile Safari/537.36 (compatible; PetalBot;+https://webmaster.petalsearch.com/site/petalbot)" "www.savemoki.com"
51.222.253.3 - - [09/Oct/2022:05:11:10 -0700] "GET /2test/index.php/heritage-flex-academy/ HTTP/1.1" 200 19154 "-" "Mozilla/5.0 (compatible; AhrefsBot/7.0; +http://ahrefs.com/robot/)" "savemoki.com"
114.119.139.148 - - [09/Oct/2022:05:16:07 -0700] "GET /clipart/buttons?N=D HTTP/1.1" 301 1419 "https://savemoki.com/clipart/buttons?N=A" "Mozilla/5.0 (Linux; Android 7.0;) AppleWebKit/537.36 (KHTML, like Gecko) Mobile Safari/537.36 (compatible; PetalBot;+https://webmaster.petalsearch.com/site/petalbot)" "savemoki.com"
114.119.139.148 - - [09/Oct/2022:05:16:08 -0700] "GET /clipart/buttons/?N=D HTTP/1.1" 200 359 "https://savemoki.com/clipart/buttons?N=A" "Mozilla/5.0 (Linux; Android 7.0;) AppleWebKit/537.36 (KHTML, like Gecko) Mobile Safari/537.36 (compatible; PetalBot;+https://webmaster.petalsearch.com/site/petalbot)" "savemoki.com"
51.222.253.1 - - [09/Oct/2022:05:19:21 -0700] "GET /blog/wp-content/themes/themeforest-625914-ice-theme-powerful-wordpress-theme-1/sample%20content/?C=N;O=A HTTP/1.1" 200 576 "-" "Mozilla/5.0 (compatible; AhrefsBot/7.0; +http://ahrefs.com/robot/)" "savemoki.com"
114.119.139.166 - - [09/Oct/2022:05:21:28 -0700] "GET /clipart/backgrounds?C=M%3BO%3DA HTTP/1.1" 301 1426 "https://savemoki.com/clipart/backgrounds?S=D" "Mozilla/5.0 (Linux; Android 7.0;) AppleWebKit/537.36 (KHTML, like Gecko) Mobile Safari/537.36 (compatible; PetalBot;+https://webmaster.petalsearch.com/site/petalbot)" "savemoki.com"
114.119.139.166 - - [09/Oct/2022:05:21:30 -0700] "GET /clipart/backgrounds/?C=M%3BO%3DA HTTP/1.1" 200 366 "https://savemoki.com/clipart/backgrounds?S=D" "Mozilla/5.0 (Linux; Android 7.0;) AppleWebKit/537.36 (KHTML, like Gecko) Mobile Safari/537.36 (compatible; PetalBot;+https://webmaster.petalsearch.com/site/petalbot)" "savemoki.com"
114.119.139.167 - - [09/Oct/2022:05:26:47 -0700] "GET /images/?C=D%3BO%3DA HTTP/1.1" 200 2158 "https://www.savemoki.com/images?C=N%3BO%3DD" "Mozilla/5.0 (Linux; Android 7.0;) AppleWebKit/537.36 (KHTML, like Gecko) Mobile Safari/537.36 (compatible; PetalBot;+https://webmaster.petalsearch.com/site/petalbot)" "www.savemoki.com"
51.222.253.13 - - [09/Oct/2022:05:26:59 -0700] "GET /clipart/bullets/?C=N;O=D HTTP/1.1" 200 426 "-" "Mozilla/5.0 (compatible; AhrefsBot/7.0; +http://ahrefs.com/robot/)" "savemoki.com"
114.119.139.148 - - [09/Oct/2022:05:32:09 -0700] "GET /blog/wp-content/themes/themeforest-625914-ice-theme-powerful-wordpress-theme-1/PSD?C=M%3BO%3DA HTTP/1.1" 301 1471 "https://savemoki.com/blog/wp-content/themes/themeforest-625914-ice-theme-powerful-wordpress-theme-1/PSD?N=A" "Mozilla/5.0 (Linux; Android 7.0;) AppleWebKit/537.36 (KHTML, like Gecko) Mobile Safari/537.36 (compatible; PetalBot;+https://webmaster.petalsearch.com/site/petalbot)" "savemoki.com"
114.119.139.148 - - [09/Oct/2022:05:32:11 -0700] "GET /blog/wp-content/themes/themeforest-625914-ice-theme-powerful-wordpress-theme-1/PSD/?C=M%3BO%3DA HTTP/1.1" 200 419 "https://savemoki.com/blog/wp-content/themes/themeforest-625914-ice-theme-powerful-wordpress-theme-1/PSD?N=A" "Mozilla/5.0 (Linux; Android 7.0;) AppleWebKit/537.36 (KHTML, like Gecko) Mobile Safari/537.36 (compatible; PetalBot;+https://webmaster.petalsearch.com/site/petalbot)" "savemoki.com"
51.222.253.3 - - [09/Oct/2022:05:34:43 -0700] "GET /Ways_U_Can_help.html HTTP/1.1" 200 4289 "-" "Mozilla/5.0 (compatible; AhrefsBot/7.0; +http://ahrefs.com/robot/)" "www.savemoki.com"
51.222.253.11 - - [09/Oct/2022:05:34:49 -0700] "GET /sitebuilder/images/Moki_s_first_Christmas-372x264.jpg HTTP/1.1" 200 27483 "-" "Mozilla/5.0 (compatible; AhrefsBot/7.0; +http://ahrefs.com/robot/)" "www.savemoki.com"
95.111.201.126 - - [09/Oct/2022:05:35:33 -0700] "GET /contact_us.html HTTP/1.1" 200 18024 "http://savemoki.com/contact_us.html" "Mozilla/5.0 (Windows NT 6.3) AppleWebKit/537.36 (KHTML, like Gecko) Chrome/90.0.4430.72 Safari/537.36" "savemoki.com"
114.119.139.185 - - [09/Oct/2022:05:37:30 -0700] "GET /clipart/pageHeaders?C=N%3BO%3DD HTTP/1.1" 301 1430 "https://savemoki.com/clipart/pageHeaders?M=A" "Mozilla/5.0 (Linux; Android 7.0;) AppleWebKit/537.36 (KHTML, like Gecko) Mobile Safari/537.36 (compatible; PetalBot;+https://webmaster.petalsearch.com/site/petalbot)" "savemoki.com"
114.119.139.185 - - [09/Oct/2022:05:37:31 -0700] "GET /clipart/pageHeaders/?C=N%3BO%3DD HTTP/1.1" 200 427 "https://savemoki.com/clipart/pageHeaders?M=A" "Mozilla/5.0 (Linux; Android 7.0;) AppleWebKit/537.36 (KHTML, like Gecko) Mobile Safari/537.36 (compatible; PetalBot;+https://webmaster.petalsearch.com/site/petalbot)" "savemoki.com"
51.222.253.9 - - [09/Oct/2022:05:38:18 -0700] "GET /images/?C=N;O=A HTTP/1.1" 200 2158 "-" "Mozilla/5.0 (compatible; AhrefsBot/7.0; +http://ahrefs.com/robot/)" "www.savemoki.com"
51.222.253.20 - - [09/Oct/2022:05:42:06 -0700] "GET /clipart/images/sidebars/ HTTP/1.1" 200 432 "-" "Mozilla/5.0 (compatible; AhrefsBot/7.0; +http://ahrefs.com/robot/)" "www.savemoki.com"
114.119.139.148 - - [09/Oct/2022:05:42:52 -0700] "GET /blog/wp-content/themes/themeforest-625914-ice-theme-powerful-wordpress-theme-1/sample%20content?M=D HTTP/1.1" 301 1466 "https://savemoki.com/blog/wp-content/themes/themeforest-625914-ice-theme-powerful-wordpress-theme-1/sample%20content?M=A" "Mozilla/5.0 (Linux; Android 7.0;) AppleWebKit/537.36 (KHTML, like Gecko) Mobile Safari/537.36 (compatible; PetalBot;+https://webmaster.petalsearch.com/site/petalbot)" "savemoki.com"
114.119.139.148 - - [09/Oct/2022:05:42:53 -0700] "GET /blog/wp-content/themes/themeforest-625914-ice-theme-powerful-wordpress-theme-1/sample%20content/?M=D HTTP/1.1" 200 576 "https://savemoki.com/blog/wp-content/themes/themeforest-625914-ice-theme-powerful-wordpress-theme-1/sample%20content?M=A" "Mozilla/5.0 (Linux; Android 7.0;) AppleWebKit/537.36 (KHTML, like Gecko) Mobile Safari/537.36 (compatible; PetalBot;+https://webmaster.petalsearch.com/site/petalbot)" "savemoki.com"
185.119.81.96 - - [09/Oct/2022:05:44:11 -0700] "GET /2test/wp-login.php HTTP/1.1" 200 6053 "-" "Mozilla/5.0 (Windows NT 6.3; Win64; x64) AppleWebKit/537.36 (KHTML, like Gecko) Chrome/98.0.4758.102 Safari/537.36" "savemoki.com"
10.213.116.64 - - [09/Oct/2022:05:44:15 -0700] "POST /2test/wp-cron.php?doing_wp_cron=1665319455.0365419387817382812500 HTTP/1.1" 200 - "http://savemoki.com/2test/wp-cron.php?doing_wp_cron=1665319455.0365419387817382812500" "WordPress/5.4.11; http://savemoki.com/2test" "savemoki.com"
185.119.81.96 - - [09/Oct/2022:05:44:16 -0700] "POST /2test/wp-login.php HTTP/1.1" 200 6342 "http://savemoki.com/2test/wp-login.php" "Mozilla/5.0 (Windows NT 6.3; Win64; x64) AppleWebKit/537.36 (KHTML, like Gecko) Chrome/98.0.4758.102 Safari/537.36" "savemoki.com"
114.119.139.166 - - [09/Oct/2022:05:48:21 -0700] "GET /blog/wp-content/ HTTP/1.1" 200 359 "https://savemoki.com/blog?M=A" "Mozilla/5.0 (Linux; Android 7.0;) AppleWebKit/537.36 (KHTML, like Gecko) Mobile Safari/537.36 (compatible; PetalBot;+https://webmaster.petalsearch.com/site/petalbot)" "savemoki.com"
51.222.253.5 - - [09/Oct/2022:05:50:01 -0700] "GET /clipart/images/frames/ HTTP/1.1" 200 379 "-" "Mozilla/5.0 (compatible; AhrefsBot/7.0; +http://ahrefs.com/robot/)" "www.savemoki.com"
114.119.139.167 - - [09/Oct/2022:05:53:45 -0700] "GET /sitebuilder?C=N%3BO%3DD HTTP/1.1" 301 1426 "https://www.savemoki.com/sitebuilder?D=D" "Mozilla/5.0 (Linux; Android 7.0;) AppleWebKit/537.36 (KHTML, like Gecko) Mobile Safari/537.36 (compatible; PetalBot;+https://webmaster.petalsearch.com/site/petalbot)" "www.savemoki.com"
114.119.139.167 - - [09/Oct/2022:05:53:46 -0700] "GET /sitebuilder/?C=N%3BO%3DD HTTP/1.1" 200 372 "https://www.savemoki.com/sitebuilder?D=D" "Mozilla/5.0 (Linux; Android 7.0;) AppleWebKit/537.36 (KHTML, like Gecko) Mobile Safari/537.36 (compatible; PetalBot;+https://webmaster.petalsearch.com/site/petalbot)" "www.savemoki.com"
216.244.66.249 - - [09/Oct/2022:05:54:12 -0700] "GET /robots.txt HTTP/1.1" 200 39 "-" "Mozilla/5.0 (compatible; DotBot/1.2; +https://opensiteexplorer.org/dotbot; help@moz.com)" "savemoki.com"
43.240.100.177 - - [09/Oct/2022:05:58:40 -0700] "GET /contact_us.html HTTP/1.1" 200 18024 "http://savemoki.com/contact_us.html" "Mozilla/5.0 (Windows NT 6.1; Win64; x64) AppleWebKit/537.36 (KHTML, like Gecko) Chrome/90.0.4430.85 Safari/537.36" "savemoki.com"
114.119.139.166 - - [09/Oct/2022:05:59:08 -0700] "GET /2test/index.php/courses/sample-course?tab=tab-curriculum HTTP/1.1" 200 64439 "https://savemoki.com/2test/index.php/courses/sample-course?tab=tab-instructor" "Mozilla/5.0 (Linux; Android 7.0;) AppleWebKit/537.36 (KHTML, like Gecko) Mobile Safari/537.36 (compatible; PetalBot;+https://webmaster.petalsearch.com/site/petalbot)" "savemoki.com"
77.88.5.47 - - [09/Oct/2022:06:02:23 -0700] "GET /index.html.bak HTTP/1.1" 200 5368 "-" "Mozilla/5.0 (compatible; YandexBot/3.0; +http://yandex.com/bots)" "savemoki.com"
114.119.139.166 - - [09/Oct/2022:06:04:33 -0700] "GET /?C=M%3BO%3DA HTTP/1.1" 200 1287 "https://www.savemoki.com?C=M%3BO%3DA" "Mozilla/5.0 (Linux; Android 7.0;) AppleWebKit/537.36 (KHTML, like Gecko) Mobile Safari/537.36 (compatible; PetalBot;+https://webmaster.petalsearch.com/site/petalbot)" "www.savemoki.com"
51.222.253.15 - - [09/Oct/2022:06:08:01 -0700] "GET /clipart/images/sidebars/?C=N;O=D HTTP/1.1" 200 431 "-" "Mozilla/5.0 (compatible; AhrefsBot/7.0; +http://ahrefs.com/robot/)" "savemoki.com"
114.119.139.148 - - [09/Oct/2022:06:10:01 -0700] "GET /socialenginetrial?S=D HTTP/1.1" 301 1421 "https://savemoki.com/socialenginetrial?S=A" "Mozilla/5.0 (Linux; Android 7.0;) AppleWebKit/537.36 (KHTML, like Gecko) Mobile Safari/537.36 (compatible; PetalBot;+https://webmaster.petalsearch.com/site/petalbot)" "savemoki.com"
114.119.139.148 - - [09/Oct/2022:06:10:02 -0700] "GET /socialenginetrial/?S=D HTTP/1.1" 200 318 "https://savemoki.com/socialenginetrial?S=A" "Mozilla/5.0 (Linux; Android 7.0;) AppleWebKit/537.36 (KHTML, like Gecko) Mobile Safari/537.36 (compatible; PetalBot;+https://webmaster.petalsearch.com/site/petalbot)" "savemoki.com"
114.119.139.185 - - [09/Oct/2022:06:15:30 -0700] "GET /socialenginetrial/?C=N%3BO%3DD HTTP/1.1" 200 318 "https://www.savemoki.com/socialenginetrial?M=D" "Mozilla/5.0 (Linux; Android 7.0;) AppleWebKit/537.36 (KHTML, like Gecko) Mobile Safari/537.36 (compatible; PetalBot;+https://webmaster.petalsearch.com/site/petalbot)" "www.savemoki.com"
5.161.152.105 - - [09/Oct/2022:06:17:11 -0700] "GET /wp-content/themes/seotheme/mar.php HTTP/1.1" 404 88 "-" "Mozlila/5.0 (Linux; Android 7.0; SM-G892A Bulid/NRD90M; wv) AppleWebKit/537.36 (KHTML, like Gecko) Version/4.0 Chrome/60.0.3112.107 Moblie Safari/537.36" "savemoki.com"
5.161.152.105 - - [09/Oct/2022:06:17:39 -0700] "GET /wp/wp-content/themes/seotheme/mar.php HTTP/1.1" 404 88 "-" "Mozlila/5.0 (Linux; Android 7.0; SM-G892A Bulid/NRD90M; wv) AppleWebKit/537.36 (KHTML, like Gecko) Version/4.0 Chrome/60.0.3112.107 Moblie Safari/537.36" "savemoki.com"
51.222.253.9 - - [09/Oct/2022:06:18:11 -0700] "GET /navigation_bars/ HTTP/1.1" 200 408 "-" "Mozilla/5.0 (compatible; AhrefsBot/7.0; +http://ahrefs.com/robot/)" "www.savemoki.com"
114.119.139.167 - - [09/Oct/2022:06:20:48 -0700] "GET /blog/wp-content/ HTTP/1.1" 200 359 "https://www.savemoki.com/blog/" "Mozilla/5.0 (Linux; Android 7.0;) AppleWebKit/537.36 (KHTML, like Gecko) Mobile Safari/537.36 (compatible; PetalBot;+https://webmaster.petalsearch.com/site/petalbot)" "www.savemoki.com"
181.214.218.71 - - [09/Oct/2022:06:21:37 -0700] "GET /contact_us.html HTTP/1.1" 200 18024 "http://savemoki.com/contact_us.html" "Mozilla/5.0 (Windows NT 6.3; Win64; x64) AppleWebKit/537.36 (KHTML, like Gecko) Chrome/90.0.4430.72 Safari/537.36" "savemoki.com"
114.119.139.166 - - [09/Oct/2022:06:26:10 -0700] "GET /clipart/lines/?C=M%3BO%3DA HTTP/1.1" 200 361 "https://savemoki.com/clipart/lines/?C=D%3BO%3DA" "Mozilla/5.0 (Linux; Android 7.0;) AppleWebKit/537.36 (KHTML, like Gecko) Mobile Safari/537.36 (compatible; PetalBot;+https://webmaster.petalsearch.com/site/petalbot)" "savemoki.com"
185.221.237.208 - - [09/Oct/2022:06:28:51 -0700] "GET /contact_us.html HTTP/1.1" 200 18024 "http://savemoki.com/contact_us.html" "Mozilla/5.0 (Windows NT 6.1; WOW64) AppleWebKit/537.36 (KHTML, like Gecko) Chrome/90.0.4430.72 Safari/537.36" "savemoki.com"
51.222.253.15 - - [09/Oct/2022:06:29:09 -0700] "GET /clipart/pageHeaders/?C=S;O=D HTTP/1.1" 200 426 "-" "Mozilla/5.0 (compatible; AhrefsBot/7.0; +http://ahrefs.com/robot/)" "savemoki.com"
51.222.253.17 - - [09/Oct/2022:06:35:23 -0700] "GET /media/ HTTP/1.1" 200 396 "-" "Mozilla/5.0 (compatible; AhrefsBot/7.0; +http://ahrefs.com/robot/)" "www.savemoki.com"
114.119.139.185 - - [09/Oct/2022:06:36:56 -0700] "GET /clipart/buttons/themes?C=D%3BO%3DA HTTP/1.1" 301 1436 "https://www.savemoki.com/clipart/buttons/themes?C=N%3BO%3DD" "Mozilla/5.0 (Linux; Android 7.0;) AppleWebKit/537.36 (KHTML, like Gecko) Mobile Safari/537.36 (compatible; PetalBot;+https://webmaster.petalsearch.com/site/petalbot)" "www.savemoki.com"
114.119.139.185 - - [09/Oct/2022:06:36:57 -0700] "GET /clipart/buttons/themes/?C=D%3BO%3DA HTTP/1.1" 200 404 "https://www.savemoki.com/clipart/buttons/themes?C=N%3BO%3DD" "Mozilla/5.0 (Linux; Android 7.0;) AppleWebKit/537.36 (KHTML, like Gecko) Mobile Safari/537.36 (compatible; PetalBot;+https://webmaster.petalsearch.com/site/petalbot)" "www.savemoki.com"
51.222.253.19 - - [09/Oct/2022:06:41:06 -0700] "GET /clipart/lines/?C=D;O=A HTTP/1.1" 200 361 "-" "Mozilla/5.0 (compatible; AhrefsBot/7.0; +http://ahrefs.com/robot/)" "savemoki.com"
114.119.139.166 - - [09/Oct/2022:06:42:15 -0700] "GET /blog/wp-content?M=A HTTP/1.1" 301 1419 "https://savemoki.com/blog/wp-content?N=D" "Mozilla/5.0 (Linux; Android 7.0;) AppleWebKit/537.36 (KHTML, like Gecko) Mobile Safari/537.36 (compatible; PetalBot;+https://webmaster.petalsearch.com/site/petalbot)" "savemoki.com"
114.119.139.166 - - [09/Oct/2022:06:42:16 -0700] "GET /blog/wp-content/?M=A HTTP/1.1" 200 359 "https://savemoki.com/blog/wp-content?N=D" "Mozilla/5.0 (Linux; Android 7.0;) AppleWebKit/537.36 (KHTML, like Gecko) Mobile Safari/537.36 (compatible; PetalBot;+https://webmaster.petalsearch.com/site/petalbot)" "savemoki.com"
216.244.66.249 - - [09/Oct/2022:06:46:42 -0700] "GET /robots.txt HTTP/1.1" 200 39 "-" "Mozilla/5.0 (compatible; DotBot/1.2; +https://opensiteexplorer.org/dotbot; help@moz.com)" "savemoki.com"
51.222.253.12 - - [09/Oct/2022:06:46:54 -0700] "GET /socialenginetrial/ HTTP/1.1" 200 318 "-" "Mozilla/5.0 (compatible; AhrefsBot/7.0; +http://ahrefs.com/robot/)" "www.savemoki.com"
114.119.139.166 - - [09/Oct/2022:06:47:39 -0700] "GET /clipart/buttons/themes/rectangle_yellow?C=S%3BO%3DA HTTP/1.1" 301 1447 "https://www.savemoki.com/clipart/buttons/themes/rectangle_yellow?C=M%3BO%3DA" "Mozilla/5.0 (Linux; Android 7.0;) AppleWebKit/537.36 (KHTML, like Gecko) Mobile Safari/537.36 (compatible; PetalBot;+https://webmaster.petalsearch.com/site/petalbot)" "www.savemoki.com"
114.119.139.166 - - [09/Oct/2022:06:47:41 -0700] "GET /clipart/buttons/themes/rectangle_yellow/?C=S%3BO%3DA HTTP/1.1" 200 427 "https://www.savemoki.com/clipart/buttons/themes/rectangle_yellow?C=M%3BO%3DA" "Mozilla/5.0 (Linux; Android 7.0;) AppleWebKit/537.36 (KHTML, like Gecko) Mobile Safari/537.36 (compatible; PetalBot;+https://webmaster.petalsearch.com/site/petalbot)" "www.savemoki.com"
114.233.213.137 - - [09/Oct/2022:06:48:38 -0700] "GET /contact_us.html HTTP/1.1" 200 18024 "http://savemoki.com/contact_us.html" "Mozilla/5.0 (Windows NT 10.0; Win64; x64) AppleWebKit/537.36 (KHTML, like Gecko) Chrome/90.0.4430.86 Safari/537.36" "savemoki.com"
114.96.83.191 - - [09/Oct/2022:06:52:49 -0700] "GET /contact_us.html HTTP/1.1" 200 18024 "http://savemoki.com/contact_us.html" "Mozilla/5.0 (Windows NT 6.1; Win64; x64) AppleWebKit/537.36 (KHTML, like Gecko) Chrome/90.0.4430.85 Safari/537.36 Edg/90.0.818.49" "savemoki.com"
51.222.253.12 - - [09/Oct/2022:06:52:57 -0700] "GET /sitebuilder/?C=S;O=A HTTP/1.1" 200 372 "-" "Mozilla/5.0 (compatible; AhrefsBot/7.0; +http://ahrefs.com/robot/)" "savemoki.com"
114.119.139.167 - - [09/Oct/2022:06:53:12 -0700] "GET /socialenginetrial/?C=M%3BO%3DA HTTP/1.1" 200 318 "https://savemoki.com/socialenginetrial?C=M%3BO%3DA" "Mozilla/5.0 (Linux; Android 7.0;) AppleWebKit/537.36 (KHTML, like Gecko) Mobile Safari/537.36 (compatible; PetalBot;+https://webmaster.petalsearch.com/site/petalbot)" "savemoki.com"
51.222.253.4 - - [09/Oct/2022:06:58:33 -0700] "GET /blog/wp-content/themes/themeforest-625914-ice-theme-powerful-wordpress-theme-1/sample%20content/ HTTP/1.1" 200 576 "-" "Mozilla/5.0 (compatible; AhrefsBot/7.0; +http://ahrefs.com/robot/)" "www.savemoki.com"
114.119.139.148 - - [09/Oct/2022:06:58:38 -0700] "GET /clipart/images/sidebars?C=S%3BO%3DA HTTP/1.1" 301 1434 "https://www.savemoki.com/clipart/images/sidebars?C=D%3BO%3DA" "Mozilla/5.0 (Linux; Android 7.0;) AppleWebKit/537.36 (KHTML, like Gecko) Mobile Safari/537.36 (compatible; PetalBot;+https://webmaster.petalsearch.com/site/petalbot)" "www.savemoki.com"
114.119.139.148 - - [09/Oct/2022:06:58:40 -0700] "GET /clipart/images/sidebars/?C=S%3BO%3DA HTTP/1.1" 200 432 "https://www.savemoki.com/clipart/images/sidebars?C=D%3BO%3DA" "Mozilla/5.0 (Linux; Android 7.0;) AppleWebKit/537.36 (KHTML, like Gecko) Mobile Safari/537.36 (compatible; PetalBot;+https://webmaster.petalsearch.com/site/petalbot)" "www.savemoki.com"
51.222.253.16 - - [09/Oct/2022:07:04:10 -0700] "GET /sitebuilder/?C=D;O=A HTTP/1.1" 200 372 "-" "Mozilla/5.0 (compatible; AhrefsBot/7.0; +http://ahrefs.com/robot/)" "savemoki.com"
114.119.139.148 - - [09/Oct/2022:07:04:10 -0700] "GET /clipart/buttons/themes?C=S%3BO%3DA HTTP/1.1" 301 1436 "https://www.savemoki.com/clipart/buttons/themes?C=D%3BO%3DA" "Mozilla/5.0 (Linux; Android 7.0;) AppleWebKit/537.36 (KHTML, like Gecko) Mobile Safari/537.36 (compatible; PetalBot;+https://webmaster.petalsearch.com/site/petalbot)" "www.savemoki.com"
114.119.139.148 - - [09/Oct/2022:07:04:15 -0700] "GET /clipart/buttons/themes/?C=S%3BO%3DA HTTP/1.1" 200 404 "https://www.savemoki.com/clipart/buttons/themes?C=D%3BO%3DA" "Mozilla/5.0 (Linux; Android 7.0;) AppleWebKit/537.36 (KHTML, like Gecko) Mobile Safari/537.36 (compatible; PetalBot;+https://webmaster.petalsearch.com/site/petalbot)" "www.savemoki.com"
51.222.253.12 - - [09/Oct/2022:07:06:48 -0700] "GET /files/ HTTP/1.1" 200 380 "-" "Mozilla/5.0 (compatible; AhrefsBot/7.0; +http://ahrefs.com/robot/)" "www.savemoki.com"
114.119.139.167 - - [09/Oct/2022:07:09:38 -0700] "GET /clipart/backgrounds/fullpage/ HTTP/1.1" 200 389 "https://savemoki.com/clipart/backgrounds?D=A" "Mozilla/5.0 (Linux; Android 7.0;) AppleWebKit/537.36 (KHTML, like Gecko) Mobile Safari/537.36 (compatible; PetalBot;+https://webmaster.petalsearch.com/site/petalbot)" "savemoki.com"
51.222.253.3 - - [09/Oct/2022:07:09:44 -0700] "GET /blog/ HTTP/1.1" 200 352 "-" "Mozilla/5.0 (compatible; AhrefsBot/7.0; +http://ahrefs.com/robot/)" "www.savemoki.com"
51.222.253.12 - - [09/Oct/2022:07:12:47 -0700] "GET /photo_album.html HTTP/1.1" 200 6353 "-" "Mozilla/5.0 (compatible; AhrefsBot/7.0; +http://ahrefs.com/robot/)" "www.savemoki.com"
51.222.253.10 - - [09/Oct/2022:07:12:49 -0700] "GET /sitebuilder/images/Little_Kitty_adding_her_two_cents-457x254.jpg HTTP/1.1" 200 21545 "-" "Mozilla/5.0 (compatible; AhrefsBot/7.0; +http://ahrefs.com/robot/)" "www.savemoki.com"
51.222.253.17 - - [09/Oct/2022:07:12:50 -0700] "GET /sitebuilder/images/Moki_on_New_Years_Day-204x149.jpg HTTP/1.1" 200 7169 "-" "Mozilla/5.0 (compatible; AhrefsBot/7.0; +http://ahrefs.com/robot/)" "www.savemoki.com"
51.222.253.5 - - [09/Oct/2022:07:12:50 -0700] "GET /sitebuilder/images/Smokey_and_the_Bandit-218x176.jpg HTTP/1.1" 200 6866 "-" "Mozilla/5.0 (compatible; AhrefsBot/7.0; +http://ahrefs.com/robot/)" "www.savemoki.com"
51.222.253.9 - - [09/Oct/2022:07:12:51 -0700] "GET /photo_album.html HTTP/1.1" 200 6353 "-" "Mozilla/5.0 (compatible; AhrefsBot/7.0; +http://ahrefs.com/robot/)" "www.savemoki.com"
51.222.253.3 - - [09/Oct/2022:07:12:52 -0700] "GET /images/Cagney_Mokis_Gaurdian_Angel.gif HTTP/1.1" 200 48960 "-" "Mozilla/5.0 (compatible; AhrefsBot/7.0; +http://ahrefs.com/robot/)" "www.savemoki.com"
51.222.253.15 - - [09/Oct/2022:07:12:52 -0700] "GET /sitebuilder/images/Moki_s_first_Christmas-204x148.jpg HTTP/1.1" 200 10079 "-" "Mozilla/5.0 (compatible; AhrefsBot/7.0; +http://ahrefs.com/robot/)" "www.savemoki.com"
51.222.253.10 - - [09/Oct/2022:07:12:53 -0700] "GET /sitebuilder/images/Sissy_and_Bandit-454x294.jpg HTTP/1.1" 200 20943 "-" "Mozilla/5.0 (compatible; AhrefsBot/7.0; +http://ahrefs.com/robot/)" "www.savemoki.com"
51.222.253.16 - - [09/Oct/2022:07:12:54 -0700] "GET /sitebuilder/images/navbar-3-active-00968.png HTTP/1.1" 200 1593 "-" "Mozilla/5.0 (compatible; AhrefsBot/7.0; +http://ahrefs.com/robot/)" "www.savemoki.com"
51.222.253.4 - - [09/Oct/2022:07:12:54 -0700] "GET /sitebuilder/images/Cats_Meow-286x202.jpg HTTP/1.1" 200 9972 "-" "Mozilla/5.0 (compatible; AhrefsBot/7.0; +http://ahrefs.com/robot/)" "www.savemoki.com"
51.222.253.8 - - [09/Oct/2022:07:12:55 -0700] "GET /sitebuilder/images/Lucy_-_Momma_Cat-319x255.jpg HTTP/1.1" 200 16878 "-" "Mozilla/5.0 (compatible; AhrefsBot/7.0; +http://ahrefs.com/robot/)" "www.savemoki.com"
114.119.139.185 - - [09/Oct/2022:07:15:03 -0700] "GET /?C=M%3BO%3DA HTTP/1.1" 200 1287 "http://savemoki.com?C=D%3BO%3DA" "Mozilla/5.0 (Linux; Android 7.0;) AppleWebKit/537.36 (KHTML, like Gecko) Mobile Safari/537.36 (compatible; PetalBot;+https://webmaster.petalsearch.com/site/petalbot)" "savemoki.com"
51.222.253.5 - - [09/Oct/2022:07:15:31 -0700] "GET /robots.txt HTTP/1.1" 200 55 "-" "Mozilla/5.0 (compatible; AhrefsBot/7.0; +http://ahrefs.com/robot/)" "www.savemoki.com"
45.169.70.9 - - [09/Oct/2022:07:18:07 -0700] "GET /blog1/2015/05/07/test-post/ HTTP/1.1" 404 73 "http://savemoki.com/blog1/2015/05/07/test-post/" "Mozilla/5.0 (Windows NT 10.0; Win64; x64) AppleWebKit/537.36 (KHTML, like Gecko) Chrome/90.0.4430.85 Safari/537.36" "savemoki.com"
51.222.253.9 - - [09/Oct/2022:07:18:16 -0700] "GET /clipart/lines/ HTTP/1.1" 200 361 "-" "Mozilla/5.0 (compatible; AhrefsBot/7.0; +http://ahrefs.com/robot/)" "www.savemoki.com"
45.169.70.9 - - [09/Oct/2022:07:18:17 -0700] "GET / HTTP/1.1" 200 7350 "http://savemoki.com/" "Mozilla/5.0 (Windows NT 10.0; Win64; x64) AppleWebKit/537.36 (KHTML, like Gecko) Chrome/90.0.4430.85 Safari/537.36" "savemoki.com"
45.169.70.9 - - [09/Oct/2022:07:18:23 -0700] "GET /blog/ HTTP/1.1" 200 698 "http://savemoki.com/blog/" "Mozilla/5.0 (Windows NT 10.0; Win64; x64) AppleWebKit/537.36 (KHTML, like Gecko) Chrome/90.0.4430.85 Safari/537.36" "savemoki.com"
114.119.139.148 - - [09/Oct/2022:07:20:35 -0700] "GET /clipart/lines/horizontal?D=D HTTP/1.1" 301 1425 "https://savemoki.com/clipart/lines/horizontal?D=A" "Mozilla/5.0 (Linux; Android 7.0;) AppleWebKit/537.36 (KHTML, like Gecko) Mobile Safari/537.36 (compatible; PetalBot;+https://webmaster.petalsearch.com/site/petalbot)" "savemoki.com"
114.119.139.148 - - [09/Oct/2022:07:20:36 -0700] "GET /clipart/lines/horizontal/?D=D HTTP/1.1" 200 408 "https://savemoki.com/clipart/lines/horizontal?D=A" "Mozilla/5.0 (Linux; Android 7.0;) AppleWebKit/537.36 (KHTML, like Gecko) Mobile Safari/537.36 (compatible; PetalBot;+https://webmaster.petalsearch.com/site/petalbot)" "savemoki.com"
51.222.253.12 - - [09/Oct/2022:07:24:16 -0700] "GET /Mokis_Labwork.html HTTP/1.1" 200 4943 "-" "Mozilla/5.0 (compatible; AhrefsBot/7.0; +http://ahrefs.com/robot/)" "www.savemoki.com"
51.222.253.1 - - [09/Oct/2022:07:24:19 -0700] "GET /sitebuilder/images/Lab_7-450x600.jpg HTTP/1.1" 200 12802 "-" "Mozilla/5.0 (compatible; AhrefsBot/7.0; +http://ahrefs.com/robot/)" "www.savemoki.com"
51.222.253.9 - - [09/Oct/2022:07:24:19 -0700] "GET /sitebuilder/images/Lab_9-450x600.jpg HTTP/1.1" 200 41140 "-" "Mozilla/5.0 (compatible; AhrefsBot/7.0; +http://ahrefs.com/robot/)" "www.savemoki.com"
51.222.253.13 - - [09/Oct/2022:07:24:20 -0700] "GET /sitebuilder/images/Lab_8-449x600.jpg HTTP/1.1" 200 41430 "-" "Mozilla/5.0 (compatible; AhrefsBot/7.0; +http://ahrefs.com/robot/)" "www.savemoki.com"
51.222.253.13 - - [09/Oct/2022:07:24:21 -0700] "GET /Mokis_Labwork.html HTTP/1.1" 200 4943 "-" "Mozilla/5.0 (compatible; AhrefsBot/7.0; +http://ahrefs.com/robot/)" "www.savemoki.com"
138.68.14.63 - - [09/Oct/2022:07:25:52 -0700] "GET /contact_us.html HTTP/1.1" 200 18024 "http://savemoki.com/contact_us.html" "Mozilla/5.0 (Windows NT 10.0; Win64; x64) AppleWebKit/537.36 (KHTML, like Gecko) Chrome/90.0.4430.85 Safari/537.36 Edg/90.0.818.46" "savemoki.com"
114.119.139.166 - - [09/Oct/2022:07:26:03 -0700] "GET /blog/wp-content?S=A HTTP/1.1" 301 1419 "https://savemoki.com/blog/wp-content?N=D" "Mozilla/5.0 (Linux; Android 7.0;) AppleWebKit/537.36 (KHTML, like Gecko) Mobile Safari/537.36 (compatible; PetalBot;+https://webmaster.petalsearch.com/site/petalbot)" "savemoki.com"
114.119.139.166 - - [09/Oct/2022:07:26:04 -0700] "GET /blog/wp-content/?S=A HTTP/1.1" 200 359 "https://savemoki.com/blog/wp-content?N=D" "Mozilla/5.0 (Linux; Android 7.0;) AppleWebKit/537.36 (KHTML, like Gecko) Mobile Safari/537.36 (compatible; PetalBot;+https://webmaster.petalsearch.com/site/petalbot)" "savemoki.com"
114.119.139.166 - - [09/Oct/2022:07:31:26 -0700] "GET /media?N=A HTTP/1.1" 301 1412 "https://savemoki.com/media?D=D" "Mozilla/5.0 (Linux; Android 7.0;) AppleWebKit/537.36 (KHTML, like Gecko) Mobile Safari/537.36 (compatible; PetalBot;+https://webmaster.petalsearch.com/site/petalbot)" "savemoki.com"
114.119.139.166 - - [09/Oct/2022:07:31:27 -0700] "GET /media/?N=A HTTP/1.1" 200 396 "https://savemoki.com/media?D=D" "Mozilla/5.0 (Linux; Android 7.0;) AppleWebKit/537.36 (KHTML, like Gecko) Mobile Safari/537.36 (compatible; PetalBot;+https://webmaster.petalsearch.com/site/petalbot)" "savemoki.com"
51.222.253.18 - - [09/Oct/2022:07:34:00 -0700] "GET /media/?C=N;O=D HTTP/1.1" 200 395 "-" "Mozilla/5.0 (compatible; AhrefsBot/7.0; +http://ahrefs.com/robot/)" "www.savemoki.com"
114.119.139.148 - - [09/Oct/2022:07:36:55 -0700] "GET /media?D=D HTTP/1.1" 301 1413 "https://www.savemoki.com/media?D=A" "Mozilla/5.0 (Linux; Android 7.0;) AppleWebKit/537.36 (KHTML, like Gecko) Mobile Safari/537.36 (compatible; PetalBot;+https://webmaster.petalsearch.com/site/petalbot)" "www.savemoki.com"
114.119.139.148 - - [09/Oct/2022:07:36:57 -0700] "GET /media/?D=D HTTP/1.1" 200 396 "https://www.savemoki.com/media?D=A" "Mozilla/5.0 (Linux; Android 7.0;) AppleWebKit/537.36 (KHTML, like Gecko) Mobile Safari/537.36 (compatible; PetalBot;+https://webmaster.petalsearch.com/site/petalbot)" "www.savemoki.com"
51.222.253.4 - - [09/Oct/2022:07:38:51 -0700] "GET /clipart/images/sidebars/?C=N;O=D HTTP/1.1" 200 431 "-" "Mozilla/5.0 (compatible; AhrefsBot/7.0; +http://ahrefs.com/robot/)" "www.savemoki.com"
216.244.66.249 - - [09/Oct/2022:07:38:51 -0700] "GET /robots.txt HTTP/1.1" 200 39 "-" "Mozilla/5.0 (compatible; DotBot/1.2; +https://opensiteexplorer.org/dotbot; help@moz.com)" "savemoki.com"
114.119.139.148 - - [09/Oct/2022:07:42:23 -0700] "GET /special_thanks HTTP/1.1" 200 3418 "https://savemoki.com/videos_of_moki" "Mozilla/5.0 (Linux; Android 7.0;) AppleWebKit/537.36 (KHTML, like Gecko) Mobile Safari/537.36 (compatible; PetalBot;+https://webmaster.petalsearch.com/site/petalbot)" "savemoki.com"
51.222.253.10 - - [09/Oct/2022:07:43:46 -0700] "GET /clipart/images/frames/?C=D;O=A HTTP/1.1" 200 379 "-" "Mozilla/5.0 (compatible; AhrefsBot/7.0; +http://ahrefs.com/robot/)" "www.savemoki.com"
51.222.253.1 - - [09/Oct/2022:07:48:49 -0700] "GET /clipart/images/frames/?C=S;O=A HTTP/1.1" 200 380 "-" "Mozilla/5.0 (compatible; AhrefsBot/7.0; +http://ahrefs.com/robot/)" "www.savemoki.com"
114.119.139.166 - - [09/Oct/2022:07:53:15 -0700] "GET /clipart/lines/horizontal/?C=S%3BO%3DA HTTP/1.1" 200 408 "https://savemoki.com/clipart/lines/horizontal?C=N%3BO%3DD" "Mozilla/5.0 (Linux; Android 7.0;) AppleWebKit/537.36 (KHTML, like Gecko) Mobile Safari/537.36 (compatible; PetalBot;+https://webmaster.petalsearch.com/site/petalbot)" "savemoki.com"
93.158.161.50 - - [09/Oct/2022:07:54:24 -0700] "GET /sitemap.xml HTTP/1.1" 200 251 "-" "Mozilla/5.0 (compatible; YandexBot/3.0; +http://yandex.com/bots)" "savemoki.com"
51.222.253.8 - - [09/Oct/2022:07:58:56 -0700] "GET /clipart/images/frames/?C=M;O=A HTTP/1.1" 200 380 "-" "Mozilla/5.0 (compatible; AhrefsBot/7.0; +http://ahrefs.com/robot/)" "www.savemoki.com"
114.119.139.166 - - [09/Oct/2022:08:03:57 -0700] "GET /clipart/backgrounds/fullpage?C=S%3BO%3DA HTTP/1.1" 301 1432 "https://www.savemoki.com/clipart/backgrounds/fullpage?M=A" "Mozilla/5.0 (Linux; Android 7.0;) AppleWebKit/537.36 (KHTML, like Gecko) Mobile Safari/537.36 (compatible; PetalBot;+https://webmaster.petalsearch.com/site/petalbot)" "www.savemoki.com"
114.119.139.166 - - [09/Oct/2022:08:03:58 -0700] "GET /clipart/backgrounds/fullpage/?C=S%3BO%3DA HTTP/1.1" 200 389 "https://www.savemoki.com/clipart/backgrounds/fullpage?M=A" "Mozilla/5.0 (Linux; Android 7.0;) AppleWebKit/537.36 (KHTML, like Gecko) Mobile Safari/537.36 (compatible; PetalBot;+https://webmaster.petalsearch.com/site/petalbot)" "www.savemoki.com"
114.119.139.167 - - [09/Oct/2022:08:09:21 -0700] "GET /sitebuilder/scripts?C=M%3BO%3DA HTTP/1.1" 301 1430 "https://savemoki.com/sitebuilder/scripts?D=D" "Mozilla/5.0 (Linux; Android 7.0;) AppleWebKit/537.36 (KHTML, like Gecko) Mobile Safari/537.36 (compatible; PetalBot;+https://webmaster.petalsearch.com/site/petalbot)" "savemoki.com"
114.119.139.167 - - [09/Oct/2022:08:09:22 -0700] "GET /sitebuilder/scripts/?C=M%3BO%3DA HTTP/1.1" 200 373 "https://savemoki.com/sitebuilder/scripts?D=D" "Mozilla/5.0 (Linux; Android 7.0;) AppleWebKit/537.36 (KHTML, like Gecko) Mobile Safari/537.36 (compatible; PetalBot;+https://webmaster.petalsearch.com/site/petalbot)" "savemoki.com"
216.24.212.38 - - [09/Oct/2022:08:10:32 -0700] "GET /blog1/2015/05/07/test-post/ HTTP/1.1" 404 73 "http://savemoki.com/blog1/2015/05/07/test-post/" "Mozilla/5.0 (Windows NT 6.3; Win64; x64) AppleWebKit/537.36 (KHTML, like Gecko) Chrome/90.0.4430.85 Safari/537.36" "savemoki.com"
216.24.212.38 - - [09/Oct/2022:08:10:32 -0700] "GET / HTTP/1.1" 200 7350 "http://savemoki.com/" "Mozilla/5.0 (Windows NT 6.3; Win64; x64) AppleWebKit/537.36 (KHTML, like Gecko) Chrome/90.0.4430.85 Safari/537.36" "savemoki.com"
216.24.212.38 - - [09/Oct/2022:08:10:32 -0700] "GET /blog/ HTTP/1.1" 200 698 "http://savemoki.com/blog/" "Mozilla/5.0 (Windows NT 6.3; Win64; x64) AppleWebKit/537.36 (KHTML, like Gecko) Chrome/90.0.4430.85 Safari/537.36" "savemoki.com"
216.24.212.38 - - [09/Oct/2022:08:10:32 -0700] "GET /blog/contact_us.html HTTP/1.1" 404 73 "http://savemoki.com/blog/contact_us.html" "Mozilla/5.0 (Windows NT 6.3; Win64; x64) AppleWebKit/537.36 (KHTML, like Gecko) Chrome/90.0.4430.85 Safari/537.36" "savemoki.com"
216.24.212.38 - - [09/Oct/2022:08:10:33 -0700] "GET /contact_us.html HTTP/1.1" 200 18024 "http://savemoki.com/contact_us.html" "Mozilla/5.0 (Windows NT 6.3; Win64; x64) AppleWebKit/537.36 (KHTML, like Gecko) Chrome/90.0.4430.85 Safari/537.36" "savemoki.com"
114.119.139.167 - - [09/Oct/2022:08:14:41 -0700] "GET /sitebuilder/scripts?S=D HTTP/1.1" 301 1423 "https://www.savemoki.com/sitebuilder/scripts?S=A" "Mozilla/5.0 (Linux; Android 7.0;) AppleWebKit/537.36 (KHTML, like Gecko) Mobile Safari/537.36 (compatible; PetalBot;+https://webmaster.petalsearch.com/site/petalbot)" "www.savemoki.com"
114.119.139.167 - - [09/Oct/2022:08:14:42 -0700] "GET /sitebuilder/scripts/?S=D HTTP/1.1" 200 373 "https://www.savemoki.com/sitebuilder/scripts?S=A" "Mozilla/5.0 (Linux; Android 7.0;) AppleWebKit/537.36 (KHTML, like Gecko) Mobile Safari/537.36 (compatible; PetalBot;+https://webmaster.petalsearch.com/site/petalbot)" "www.savemoki.com"
51.222.253.5 - - [09/Oct/2022:08:19:25 -0700] "GET /clipart/images/sidebars/?C=D;O=A HTTP/1.1" 200 432 "-" "Mozilla/5.0 (compatible; AhrefsBot/7.0; +http://ahrefs.com/robot/)" "www.savemoki.com"
114.119.139.185 - - [09/Oct/2022:08:20:09 -0700] "GET /clipart/backgrounds?D=A HTTP/1.1" 301 1418 "https://www.savemoki.com/clipart/backgrounds?D=D" "Mozilla/5.0 (Linux; Android 7.0;) AppleWebKit/537.36 (KHTML, like Gecko) Mobile Safari/537.36 (compatible; PetalBot;+https://webmaster.petalsearch.com/site/petalbot)" "www.savemoki.com"
114.119.139.185 - - [09/Oct/2022:08:20:12 -0700] "GET /clipart/backgrounds/?D=A HTTP/1.1" 200 366 "https://www.savemoki.com/clipart/backgrounds?D=D" "Mozilla/5.0 (Linux; Android 7.0;) AppleWebKit/537.36 (KHTML, like Gecko) Mobile Safari/537.36 (compatible; PetalBot;+https://webmaster.petalsearch.com/site/petalbot)" "www.savemoki.com"
37.139.53.81 - - [09/Oct/2022:08:22:50 -0700] "GET /contact_us.html HTTP/1.1" 200 18024 "http://savemoki.com/contact_us.html" "Mozilla/5.0 (Windows NT 6.3; ) AppleWebKit/537.36 (KHTML, like Gecko) Chrome/83.0.4103.61 Safari/537.36" "savemoki.com"
114.119.139.166 - - [09/Oct/2022:08:25:45 -0700] "GET /clipart/images/frames?C=M%3BO%3DA HTTP/1.1" 301 1433 "https://www.savemoki.com/clipart/images/frames?M=A" "Mozilla/5.0 (Linux; Android 7.0;) AppleWebKit/537.36 (KHTML, like Gecko) Mobile Safari/537.36 (compatible; PetalBot;+https://webmaster.petalsearch.com/site/petalbot)" "www.savemoki.com"
114.119.139.166 - - [09/Oct/2022:08:25:45 -0700] "GET /clipart/images/frames/?C=M%3BO%3DA HTTP/1.1" 200 379 "https://www.savemoki.com/clipart/images/frames?M=A" "Mozilla/5.0 (Linux; Android 7.0;) AppleWebKit/537.36 (KHTML, like Gecko) Mobile Safari/537.36 (compatible; PetalBot;+https://webmaster.petalsearch.com/site/petalbot)" "www.savemoki.com"
114.119.139.167 - - [09/Oct/2022:08:31:21 -0700] "GET /Mokismedicalsec.html HTTP/1.1" 200 3973 "https://www.savemoki.com?C=M%3BO%3DA" "Mozilla/5.0 (Linux; Android 7.0;) AppleWebKit/537.36 (KHTML, like Gecko) Mobile Safari/537.36 (compatible; PetalBot;+https://webmaster.petalsearch.com/site/petalbot)" "www.savemoki.com"
77.88.5.166 - - [09/Oct/2022:08:43:34 -0700] "GET /blog/?C=N;O=A HTTP/1.1" 200 352 "-" "Mozilla/5.0 (compatible; YandexBot/3.0; +http://yandex.com/bots)" "savemoki.com"
51.222.253.13 - - [09/Oct/2022:09:02:04 -0700] "GET /navigation_bars/?C=N;O=D HTTP/1.1" 200 405 "-" "Mozilla/5.0 (compatible; AhrefsBot/7.0; +http://ahrefs.com/robot/)" "www.savemoki.com"
207.46.13.5 - - [09/Oct/2022:09:03:59 -0700] "GET /Links_Feline_Health.html HTTP/1.1" 200 10246 "-" "Mozilla/5.0 (compatible; bingbot/2.0; +http://www.bing.com/bingbot.htm)" "www.savemoki.com"
52.200.187.26 - - [09/Oct/2022:09:09:07 -0700] "GET /Mokis_Story.html HTTP/1.1" 200 36479 "-" "Mozilla/5.0 (Windows NT 6.1) AppleWebKit/536.11 (KHTML, like Gecko) Chrome/20.0.1132.47 Safari/536.11" "www.savemoki.com"
185.119.81.96 - - [09/Oct/2022:09:15:33 -0700] "GET /2test/wp-login.php HTTP/1.1" 200 6051 "-" "Mozilla/5.0 (Windows NT 6.3; WOW64) AppleWebKit/537.36 (KHTML, like Gecko) Chrome/46.0.2490.80 Safari/537.36" "savemoki.com"
10.213.116.62 - - [09/Oct/2022:09:15:36 -0700] "POST /2test/wp-cron.php?doing_wp_cron=1665332136.1703009605407714843750 HTTP/1.1" 200 - "http://savemoki.com/2test/wp-cron.php?doing_wp_cron=1665332136.1703009605407714843750" "WordPress/5.4.11; http://savemoki.com/2test" "savemoki.com"
185.119.81.96 - - [09/Oct/2022:09:15:37 -0700] "POST /2test/wp-login.php HTTP/1.1" 200 6342 "http://savemoki.com/2test/wp-login.php" "Mozilla/5.0 (Windows NT 6.3; WOW64) AppleWebKit/537.36 (KHTML, like Gecko) Chrome/46.0.2490.80 Safari/537.36" "savemoki.com"
207.46.13.122 - - [09/Oct/2022:09:26:13 -0700] "GET / HTTP/1.1" 200 1287 "-" "Mozilla/5.0 (compatible; bingbot/2.0; +http://www.bing.com/bingbot.htm)" "savemoki.com"
175.110.36.187 - - [09/Oct/2022:09:26:48 -0700] "GET /contact_us.html HTTP/1.1" 200 18024 "http://savemoki.com/contact_us.html" "Mozilla/5.0 (Windows NT 6.1) AppleWebKit/537.36 (KHTML, like Gecko) Chrome/90.0.4430.72 Safari/537.36" "savemoki.com"
114.119.139.167 - - [09/Oct/2022:09:32:22 -0700] "GET /New3.html HTTP/1.1" 200 425 "-" "Mozilla/5.0 (Linux; Android 7.0;) AppleWebKit/537.36 (KHTML, like Gecko) Mobile Safari/537.36 (compatible; PetalBot;+https://webmaster.petalsearch.com/site/petalbot)" "www.savemoki.com"
35.196.106.224 - - [09/Oct/2022:09:39:26 -0700] "GET /robots.txt HTTP/1.1" 200 55 "-" "ZoominfoBot (zoominfobot at zoominfo dot com)" "savemoki.com"
35.196.106.224 - - [09/Oct/2022:09:39:26 -0700] "GET / HTTP/1.1" 200 1287 "-" "ZoominfoBot (zoominfobot at zoominfo dot com)" "savemoki.com"
212.129.4.107 - - [09/Oct/2022:09:49:49 -0700] "GET /contact_us.html HTTP/1.1" 200 18024 "http://savemoki.com/contact_us.html" "Mozilla/5.0 (Windows NT 6.3; Win64; x64) AppleWebKit/537.36 (KHTML, like Gecko) Chrome/90.0.4430.85 Safari/537.36" "savemoki.com"
159.89.119.10 - - [09/Oct/2022:10:02:51 -0700] "GET /wp-admin/install.php?step=1 HTTP/1.1" 404 88 "-" "Mozilla/5.0 (X11; Linux x86_64; rv:52.0) Gecko/20100101 Firefox/52.0" "savemoki.com"
159.89.119.10 - - [09/Oct/2022:10:03:02 -0700] "POST /wp-admin/admin-ajax.php HTTP/1.1" 404 88 "-" "Mozilla/5.0 (X11; Linux x86_64; rv:52.0) Gecko/20100101 Firefox/52.0" "savemoki.com"
185.119.81.101 - - [09/Oct/2022:10:08:21 -0700] "GET /2test/wp-login.php HTTP/1.1" 200 6060 "-" "Mozilla/5.0 (Windows NT 6.1) AppleWebKit/537.36 (KHTML, like Gecko) Chrome/61.0.3163.100 Safari/537.36" "savemoki.com"
10.213.116.64 - - [09/Oct/2022:10:08:25 -0700] "POST /2test/wp-cron.php?doing_wp_cron=1665335305.0362720489501953125000 HTTP/1.1" 200 - "http://savemoki.com/2test/wp-cron.php?doing_wp_cron=1665335305.0362720489501953125000" "WordPress/5.4.11; http://savemoki.com/2test" "savemoki.com"
185.119.81.101 - - [09/Oct/2022:10:08:26 -0700] "POST /2test/wp-login.php HTTP/1.1" 200 6344 "http://savemoki.com/2test/wp-login.php" "Mozilla/5.0 (Windows NT 6.1) AppleWebKit/537.36 (KHTML, like Gecko) Chrome/61.0.3163.100 Safari/537.36" "savemoki.com"
216.244.66.249 - - [09/Oct/2022:10:18:41 -0700] "GET /robots.txt HTTP/1.1" 200 39 "-" "Mozilla/5.0 (compatible; DotBot/1.2; +https://opensiteexplorer.org/dotbot; help@moz.com)" "savemoki.com"
199.190.44.243 - - [09/Oct/2022:10:20:14 -0700] "GET /contact_us.html HTTP/1.1" 200 18024 "http://savemoki.com/contact_us.html" "Mozilla/5.0 (Windows NT 6.1) AppleWebKit/537.36 (KHTML, like Gecko) Chrome/90.0.4430.72 Safari/537.36" "savemoki.com"
47.108.71.24 - - [09/Oct/2022:10:24:56 -0700] "GET /contact_us.html HTTP/1.1" 200 18024 "http://savemoki.com/contact_us.html" "Mozilla/5.0 (Windows NT 6.3; Win64; x64) AppleWebKit/537.36 (KHTML, like Gecko) Chrome/90.0.4430.85 Safari/537.36 Edg/90.0.818.46" "savemoki.com"
51.222.253.7 - - [09/Oct/2022:10:36:45 -0700] "GET /blog/wp-content/?C=D;O=A HTTP/1.1" 200 359 "-" "Mozilla/5.0 (compatible; AhrefsBot/7.0; +http://ahrefs.com/robot/)" "www.savemoki.com"
171.211.125.118 - - [09/Oct/2022:10:41:52 -0700] "GET /contact_us.html HTTP/1.1" 200 18024 "http://savemoki.com/contact_us.html" "Mozilla/5.0 (Windows NT 10.0; Win64; x64) AppleWebKit/537.36 (KHTML, like Gecko) Chrome/90.0.4430.85 Safari/537.36" "savemoki.com"
167.235.129.123 - - [09/Oct/2022:11:18:10 -0700] "GET / HTTP/1.1" 200 7350 "-" "Mozilla/5.0 (Macintosh; Intel Mac OS X 10_10_1) AppleWebKit/537.36 (KHTML, like Gecko) Chrome/39.0.2171.95 Safari/537.36" "savemoki.com"
185.119.81.108 - - [09/Oct/2022:11:21:27 -0700] "GET /2test/wp-login.php HTTP/1.1" 200 6054 "-" "Mozilla/5.0 (Windows NT 6.1; Win64; x64) AppleWebKit/537.36 (KHTML, like Gecko) Chrome/60.0.3112.113 Safari/537.36" "savemoki.com"
10.213.116.62 - - [09/Oct/2022:11:21:30 -0700] "POST /2test/wp-cron.php?doing_wp_cron=1665339690.7472710609436035156250 HTTP/1.1" 200 - "http://savemoki.com/2test/wp-cron.php?doing_wp_cron=1665339690.7472710609436035156250" "WordPress/5.4.11; http://savemoki.com/2test" "savemoki.com"
185.119.81.108 - - [09/Oct/2022:11:21:32 -0700] "POST /2test/wp-login.php HTTP/1.1" 200 6337 "http://savemoki.com/2test/wp-login.php" "Mozilla/5.0 (Windows NT 6.1; Win64; x64) AppleWebKit/537.36 (KHTML, like Gecko) Chrome/60.0.3112.113 Safari/537.36" "savemoki.com"
51.222.253.15 - - [09/Oct/2022:11:23:06 -0700] "GET /blog/wp-content/?C=M;O=A HTTP/1.1" 200 359 "-" "Mozilla/5.0 (compatible; AhrefsBot/7.0; +http://ahrefs.com/robot/)" "www.savemoki.com"
117.205.128.64 - - [09/Oct/2022:11:27:57 -0700] "GET /contact_us.html HTTP/1.1" 200 18024 "http://savemoki.com/contact_us.html" "Mozilla/5.0 (Windows NT 6.3; Win64; x64) AppleWebKit/537.36 (KHTML, like Gecko) Chrome/90.0.4430.85 Safari/537.36 Edg/90.0.818.46" "savemoki.com"
