213.226.123.211 - - [05/Oct/2022:14:57:01 -0700] "GET /web/wp-includes/wlwmanifest.xml HTTP/1.1" 404 73 "-" "Mozilla/5.0 (Windows NT 10.0; Win64; x64) AppleWebKit/537.36 (KHTML, like Gecko) Chrome/95.0.4638.69 Safari/537.36" "savemoki.com"
213.226.123.211 - - [05/Oct/2022:14:57:02 -0700] "GET /wordpress/wp-includes/wlwmanifest.xml HTTP/1.1" 404 73 "-" "Mozilla/5.0 (Windows NT 10.0; Win64; x64) AppleWebKit/537.36 (KHTML, like Gecko) Chrome/95.0.4638.69 Safari/537.36" "savemoki.com"
213.226.123.211 - - [05/Oct/2022:14:57:02 -0700] "GET /2019/wp-includes/wlwmanifest.xml HTTP/1.1" 404 73 "-" "Mozilla/5.0 (Windows NT 10.0; Win64; x64) AppleWebKit/537.36 (KHTML, like Gecko) Chrome/95.0.4638.69 Safari/537.36" "savemoki.com"
213.226.123.211 - - [05/Oct/2022:14:57:03 -0700] "GET /shop/wp-includes/wlwmanifest.xml HTTP/1.1" 404 73 "-" "Mozilla/5.0 (Windows NT 10.0; Win64; x64) AppleWebKit/537.36 (KHTML, like Gecko) Chrome/95.0.4638.69 Safari/537.36" "savemoki.com"
51.222.253.7 - - [05/Oct/2022:14:57:53 -0700] "GET /2test/index.php/courses/kindergarten/ HTTP/1.1" 200 22451 "-" "Mozilla/5.0 (compatible; AhrefsBot/7.0; +http://ahrefs.com/robot/)" "savemoki.com"
10.213.116.63 - - [05/Oct/2022:14:57:57 -0700] "POST /2test/wp-cron.php?doing_wp_cron=1665007077.3848829269409179687500 HTTP/1.1" 200 - "http://savemoki.com/2test/wp-cron.php?doing_wp_cron=1665007077.3848829269409179687500" "WordPress/5.4.11; http://savemoki.com/2test" "savemoki.com"
213.226.123.211 - - [05/Oct/2022:14:58:03 -0700] "GET /cms/wp-includes/wlwmanifest.xml HTTP/1.1" 404 73 "-" "Mozilla/5.0 (Windows NT 10.0; Win64; x64) AppleWebKit/537.36 (KHTML, like Gecko) Chrome/95.0.4638.69 Safari/537.36" "savemoki.com"
185.191.171.21 - - [05/Oct/2022:14:58:51 -0700] "GET /robots.txt HTTP/1.1" 200 55 "-" "Mozilla/5.0 (compatible; SemrushBot/7~bl; +http://www.semrush.com/bot.html)" "savemoki.com"
185.191.171.20 - - [05/Oct/2022:14:58:51 -0700] "GET /blog/wp-content/themes/themeforest-625914-ice-theme-powerful-wordpress-theme-1/sample%20content/?C=N%3BO%3DD HTTP/1.1" 200 576 "-" "Mozilla/5.0 (compatible; SemrushBot/7~bl; +http://www.semrush.com/bot.html)" "savemoki.com"
185.191.171.8 - - [05/Oct/2022:14:58:53 -0700] "GET /Links_Feline_Health.html HTTP/1.1" 200 10246 "-" "Mozilla/5.0 (compatible; SemrushBot/7~bl; +http://www.semrush.com/bot.html)" "www.savemoki.com"
51.222.253.3 - - [05/Oct/2022:15:00:20 -0700] "GET /clipart/images/frames/?C=N;O=D HTTP/1.1" 200 377 "-" "Mozilla/5.0 (compatible; AhrefsBot/7.0; +http://ahrefs.com/robot/)" "savemoki.com"
51.222.253.7 - - [05/Oct/2022:15:03:14 -0700] "GET /clipart/ HTTP/1.1" 200 440 "-" "Mozilla/5.0 (compatible; AhrefsBot/7.0; +http://ahrefs.com/robot/)" "savemoki.com"
54.36.149.80 - - [05/Oct/2022:15:05:59 -0700] "GET /robots.txt HTTP/1.1" 200 55 "-" "Mozilla/5.0 (compatible; AhrefsBot/7.0; +http://ahrefs.com/robot/)" "www.savemoki.com"
51.222.253.12 - - [05/Oct/2022:15:06:00 -0700] "GET /clipart/pageHeaders/?C=D;O=D HTTP/1.1" 200 427 "-" "Mozilla/5.0 (compatible; AhrefsBot/7.0; +http://ahrefs.com/robot/)" "www.savemoki.com"
185.191.171.33 - - [05/Oct/2022:15:06:25 -0700] "GET /blog/wp-content/?C=N%3BO%3DD HTTP/1.1" 200 359 "-" "Mozilla/5.0 (compatible; SemrushBot/7~bl; +http://www.semrush.com/bot.html)" "savemoki.com"
185.191.171.19 - - [05/Oct/2022:15:06:41 -0700] "GET /clipart/buttons/?C=S%3BO%3DA HTTP/1.1" 200 359 "-" "Mozilla/5.0 (compatible; SemrushBot/7~bl; +http://www.semrush.com/bot.html)" "savemoki.com"
194.110.203.38 - - [05/Oct/2022:15:06:50 -0700] "GET /backup.rar HTTP/1.1" 404 73 "-" "Firefox" "savemoki.com"
51.222.253.4 - - [05/Oct/2022:15:08:35 -0700] "GET /?C=S;O=A HTTP/1.1" 200 1258 "-" "Mozilla/5.0 (compatible; AhrefsBot/7.0; +http://ahrefs.com/robot/)" "savemoki.com"
114.119.156.133 - - [05/Oct/2022:15:10:43 -0700] "GET /sitebuilder/scripts?C=M%3BO%3DA HTTP/1.1" 301 1432 "https://www.savemoki.com/sitebuilder/scripts?N=D" "Mozilla/5.0 (Linux; Android 7.0;) AppleWebKit/537.36 (KHTML, like Gecko) Mobile Safari/537.36 (compatible; PetalBot;+https://webmaster.petalsearch.com/site/petalbot)" "www.savemoki.com"
114.119.156.133 - - [05/Oct/2022:15:10:44 -0700] "GET /sitebuilder/scripts/?C=M%3BO%3DA HTTP/1.1" 200 373 "https://www.savemoki.com/sitebuilder/scripts?N=D" "Mozilla/5.0 (Linux; Android 7.0;) AppleWebKit/537.36 (KHTML, like Gecko) Mobile Safari/537.36 (compatible; PetalBot;+https://webmaster.petalsearch.com/site/petalbot)" "www.savemoki.com"
51.222.253.13 - - [05/Oct/2022:15:10:59 -0700] "GET /clipart/pageHeaders/?C=M;O=D HTTP/1.1" 200 426 "-" "Mozilla/5.0 (compatible; AhrefsBot/7.0; +http://ahrefs.com/robot/)" "savemoki.com"
185.191.171.33 - - [05/Oct/2022:15:11:28 -0700] "GET /sitebuilder/?C=S%3BO%3DA HTTP/1.1" 200 372 "-" "Mozilla/5.0 (compatible; SemrushBot/7~bl; +http://www.semrush.com/bot.html)" "savemoki.com"
51.222.253.2 - - [05/Oct/2022:15:13:38 -0700] "GET /Links.html HTTP/1.1" 200 8682 "-" "Mozilla/5.0 (compatible; AhrefsBot/7.0; +http://ahrefs.com/robot/)" "savemoki.com"
51.222.253.13 - - [05/Oct/2022:15:13:42 -0700] "GET /images/Cat_Blogosphere.jpg HTTP/1.1" 200 6334 "-" "Mozilla/5.0 (compatible; AhrefsBot/7.0; +http://ahrefs.com/robot/)" "savemoki.com"
51.222.253.5 - - [05/Oct/2022:15:13:43 -0700] "GET /sitebuilder/images/aGSM3_1_-273x162.jpg HTTP/1.1" 200 10270 "-" "Mozilla/5.0 (compatible; AhrefsBot/7.0; +http://ahrefs.com/robot/)" "savemoki.com"
51.222.253.7 - - [05/Oct/2022:15:13:44 -0700] "GET /sitebuilder/images/header_1-223x6053.jpg HTTP/1.1" 200 29362 "-" "Mozilla/5.0 (compatible; AhrefsBot/7.0; +http://ahrefs.com/robot/)" "savemoki.com"
51.222.253.13 - - [05/Oct/2022:15:13:44 -0700] "GET /sitebuilder/images/CloudMenu-3-active-64687.png HTTP/1.1" 200 737 "-" "Mozilla/5.0 (compatible; AhrefsBot/7.0; +http://ahrefs.com/robot/)" "savemoki.com"
51.222.253.12 - - [05/Oct/2022:15:13:45 -0700] "GET /sitebuilder/images/p_1_-205x144.jpg HTTP/1.1" 200 4376 "-" "Mozilla/5.0 (compatible; AhrefsBot/7.0; +http://ahrefs.com/robot/)" "savemoki.com"
185.191.171.20 - - [05/Oct/2022:15:16:13 -0700] "GET /files/?C=M%3BO%3DA HTTP/1.1" 200 380 "-" "Mozilla/5.0 (compatible; SemrushBot/7~bl; +http://www.semrush.com/bot.html)" "savemoki.com"
51.222.253.1 - - [05/Oct/2022:15:16:17 -0700] "GET /sitemap.xml HTTP/1.1" 200 251 "-" "Mozilla/5.0 (compatible; AhrefsBot/7.0; +http://ahrefs.com/robot/)" "savemoki.com"
185.191.171.20 - - [05/Oct/2022:15:17:02 -0700] "GET /specialthanks.html HTTP/1.1" 200 2923 "-" "Mozilla/5.0 (compatible; SemrushBot/7~bl; +http://www.semrush.com/bot.html)" "savemoki.com"
51.222.253.8 - - [05/Oct/2022:15:18:51 -0700] "GET /files/?C=D;O=A HTTP/1.1" 200 380 "-" "Mozilla/5.0 (compatible; AhrefsBot/7.0; +http://ahrefs.com/robot/)" "savemoki.com"
51.222.253.6 - - [05/Oct/2022:15:21:35 -0700] "GET /files/?C=S;O=A HTTP/1.1" 200 380 "-" "Mozilla/5.0 (compatible; AhrefsBot/7.0; +http://ahrefs.com/robot/)" "savemoki.com"
185.191.171.41 - - [05/Oct/2022:15:21:36 -0700] "GET /robots.txt HTTP/1.1" 200 55 "-" "Mozilla/5.0 (compatible; SemrushBot/7~bl; +http://www.semrush.com/bot.html)" "www.savemoki.com"
185.191.171.14 - - [05/Oct/2022:15:21:36 -0700] "GET /blog/wp-content/themes/themeforest-625914-ice-theme-powerful-wordpress-theme-1/documentation/ HTTP/1.1" 200 14882 "-" "Mozilla/5.0 (compatible; SemrushBot/7~bl; +http://www.semrush.com/bot.html)" "www.savemoki.com"
185.191.171.13 - - [05/Oct/2022:15:22:28 -0700] "GET /blog/wp-content/themes/themeforest-625914-ice-theme-powerful-wordpress-theme-1/sample%20content/?C=M%3BO%3DA HTTP/1.1" 200 576 "-" "Mozilla/5.0 (compatible; SemrushBot/7~bl; +http://www.semrush.com/bot.html)" "www.savemoki.com"
51.222.253.19 - - [05/Oct/2022:15:23:53 -0700] "GET /Mokis_friends.html HTTP/1.1" 200 5925 "-" "Mozilla/5.0 (compatible; AhrefsBot/7.0; +http://ahrefs.com/robot/)" "savemoki.com"
51.222.253.2 - - [05/Oct/2022:15:26:49 -0700] "GET /files/?C=M;O=A HTTP/1.1" 200 380 "-" "Mozilla/5.0 (compatible; AhrefsBot/7.0; +http://ahrefs.com/robot/)" "savemoki.com"
51.222.253.4 - - [05/Oct/2022:15:29:44 -0700] "GET /sitebuilder/images/?C=D;O=A HTTP/1.1" 200 3814 "-" "Mozilla/5.0 (compatible; AhrefsBot/7.0; +http://ahrefs.com/robot/)" "www.savemoki.com"
185.191.171.5 - - [05/Oct/2022:15:30:58 -0700] "GET /clipart/?C=M%3BO%3DA HTTP/1.1" 200 440 "-" "Mozilla/5.0 (compatible; SemrushBot/7~bl; +http://www.semrush.com/bot.html)" "www.savemoki.com"
114.119.139.166 - - [05/Oct/2022:15:31:51 -0700] "GET /images/?C=S%3BO%3DA HTTP/1.1" 200 2158 "https://savemoki.com/images/?C=N%3BO%3DD" "Mozilla/5.0 (Linux; Android 7.0;) AppleWebKit/537.36 (KHTML, like Gecko) Mobile Safari/537.36 (compatible; PetalBot;+https://webmaster.petalsearch.com/site/petalbot)" "savemoki.com"
185.191.171.10 - - [05/Oct/2022:15:32:27 -0700] "GET /clipart/bullets/?C=S%3BO%3DA HTTP/1.1" 200 429 "-" "Mozilla/5.0 (compatible; SemrushBot/7~bl; +http://www.semrush.com/bot.html)" "www.savemoki.com"
51.222.253.7 - - [05/Oct/2022:15:34:20 -0700] "GET /clipart/backgrounds/fullpage/?C=D;O=A HTTP/1.1" 200 389 "-" "Mozilla/5.0 (compatible; AhrefsBot/7.0; +http://ahrefs.com/robot/)" "savemoki.com"
51.222.253.15 - - [05/Oct/2022:15:36:22 -0700] "GET /sitebuilder/images/?C=M;O=A HTTP/1.1" 200 3958 "-" "Mozilla/5.0 (compatible; AhrefsBot/7.0; +http://ahrefs.com/robot/)" "www.savemoki.com"
114.119.139.166 - - [05/Oct/2022:15:37:28 -0700] "GET /files/?C=S%3BO%3DA HTTP/1.1" 200 380 "https://www.savemoki.com/files/" "Mozilla/5.0 (Linux; Android 7.0;) AppleWebKit/537.36 (KHTML, like Gecko) Mobile Safari/537.36 (compatible; PetalBot;+https://webmaster.petalsearch.com/site/petalbot)" "www.savemoki.com"
185.191.171.25 - - [05/Oct/2022:15:38:05 -0700] "GET /clipart/?C=D%3BO%3DA HTTP/1.1" 200 440 "-" "Mozilla/5.0 (compatible; SemrushBot/7~bl; +http://www.semrush.com/bot.html)" "savemoki.com"
51.222.253.8 - - [05/Oct/2022:15:38:22 -0700] "GET /navigation_bars/?C=D;O=A HTTP/1.1" 200 408 "-" "Mozilla/5.0 (compatible; AhrefsBot/7.0; +http://ahrefs.com/robot/)" "www.savemoki.com"
51.222.253.5 - - [05/Oct/2022:15:40:42 -0700] "GET /robots.txt HTTP/1.1" 200 55 "-" "Mozilla/5.0 (compatible; AhrefsBot/7.0; +http://ahrefs.com/robot/)" "savemoki.com"
51.222.253.18 - - [05/Oct/2022:15:40:43 -0700] "GET /sitebuilder/?C=M;O=A HTTP/1.1" 200 372 "-" "Mozilla/5.0 (compatible; AhrefsBot/7.0; +http://ahrefs.com/robot/)" "savemoki.com"
114.119.156.133 - - [05/Oct/2022:15:43:00 -0700] "GET /images?N=D HTTP/1.1" 301 1413 "https://www.savemoki.com/images?N=A" "Mozilla/5.0 (Linux; Android 7.0;) AppleWebKit/537.36 (KHTML, like Gecko) Mobile Safari/537.36 (compatible; PetalBot;+https://webmaster.petalsearch.com/site/petalbot)" "www.savemoki.com"
114.119.156.133 - - [05/Oct/2022:15:43:00 -0700] "GET /images/?N=D HTTP/1.1" 200 2158 "https://www.savemoki.com/images?N=A" "Mozilla/5.0 (Linux; Android 7.0;) AppleWebKit/537.36 (KHTML, like Gecko) Mobile Safari/537.36 (compatible; PetalBot;+https://webmaster.petalsearch.com/site/petalbot)" "www.savemoki.com"
51.222.253.6 - - [05/Oct/2022:15:43:09 -0700] "GET /clipart/lines/?C=D;O=D HTTP/1.1" 200 359 "-" "Mozilla/5.0 (compatible; AhrefsBot/7.0; +http://ahrefs.com/robot/)" "savemoki.com"
51.222.253.17 - - [05/Oct/2022:15:45:27 -0700] "GET /2test/index.php/2020/04/03/hello-world/ HTTP/1.1" 200 22576 "-" "Mozilla/5.0 (compatible; AhrefsBot/7.0; +http://ahrefs.com/robot/)" "savemoki.com"
10.213.116.64 - - [05/Oct/2022:15:45:30 -0700] "POST /2test/wp-cron.php?doing_wp_cron=1665009930.5725769996643066406250 HTTP/1.1" 200 - "http://savemoki.com/2test/wp-cron.php?doing_wp_cron=1665009930.5725769996643066406250" "WordPress/5.4.11; http://savemoki.com/2test" "savemoki.com"
185.191.171.13 - - [05/Oct/2022:15:46:02 -0700] "GET /images/?C=N%3BO%3DD HTTP/1.1" 200 2158 "-" "Mozilla/5.0 (compatible; SemrushBot/7~bl; +http://www.semrush.com/bot.html)" "savemoki.com"
185.191.171.36 - - [05/Oct/2022:15:46:06 -0700] "GET /blog/wp-content/?C=D%3BO%3DA HTTP/1.1" 200 359 "-" "Mozilla/5.0 (compatible; SemrushBot/7~bl; +http://www.semrush.com/bot.html)" "savemoki.com"
51.222.253.9 - - [05/Oct/2022:15:47:44 -0700] "GET /sitebuilder/images/?C=S;O=A HTTP/1.1" 200 3874 "-" "Mozilla/5.0 (compatible; AhrefsBot/7.0; +http://ahrefs.com/robot/)" "www.savemoki.com"
185.191.171.23 - - [05/Oct/2022:15:48:13 -0700] "GET /clipart/buttons/themes/rectangle_yellow/?C=M%3BO%3DA HTTP/1.1" 200 427 "-" "Mozilla/5.0 (compatible; SemrushBot/7~bl; +http://www.semrush.com/bot.html)" "savemoki.com"
114.119.156.133 - - [05/Oct/2022:15:48:34 -0700] "GET /sitebuilder/images/BUD-252x167.png HTTP/1.1" 200 96832 "https://www.savemoki.com/Bud.html" "Mozilla/5.0 (Linux; Android 7.0;) AppleWebKit/537.36 (KHTML, like Gecko) Mobile Safari/537.36 (compatible; PetalBot;+https://webmaster.petalsearch.com/site/petalbot)" "www.savemoki.com"
51.222.253.12 - - [05/Oct/2022:15:49:45 -0700] "GET /2test/index.php/2020/04/03/sample-page/ HTTP/1.1" 200 21003 "-" "Mozilla/5.0 (compatible; AhrefsBot/7.0; +http://ahrefs.com/robot/)" "savemoki.com"
158.115.236.245 - - [05/Oct/2022:15:51:31 -0700] "GET /Links_Feline_Health.html HTTP/1.1" 200 88532 "-" "Mozilla/5.0 (Windows NT 10.0; Win64; x64) AppleWebKit/537.36 (KHTML, like Gecko) Chrome/97.0.4692.71 Safari/537.36" "www.savemoki.com"
51.222.253.16 - - [05/Oct/2022:15:51:51 -0700] "GET /2test/index.php/courses/seventh-grade/ HTTP/1.1" 200 20365 "-" "Mozilla/5.0 (compatible; AhrefsBot/7.0; +http://ahrefs.com/robot/)" "savemoki.com"
51.222.253.19 - - [05/Oct/2022:15:54:01 -0700] "GET /2test/wp-login.php?redirect_to=http%3A%2F%2Fsavemoki.com%2F2test%2Findex.php%2F2020%2F04%2F03%2Fhello-world%2F HTTP/1.1" 200 6075 "-" "Mozilla/5.0 (compatible; AhrefsBot/7.0; +http://ahrefs.com/robot/)" "savemoki.com"
114.119.139.166 - - [05/Oct/2022:15:54:10 -0700] "GET /2test/index.php/category/uncategorized HTTP/1.1" 200 19855 "https://savemoki.com/2test/index.php/2020/04/03/sample-page" "Mozilla/5.0 (Linux; Android 7.0;) AppleWebKit/537.36 (KHTML, like Gecko) Mobile Safari/537.36 (compatible; PetalBot;+https://webmaster.petalsearch.com/site/petalbot)" "savemoki.com"
51.222.253.18 - - [05/Oct/2022:15:56:13 -0700] "GET /clipart/backgrounds/ HTTP/1.1" 200 366 "-" "Mozilla/5.0 (compatible; AhrefsBot/7.0; +http://ahrefs.com/robot/)" "www.savemoki.com"
114.119.139.148 - - [05/Oct/2022:15:59:42 -0700] "GET /blog/wp-content/themes/themeforest-625914-ice-theme-powerful-wordpress-theme-1?C=D%3BO%3DA HTTP/1.1" 301 1468 "https://www.savemoki.com/blog/wp-content/themes/themeforest-625914-ice-theme-powerful-wordpress-theme-1?C=M%3BO%3DA" "Mozilla/5.0 (Linux; Android 7.0;) AppleWebKit/537.36 (KHTML, like Gecko) Mobile Safari/537.36 (compatible; PetalBot;+https://webmaster.petalsearch.com/site/petalbot)" "www.savemoki.com"
114.119.139.148 - - [05/Oct/2022:15:59:43 -0700] "GET /blog/wp-content/themes/themeforest-625914-ice-theme-powerful-wordpress-theme-1/?C=D%3BO%3DA HTTP/1.1" 200 513 "https://www.savemoki.com/blog/wp-content/themes/themeforest-625914-ice-theme-powerful-wordpress-theme-1?C=M%3BO%3DA" "Mozilla/5.0 (Linux; Android 7.0;) AppleWebKit/537.36 (KHTML, like Gecko) Mobile Safari/537.36 (compatible; PetalBot;+https://webmaster.petalsearch.com/site/petalbot)" "www.savemoki.com"
51.222.253.18 - - [05/Oct/2022:16:00:45 -0700] "GET /2test/index.php/home/ HTTP/1.1" 200 19052 "-" "Mozilla/5.0 (compatible; AhrefsBot/7.0; +http://ahrefs.com/robot/)" "savemoki.com"
51.222.253.16 - - [05/Oct/2022:16:00:52 -0700] "GET /2test/wp-includes/js/utils.min.js?ver=5.4.11 HTTP/1.1" 200 828 "-" "Mozilla/5.0 (compatible; AhrefsBot/7.0; +http://ahrefs.com/robot/)" "savemoki.com"
51.222.253.6 - - [05/Oct/2022:16:00:53 -0700] "GET /2test/wp-content/themes/kids-campus/css/nivo-slider.css?ver=5.4.11 HTTP/1.1" 200 1136 "-" "Mozilla/5.0 (compatible; AhrefsBot/7.0; +http://ahrefs.com/robot/)" "savemoki.com"
51.222.253.1 - - [05/Oct/2022:16:00:53 -0700] "GET /2test/wp-content/themes/kids-campus/css/responsive.css?ver=5.4.11 HTTP/1.1" 200 1780 "-" "Mozilla/5.0 (compatible; AhrefsBot/7.0; +http://ahrefs.com/robot/)" "savemoki.com"
51.222.253.1 - - [05/Oct/2022:16:00:54 -0700] "GET /2test/wp-includes/css/dist/block-library/style.min.css?ver=5.4.11 HTTP/1.1" 200 7642 "-" "Mozilla/5.0 (compatible; AhrefsBot/7.0; +http://ahrefs.com/robot/)" "savemoki.com"
51.222.253.5 - - [05/Oct/2022:16:00:54 -0700] "GET /2test/wp-content/plugins/learnpress/assets/css/learnpress.css?ver=3.2.6.7 HTTP/1.1" 200 9747 "-" "Mozilla/5.0 (compatible; AhrefsBot/7.0; +http://ahrefs.com/robot/)" "savemoki.com"
51.222.253.12 - - [05/Oct/2022:16:00:55 -0700] "GET /2test/wp-content/plugins/learnpress/assets/js/utils.min.js?ver=3.2.6.7 HTTP/1.1" 200 7630 "-" "Mozilla/5.0 (compatible; AhrefsBot/7.0; +http://ahrefs.com/robot/)" "savemoki.com"
51.222.253.15 - - [05/Oct/2022:16:00:55 -0700] "GET /2test/wp-content/themes/kids-campus/fontsawesome/css/fontawesome-all.css?ver=5.4.11 HTTP/1.1" 200 9485 "-" "Mozilla/5.0 (compatible; AhrefsBot/7.0; +http://ahrefs.com/robot/)" "savemoki.com"
51.222.253.17 - - [05/Oct/2022:16:00:56 -0700] "GET /2test/wp-content/plugins/learnpress/assets/css/bundle.min.css?ver=3.2.6.7 HTTP/1.1" 200 8649 "-" "Mozilla/5.0 (compatible; AhrefsBot/7.0; +http://ahrefs.com/robot/)" "savemoki.com"
51.222.253.19 - - [05/Oct/2022:16:00:56 -0700] "GET /2test/wp-content/plugins/learnpress/assets/js/vendor/plugins.all.min.js?ver=3.2.6.7 HTTP/1.1" 200 50121 "-" "Mozilla/5.0 (compatible; AhrefsBot/7.0; +http://ahrefs.com/robot/)" "savemoki.com"
51.222.253.6 - - [05/Oct/2022:16:00:57 -0700] "GET /2test/wp-includes/js/wp-embed.min.js?ver=5.4.11 HTTP/1.1" 200 765 "-" "Mozilla/5.0 (compatible; AhrefsBot/7.0; +http://ahrefs.com/robot/)" "savemoki.com"
51.222.253.8 - - [05/Oct/2022:16:00:58 -0700] "GET /2test/wp-content/themes/kids-campus/js/jquery.nivo.slider.js?ver=5.4.11 HTTP/1.1" 200 4886 "-" "Mozilla/5.0 (compatible; AhrefsBot/7.0; +http://ahrefs.com/robot/)" "savemoki.com"
51.222.253.1 - - [05/Oct/2022:16:00:58 -0700] "GET /2test/wp-includes/js/underscore.min.js?ver=1.8.3 HTTP/1.1" 200 5663 "-" "Mozilla/5.0 (compatible; AhrefsBot/7.0; +http://ahrefs.com/robot/)" "savemoki.com"
51.222.253.2 - - [05/Oct/2022:16:00:58 -0700] "GET /2test/wp-content/plugins/learnpress/assets/js/frontend/course.js?ver=3.2.6.7 HTTP/1.1" 200 3955 "-" "Mozilla/5.0 (compatible; AhrefsBot/7.0; +http://ahrefs.com/robot/)" "savemoki.com"
51.222.253.7 - - [05/Oct/2022:16:00:59 -0700] "GET /2test/wp-content/plugins/learnpress/assets/js/frontend/become-teacher.js?ver=3.2.6.7 HTTP/1.1" 200 929 "-" "Mozilla/5.0 (compatible; AhrefsBot/7.0; +http://ahrefs.com/robot/)" "savemoki.com"
51.222.253.16 - - [05/Oct/2022:16:00:59 -0700] "GET /2test/wp-content/plugins/learnpress/assets/js/frontend/learnpress.min.js?ver=3.2.6.7 HTTP/1.1" 200 506 "-" "Mozilla/5.0 (compatible; AhrefsBot/7.0; +http://ahrefs.com/robot/)" "savemoki.com"
51.222.253.15 - - [05/Oct/2022:16:01:00 -0700] "GET /2test/wp-content/plugins/learnpress/assets/js/global.min.js?ver=3.2.6.7 HTTP/1.1" 200 454 "-" "Mozilla/5.0 (compatible; AhrefsBot/7.0; +http://ahrefs.com/robot/)" "savemoki.com"
51.222.253.6 - - [05/Oct/2022:16:01:00 -0700] "GET /2test/wp-includes/js/jquery/jquery-migrate.min.js?ver=1.4.1 HTTP/1.1" 200 4014 "-" "Mozilla/5.0 (compatible; AhrefsBot/7.0; +http://ahrefs.com/robot/)" "savemoki.com"
51.222.253.2 - - [05/Oct/2022:16:01:01 -0700] "GET /2test/wp-includes/js/jquery/jquery.js?ver=1.12.4-wp HTTP/1.1" 200 33776 "-" "Mozilla/5.0 (compatible; AhrefsBot/7.0; +http://ahrefs.com/robot/)" "savemoki.com"
51.222.253.1 - - [05/Oct/2022:16:01:02 -0700] "GET /2test/wp-content/themes/kids-campus/style.css?ver=5.4.11 HTTP/1.1" 200 6660 "-" "Mozilla/5.0 (compatible; AhrefsBot/7.0; +http://ahrefs.com/robot/)" "savemoki.com"
185.191.171.18 - - [05/Oct/2022:16:02:33 -0700] "GET /clipart/buttons/themes/swoosh_blue/?C=S%3BO%3DA HTTP/1.1" 200 418 "-" "Mozilla/5.0 (compatible; SemrushBot/7~bl; +http://www.semrush.com/bot.html)" "www.savemoki.com"
51.222.253.10 - - [05/Oct/2022:16:03:08 -0700] "GET /2test/index.php/home/ HTTP/1.1" 200 18997 "-" "Mozilla/5.0 (compatible; AhrefsBot/7.0; +http://ahrefs.com/robot/)" "savemoki.com"
51.222.253.17 - - [05/Oct/2022:16:05:09 -0700] "GET /photo_album.html HTTP/1.1" 200 6353 "-" "Mozilla/5.0 (compatible; AhrefsBot/7.0; +http://ahrefs.com/robot/)" "savemoki.com"
51.222.253.1 - - [05/Oct/2022:16:05:12 -0700] "GET /sitebuilder/images/Sissy_and_Bandit-454x294.jpg HTTP/1.1" 200 20943 "-" "Mozilla/5.0 (compatible; AhrefsBot/7.0; +http://ahrefs.com/robot/)" "savemoki.com"
51.222.253.14 - - [05/Oct/2022:16:05:13 -0700] "GET /images/Cagney_Mokis_Gaurdian_Angel.gif HTTP/1.1" 200 48960 "-" "Mozilla/5.0 (compatible; AhrefsBot/7.0; +http://ahrefs.com/robot/)" "savemoki.com"
51.222.253.10 - - [05/Oct/2022:16:05:13 -0700] "GET /sitebuilder/images/Cats_Meow-286x202.jpg HTTP/1.1" 200 9972 "-" "Mozilla/5.0 (compatible; AhrefsBot/7.0; +http://ahrefs.com/robot/)" "savemoki.com"
51.222.253.6 - - [05/Oct/2022:16:05:14 -0700] "GET /sitebuilder/images/Moki_s_first_Christmas-204x148.jpg HTTP/1.1" 200 10079 "-" "Mozilla/5.0 (compatible; AhrefsBot/7.0; +http://ahrefs.com/robot/)" "savemoki.com"
51.222.253.10 - - [05/Oct/2022:16:05:14 -0700] "GET /photo_album.html HTTP/1.1" 200 6353 "-" "Mozilla/5.0 (compatible; AhrefsBot/7.0; +http://ahrefs.com/robot/)" "savemoki.com"
51.222.253.8 - - [05/Oct/2022:16:05:15 -0700] "GET /sitebuilder/images/navbar-3-active-00968.png HTTP/1.1" 200 1593 "-" "Mozilla/5.0 (compatible; AhrefsBot/7.0; +http://ahrefs.com/robot/)" "savemoki.com"
51.222.253.18 - - [05/Oct/2022:16:05:15 -0700] "GET /sitebuilder/images/Little_Kitty_adding_her_two_cents-457x254.jpg HTTP/1.1" 200 21545 "-" "Mozilla/5.0 (compatible; AhrefsBot/7.0; +http://ahrefs.com/robot/)" "savemoki.com"
51.222.253.11 - - [05/Oct/2022:16:05:16 -0700] "GET /sitebuilder/images/Lucy_-_Momma_Cat-319x255.jpg HTTP/1.1" 200 16878 "-" "Mozilla/5.0 (compatible; AhrefsBot/7.0; +http://ahrefs.com/robot/)" "savemoki.com"
51.222.253.12 - - [05/Oct/2022:16:05:17 -0700] "GET /sitebuilder/images/Moki_on_New_Years_Day-204x149.jpg HTTP/1.1" 200 7169 "-" "Mozilla/5.0 (compatible; AhrefsBot/7.0; +http://ahrefs.com/robot/)" "savemoki.com"
51.222.253.1 - - [05/Oct/2022:16:05:17 -0700] "GET /images/rudy_10feb08_1_.jpg HTTP/1.1" 200 86277 "-" "Mozilla/5.0 (compatible; AhrefsBot/7.0; +http://ahrefs.com/robot/)" "savemoki.com"
114.119.156.133 - - [05/Oct/2022:16:05:17 -0700] "GET /links HTTP/1.1" 200 3567 "https://savemoki.com/mokis_story" "Mozilla/5.0 (Linux; Android 7.0;) AppleWebKit/537.36 (KHTML, like Gecko) Mobile Safari/537.36 (compatible; PetalBot;+https://webmaster.petalsearch.com/site/petalbot)" "savemoki.com"
51.222.253.11 - - [05/Oct/2022:16:05:18 -0700] "GET /sitebuilder/images/Smokey_and_the_Bandit-218x176.jpg HTTP/1.1" 200 6866 "-" "Mozilla/5.0 (compatible; AhrefsBot/7.0; +http://ahrefs.com/robot/)" "savemoki.com"
51.222.253.10 - - [05/Oct/2022:16:07:12 -0700] "GET /MedicalRecord.html HTTP/1.1" 200 4796 "-" "Mozilla/5.0 (compatible; AhrefsBot/7.0; +http://ahrefs.com/robot/)" "savemoki.com"
51.222.253.12 - - [05/Oct/2022:16:09:18 -0700] "GET /2test/index.php/2020/04/ HTTP/1.1" 200 20832 "-" "Mozilla/5.0 (compatible; AhrefsBot/7.0; +http://ahrefs.com/robot/)" "savemoki.com"
114.119.139.167 - - [05/Oct/2022:16:10:51 -0700] "GET /sitebuilder/images?C=D%3BO%3DA HTTP/1.1" 301 1431 "https://www.savemoki.com/sitebuilder/images?C=S%3BO%3DA" "Mozilla/5.0 (Linux; Android 7.0;) AppleWebKit/537.36 (KHTML, like Gecko) Mobile Safari/537.36 (compatible; PetalBot;+https://webmaster.petalsearch.com/site/petalbot)" "www.savemoki.com"
114.119.139.167 - - [05/Oct/2022:16:10:53 -0700] "GET /sitebuilder/images/?C=D%3BO%3DA HTTP/1.1" 200 3814 "https://www.savemoki.com/sitebuilder/images?C=S%3BO%3DA" "Mozilla/5.0 (Linux; Android 7.0;) AppleWebKit/537.36 (KHTML, like Gecko) Mobile Safari/537.36 (compatible; PetalBot;+https://webmaster.petalsearch.com/site/petalbot)" "www.savemoki.com"
51.222.253.17 - - [05/Oct/2022:16:11:34 -0700] "GET /title.html HTTP/1.1" 200 582 "-" "Mozilla/5.0 (compatible; AhrefsBot/7.0; +http://ahrefs.com/robot/)" "savemoki.com"
185.191.171.43 - - [05/Oct/2022:16:13:06 -0700] "GET /navigation_bars/?C=M%3BO%3DA HTTP/1.1" 200 408 "-" "Mozilla/5.0 (compatible; SemrushBot/7~bl; +http://www.semrush.com/bot.html)" "www.savemoki.com"
185.191.171.38 - - [05/Oct/2022:16:13:29 -0700] "GET /robots.txt HTTP/1.1" 200 55 "-" "Mozilla/5.0 (compatible; SemrushBot/7~bl; +http://www.semrush.com/bot.html)" "savemoki.com"
185.191.171.22 - - [05/Oct/2022:16:13:31 -0700] "GET /New4.html HTTP/1.1" 200 1117 "-" "Mozilla/5.0 (compatible; SemrushBot/7~bl; +http://www.semrush.com/bot.html)" "savemoki.com"
51.222.253.10 - - [05/Oct/2022:16:13:51 -0700] "GET /temporarypreviewfile.html HTTP/1.1" 200 309 "-" "Mozilla/5.0 (compatible; AhrefsBot/7.0; +http://ahrefs.com/robot/)" "savemoki.com"
51.222.253.5 - - [05/Oct/2022:16:16:17 -0700] "GET /New4.html HTTP/1.1" 200 1117 "-" "Mozilla/5.0 (compatible; AhrefsBot/7.0; +http://ahrefs.com/robot/)" "savemoki.com"
114.119.139.166 - - [05/Oct/2022:16:16:28 -0700] "GET /clipart/images/frames/?C=S%3BO%3DA HTTP/1.1" 200 379 "https://www.savemoki.com/clipart/images/frames" "Mozilla/5.0 (Linux; Android 7.0;) AppleWebKit/537.36 (KHTML, like Gecko) Mobile Safari/537.36 (compatible; PetalBot;+https://webmaster.petalsearch.com/site/petalbot)" "www.savemoki.com"
185.191.171.13 - - [05/Oct/2022:16:16:44 -0700] "GET /clipart/buttons/themes/?C=S%3BO%3DA HTTP/1.1" 200 404 "-" "Mozilla/5.0 (compatible; SemrushBot/7~bl; +http://www.semrush.com/bot.html)" "www.savemoki.com"
51.222.253.2 - - [05/Oct/2022:16:18:46 -0700] "GET /clipart/backgrounds/?C=D;O=D HTTP/1.1" 200 364 "-" "Mozilla/5.0 (compatible; AhrefsBot/7.0; +http://ahrefs.com/robot/)" "www.savemoki.com"
185.191.171.11 - - [05/Oct/2022:16:20:18 -0700] "GET /Other_Cats_In_Need.html HTTP/1.1" 200 6033 "-" "Mozilla/5.0 (compatible; SemrushBot/7~bl; +http://www.semrush.com/bot.html)" "savemoki.com"
51.222.253.11 - - [05/Oct/2022:16:20:47 -0700] "GET /clipart/backgrounds/fullpage/?C=M;O=A HTTP/1.1" 200 389 "-" "Mozilla/5.0 (compatible; AhrefsBot/7.0; +http://ahrefs.com/robot/)" "savemoki.com"
114.119.139.167 - - [05/Oct/2022:16:21:55 -0700] "GET /clipart/pageHeaders?C=M%3BO%3DA HTTP/1.1" 301 1431 "https://www.savemoki.com/clipart/pageHeaders?M=D" "Mozilla/5.0 (Linux; Android 7.0;) AppleWebKit/537.36 (KHTML, like Gecko) Mobile Safari/537.36 (compatible; PetalBot;+https://webmaster.petalsearch.com/site/petalbot)" "www.savemoki.com"
114.119.139.167 - - [05/Oct/2022:16:21:56 -0700] "GET /clipart/pageHeaders/?C=M%3BO%3DA HTTP/1.1" 200 427 "https://www.savemoki.com/clipart/pageHeaders?M=D" "Mozilla/5.0 (Linux; Android 7.0;) AppleWebKit/537.36 (KHTML, like Gecko) Mobile Safari/537.36 (compatible; PetalBot;+https://webmaster.petalsearch.com/site/petalbot)" "www.savemoki.com"
51.222.253.14 - - [05/Oct/2022:16:22:54 -0700] "GET /Cartoon_Pet_Pills.html HTTP/1.1" 200 598 "-" "Mozilla/5.0 (compatible; AhrefsBot/7.0; +http://ahrefs.com/robot/)" "savemoki.com"
185.191.171.16 - - [05/Oct/2022:16:23:16 -0700] "GET /navigation_bars/navbar.nav HTTP/1.1" 200 7594 "-" "Mozilla/5.0 (compatible; SemrushBot/7~bl; +http://www.semrush.com/bot.html)" "savemoki.com"
10.213.116.63 - - [05/Oct/2022:16:23:18 -0700] "POST /2test/wp-cron.php?doing_wp_cron=1665012198.2346460819244384765625 HTTP/1.1" 200 - "http://savemoki.com/2test/wp-cron.php?doing_wp_cron=1665012198.2346460819244384765625" "WordPress/5.4.11; http://savemoki.com/2test" "savemoki.com"
51.222.253.16 - - [05/Oct/2022:16:24:56 -0700] "GET /blog/wp-content/themes/themeforest-625914-ice-theme-powerful-wordpress-theme-1/licensing/?C=N;O=D HTTP/1.1" 200 417 "-" "Mozilla/5.0 (compatible; AhrefsBot/7.0; +http://ahrefs.com/robot/)" "savemoki.com"
51.222.253.9 - - [05/Oct/2022:16:27:24 -0700] "GET /clipart/lines/horizontal/?C=S;O=D HTTP/1.1" 200 405 "-" "Mozilla/5.0 (compatible; AhrefsBot/7.0; +http://ahrefs.com/robot/)" "www.savemoki.com"
114.119.139.148 - - [05/Oct/2022:16:27:32 -0700] "GET /clipart/backgrounds?S=A HTTP/1.1" 301 1417 "https://savemoki.com/clipart/backgrounds?D=D" "Mozilla/5.0 (Linux; Android 7.0;) AppleWebKit/537.36 (KHTML, like Gecko) Mobile Safari/537.36 (compatible; PetalBot;+https://webmaster.petalsearch.com/site/petalbot)" "savemoki.com"
114.119.139.148 - - [05/Oct/2022:16:27:36 -0700] "GET /clipart/backgrounds/?S=A HTTP/1.1" 200 366 "https://savemoki.com/clipart/backgrounds?D=D" "Mozilla/5.0 (Linux; Android 7.0;) AppleWebKit/537.36 (KHTML, like Gecko) Mobile Safari/537.36 (compatible; PetalBot;+https://webmaster.petalsearch.com/site/petalbot)" "savemoki.com"
66.249.79.75 - - [05/Oct/2022:16:28:53 -0700] "GET /favicon.ico HTTP/1.1" 404 88 "-" "Googlebot-Image/1.0" "savemoki.com"
51.222.253.3 - - [05/Oct/2022:16:30:06 -0700] "GET /blog/wp-content/themes/themeforest-625914-ice-theme-powerful-wordpress-theme-1/licensing/ HTTP/1.1" 200 419 "-" "Mozilla/5.0 (compatible; AhrefsBot/7.0; +http://ahrefs.com/robot/)" "www.savemoki.com"
185.191.171.13 - - [05/Oct/2022:16:30:31 -0700] "GET /blog/wp-content/themes/themeforest-625914-ice-theme-powerful-wordpress-theme-1/ice/ HTTP/1.1" 500 - "-" "Mozilla/5.0 (compatible; SemrushBot/7~bl; +http://www.semrush.com/bot.html)" "savemoki.com"
51.222.253.14 - - [05/Oct/2022:16:32:27 -0700] "GET /blog/wp-content/themes/?C=S;O=A HTTP/1.1" 200 405 "-" "Mozilla/5.0 (compatible; AhrefsBot/7.0; +http://ahrefs.com/robot/)" "savemoki.com"
114.119.139.166 - - [05/Oct/2022:16:33:03 -0700] "GET /images?S=D HTTP/1.1" 301 1412 "https://savemoki.com/images?S=A" "Mozilla/5.0 (Linux; Android 7.0;) AppleWebKit/537.36 (KHTML, like Gecko) Mobile Safari/537.36 (compatible; PetalBot;+https://webmaster.petalsearch.com/site/petalbot)" "savemoki.com"
114.119.139.166 - - [05/Oct/2022:16:33:07 -0700] "GET /images/?S=D HTTP/1.1" 200 2158 "https://savemoki.com/images?S=A" "Mozilla/5.0 (Linux; Android 7.0;) AppleWebKit/537.36 (KHTML, like Gecko) Mobile Safari/537.36 (compatible; PetalBot;+https://webmaster.petalsearch.com/site/petalbot)" "savemoki.com"
185.191.171.41 - - [05/Oct/2022:16:33:19 -0700] "GET /robots.txt HTTP/1.1" 200 55 "-" "Mozilla/5.0 (compatible; SemrushBot/7~bl; +http://www.semrush.com/bot.html)" "www.savemoki.com"
185.191.171.26 - - [05/Oct/2022:16:33:19 -0700] "GET /Videos.html HTTP/1.1" 200 5182 "-" "Mozilla/5.0 (compatible; SemrushBot/7~bl; +http://www.semrush.com/bot.html)" "www.savemoki.com"
51.222.253.14 - - [05/Oct/2022:16:34:53 -0700] "GET /blog/?C=M;O=A HTTP/1.1" 200 352 "-" "Mozilla/5.0 (compatible; AhrefsBot/7.0; +http://ahrefs.com/robot/)" "savemoki.com"
185.191.171.36 - - [05/Oct/2022:16:36:00 -0700] "GET /clipart/bullets/ HTTP/1.1" 200 429 "-" "Mozilla/5.0 (compatible; SemrushBot/7~bl; +http://www.semrush.com/bot.html)" "savemoki.com"
51.222.253.6 - - [05/Oct/2022:16:37:21 -0700] "GET /mokis_story HTTP/1.1" 200 9307 "-" "Mozilla/5.0 (compatible; AhrefsBot/7.0; +http://ahrefs.com/robot/)" "savemoki.com"
51.222.253.19 - - [05/Oct/2022:16:37:26 -0700] "GET /yahoo_site_admin/assets/images/Moki_and_Bandit.42102357_std.JPG HTTP/1.1" 200 96200 "-" "Mozilla/5.0 (compatible; AhrefsBot/7.0; +http://ahrefs.com/robot/)" "savemoki.com"
51.222.253.1 - - [05/Oct/2022:16:37:27 -0700] "GET /yahoo_site_admin/assets/images/Mokis_1st_Halloween.42103006_std.JPG HTTP/1.1" 200 113564 "-" "Mozilla/5.0 (compatible; AhrefsBot/7.0; +http://ahrefs.com/robot/)" "savemoki.com"
51.222.253.18 - - [05/Oct/2022:16:37:28 -0700] "GET /yahoo_site_admin/assets/images/Sick_Moki.42100047_std.JPG HTTP/1.1" 200 66556 "-" "Mozilla/5.0 (compatible; AhrefsBot/7.0; +http://ahrefs.com/robot/)" "savemoki.com"
51.222.253.16 - - [05/Oct/2022:16:37:29 -0700] "GET /yahoo_site_admin/assets/images/Moki_resting_in_his_bed.42100540_std.jpg HTTP/1.1" 200 91646 "-" "Mozilla/5.0 (compatible; AhrefsBot/7.0; +http://ahrefs.com/robot/)" "savemoki.com"
185.191.171.5 - - [05/Oct/2022:16:38:08 -0700] "GET /Donate HTTP/1.1" 200 2982 "-" "Mozilla/5.0 (compatible; SemrushBot/7~bl; +http://www.semrush.com/bot.html)" "savemoki.com"
114.119.139.148 - - [05/Oct/2022:16:38:36 -0700] "GET /media?C=N%3BO%3DD HTTP/1.1" 301 1417 "https://savemoki.com/media?D=A" "Mozilla/5.0 (Linux; Android 7.0;) AppleWebKit/537.36 (KHTML, like Gecko) Mobile Safari/537.36 (compatible; PetalBot;+https://webmaster.petalsearch.com/site/petalbot)" "savemoki.com"
114.119.139.148 - - [05/Oct/2022:16:38:36 -0700] "GET /media/?C=N%3BO%3DD HTTP/1.1" 200 396 "https://savemoki.com/media?D=A" "Mozilla/5.0 (Linux; Android 7.0;) AppleWebKit/537.36 (KHTML, like Gecko) Mobile Safari/537.36 (compatible; PetalBot;+https://webmaster.petalsearch.com/site/petalbot)" "savemoki.com"
51.222.253.11 - - [05/Oct/2022:16:39:47 -0700] "GET /images/?C=M;O=D HTTP/1.1" 200 2174 "-" "Mozilla/5.0 (compatible; AhrefsBot/7.0; +http://ahrefs.com/robot/)" "www.savemoki.com"
185.191.171.19 - - [05/Oct/2022:16:39:59 -0700] "GET /clipart/backgrounds/?C=N%3BO%3DD HTTP/1.1" 200 366 "-" "Mozilla/5.0 (compatible; SemrushBot/7~bl; +http://www.semrush.com/bot.html)" "www.savemoki.com"
51.222.253.7 - - [05/Oct/2022:16:42:14 -0700] "GET /clipart/lines/ HTTP/1.1" 200 361 "-" "Mozilla/5.0 (compatible; AhrefsBot/7.0; +http://ahrefs.com/robot/)" "savemoki.com"
185.191.171.13 - - [05/Oct/2022:16:43:27 -0700] "GET /blog/wp-content/?C=M%3BO%3DA HTTP/1.1" 200 359 "-" "Mozilla/5.0 (compatible; SemrushBot/7~bl; +http://www.semrush.com/bot.html)" "www.savemoki.com"
114.119.139.166 - - [05/Oct/2022:16:44:11 -0700] "GET /2test/wp-admin/ HTTP/1.1" 302 - "https://savemoki.com/2test/index.php/2020/04/03/sample-page/" "Mozilla/5.0 (Linux; Android 7.0;) AppleWebKit/537.36 (KHTML, like Gecko) Mobile Safari/537.36 (compatible; PetalBot;+https://webmaster.petalsearch.com/site/petalbot)" "savemoki.com"
10.213.116.62 - - [05/Oct/2022:16:44:15 -0700] "POST /2test/wp-cron.php?doing_wp_cron=1665013455.1115739345550537109375 HTTP/1.1" 200 - "http://savemoki.com/2test/wp-cron.php?doing_wp_cron=1665013455.1115739345550537109375" "WordPress/5.4.11; http://savemoki.com/2test" "savemoki.com"
114.119.139.166 - - [05/Oct/2022:16:44:16 -0700] "GET /2test/wp-login.php?redirect_to=http://savemoki.com/2test/wp-admin/&reauth=1 HTTP/1.1" 200 6053 "https://savemoki.com/2test/index.php/2020/04/03/sample-page/" "Mozilla/5.0 (Linux; Android 7.0;) AppleWebKit/537.36 (KHTML, like Gecko) Mobile Safari/537.36 (compatible; PetalBot;+https://webmaster.petalsearch.com/site/petalbot)" "savemoki.com"
51.222.253.17 - - [05/Oct/2022:16:44:33 -0700] "GET /clipart/lines/horizontal/?C=M;O=D HTTP/1.1" 200 405 "-" "Mozilla/5.0 (compatible; AhrefsBot/7.0; +http://ahrefs.com/robot/)" "www.savemoki.com"
51.222.253.16 - - [05/Oct/2022:16:46:52 -0700] "GET /blog/wp-content/themes/?C=N;O=D HTTP/1.1" 200 403 "-" "Mozilla/5.0 (compatible; AhrefsBot/7.0; +http://ahrefs.com/robot/)" "savemoki.com"
51.222.253.3 - - [05/Oct/2022:16:49:23 -0700] "GET /2test/index.php/courses/first-grade/ HTTP/1.1" 200 20519 "-" "Mozilla/5.0 (compatible; AhrefsBot/7.0; +http://ahrefs.com/robot/)" "savemoki.com"
185.191.171.41 - - [05/Oct/2022:16:49:41 -0700] "GET /clipart/buttons/themes/swoosh_blue/?C=N%3BO%3DD HTTP/1.1" 200 418 "-" "Mozilla/5.0 (compatible; SemrushBot/7~bl; +http://www.semrush.com/bot.html)" "www.savemoki.com"
114.119.139.148 - - [05/Oct/2022:16:49:45 -0700] "GET /clipart/images/frames HTTP/1.1" 301 1418 "https://savemoki.com/clipart/images?C=D%3BO%3DA" "Mozilla/5.0 (Linux; Android 7.0;) AppleWebKit/537.36 (KHTML, like Gecko) Mobile Safari/537.36 (compatible; PetalBot;+https://webmaster.petalsearch.com/site/petalbot)" "savemoki.com"
114.119.139.148 - - [05/Oct/2022:16:49:46 -0700] "GET /clipart/images/frames/ HTTP/1.1" 200 379 "https://savemoki.com/clipart/images?C=D%3BO%3DA" "Mozilla/5.0 (Linux; Android 7.0;) AppleWebKit/537.36 (KHTML, like Gecko) Mobile Safari/537.36 (compatible; PetalBot;+https://webmaster.petalsearch.com/site/petalbot)" "savemoki.com"
185.191.171.37 - - [05/Oct/2022:16:50:38 -0700] "GET /images/?C=D%3BO%3DA HTTP/1.1" 200 2158 "-" "Mozilla/5.0 (compatible; SemrushBot/7~bl; +http://www.semrush.com/bot.html)" "www.savemoki.com"
185.191.171.15 - - [05/Oct/2022:16:51:02 -0700] "GET /clipart/lines/?C=D%3BO%3DA HTTP/1.1" 200 361 "-" "Mozilla/5.0 (compatible; SemrushBot/7~bl; +http://www.semrush.com/bot.html)" "www.savemoki.com"
51.222.253.8 - - [05/Oct/2022:16:51:42 -0700] "GET /2test/ HTTP/1.1" 200 20598 "-" "Mozilla/5.0 (compatible; AhrefsBot/7.0; +http://ahrefs.com/robot/)" "www.savemoki.com"
51.222.253.10 - - [05/Oct/2022:16:54:03 -0700] "GET /2test/index.php/courses/third-grade/ HTTP/1.1" 200 20466 "-" "Mozilla/5.0 (compatible; AhrefsBot/7.0; +http://ahrefs.com/robot/)" "savemoki.com"
185.191.171.8 - - [05/Oct/2022:16:55:01 -0700] "GET /blog/wp-content/themes/?C=N%3BO%3DD HTTP/1.1" 200 405 "-" "Mozilla/5.0 (compatible; SemrushBot/7~bl; +http://www.semrush.com/bot.html)" "savemoki.com"
114.119.139.167 - - [05/Oct/2022:16:55:19 -0700] "GET /clipart/backgrounds/ HTTP/1.1" 200 366 "https://www.savemoki.com/clipart/?C=S%3BO%3DA" "Mozilla/5.0 (Linux; Android 7.0;) AppleWebKit/537.36 (KHTML, like Gecko) Mobile Safari/537.36 (compatible; PetalBot;+https://webmaster.petalsearch.com/site/petalbot)" "www.savemoki.com"
51.222.253.6 - - [05/Oct/2022:16:56:27 -0700] "GET /clipart/lines/horizontal/?C=D;O=D HTTP/1.1" 200 405 "-" "Mozilla/5.0 (compatible; AhrefsBot/7.0; +http://ahrefs.com/robot/)" "www.savemoki.com"
185.191.171.17 - - [05/Oct/2022:16:56:30 -0700] "GET /blog/wp-content/themes/themeforest-625914-ice-theme-powerful-wordpress-theme-1/PSD/?C=S%3BO%3DA HTTP/1.1" 200 419 "-" "Mozilla/5.0 (compatible; SemrushBot/7~bl; +http://www.semrush.com/bot.html)" "savemoki.com"
185.191.171.42 - - [05/Oct/2022:16:57:36 -0700] "GET /clipart/buttons/themes/rectangle_yellow/ HTTP/1.1" 200 427 "-" "Mozilla/5.0 (compatible; SemrushBot/7~bl; +http://www.semrush.com/bot.html)" "www.savemoki.com"
3.83.13.121 - - [05/Oct/2022:16:59:42 -0700] "GET /robots.txt HTTP/1.1" 200 39 "-" "Mozilla/5.0 (X11; Linux x86_64) AppleWebKit/537.36 (KHTML, like Gecko) Chrome/94.0.4606.81 Safari/537.36" "savemoki.com"
3.83.13.121 - - [05/Oct/2022:16:59:42 -0700] "GET / HTTP/1.1" 200 7350 "-" "Mozilla/5.0 (X11; Linux x86_64) AppleWebKit/537.36 (KHTML, like Gecko) Chrome/94.0.4606.81 Safari/537.36" "savemoki.com"
51.222.253.3 - - [05/Oct/2022:17:00:59 -0700] "GET /clipart/backgrounds/fullpage/?C=S;O=A HTTP/1.1" 200 389 "-" "Mozilla/5.0 (compatible; AhrefsBot/7.0; +http://ahrefs.com/robot/)" "savemoki.com"
114.119.139.166 - - [05/Oct/2022:17:01:00 -0700] "GET /media/?D=A HTTP/1.1" 200 396 "https://savemoki.com/media?D=D" "Mozilla/5.0 (Linux; Android 7.0;) AppleWebKit/537.36 (KHTML, like Gecko) Mobile Safari/537.36 (compatible; PetalBot;+https://webmaster.petalsearch.com/site/petalbot)" "savemoki.com"
185.191.171.19 - - [05/Oct/2022:17:01:27 -0700] "GET /clipart/images/frames/ HTTP/1.1" 200 379 "-" "Mozilla/5.0 (compatible; SemrushBot/7~bl; +http://www.semrush.com/bot.html)" "savemoki.com"
185.191.171.9 - - [05/Oct/2022:17:03:24 -0700] "GET /clipart/buttons/themes/swoosh_blue/?C=D%3BO%3DA HTTP/1.1" 200 418 "-" "Mozilla/5.0 (compatible; SemrushBot/7~bl; +http://www.semrush.com/bot.html)" "www.savemoki.com"
51.222.253.10 - - [05/Oct/2022:17:03:44 -0700] "GET /sitebuilder/?C=M;O=D HTTP/1.1" 200 370 "-" "Mozilla/5.0 (compatible; AhrefsBot/7.0; +http://ahrefs.com/robot/)" "savemoki.com"
114.119.139.148 - - [05/Oct/2022:17:06:29 -0700] "GET /blog/wp-content/themes/themeforest-625914-ice-theme-powerful-wordpress-theme-1/PSD/ice_index.psd HTTP/1.1" 200 15942515 "https://savemoki.com/blog/wp-content/themes/themeforest-625914-ice-theme-powerful-wordpress-theme-1/PSD" "Mozilla/5.0 (Linux; Android 7.0;) AppleWebKit/537.36 (KHTML, like Gecko) Mobile Safari/537.36 (compatible; PetalBot;+https://webmaster.petalsearch.com/site/petalbot)" "savemoki.com"
121.238.152.140 - - [05/Oct/2022:17:06:59 -0700] "GET /contact_us.html HTTP/1.1" 200 18024 "http://savemoki.com/contact_us.html" "Mozilla/5.0 (Windows NT 6.1) AppleWebKit/537.36 (KHTML, like Gecko) Chrome/90.0.4430.85 Safari/537.36" "savemoki.com"
185.191.171.44 - - [05/Oct/2022:17:07:25 -0700] "GET /Links.html HTTP/1.1" 200 8682 "-" "Mozilla/5.0 (compatible; SemrushBot/7~bl; +http://www.semrush.com/bot.html)" "savemoki.com"
51.222.253.16 - - [05/Oct/2022:17:09:28 -0700] "GET /navigation_bars/?C=M;O=A HTTP/1.1" 200 408 "-" "Mozilla/5.0 (compatible; AhrefsBot/7.0; +http://ahrefs.com/robot/)" "www.savemoki.com"
61.147.15.67 - - [05/Oct/2022:17:10:08 -0700] "GET / HTTP/1.1" 200 1286 "-" "Mozilla/5.0 (Macintosh; Intel Mac OS X 10_11) AppleWebKit/601.1.27 (KHTML, like Gecko) Chrome/47.0.2526.106 Safari/601.1.27" "savemoki.com"
61.147.15.67 - - [05/Oct/2022:17:10:22 -0700] "GET / HTTP/1.1" 200 1286 "-" "Dalvik/2.1.0 (Linux; U; Android 9.0; ZTE BA520 Build/MRA58K)" "savemoki.com"
61.147.15.67 - - [05/Oct/2022:17:10:30 -0700] "GET / HTTP/1.1" 200 1286 "-" "Mozilla/5.0 (Macintosh; Intel Mac OS X 10_11) AppleWebKit/601.1.27 (KHTML, like Gecko) Chrome/47.0.2526.106 Safari/601.1.27" "savemoki.com"
61.147.15.65 - - [05/Oct/2022:17:10:58 -0700] "GET /favicon.ico HTTP/1.1" 404 88 "-" "Dalvik/2.1.0 (Linux; U; Android 9.0; ZTE BA520 Build/MRA58K)" "savemoki.com"
61.147.15.65 - - [05/Oct/2022:17:11:06 -0700] "GET / HTTP/1.1" 200 1286 "-" "Mozilla/5.0 (iPhone 6s; CPU iPhone OS 11_3 like Mac OS X) AppleWebKit/604.3.5 (KHTML, like Gecko) Version/11.0 MQQBrowser/8.4.1 Mobile/15B87 Safari/604.1 MttCustomUA/2 QBWebViewType/1 WKType/1" "savemoki.com"
14.116.156.162 - - [05/Oct/2022:17:11:28 -0700] "GET /wp-login.php HTTP/1.1" 404 88 "-" "Apache-HttpClient/4.5.2 (Java/1.8.0_161)" "www.savemoki.com"
61.147.15.65 - - [05/Oct/2022:17:11:33 -0700] "GET / HTTP/1.1" 200 1286 "-" "Mozilla/5.0 (Windows NT 5.1; U; ru) Opera 8.51" "savemoki.com"
114.119.139.167 - - [05/Oct/2022:17:12:00 -0700] "GET /blog/wp-content/themes/themeforest-625914-ice-theme-powerful-wordpress-theme-1/PSD/ice_index.psd HTTP/1.1" 200 15942515 "https://www.savemoki.com/blog/wp-content/themes/themeforest-625914-ice-theme-powerful-wordpress-theme-1/PSD?C=D%3BO%3DA" "Mozilla/5.0 (Linux; Android 7.0;) AppleWebKit/537.36 (KHTML, like Gecko) Mobile Safari/537.36 (compatible; PetalBot;+https://webmaster.petalsearch.com/site/petalbot)" "www.savemoki.com"
61.147.15.67 - - [05/Oct/2022:17:14:02 -0700] "GET / HTTP/1.1" 200 1286 "-" "Dalvik/2.1.0 (Linux; U; Android 9.0; ZTE BA520 Build/MRA58K)" "savemoki.com"
51.222.253.18 - - [05/Oct/2022:17:15:40 -0700] "GET /Feline_health.html HTTP/1.1" 200 8098 "-" "Mozilla/5.0 (compatible; AhrefsBot/7.0; +http://ahrefs.com/robot/)" "savemoki.com"
114.119.139.148 - - [05/Oct/2022:17:17:33 -0700] "GET /sitebuilder?M=D HTTP/1.1" 301 1416 "https://savemoki.com/sitebuilder?M=A" "Mozilla/5.0 (Linux; Android 7.0;) AppleWebKit/537.36 (KHTML, like Gecko) Mobile Safari/537.36 (compatible; PetalBot;+https://webmaster.petalsearch.com/site/petalbot)" "savemoki.com"
114.119.139.148 - - [05/Oct/2022:17:17:34 -0700] "GET /sitebuilder/?M=D HTTP/1.1" 200 372 "https://savemoki.com/sitebuilder?M=A" "Mozilla/5.0 (Linux; Android 7.0;) AppleWebKit/537.36 (KHTML, like Gecko) Mobile Safari/537.36 (compatible; PetalBot;+https://webmaster.petalsearch.com/site/petalbot)" "savemoki.com"
51.222.253.17 - - [05/Oct/2022:17:21:57 -0700] "GET /blog/wp-content/themes/themeforest-625914-ice-theme-powerful-wordpress-theme-1/PSD/ HTTP/1.1" 200 419 "-" "Mozilla/5.0 (compatible; AhrefsBot/7.0; +http://ahrefs.com/robot/)" "www.savemoki.com"
114.119.139.148 - - [05/Oct/2022:17:23:05 -0700] "GET /navigation_bars?C=M%3BO%3DA HTTP/1.1" 301 1428 "https://savemoki.com/navigation_bars?C=D%3BO%3DA" "Mozilla/5.0 (Linux; Android 7.0;) AppleWebKit/537.36 (KHTML, like Gecko) Mobile Safari/537.36 (compatible; PetalBot;+https://webmaster.petalsearch.com/site/petalbot)" "savemoki.com"
114.119.139.148 - - [05/Oct/2022:17:23:08 -0700] "GET /navigation_bars/?C=M%3BO%3DA HTTP/1.1" 200 408 "https://savemoki.com/navigation_bars?C=D%3BO%3DA" "Mozilla/5.0 (Linux; Android 7.0;) AppleWebKit/537.36 (KHTML, like Gecko) Mobile Safari/537.36 (compatible; PetalBot;+https://webmaster.petalsearch.com/site/petalbot)" "savemoki.com"
185.191.171.21 - - [05/Oct/2022:17:24:10 -0700] "GET /robots.txt HTTP/1.1" 200 55 "-" "Mozilla/5.0 (compatible; SemrushBot/7~bl; +http://www.semrush.com/bot.html)" "savemoki.com"
185.191.171.44 - - [05/Oct/2022:17:24:10 -0700] "GET /clipart/buttons/themes/rectangle_yellow/?C=S%3BO%3DA HTTP/1.1" 200 427 "-" "Mozilla/5.0 (compatible; SemrushBot/7~bl; +http://www.semrush.com/bot.html)" "savemoki.com"
51.222.253.10 - - [05/Oct/2022:17:28:07 -0700] "GET /sitebuilder/?C=S;O=D HTTP/1.1" 200 370 "-" "Mozilla/5.0 (compatible; AhrefsBot/7.0; +http://ahrefs.com/robot/)" "savemoki.com"
114.119.156.133 - - [05/Oct/2022:17:28:38 -0700] "GET /media/?C=N%3BO%3DD HTTP/1.1" 200 396 "http://savemoki.com/media/" "Mozilla/5.0 (Linux; Android 7.0;) AppleWebKit/537.36 (KHTML, like Gecko) Mobile Safari/537.36 (compatible; PetalBot;+https://webmaster.petalsearch.com/site/petalbot)" "savemoki.com"
185.191.171.2 - - [05/Oct/2022:17:31:57 -0700] "GET /clipart/?C=S%3BO%3DA HTTP/1.1" 200 440 "-" "Mozilla/5.0 (compatible; SemrushBot/7~bl; +http://www.semrush.com/bot.html)" "savemoki.com"
185.191.171.7 - - [05/Oct/2022:17:33:09 -0700] "GET /Ways_U_Can_help.html HTTP/1.1" 200 4289 "-" "Mozilla/5.0 (compatible; SemrushBot/7~bl; +http://www.semrush.com/bot.html)" "savemoki.com"
114.119.139.166 - - [05/Oct/2022:17:34:09 -0700] "GET /MedicalRecord.html HTTP/1.1" 200 4796 "http://www.savemoki.com/" "Mozilla/5.0 (Linux; Android 7.0;) AppleWebKit/537.36 (KHTML, like Gecko) Mobile Safari/537.36 (compatible; PetalBot;+https://webmaster.petalsearch.com/site/petalbot)" "www.savemoki.com"
51.222.253.5 - - [05/Oct/2022:17:34:23 -0700] "GET /?C=D;O=A HTTP/1.1" 200 1286 "-" "Mozilla/5.0 (compatible; AhrefsBot/7.0; +http://ahrefs.com/robot/)" "savemoki.com"
51.222.253.3 - - [05/Oct/2022:17:41:21 -0700] "GET /media/?C=D;O=A HTTP/1.1" 200 396 "-" "Mozilla/5.0 (compatible; AhrefsBot/7.0; +http://ahrefs.com/robot/)" "www.savemoki.com"
185.191.171.45 - - [05/Oct/2022:17:41:15 -0700] "GET /2test/index.php/courses/kindergarten/ HTTP/1.1" 200 22526 "-" "Mozilla/5.0 (compatible; SemrushBot/7~bl; +http://www.semrush.com/bot.html)" "savemoki.com"
10.213.116.62 - - [05/Oct/2022:17:41:22 -0700] "POST /2test/wp-cron.php?doing_wp_cron=1665016882.5905189514160156250000 HTTP/1.1" 200 - "https://savemoki.com/2test/wp-cron.php?doing_wp_cron=1665016882.5905189514160156250000" "WordPress/5.4.11; https://savemoki.com/2test" "savemoki.com"
185.191.171.34 - - [05/Oct/2022:17:42:35 -0700] "GET /blog/wp-content/themes/?C=D%3BO%3DA HTTP/1.1" 200 405 "-" "Mozilla/5.0 (compatible; SemrushBot/7~bl; +http://www.semrush.com/bot.html)" "savemoki.com"
185.191.171.42 - - [05/Oct/2022:17:42:39 -0700] "GET /robots.txt HTTP/1.1" 200 55 "-" "Mozilla/5.0 (compatible; SemrushBot/7~bl; +http://www.semrush.com/bot.html)" "www.savemoki.com"
185.191.171.4 - - [05/Oct/2022:17:42:40 -0700] "GET /blog/wp-content/themes/themeforest-625914-ice-theme-powerful-wordpress-theme-1/licensing/?C=M%3BO%3DA HTTP/1.1" 200 419 "-" "Mozilla/5.0 (compatible; SemrushBot/7~bl; +http://www.semrush.com/bot.html)" "www.savemoki.com"
185.191.171.44 - - [05/Oct/2022:17:43:46 -0700] "GET /clipart/bullets/?C=S%3BO%3DA HTTP/1.1" 200 429 "-" "Mozilla/5.0 (compatible; SemrushBot/7~bl; +http://www.semrush.com/bot.html)" "savemoki.com"
114.119.139.148 - - [05/Oct/2022:17:45:16 -0700] "GET /clipart/backgrounds?N=A HTTP/1.1" 301 1418 "https://www.savemoki.com/clipart/backgrounds?D=D" "Mozilla/5.0 (Linux; Android 7.0;) AppleWebKit/537.36 (KHTML, like Gecko) Mobile Safari/537.36 (compatible; PetalBot;+https://webmaster.petalsearch.com/site/petalbot)" "www.savemoki.com"
114.119.139.148 - - [05/Oct/2022:17:45:19 -0700] "GET /clipart/backgrounds/?N=A HTTP/1.1" 200 366 "https://www.savemoki.com/clipart/backgrounds?D=D" "Mozilla/5.0 (Linux; Android 7.0;) AppleWebKit/537.36 (KHTML, like Gecko) Mobile Safari/537.36 (compatible; PetalBot;+https://webmaster.petalsearch.com/site/petalbot)" "www.savemoki.com"
185.191.171.39 - - [05/Oct/2022:17:49:16 -0700] "GET /socialenginetrial/?C=N%3BO%3DD HTTP/1.1" 200 318 "-" "Mozilla/5.0 (compatible; SemrushBot/7~bl; +http://www.semrush.com/bot.html)" "savemoki.com"
51.222.253.9 - - [05/Oct/2022:17:49:18 -0700] "GET /2test/ HTTP/1.1" 500 2646 "-" "Mozilla/5.0 (compatible; AhrefsBot/7.0; +http://ahrefs.com/robot/)" "savemoki.com"
114.119.139.167 - - [05/Oct/2022:17:50:49 -0700] "GET /files?N=D HTTP/1.1" 301 1412 "https://savemoki.com/files?N=A" "Mozilla/5.0 (Linux; Android 7.0;) AppleWebKit/537.36 (KHTML, like Gecko) Mobile Safari/537.36 (compatible; PetalBot;+https://webmaster.petalsearch.com/site/petalbot)" "savemoki.com"
114.119.139.167 - - [05/Oct/2022:17:50:50 -0700] "GET /files/?N=D HTTP/1.1" 200 380 "https://savemoki.com/files?N=A" "Mozilla/5.0 (Linux; Android 7.0;) AppleWebKit/537.36 (KHTML, like Gecko) Mobile Safari/537.36 (compatible; PetalBot;+https://webmaster.petalsearch.com/site/petalbot)" "savemoki.com"
185.191.171.1 - - [05/Oct/2022:17:53:00 -0700] "GET /other_cats_in_need HTTP/1.1" 200 3395 "-" "Mozilla/5.0 (compatible; SemrushBot/7~bl; +http://www.semrush.com/bot.html)" "savemoki.com"
185.191.171.12 - - [05/Oct/2022:17:54:10 -0700] "GET /blog/wp-content/themes/themeforest-625914-ice-theme-powerful-wordpress-theme-1/sample%20content/ HTTP/1.1" 200 576 "-" "Mozilla/5.0 (compatible; SemrushBot/7~bl; +http://www.semrush.com/bot.html)" "www.savemoki.com"
114.119.139.148 - - [05/Oct/2022:17:56:27 -0700] "GET /clipart/backgrounds/fullpage/?C=S%3BO%3DA HTTP/1.1" 200 389 "https://savemoki.com/clipart/backgrounds/fullpage/" "Mozilla/5.0 (Linux; Android 7.0;) AppleWebKit/537.36 (KHTML, like Gecko) Mobile Safari/537.36 (compatible; PetalBot;+https://webmaster.petalsearch.com/site/petalbot)" "savemoki.com"
