114.119.139.148 - - [07/Oct/2022:13:42:09 -0700] "GET /blog/wp-content/themes/themeforest-625914-ice-theme-powerful-wordpress-theme-1/sample%20content/?C=D%3BO%3DA HTTP/1.1" 200 576 "https://www.savemoki.com/blog/wp-content/themes/themeforest-625914-ice-theme-powerful-wordpress-theme-1/sample%20content/?C=N%3BO%3DD" "Mozilla/5.0 (Linux; Android 7.0;) AppleWebKit/537.36 (KHTML, like Gecko) Mobile Safari/537.36 (compatible; PetalBot;+https://webmaster.petalsearch.com/site/petalbot)" "www.savemoki.com"
51.222.253.18 - - [07/Oct/2022:13:42:22 -0700] "GET /Mokislabpage2.html HTTP/1.1" 200 4057 "-" "Mozilla/5.0 (compatible; AhrefsBot/7.0; +http://ahrefs.com/robot/)" "www.savemoki.com"
114.119.139.148 - - [07/Oct/2022:13:48:10 -0700] "GET /sitebuilder/images?C=M%3BO%3DA HTTP/1.1" 301 1429 "https://savemoki.com/sitebuilder/images?C=S%3BO%3DA" "Mozilla/5.0 (Linux; Android 7.0;) AppleWebKit/537.36 (KHTML, like Gecko) Mobile Safari/537.36 (compatible; PetalBot;+https://webmaster.petalsearch.com/site/petalbot)" "savemoki.com"
114.119.139.148 - - [07/Oct/2022:13:48:11 -0700] "GET /sitebuilder/images/?C=M%3BO%3DA HTTP/1.1" 200 3814 "https://savemoki.com/sitebuilder/images?C=S%3BO%3DA" "Mozilla/5.0 (Linux; Android 7.0;) AppleWebKit/537.36 (KHTML, like Gecko) Mobile Safari/537.36 (compatible; PetalBot;+https://webmaster.petalsearch.com/site/petalbot)" "savemoki.com"
51.222.253.13 - - [07/Oct/2022:13:48:15 -0700] "GET /blog/ HTTP/1.1" 200 352 "-" "Mozilla/5.0 (compatible; AhrefsBot/7.0; +http://ahrefs.com/robot/)" "savemoki.com"
51.222.253.7 - - [07/Oct/2022:13:54:04 -0700] "GET /Mokis_friends.html HTTP/1.1" 200 5925 "-" "Mozilla/5.0 (compatible; AhrefsBot/7.0; +http://ahrefs.com/robot/)" "www.savemoki.com"
114.119.139.166 - - [07/Oct/2022:13:54:05 -0700] "GET /socialenginetrial?N=A HTTP/1.1" 301 1421 "https://savemoki.com/socialenginetrial?M=D" "Mozilla/5.0 (Linux; Android 7.0;) AppleWebKit/537.36 (KHTML, like Gecko) Mobile Safari/537.36 (compatible; PetalBot;+https://webmaster.petalsearch.com/site/petalbot)" "savemoki.com"
114.119.139.166 - - [07/Oct/2022:13:54:06 -0700] "GET /socialenginetrial/?N=A HTTP/1.1" 200 318 "https://savemoki.com/socialenginetrial?M=D" "Mozilla/5.0 (Linux; Android 7.0;) AppleWebKit/537.36 (KHTML, like Gecko) Mobile Safari/537.36 (compatible; PetalBot;+https://webmaster.petalsearch.com/site/petalbot)" "savemoki.com"
51.222.253.14 - - [07/Oct/2022:13:54:07 -0700] "GET /sitebuilder/images/Together-492x235.jpg HTTP/1.1" 200 23705 "-" "Mozilla/5.0 (compatible; AhrefsBot/7.0; +http://ahrefs.com/robot/)" "www.savemoki.com"
51.222.253.10 - - [07/Oct/2022:13:54:07 -0700] "GET /sitebuilder/images/Cecil-342x322.png HTTP/1.1" 200 297650 "-" "Mozilla/5.0 (compatible; AhrefsBot/7.0; +http://ahrefs.com/robot/)" "www.savemoki.com"
51.222.253.9 - - [07/Oct/2022:13:54:09 -0700] "GET /images/613627_1196558651_1_.gif HTTP/1.1" 200 48960 "-" "Mozilla/5.0 (compatible; AhrefsBot/7.0; +http://ahrefs.com/robot/)" "www.savemoki.com"
51.222.253.3 - - [07/Oct/2022:13:54:10 -0700] "GET /sitebuilder/images/Little_Kitty_adding_her_two_cents-329x248.jpg HTTP/1.1" 200 16240 "-" "Mozilla/5.0 (compatible; AhrefsBot/7.0; +http://ahrefs.com/robot/)" "www.savemoki.com"
51.222.253.19 - - [07/Oct/2022:13:54:11 -0700] "GET /sitebuilder/images/Sissy_and_Bandit-335x225.jpg HTTP/1.1" 200 13493 "-" "Mozilla/5.0 (compatible; AhrefsBot/7.0; +http://ahrefs.com/robot/)" "www.savemoki.com"
51.222.253.1 - - [07/Oct/2022:13:54:12 -0700] "GET /images/winningattitudeaward1.gif HTTP/1.1" 200 10451 "-" "Mozilla/5.0 (compatible; AhrefsBot/7.0; +http://ahrefs.com/robot/)" "www.savemoki.com"
51.222.253.2 - - [07/Oct/2022:13:54:12 -0700] "GET /images/goldenpawaward.jpg HTTP/1.1" 200 12471 "-" "Mozilla/5.0 (compatible; AhrefsBot/7.0; +http://ahrefs.com/robot/)" "www.savemoki.com"
51.222.253.4 - - [07/Oct/2022:13:55:13 -0700] "GET /sitebuilder/images/header_1-223x3112.jpg HTTP/1.1" 200 16606 "-" "Mozilla/5.0 (compatible; AhrefsBot/7.0; +http://ahrefs.com/robot/)" "www.savemoki.com"
185.119.81.101 - - [07/Oct/2022:13:58:55 -0700] "GET /2test/wp-login.php HTTP/1.1" 200 6059 "-" "Mozilla/5.0 (Windows NT 6.1; WOW64) AppleWebKit/537.36 (KHTML, like Gecko) Chrome/37.0.2062.120 Safari/537.36" "savemoki.com"
114.119.131.163 - - [07/Oct/2022:13:59:05 -0700] "GET /robots.txt HTTP/1.1" 200 55 "-" "Mozilla/5.0 (compatible;PetalBot;+https://webmaster.petalsearch.com/site/petalbot)" "savemoki.com"
185.119.81.101 - - [07/Oct/2022:13:59:00 -0700] "POST /2test/wp-login.php HTTP/1.1" 200 6344 "http://savemoki.com/2test/wp-login.php" "Mozilla/5.0 (Windows NT 6.1; WOW64) AppleWebKit/537.36 (KHTML, like Gecko) Chrome/37.0.2062.120 Safari/537.36" "savemoki.com"
114.119.139.148 - - [07/Oct/2022:14:00:03 -0700] "GET /sitebuilder/?C=D%3BO%3DA HTTP/1.1" 200 372 "https://www.savemoki.com/sitebuilder?C=D%3BO%3DA" "Mozilla/5.0 (Linux; Android 7.0;) AppleWebKit/537.36 (KHTML, like Gecko) Mobile Safari/537.36 (compatible; PetalBot;+https://webmaster.petalsearch.com/site/petalbot)" "www.savemoki.com"
51.222.253.12 - - [07/Oct/2022:14:04:34 -0700] "GET /2test/index.php/feed/ HTTP/1.1" 200 3630 "-" "Mozilla/5.0 (compatible; AhrefsBot/7.0; +http://ahrefs.com/robot/)" "savemoki.com"
10.213.116.62 - - [07/Oct/2022:14:04:37 -0700] "POST /2test/wp-cron.php?doing_wp_cron=1665176677.6142768859863281250000 HTTP/1.1" 200 - "http://savemoki.com/2test/wp-cron.php?doing_wp_cron=1665176677.6142768859863281250000" "WordPress/5.4.11; http://savemoki.com/2test" "savemoki.com"
114.119.139.148 - - [07/Oct/2022:14:06:02 -0700] "GET /2test/index.php/2020/04/03/sample-page HTTP/1.1" 200 21060 "http://www.savemoki.com/2test" "Mozilla/5.0 (Linux; Android 7.0;) AppleWebKit/537.36 (KHTML, like Gecko) Mobile Safari/537.36 (compatible; PetalBot;+https://webmaster.petalsearch.com/site/petalbot)" "savemoki.com"
51.222.253.1 - - [07/Oct/2022:14:10:01 -0700] "GET /Mokis_Medical_Records.html HTTP/1.1" 200 5014 "-" "Mozilla/5.0 (compatible; AhrefsBot/7.0; +http://ahrefs.com/robot/)" "savemoki.com"
114.119.139.166 - - [07/Oct/2022:14:11:57 -0700] "GET /clipart/images?C=M%3BO%3DA HTTP/1.1" 301 1428 "https://www.savemoki.com/clipart/images?C=S%3BO%3DA" "Mozilla/5.0 (Linux; Android 7.0;) AppleWebKit/537.36 (KHTML, like Gecko) Mobile Safari/537.36 (compatible; PetalBot;+https://webmaster.petalsearch.com/site/petalbot)" "www.savemoki.com"
114.119.139.166 - - [07/Oct/2022:14:11:58 -0700] "GET /clipart/images/?C=M%3BO%3DA HTTP/1.1" 200 489 "https://www.savemoki.com/clipart/images?C=S%3BO%3DA" "Mozilla/5.0 (Linux; Android 7.0;) AppleWebKit/537.36 (KHTML, like Gecko) Mobile Safari/537.36 (compatible; PetalBot;+https://webmaster.petalsearch.com/site/petalbot)" "www.savemoki.com"
185.119.81.100 - - [07/Oct/2022:14:13:46 -0700] "GET /2test/wp-login.php HTTP/1.1" 200 6055 "-" "Mozilla/5.0 (Windows NT 6.1; Win64; x64) AppleWebKit/537.36 (KHTML, like Gecko) Chrome/80.0.3987.132 Safari/537.36" "savemoki.com"
185.119.81.100 - - [07/Oct/2022:14:13:49 -0700] "POST /2test/wp-login.php HTTP/1.1" 200 6345 "http://savemoki.com/2test/wp-login.php" "Mozilla/5.0 (Windows NT 6.1; Win64; x64) AppleWebKit/537.36 (KHTML, like Gecko) Chrome/80.0.3987.132 Safari/537.36" "savemoki.com"
51.222.253.4 - - [07/Oct/2022:14:15:36 -0700] "GET /Cartoon_Pet_Pills.html HTTP/1.1" 200 598 "-" "Mozilla/5.0 (compatible; AhrefsBot/7.0; +http://ahrefs.com/robot/)" "www.savemoki.com"
114.119.150.254 - - [07/Oct/2022:14:17:25 -0700] "GET /robots.txt HTTP/1.1" 200 55 "-" "Mozilla/5.0 (compatible;PetalBot;+https://webmaster.petalsearch.com/site/petalbot)" "www.savemoki.com"
114.119.139.166 - - [07/Oct/2022:14:17:58 -0700] "GET /blog/wp-content/themes/themeforest-625914-ice-theme-powerful-wordpress-theme-1/?C=N%3BO%3DD HTTP/1.1" 200 513 "https://savemoki.com/blog/wp-content/themes/themeforest-625914-ice-theme-powerful-wordpress-theme-1?M=D" "Mozilla/5.0 (Linux; Android 7.0;) AppleWebKit/537.36 (KHTML, like Gecko) Mobile Safari/537.36 (compatible; PetalBot;+https://webmaster.petalsearch.com/site/petalbot)" "savemoki.com"
51.222.253.7 - - [07/Oct/2022:14:21:14 -0700] "GET /Bud.html HTTP/1.1" 200 1820 "-" "Mozilla/5.0 (compatible; AhrefsBot/7.0; +http://ahrefs.com/robot/)" "savemoki.com"
114.119.140.87 - - [07/Oct/2022:14:22:44 -0700] "GET /?C=M%3BO%3DA HTTP/1.1" 200 1286 "https://savemoki.com/" "Mozilla/5.0 (Linux; Android 7.0;) AppleWebKit/537.36 (KHTML, like Gecko) Mobile Safari/537.36 (compatible; PetalBot;+https://webmaster.petalsearch.com/site/petalbot)" "savemoki.com"
114.119.139.148 - - [07/Oct/2022:14:23:59 -0700] "GET /clipart/lines?C=S%3BO%3DA HTTP/1.1" 301 1426 "https://savemoki.com/clipart/lines?C=D%3BO%3DA" "Mozilla/5.0 (Linux; Android 7.0;) AppleWebKit/537.36 (KHTML, like Gecko) Mobile Safari/537.36 (compatible; PetalBot;+https://webmaster.petalsearch.com/site/petalbot)" "savemoki.com"
114.119.139.148 - - [07/Oct/2022:14:24:01 -0700] "GET /clipart/lines/?C=S%3BO%3DA HTTP/1.1" 200 361 "https://savemoki.com/clipart/lines?C=D%3BO%3DA" "Mozilla/5.0 (Linux; Android 7.0;) AppleWebKit/537.36 (KHTML, like Gecko) Mobile Safari/537.36 (compatible; PetalBot;+https://webmaster.petalsearch.com/site/petalbot)" "savemoki.com"
51.222.253.2 - - [07/Oct/2022:14:26:30 -0700] "GET /temporarypreviewfile.html HTTP/1.1" 200 309 "-" "Mozilla/5.0 (compatible; AhrefsBot/7.0; +http://ahrefs.com/robot/)" "savemoki.com"
93.158.161.30 - - [07/Oct/2022:14:26:52 -0700] "GET /robots.txt HTTP/1.1" 200 39 "-" "Mozilla/5.0 (compatible; YandexBot/3.0; +http://yandex.com/bots)" "savemoki.com"
93.158.161.30 - - [07/Oct/2022:14:26:56 -0700] "GET /blog/wp-content/themes/ HTTP/1.1" 200 405 "-" "Mozilla/5.0 (compatible; YandexBot/3.0; +http://yandex.com/bots)" "savemoki.com"
114.119.139.148 - - [07/Oct/2022:14:30:03 -0700] "GET /navigation_bars?D=D HTTP/1.1" 301 1421 "https://www.savemoki.com/navigation_bars?D=A" "Mozilla/5.0 (Linux; Android 7.0;) AppleWebKit/537.36 (KHTML, like Gecko) Mobile Safari/537.36 (compatible; PetalBot;+https://webmaster.petalsearch.com/site/petalbot)" "www.savemoki.com"
114.119.139.148 - - [07/Oct/2022:14:30:04 -0700] "GET /navigation_bars/?D=D HTTP/1.1" 200 408 "https://www.savemoki.com/navigation_bars?D=A" "Mozilla/5.0 (Linux; Android 7.0;) AppleWebKit/537.36 (KHTML, like Gecko) Mobile Safari/537.36 (compatible; PetalBot;+https://webmaster.petalsearch.com/site/petalbot)" "www.savemoki.com"
51.222.253.19 - - [07/Oct/2022:14:31:49 -0700] "GET /blog/wp-content/ HTTP/1.1" 200 359 "-" "Mozilla/5.0 (compatible; AhrefsBot/7.0; +http://ahrefs.com/robot/)" "savemoki.com"
114.119.139.166 - - [07/Oct/2022:14:36:01 -0700] "GET /tmp HTTP/1.1" 403 170 "http://savemoki.com" "Mozilla/5.0 (Linux; Android 7.0;) AppleWebKit/537.36 (KHTML, like Gecko) Mobile Safari/537.36 (compatible; PetalBot;+https://webmaster.petalsearch.com/site/petalbot)" "savemoki.com"
161.156.29.33 - - [07/Oct/2022:14:36:44 -0700] "GET /robots.txt HTTP/1.1" 200 39 "-" "Mozilla/5.0 (compatible; oBot/2.3.1; http://www.xforce-security.com/crawler/)" "savemoki.com"
161.156.29.33 - - [07/Oct/2022:14:36:44 -0700] "GET / HTTP/1.1" 200 7350 "-" "Mozilla/5.0 (compatible; oBot/2.3.1; http://www.xforce-security.com/crawler/)" "savemoki.com"
161.156.29.33 - - [07/Oct/2022:14:36:46 -0700] "GET /robots.txt HTTP/1.1" 200 39 "-" "Mozilla/5.0 (compatible; oBot/2.3.1; http://www.xforce-security.com/crawler/)" "www.savemoki.com"
161.156.29.33 - - [07/Oct/2022:14:36:46 -0700] "GET / HTTP/1.1" 200 7350 "-" "Mozilla/5.0 (compatible; oBot/2.3.1; http://www.xforce-security.com/crawler/)" "www.savemoki.com"
54.36.148.178 - - [07/Oct/2022:14:37:21 -0700] "GET /robots.txt HTTP/1.1" 200 55 "-" "Mozilla/5.0 (compatible; AhrefsBot/7.0; +http://ahrefs.com/robot/)" "www.savemoki.com"
51.222.253.11 - - [07/Oct/2022:14:37:23 -0700] "GET /Links_Feline_Health.html HTTP/1.1" 200 10246 "-" "Mozilla/5.0 (compatible; AhrefsBot/7.0; +http://ahrefs.com/robot/)" "www.savemoki.com"
207.46.13.237 - - [07/Oct/2022:14:38:56 -0700] "GET /robots.txt HTTP/1.1" 200 55 "-" "Mozilla/5.0 (compatible; bingbot/2.0; +http://www.bing.com/bingbot.htm)" "savemoki.com"
207.46.13.237 - - [07/Oct/2022:14:38:56 -0700] "GET /robots.txt HTTP/1.1" 200 55 "-" "Mozilla/5.0 (compatible; bingbot/2.0; +http://www.bing.com/bingbot.htm)" "savemoki.com"
207.46.13.143 - - [07/Oct/2022:14:39:01 -0700] "GET /sitebuilder/images/header_1-223x9766.jpg HTTP/1.1" 200 45739 "-" "Mozilla/5.0 (compatible; bingbot/2.0; +http://www.bing.com/bingbot.htm)" "savemoki.com"
143.198.109.249 - - [07/Oct/2022:14:42:04 -0700] "GET /wp-commentin.php HTTP/1.1" 404 73 "-" "Mozilla/5.0 (Linux; Android 11; SM-A705FN) AppleWebKit/537.36 (KHTML, like Gecko) Chrome/89.0.4389.105 Mobile Safari/537.36 OPR/63.3.3216.58675" "savemoki.com"
51.222.253.2 - - [07/Oct/2022:14:43:11 -0700] "GET /media/?C=S;O=D HTTP/1.1" 200 393 "-" "Mozilla/5.0 (compatible; AhrefsBot/7.0; +http://ahrefs.com/robot/)" "savemoki.com"
37.139.53.81 - - [07/Oct/2022:14:45:48 -0700] "GET /contact_us.html HTTP/1.1" 200 18024 "http://savemoki.com/contact_us.html" "Mozilla/5.0 (Windows NT 6.3; WOW64) AppleWebKit/537.36 (KHTML, like Gecko) Chrome/83.0.4103.61 Safari/537.36" "savemoki.com"
114.119.139.166 - - [07/Oct/2022:14:47:54 -0700] "GET /sitebuilder/scripts?C=S%3BO%3DA HTTP/1.1" 301 1430 "https://savemoki.com/sitebuilder/scripts?D=D" "Mozilla/5.0 (Linux; Android 7.0;) AppleWebKit/537.36 (KHTML, like Gecko) Mobile Safari/537.36 (compatible; PetalBot;+https://webmaster.petalsearch.com/site/petalbot)" "savemoki.com"
114.119.139.166 - - [07/Oct/2022:14:47:55 -0700] "GET /sitebuilder/scripts/?C=S%3BO%3DA HTTP/1.1" 200 373 "https://savemoki.com/sitebuilder/scripts?D=D" "Mozilla/5.0 (Linux; Android 7.0;) AppleWebKit/537.36 (KHTML, like Gecko) Mobile Safari/537.36 (compatible; PetalBot;+https://webmaster.petalsearch.com/site/petalbot)" "savemoki.com"
51.222.253.6 - - [07/Oct/2022:14:48:48 -0700] "GET /media/?C=S;O=A HTTP/1.1" 200 397 "-" "Mozilla/5.0 (compatible; AhrefsBot/7.0; +http://ahrefs.com/robot/)" "savemoki.com"
51.222.253.9 - - [07/Oct/2022:14:54:39 -0700] "GET /mokis_story.html HTTP/1.1" 200 12029 "-" "Mozilla/5.0 (compatible; AhrefsBot/7.0; +http://ahrefs.com/robot/)" "www.savemoki.com"
51.222.253.8 - - [07/Oct/2022:14:55:13 -0700] "GET /sitebuilder/images/Moki_resting_in_his_bed-246x207.jpg HTTP/1.1" 200 12892 "-" "Mozilla/5.0 (compatible; AhrefsBot/7.0; +http://ahrefs.com/robot/)" "www.savemoki.com"
51.222.253.11 - - [07/Oct/2022:14:55:14 -0700] "GET /sitebuilder/images/Moki_and_Bandit-255x235.jpg HTTP/1.1" 200 16248 "-" "Mozilla/5.0 (compatible; AhrefsBot/7.0; +http://ahrefs.com/robot/)" "www.savemoki.com"
51.222.253.15 - - [07/Oct/2022:14:55:14 -0700] "GET /sitebuilder/images/Its_a_jungle_out_there-249x190.jpg HTTP/1.1" 200 15014 "-" "Mozilla/5.0 (compatible; AhrefsBot/7.0; +http://ahrefs.com/robot/)" "www.savemoki.com"
51.222.253.3 - - [07/Oct/2022:14:55:15 -0700] "GET /sitebuilder/images/Sick_Moki-438x286.jpg HTTP/1.1" 200 22144 "-" "Mozilla/5.0 (compatible; AhrefsBot/7.0; +http://ahrefs.com/robot/)" "www.savemoki.com"
51.222.253.3 - - [07/Oct/2022:14:55:15 -0700] "GET /mokis_story.html HTTP/1.1" 200 12029 "-" "Mozilla/5.0 (compatible; AhrefsBot/7.0; +http://ahrefs.com/robot/)" "www.savemoki.com"
114.119.139.166 - - [07/Oct/2022:14:59:49 -0700] "GET /blog/?C=M%3BO%3DA HTTP/1.1" 200 352 "https://www.savemoki.com/blog" "Mozilla/5.0 (Linux; Android 7.0;) AppleWebKit/537.36 (KHTML, like Gecko) Mobile Safari/537.36 (compatible; PetalBot;+https://webmaster.petalsearch.com/site/petalbot)" "www.savemoki.com"
51.222.253.19 - - [07/Oct/2022:15:00:05 -0700] "GET /clipart/backgrounds/fullpage/ HTTP/1.1" 200 389 "-" "Mozilla/5.0 (compatible; AhrefsBot/7.0; +http://ahrefs.com/robot/)" "savemoki.com"
197.235.15.239 - - [07/Oct/2022:15:01:24 -0700] "GET /administrator/ HTTP/1.1" 404 88 "-" "Mozilla/5.0 (Windows NT 6.0; rv:34.0) Gecko/20100101 Firefox/34.0" "savemoki.com"
197.235.15.239 - - [07/Oct/2022:15:01:24 -0700] "GET /administrator/index.php HTTP/1.1" 404 88 "http://savemoki.com/administrator/" "Mozilla/5.0 (Windows NT 6.0; rv:34.0) Gecko/20100101 Firefox/34.0" "savemoki.com"
197.235.15.239 - - [07/Oct/2022:15:01:25 -0700] "GET /wp-login.php HTTP/1.1" 404 88 "-" "Mozilla/5.0 (Windows NT 6.0; rv:34.0) Gecko/20100101 Firefox/34.0" "savemoki.com"
197.235.15.239 - - [07/Oct/2022:15:01:26 -0700] "GET /wp-admin/ HTTP/1.1" 404 88 "http://savemoki.com/wp-login.php" "Mozilla/5.0 (Windows NT 6.0; rv:34.0) Gecko/20100101 Firefox/34.0" "savemoki.com"
197.235.15.239 - - [07/Oct/2022:15:01:26 -0700] "GET /admin.php HTTP/1.1" 404 88 "-" "Mozilla/5.0 (Windows NT 6.0; rv:34.0) Gecko/20100101 Firefox/34.0" "savemoki.com"
197.235.15.239 - - [07/Oct/2022:15:01:27 -0700] "GET /admin HTTP/1.1" 404 88 "-" "Mozilla/5.0 (Windows NT 6.0; rv:34.0) Gecko/20100101 Firefox/34.0" "savemoki.com"
197.235.15.239 - - [07/Oct/2022:15:01:28 -0700] "GET /admin HTTP/1.1" 404 88 "-" "Mozilla/5.0 (Windows NT 6.0; rv:34.0) Gecko/20100101 Firefox/34.0" "savemoki.com"
197.235.15.239 - - [07/Oct/2022:15:01:29 -0700] "GET /admin/ HTTP/1.1" 404 88 "-" "Mozilla/5.0 (Windows NT 6.0; rv:34.0) Gecko/20100101 Firefox/34.0" "savemoki.com"
162.247.74.204 - - [07/Oct/2022:15:01:40 -0700] "GET /administrator/ HTTP/1.1" 404 88 "-" "Mozilla/5.0 (Windows NT 6.0; rv:34.0) Gecko/20100101 Firefox/34.0" "savemoki.com"
162.247.74.204 - - [07/Oct/2022:15:01:41 -0700] "GET /administrator/index.php HTTP/1.1" 404 88 "http://savemoki.com/administrator/" "Mozilla/5.0 (Windows NT 6.0; rv:34.0) Gecko/20100101 Firefox/34.0" "savemoki.com"
162.247.74.7 - - [07/Oct/2022:15:01:50 -0700] "GET /wp-login.php HTTP/1.1" 404 88 "-" "Mozilla/5.0 (Windows NT 6.0; rv:34.0) Gecko/20100101 Firefox/34.0" "savemoki.com"
162.247.74.7 - - [07/Oct/2022:15:01:51 -0700] "GET /wp-admin/ HTTP/1.1" 404 88 "http://savemoki.com/wp-login.php" "Mozilla/5.0 (Windows NT 6.0; rv:34.0) Gecko/20100101 Firefox/34.0" "savemoki.com"
104.244.75.33 - - [07/Oct/2022:15:01:53 -0700] "GET /admin.php HTTP/1.1" 404 88 "-" "Mozilla/5.0 (Windows NT 6.0; rv:34.0) Gecko/20100101 Firefox/34.0" "savemoki.com"
104.244.75.33 - - [07/Oct/2022:15:01:58 -0700] "GET /admin HTTP/1.1" 404 88 "-" "Mozilla/5.0 (Windows NT 6.0; rv:34.0) Gecko/20100101 Firefox/34.0" "savemoki.com"
185.220.101.45 - - [07/Oct/2022:15:02:04 -0700] "GET /admin HTTP/1.1" 404 88 "-" "Mozilla/5.0 (Windows NT 6.0; rv:34.0) Gecko/20100101 Firefox/34.0" "savemoki.com"
185.220.101.31 - - [07/Oct/2022:15:02:11 -0700] "GET /admin/ HTTP/1.1" 404 88 "-" "Mozilla/5.0 (Windows NT 6.0; rv:34.0) Gecko/20100101 Firefox/34.0" "savemoki.com"
114.119.139.166 - - [07/Oct/2022:15:05:43 -0700] "GET /2test/index.php/courses/kindergarten HTTP/1.1" 200 22526 "https://savemoki.com/2test/index.php/2020/04/03/sample-page" "Mozilla/5.0 (Linux; Android 7.0;) AppleWebKit/537.36 (KHTML, like Gecko) Mobile Safari/537.36 (compatible; PetalBot;+https://webmaster.petalsearch.com/site/petalbot)" "savemoki.com"
10.213.116.64 - - [07/Oct/2022:15:05:46 -0700] "POST /2test/wp-cron.php?doing_wp_cron=1665180346.1834640502929687500000 HTTP/1.1" 200 - "https://savemoki.com/2test/wp-cron.php?doing_wp_cron=1665180346.1834640502929687500000" "WordPress/5.4.11; https://savemoki.com/2test" "savemoki.com"
51.222.253.12 - - [07/Oct/2022:15:06:03 -0700] "GET /clipart/bullets/?C=S;O=A HTTP/1.1" 200 428 "-" "Mozilla/5.0 (compatible; AhrefsBot/7.0; +http://ahrefs.com/robot/)" "savemoki.com"
51.222.253.1 - - [07/Oct/2022:15:11:28 -0700] "GET /clipart/lines/?C=D;O=A HTTP/1.1" 200 361 "-" "Mozilla/5.0 (compatible; AhrefsBot/7.0; +http://ahrefs.com/robot/)" "www.savemoki.com"
114.119.139.166 - - [07/Oct/2022:15:11:42 -0700] "GET /clipart/pageHeaders HTTP/1.1" 301 1418 "https://www.savemoki.com/clipart?M=D" "Mozilla/5.0 (Linux; Android 7.0;) AppleWebKit/537.36 (KHTML, like Gecko) Mobile Safari/537.36 (compatible; PetalBot;+https://webmaster.petalsearch.com/site/petalbot)" "www.savemoki.com"
114.119.139.166 - - [07/Oct/2022:15:11:44 -0700] "GET /clipart/pageHeaders/ HTTP/1.1" 200 427 "https://www.savemoki.com/clipart?M=D" "Mozilla/5.0 (Linux; Android 7.0;) AppleWebKit/537.36 (KHTML, like Gecko) Mobile Safari/537.36 (compatible; PetalBot;+https://webmaster.petalsearch.com/site/petalbot)" "www.savemoki.com"
51.222.253.14 - - [07/Oct/2022:15:16:50 -0700] "GET /Links_Feline_Health.html HTTP/1.1" 200 10246 "-" "Mozilla/5.0 (compatible; AhrefsBot/7.0; +http://ahrefs.com/robot/)" "savemoki.com"
114.119.139.166 - - [07/Oct/2022:15:17:39 -0700] "GET /media?D=A HTTP/1.1" 301 1413 "https://www.savemoki.com/media?M=D" "Mozilla/5.0 (Linux; Android 7.0;) AppleWebKit/537.36 (KHTML, like Gecko) Mobile Safari/537.36 (compatible; PetalBot;+https://webmaster.petalsearch.com/site/petalbot)" "www.savemoki.com"
114.119.139.166 - - [07/Oct/2022:15:17:42 -0700] "GET /media/?D=A HTTP/1.1" 200 396 "https://www.savemoki.com/media?M=D" "Mozilla/5.0 (Linux; Android 7.0;) AppleWebKit/537.36 (KHTML, like Gecko) Mobile Safari/537.36 (compatible; PetalBot;+https://webmaster.petalsearch.com/site/petalbot)" "www.savemoki.com"
51.222.253.20 - - [07/Oct/2022:15:22:34 -0700] "GET /clipart/buttons/themes/rectangle_yellow/?C=M;O=A HTTP/1.1" 200 423 "-" "Mozilla/5.0 (compatible; AhrefsBot/7.0; +http://ahrefs.com/robot/)" "savemoki.com"
114.119.139.167 - - [07/Oct/2022:15:23:36 -0700] "GET /clipart/images/frames?C=S%3BO%3DA HTTP/1.1" 301 1433 "https://www.savemoki.com/clipart/images/frames?C=M%3BO%3DA" "Mozilla/5.0 (Linux; Android 7.0;) AppleWebKit/537.36 (KHTML, like Gecko) Mobile Safari/537.36 (compatible; PetalBot;+https://webmaster.petalsearch.com/site/petalbot)" "www.savemoki.com"
114.119.139.167 - - [07/Oct/2022:15:23:37 -0700] "GET /clipart/images/frames/?C=S%3BO%3DA HTTP/1.1" 200 379 "https://www.savemoki.com/clipart/images/frames?C=M%3BO%3DA" "Mozilla/5.0 (Linux; Android 7.0;) AppleWebKit/537.36 (KHTML, like Gecko) Mobile Safari/537.36 (compatible; PetalBot;+https://webmaster.petalsearch.com/site/petalbot)" "www.savemoki.com"
51.222.253.4 - - [07/Oct/2022:15:28:30 -0700] "GET /clipart/buttons/ HTTP/1.1" 200 359 "-" "Mozilla/5.0 (compatible; AhrefsBot/7.0; +http://ahrefs.com/robot/)" "savemoki.com"
114.119.139.167 - - [07/Oct/2022:15:29:29 -0700] "GET /sitebuilder?N=D HTTP/1.1" 301 1416 "https://savemoki.com/sitebuilder?N=A" "Mozilla/5.0 (Linux; Android 7.0;) AppleWebKit/537.36 (KHTML, like Gecko) Mobile Safari/537.36 (compatible; PetalBot;+https://webmaster.petalsearch.com/site/petalbot)" "savemoki.com"
114.119.139.167 - - [07/Oct/2022:15:29:30 -0700] "GET /sitebuilder/?N=D HTTP/1.1" 200 372 "https://savemoki.com/sitebuilder?N=A" "Mozilla/5.0 (Linux; Android 7.0;) AppleWebKit/537.36 (KHTML, like Gecko) Mobile Safari/537.36 (compatible; PetalBot;+https://webmaster.petalsearch.com/site/petalbot)" "savemoki.com"
114.119.139.166 - - [07/Oct/2022:15:35:39 -0700] "GET /clipart/buttons/themes?C=S%3BO%3DA HTTP/1.1" 301 1434 "https://savemoki.com/clipart/buttons/themes?N=D" "Mozilla/5.0 (Linux; Android 7.0;) AppleWebKit/537.36 (KHTML, like Gecko) Mobile Safari/537.36 (compatible; PetalBot;+https://webmaster.petalsearch.com/site/petalbot)" "savemoki.com"
114.119.139.166 - - [07/Oct/2022:15:35:41 -0700] "GET /clipart/buttons/themes/?C=S%3BO%3DA HTTP/1.1" 200 404 "https://savemoki.com/clipart/buttons/themes?N=D" "Mozilla/5.0 (Linux; Android 7.0;) AppleWebKit/537.36 (KHTML, like Gecko) Mobile Safari/537.36 (compatible; PetalBot;+https://webmaster.petalsearch.com/site/petalbot)" "savemoki.com"
51.222.253.6 - - [07/Oct/2022:15:40:09 -0700] "GET /clipart/ HTTP/1.1" 200 440 "-" "Mozilla/5.0 (compatible; AhrefsBot/7.0; +http://ahrefs.com/robot/)" "savemoki.com"
51.222.253.19 - - [07/Oct/2022:15:45:26 -0700] "GET /clipart/bullets/?C=D;O=A HTTP/1.1" 200 429 "-" "Mozilla/5.0 (compatible; AhrefsBot/7.0; +http://ahrefs.com/robot/)" "savemoki.com"
51.222.253.15 - - [07/Oct/2022:15:50:44 -0700] "GET /clipart/images/?C=M;O=A HTTP/1.1" 200 487 "-" "Mozilla/5.0 (compatible; AhrefsBot/7.0; +http://ahrefs.com/robot/)" "savemoki.com"
51.222.253.15 - - [07/Oct/2022:15:55:44 -0700] "GET /clipart/buttons/themes/rectangle_yellow/?C=D;O=A HTTP/1.1" 200 427 "-" "Mozilla/5.0 (compatible; AhrefsBot/7.0; +http://ahrefs.com/robot/)" "savemoki.com"
51.222.253.4 - - [07/Oct/2022:16:01:24 -0700] "GET /clipart/lines/?C=M;O=A HTTP/1.1" 200 361 "-" "Mozilla/5.0 (compatible; AhrefsBot/7.0; +http://ahrefs.com/robot/)" "savemoki.com"
51.222.253.10 - - [07/Oct/2022:16:06:31 -0700] "GET /clipart/lines/?C=S;O=A HTTP/1.1" 200 361 "-" "Mozilla/5.0 (compatible; AhrefsBot/7.0; +http://ahrefs.com/robot/)" "savemoki.com"
173.252.83.19 - - [07/Oct/2022:16:10:58 -0700] "GET /images/12_11_70_thumb_1_.jpg HTTP/1.1" 200 2316 "-" "facebookexternalhit/1.1 (+http://www.facebook.com/externalhit_uatext.php)" "savemoki.com"
51.222.253.18 - - [07/Oct/2022:16:11:42 -0700] "GET /clipart/images/?C=D;O=A HTTP/1.1" 200 489 "-" "Mozilla/5.0 (compatible; AhrefsBot/7.0; +http://ahrefs.com/robot/)" "savemoki.com"
51.222.253.2 - - [07/Oct/2022:16:16:45 -0700] "GET /clipart/lines/?C=D;O=A HTTP/1.1" 200 361 "-" "Mozilla/5.0 (compatible; AhrefsBot/7.0; +http://ahrefs.com/robot/)" "savemoki.com"
114.119.139.167 - - [07/Oct/2022:16:20:51 -0700] "GET /blog/wp-content/themes/themeforest-625914-ice-theme-powerful-wordpress-theme-1/sample%20content?M=A HTTP/1.1" 301 1466 "https://savemoki.com/blog/wp-content/themes/themeforest-625914-ice-theme-powerful-wordpress-theme-1/sample%20content?S=D" "Mozilla/5.0 (Linux; Android 7.0;) AppleWebKit/537.36 (KHTML, like Gecko) Mobile Safari/537.36 (compatible; PetalBot;+https://webmaster.petalsearch.com/site/petalbot)" "savemoki.com"
114.119.139.167 - - [07/Oct/2022:16:20:51 -0700] "GET /blog/wp-content/themes/themeforest-625914-ice-theme-powerful-wordpress-theme-1/sample%20content/?M=A HTTP/1.1" 200 576 "https://savemoki.com/blog/wp-content/themes/themeforest-625914-ice-theme-powerful-wordpress-theme-1/sample%20content?S=D" "Mozilla/5.0 (Linux; Android 7.0;) AppleWebKit/537.36 (KHTML, like Gecko) Mobile Safari/537.36 (compatible; PetalBot;+https://webmaster.petalsearch.com/site/petalbot)" "savemoki.com"
51.222.253.3 - - [07/Oct/2022:16:22:32 -0700] "GET /clipart/buttons/themes/rectangle_yellow/?C=S;O=A HTTP/1.1" 200 427 "-" "Mozilla/5.0 (compatible; AhrefsBot/7.0; +http://ahrefs.com/robot/)" "savemoki.com"
51.222.253.10 - - [07/Oct/2022:16:28:13 -0700] "GET /clipart/lines/?C=N;O=A HTTP/1.1" 200 361 "-" "Mozilla/5.0 (compatible; AhrefsBot/7.0; +http://ahrefs.com/robot/)" "www.savemoki.com"
71.196.146.142 - - [07/Oct/2022:16:32:08 -0700] "GET /contact_us.html HTTP/1.1" 200 4002 "-" "Screaming Frog SEO Spider/12.6" "www.savemoki.com"
5.183.145.253 - - [07/Oct/2022:16:33:34 -0700] "GET /administrator/ HTTP/1.1" 404 88 "-" "Mozilla/5.0 (Windows NT 6.0; rv:34.0) Gecko/20100101 Firefox/34.0" "savemoki.com"
5.183.145.253 - - [07/Oct/2022:16:33:35 -0700] "GET /administrator/index.php HTTP/1.1" 404 88 "http://savemoki.com/administrator/" "Mozilla/5.0 (Windows NT 6.0; rv:34.0) Gecko/20100101 Firefox/34.0" "savemoki.com"
51.222.253.19 - - [07/Oct/2022:16:33:55 -0700] "GET /sitemap.xml HTTP/1.1" 200 251 "-" "Mozilla/5.0 (compatible; AhrefsBot/7.0; +http://ahrefs.com/robot/)" "savemoki.com"
5.183.145.253 - - [07/Oct/2022:16:34:15 -0700] "GET /wp-admin/ HTTP/1.1" 404 88 "-" "Mozilla/5.0 (Windows NT 6.0; rv:34.0) Gecko/20100101 Firefox/34.0" "savemoki.com"
5.183.145.253 - - [07/Oct/2022:16:34:16 -0700] "GET /admin.php HTTP/1.1" 404 88 "-" "Mozilla/5.0 (Windows NT 6.0; rv:34.0) Gecko/20100101 Firefox/34.0" "savemoki.com"
5.183.145.253 - - [07/Oct/2022:16:34:16 -0700] "GET /admin HTTP/1.1" 404 88 "-" "Mozilla/5.0 (Windows NT 6.0; rv:34.0) Gecko/20100101 Firefox/34.0" "savemoki.com"
5.183.145.253 - - [07/Oct/2022:16:34:17 -0700] "GET /admin HTTP/1.1" 404 88 "-" "Mozilla/5.0 (Windows NT 6.0; rv:34.0) Gecko/20100101 Firefox/34.0" "savemoki.com"
5.183.145.253 - - [07/Oct/2022:16:34:18 -0700] "GET /admin/ HTTP/1.1" 404 88 "-" "Mozilla/5.0 (Windows NT 6.0; rv:34.0) Gecko/20100101 Firefox/34.0" "savemoki.com"
185.220.101.24 - - [07/Oct/2022:16:34:19 -0700] "GET /administrator/ HTTP/1.1" 404 88 "-" "Mozilla/5.0 (Windows NT 6.0; rv:34.0) Gecko/20100101 Firefox/34.0" "savemoki.com"
185.220.101.24 - - [07/Oct/2022:16:34:20 -0700] "GET /administrator/index.php HTTP/1.1" 404 88 "http://savemoki.com/administrator/" "Mozilla/5.0 (Windows NT 6.0; rv:34.0) Gecko/20100101 Firefox/34.0" "savemoki.com"
185.142.239.49 - - [07/Oct/2022:16:34:38 -0700] "GET /wp-login.php HTTP/1.1" 404 88 "-" "Mozilla/5.0 (Windows NT 6.0; rv:34.0) Gecko/20100101 Firefox/34.0" "savemoki.com"
185.142.239.49 - - [07/Oct/2022:16:34:40 -0700] "GET /wp-admin/ HTTP/1.1" 404 88 "http://savemoki.com/wp-login.php" "Mozilla/5.0 (Windows NT 6.0; rv:34.0) Gecko/20100101 Firefox/34.0" "savemoki.com"
194.169.217.25 - - [07/Oct/2022:16:34:40 -0700] "GET /blog1/2015/05/07/test-post/ HTTP/1.1" 404 73 "http://savemoki.com/blog1/2015/05/07/test-post/" "Mozilla/5.0 (Windows NT 6.1; ) AppleWebKit/537.36 (KHTML, like Gecko) Chrome/90.0.4430.85 Safari/537.36" "savemoki.com"
194.169.217.25 - - [07/Oct/2022:16:34:41 -0700] "GET / HTTP/1.1" 200 7350 "http://savemoki.com/" "Mozilla/5.0 (Windows NT 6.1; ) AppleWebKit/537.36 (KHTML, like Gecko) Chrome/90.0.4430.85 Safari/537.36" "savemoki.com"
194.169.217.25 - - [07/Oct/2022:16:34:41 -0700] "GET /blog/ HTTP/1.1" 200 698 "http://savemoki.com/blog/" "Mozilla/5.0 (Windows NT 6.1; ) AppleWebKit/537.36 (KHTML, like Gecko) Chrome/90.0.4430.85 Safari/537.36" "savemoki.com"
94.75.225.70 - - [07/Oct/2022:16:34:45 -0700] "GET /admin.php HTTP/1.1" 404 88 "-" "Mozilla/5.0 (Windows NT 6.0; rv:34.0) Gecko/20100101 Firefox/34.0" "savemoki.com"
185.248.101.215 - - [07/Oct/2022:16:34:47 -0700] "GET /admin HTTP/1.1" 404 88 "-" "Mozilla/5.0 (Windows NT 6.0; rv:34.0) Gecko/20100101 Firefox/34.0" "savemoki.com"
185.220.101.37 - - [07/Oct/2022:16:34:49 -0700] "GET /admin HTTP/1.1" 404 88 "-" "Mozilla/5.0 (Windows NT 6.0; rv:34.0) Gecko/20100101 Firefox/34.0" "savemoki.com"
51.222.253.12 - - [07/Oct/2022:16:39:00 -0700] "GET /clipart/images/sidebars/ HTTP/1.1" 200 432 "-" "Mozilla/5.0 (compatible; AhrefsBot/7.0; +http://ahrefs.com/robot/)" "www.savemoki.com"
51.222.253.11 - - [07/Oct/2022:16:44:17 -0700] "GET /media/?C=N;O=A HTTP/1.1" 200 396 "-" "Mozilla/5.0 (compatible; AhrefsBot/7.0; +http://ahrefs.com/robot/)" "savemoki.com"
114.119.139.148 - - [07/Oct/2022:16:45:11 -0700] "GET /clipart/images/sidebars/?C=N%3BO%3DD HTTP/1.1" 200 432 "https://savemoki.com/clipart/images/sidebars/?C=M%3BO%3DA" "Mozilla/5.0 (Linux; Android 7.0;) AppleWebKit/537.36 (KHTML, like Gecko) Mobile Safari/537.36 (compatible; PetalBot;+https://webmaster.petalsearch.com/site/petalbot)" "savemoki.com"
51.222.253.1 - - [07/Oct/2022:16:49:52 -0700] "GET /clipart/images/?C=S;O=A HTTP/1.1" 200 480 "-" "Mozilla/5.0 (compatible; AhrefsBot/7.0; +http://ahrefs.com/robot/)" "savemoki.com"
51.222.253.19 - - [07/Oct/2022:16:55:46 -0700] "GET /?C=D;O=A HTTP/1.1" 200 1286 "-" "Mozilla/5.0 (compatible; AhrefsBot/7.0; +http://ahrefs.com/robot/)" "www.savemoki.com"
114.119.139.167 - - [07/Oct/2022:16:55:49 -0700] "GET /mokis_story.html HTTP/1.1" 200 12029 "http://savemoki.com/?C=N%3BO%3DD" "Mozilla/5.0 (Linux; Android 7.0;) AppleWebKit/537.36 (KHTML, like Gecko) Mobile Safari/537.36 (compatible; PetalBot;+https://webmaster.petalsearch.com/site/petalbot)" "savemoki.com"
51.222.253.2 - - [07/Oct/2022:17:04:40 -0700] "GET /sitebuilder/images/?C=N;O=D HTTP/1.1" 200 3798 "-" "Mozilla/5.0 (compatible; AhrefsBot/7.0; +http://ahrefs.com/robot/)" "savemoki.com"
51.222.253.20 - - [07/Oct/2022:17:09:29 -0700] "GET /clipart/images/frames/?C=M;O=A HTTP/1.1" 200 380 "-" "Mozilla/5.0 (compatible; AhrefsBot/7.0; +http://ahrefs.com/robot/)" "savemoki.com"
114.119.139.166 - - [07/Oct/2022:17:13:22 -0700] "GET /clipart/lines/horizontal?N=A HTTP/1.1" 301 1425 "https://savemoki.com/clipart/lines/horizontal?M=D" "Mozilla/5.0 (Linux; Android 7.0;) AppleWebKit/537.36 (KHTML, like Gecko) Mobile Safari/537.36 (compatible; PetalBot;+https://webmaster.petalsearch.com/site/petalbot)" "savemoki.com"
114.119.139.166 - - [07/Oct/2022:17:13:25 -0700] "GET /clipart/lines/horizontal/?N=A HTTP/1.1" 200 408 "https://savemoki.com/clipart/lines/horizontal?M=D" "Mozilla/5.0 (Linux; Android 7.0;) AppleWebKit/537.36 (KHTML, like Gecko) Mobile Safari/537.36 (compatible; PetalBot;+https://webmaster.petalsearch.com/site/petalbot)" "savemoki.com"
51.222.253.5 - - [07/Oct/2022:17:14:19 -0700] "GET /clipart/images/frames/?C=S;O=A HTTP/1.1" 200 380 "-" "Mozilla/5.0 (compatible; AhrefsBot/7.0; +http://ahrefs.com/robot/)" "savemoki.com"
51.222.253.2 - - [07/Oct/2022:17:19:26 -0700] "GET /clipart/images/frames/?C=D;O=A HTTP/1.1" 200 379 "-" "Mozilla/5.0 (compatible; AhrefsBot/7.0; +http://ahrefs.com/robot/)" "savemoki.com"
114.119.139.166 - - [07/Oct/2022:17:22:01 -0700] "GET /sitebuilder/scripts/?C=N%3BO%3DD HTTP/1.1" 200 373 "https://www.savemoki.com/sitebuilder/scripts?M=D" "Mozilla/5.0 (Linux; Android 7.0;) AppleWebKit/537.36 (KHTML, like Gecko) Mobile Safari/537.36 (compatible; PetalBot;+https://webmaster.petalsearch.com/site/petalbot)" "www.savemoki.com"
45.138.74.197 - - [07/Oct/2022:17:22:19 -0700] "GET / HTTP/1.1" 200 7350 "https://saunapermi.ru/" "Opera/9.00 (Windows NT 5.1; U; ru)" "www.savemoki.com"
45.138.74.197 - - [07/Oct/2022:17:22:20 -0700] "GET / HTTP/1.1" 200 7350 "https://saunapermi.ru/" "Opera/9.00 (Windows NT 5.1; U; ru)" "www.savemoki.com"
51.222.253.2 - - [07/Oct/2022:17:26:18 -0700] "GET /clipart/bullets/?C=M;O=A HTTP/1.1" 200 429 "-" "Mozilla/5.0 (compatible; AhrefsBot/7.0; +http://ahrefs.com/robot/)" "savemoki.com"
51.222.253.1 - - [07/Oct/2022:17:31:18 -0700] "GET /blog/wp-content/themes/themeforest-625914-ice-theme-powerful-wordpress-theme-1/?C=N;O=D HTTP/1.1" 200 510 "-" "Mozilla/5.0 (compatible; AhrefsBot/7.0; +http://ahrefs.com/robot/)" "savemoki.com"
195.178.120.231 - - [07/Oct/2022:17:32:17 -0700] "GET /wp-admin/admin-post.php?local-download=../../../etc/passwd&local-destination-id=../../../etc/passwd HTTP/1.1" 404 88 "-" "Mozlila/5.0 (Linux; Android 7.0; SM-G892A Bulid/NRD90M; wv) AppleWebKit/537.36 (KHTML, like Gecko) Version/4.0 Chrome/60.0.3112.107 Moblie Safari/537.36" "savemoki.com"
51.222.253.5 - - [07/Oct/2022:17:36:14 -0700] "GET /blog/wp-content/ HTTP/1.1" 200 359 "-" "Mozilla/5.0 (compatible; AhrefsBot/7.0; +http://ahrefs.com/robot/)" "www.savemoki.com"
51.222.253.13 - - [07/Oct/2022:17:41:24 -0700] "GET /clipart/images/?C=M;O=A HTTP/1.1" 200 487 "-" "Mozilla/5.0 (compatible; AhrefsBot/7.0; +http://ahrefs.com/robot/)" "www.savemoki.com"
51.222.253.11 - - [07/Oct/2022:17:46:45 -0700] "GET /blog/wp-content/themes/themeforest-625914-ice-theme-powerful-wordpress-theme-1/PSD/?C=M;O=A HTTP/1.1" 200 420 "-" "Mozilla/5.0 (compatible; AhrefsBot/7.0; +http://ahrefs.com/robot/)" "savemoki.com"
51.222.253.17 - - [07/Oct/2022:17:51:47 -0700] "GET /blog/wp-content/themes/themeforest-625914-ice-theme-powerful-wordpress-theme-1/documentation/ HTTP/1.1" 200 14882 "-" "Mozilla/5.0 (compatible; AhrefsBot/7.0; +http://ahrefs.com/robot/)" "savemoki.com"
51.222.253.15 - - [07/Oct/2022:17:52:21 -0700] "GET /blog/wp-content/themes/themeforest-625914-ice-theme-powerful-wordpress-theme-1/documentation/assets/blueprint-css/plugins/fancy-type/screen.css HTTP/1.1" 200 1142 "-" "Mozilla/5.0 (compatible; AhrefsBot/7.0; +http://ahrefs.com/robot/)" "savemoki.com"
51.222.253.16 - - [07/Oct/2022:17:52:21 -0700] "GET /blog/wp-content/themes/themeforest-625914-ice-theme-powerful-wordpress-theme-1/documentation/assets/images/awkward_slider_options.jpg HTTP/1.1" 200 53374 "-" "Mozilla/5.0 (compatible; AhrefsBot/7.0; +http://ahrefs.com/robot/)" "savemoki.com"
51.222.253.4 - - [07/Oct/2022:17:56:43 -0700] "GET /blog/wp-content/themes/themeforest-625914-ice-theme-powerful-wordpress-theme-1/PSD/?C=D;O=A HTTP/1.1" 200 419 "-" "Mozilla/5.0 (compatible; AhrefsBot/7.0; +http://ahrefs.com/robot/)" "savemoki.com"
114.119.139.148 - - [07/Oct/2022:17:57:21 -0700] "GET /blog/wp-content/themes/themeforest-625914-ice-theme-powerful-wordpress-theme-1/licensing/?C=D%3BO%3DA HTTP/1.1" 200 419 "https://www.savemoki.com/blog/wp-content/themes/themeforest-625914-ice-theme-powerful-wordpress-theme-1/licensing/?C=N%3BO%3DD" "Mozilla/5.0 (Linux; Android 7.0;) AppleWebKit/537.36 (KHTML, like Gecko) Mobile Safari/537.36 (compatible; PetalBot;+https://webmaster.petalsearch.com/site/petalbot)" "www.savemoki.com"
185.119.81.100 - - [07/Oct/2022:17:58:44 -0700] "GET /2test/wp-login.php HTTP/1.1" 200 6050 "-" "Mozilla/5.0 (Windows NT 10.0; Win64; x64) AppleWebKit/537.36 (KHTML, like Gecko) Chrome/91.0.4472.124 Safari/537.36" "savemoki.com"
10.213.116.64 - - [07/Oct/2022:17:58:48 -0700] "POST /2test/wp-cron.php?doing_wp_cron=1665190728.5329730510711669921875 HTTP/1.1" 200 - "http://savemoki.com/2test/wp-cron.php?doing_wp_cron=1665190728.5329730510711669921875" "WordPress/5.4.11; http://savemoki.com/2test" "savemoki.com"
185.119.81.100 - - [07/Oct/2022:17:58:50 -0700] "POST /2test/wp-login.php HTTP/1.1" 200 6481 "http://savemoki.com/2test/wp-login.php" "Mozilla/5.0 (Windows NT 10.0; Win64; x64) AppleWebKit/537.36 (KHTML, like Gecko) Chrome/91.0.4472.124 Safari/537.36" "savemoki.com"
185.119.81.100 - - [07/Oct/2022:18:00:00 -0700] "GET /2test/wp-login.php HTTP/1.1" 200 6050 "-" "Mozilla/5.0 (Windows NT 6.1; Win64; x64) AppleWebKit/537.36 (KHTML, like Gecko) Chrome/58.0.3029.96 Safari/537.36" "savemoki.com"
185.119.81.100 - - [07/Oct/2022:18:00:03 -0700] "POST /2test/wp-login.php HTTP/1.1" 200 6485 "http://savemoki.com/2test/wp-login.php" "Mozilla/5.0 (Windows NT 6.1; Win64; x64) AppleWebKit/537.36 (KHTML, like Gecko) Chrome/58.0.3029.96 Safari/537.36" "savemoki.com"
51.222.253.5 - - [07/Oct/2022:18:01:37 -0700] "GET /clipart/images/?C=S;O=A HTTP/1.1" 200 480 "-" "Mozilla/5.0 (compatible; AhrefsBot/7.0; +http://ahrefs.com/robot/)" "www.savemoki.com"
51.222.253.14 - - [07/Oct/2022:18:06:38 -0700] "GET /2test/index.php/feed/ HTTP/1.1" 200 3636 "-" "Mozilla/5.0 (compatible; AhrefsBot/7.0; +http://ahrefs.com/robot/)" "savemoki.com"
114.119.139.166 - - [07/Oct/2022:18:11:31 -0700] "GET /clipart/buttons/themes?S=A HTTP/1.1" 301 1424 "https://savemoki.com/clipart/buttons/themes?D=D" "Mozilla/5.0 (Linux; Android 7.0;) AppleWebKit/537.36 (KHTML, like Gecko) Mobile Safari/537.36 (compatible; PetalBot;+https://webmaster.petalsearch.com/site/petalbot)" "savemoki.com"
114.119.139.166 - - [07/Oct/2022:18:11:35 -0700] "GET /clipart/buttons/themes/?S=A HTTP/1.1" 200 404 "https://savemoki.com/clipart/buttons/themes?D=D" "Mozilla/5.0 (Linux; Android 7.0;) AppleWebKit/537.36 (KHTML, like Gecko) Mobile Safari/537.36 (compatible; PetalBot;+https://webmaster.petalsearch.com/site/petalbot)" "savemoki.com"
51.222.253.14 - - [07/Oct/2022:18:12:11 -0700] "GET /clipart/ HTTP/1.1" 200 440 "-" "Mozilla/5.0 (compatible; AhrefsBot/7.0; +http://ahrefs.com/robot/)" "savemoki.com"
34.220.77.112 - - [07/Oct/2022:18:16:32 -0700] "GET / HTTP/1.1" 200 1286 "-" "Mozilla/5.0 (X11; Linux x86_64) AppleWebKit/537.36 (KHTML, like Gecko) Chrome/83.0.4103.97 Safari/537.36" "savemoki.com"
34.222.79.26 - - [07/Oct/2022:18:16:33 -0700] "GET / HTTP/1.1" 200 1286 "-" "Mozilla/5.0 (X11; Linux x86_64) AppleWebKit/537.36 (KHTML, like Gecko) Chrome/83.0.4103.97 Safari/537.36" "savemoki.com"
54.201.104.150 - - [07/Oct/2022:18:17:05 -0700] "GET /favicon.ico HTTP/1.1" 404 88 "-" "Mozilla/5.0 (X11; Linux x86_64) AppleWebKit/537.36 (KHTML, like Gecko) Chrome/83.0.4103.97 Safari/537.36" "savemoki.com"
51.222.253.14 - - [07/Oct/2022:18:17:05 -0700] "GET /media/?C=D;O=D HTTP/1.1" 200 395 "-" "Mozilla/5.0 (compatible; AhrefsBot/7.0; +http://ahrefs.com/robot/)" "savemoki.com"
54.201.104.150 - - [07/Oct/2022:18:17:09 -0700] "GET / HTTP/1.1" 200 1286 "-" "Mozilla/5.0 (X11; Linux x86_64) AppleWebKit/537.36 (KHTML, like Gecko) Chrome/83.0.4103.97 Safari/537.36" "savemoki.com"
146.19.173.113 - - [07/Oct/2022:18:17:14 -0700] "GET /blog1/2015/05/07/test-post/ HTTP/1.1" 404 73 "http://savemoki.com/blog1/2015/05/07/test-post/" "Mozilla/5.0 (Windows NT 10.0; Win64; x64) AppleWebKit/537.36 (KHTML, like Gecko) Chrome/90.0.4430.72 Safari/537.36 Edg/90.0.818.42" "savemoki.com"
146.19.173.113 - - [07/Oct/2022:18:17:15 -0700] "GET / HTTP/1.1" 200 7350 "http://savemoki.com/" "Mozilla/5.0 (Windows NT 10.0; Win64; x64) AppleWebKit/537.36 (KHTML, like Gecko) Chrome/90.0.4430.72 Safari/537.36 Edg/90.0.818.42" "savemoki.com"
146.19.173.113 - - [07/Oct/2022:18:17:16 -0700] "GET /blog/ HTTP/1.1" 200 698 "http://savemoki.com/blog/" "Mozilla/5.0 (Windows NT 10.0; Win64; x64) AppleWebKit/537.36 (KHTML, like Gecko) Chrome/90.0.4430.72 Safari/537.36 Edg/90.0.818.42" "savemoki.com"
114.119.139.167 - - [07/Oct/2022:18:17:31 -0700] "GET /socialenginetrial HTTP/1.1" 301 1416 "http://savemoki.com?C=N%3BO%3DD" "Mozilla/5.0 (Linux; Android 7.0;) AppleWebKit/537.36 (KHTML, like Gecko) Mobile Safari/537.36 (compatible; PetalBot;+https://webmaster.petalsearch.com/site/petalbot)" "savemoki.com"
114.119.139.167 - - [07/Oct/2022:18:17:32 -0700] "GET /socialenginetrial/ HTTP/1.1" 200 318 "http://savemoki.com?C=N%3BO%3DD" "Mozilla/5.0 (Linux; Android 7.0;) AppleWebKit/537.36 (KHTML, like Gecko) Mobile Safari/537.36 (compatible; PetalBot;+https://webmaster.petalsearch.com/site/petalbot)" "savemoki.com"
54.188.39.118 - - [07/Oct/2022:18:22:17 -0700] "GET /favicon.ico HTTP/1.1" 404 88 "-" "Mozilla/5.0 (X11; Linux x86_64) AppleWebKit/537.36 (KHTML, like Gecko) Chrome/83.0.4103.97 Safari/537.36" "savemoki.com"
54.188.39.118 - - [07/Oct/2022:18:22:19 -0700] "GET / HTTP/1.1" 200 1286 "-" "Mozilla/5.0 (X11; Linux x86_64) AppleWebKit/537.36 (KHTML, like Gecko) Chrome/83.0.4103.97 Safari/537.36" "savemoki.com"
51.222.253.3 - - [07/Oct/2022:18:22:26 -0700] "GET /?C=N;O=A HTTP/1.1" 200 1286 "-" "Mozilla/5.0 (compatible; AhrefsBot/7.0; +http://ahrefs.com/robot/)" "savemoki.com"
51.222.253.10 - - [07/Oct/2022:18:27:22 -0700] "GET /clipart/images/frames/?C=N;O=A HTTP/1.1" 200 379 "-" "Mozilla/5.0 (compatible; AhrefsBot/7.0; +http://ahrefs.com/robot/)" "savemoki.com"
51.222.253.17 - - [07/Oct/2022:18:32:24 -0700] "GET /clipart/buttons/themes/?C=D;O=A HTTP/1.1" 200 404 "-" "Mozilla/5.0 (compatible; AhrefsBot/7.0; +http://ahrefs.com/robot/)" "savemoki.com"
194.110.203.42 - - [07/Oct/2022:18:35:21 -0700] "GET /backup/backup.tar HTTP/1.1" 404 73 "-" "Firefox" "savemoki.com"
51.222.253.20 - - [07/Oct/2022:18:37:25 -0700] "GET /clipart/images/?C=D;O=A HTTP/1.1" 200 489 "-" "Mozilla/5.0 (compatible; AhrefsBot/7.0; +http://ahrefs.com/robot/)" "www.savemoki.com"
51.222.253.5 - - [07/Oct/2022:18:42:37 -0700] "GET /blog/wp-content/themes/themeforest-625914-ice-theme-powerful-wordpress-theme-1/PSD/?C=D;O=A HTTP/1.1" 200 419 "-" "Mozilla/5.0 (compatible; AhrefsBot/7.0; +http://ahrefs.com/robot/)" "savemoki.com"
114.119.139.166 - - [07/Oct/2022:18:46:42 -0700] "GET /clipart/images/sidebars?N=A HTTP/1.1" 301 1425 "https://www.savemoki.com/clipart/images/sidebars?S=D" "Mozilla/5.0 (Linux; Android 7.0;) AppleWebKit/537.36 (KHTML, like Gecko) Mobile Safari/537.36 (compatible; PetalBot;+https://webmaster.petalsearch.com/site/petalbot)" "www.savemoki.com"
114.119.139.166 - - [07/Oct/2022:18:46:43 -0700] "GET /clipart/images/sidebars/?N=A HTTP/1.1" 200 432 "https://www.savemoki.com/clipart/images/sidebars?S=D" "Mozilla/5.0 (Linux; Android 7.0;) AppleWebKit/537.36 (KHTML, like Gecko) Mobile Safari/537.36 (compatible; PetalBot;+https://webmaster.petalsearch.com/site/petalbot)" "www.savemoki.com"
51.222.253.16 - - [07/Oct/2022:18:51:36 -0700] "GET /socialenginetrial/?C=M;O=A HTTP/1.1" 200 317 "-" "Mozilla/5.0 (compatible; AhrefsBot/7.0; +http://ahrefs.com/robot/)" "savemoki.com"
114.119.139.167 - - [07/Oct/2022:18:52:39 -0700] "GET /images?C=M%3BO%3DA HTTP/1.1" 301 1423 "https://www.savemoki.com/images?N=A" "Mozilla/5.0 (Linux; Android 7.0;) AppleWebKit/537.36 (KHTML, like Gecko) Mobile Safari/537.36 (compatible; PetalBot;+https://webmaster.petalsearch.com/site/petalbot)" "www.savemoki.com"
114.119.139.167 - - [07/Oct/2022:18:52:40 -0700] "GET /images/?C=M%3BO%3DA HTTP/1.1" 200 2158 "https://www.savemoki.com/images?N=A" "Mozilla/5.0 (Linux; Android 7.0;) AppleWebKit/537.36 (KHTML, like Gecko) Mobile Safari/537.36 (compatible; PetalBot;+https://webmaster.petalsearch.com/site/petalbot)" "www.savemoki.com"
185.191.171.18 - - [07/Oct/2022:18:53:24 -0700] "GET /robots.txt HTTP/1.1" 200 55 "-" "Mozilla/5.0 (compatible; SemrushBot/7~bl; +http://www.semrush.com/bot.html)" "savemoki.com"
185.191.171.15 - - [07/Oct/2022:18:53:24 -0700] "GET /Mokislabpage2.html HTTP/1.1" 200 4057 "-" "Mozilla/5.0 (compatible; SemrushBot/7~bl; +http://www.semrush.com/bot.html)" "savemoki.com"
51.222.253.4 - - [07/Oct/2022:18:56:44 -0700] "GET /socialenginetrial/?C=D;O=A HTTP/1.1" 200 318 "-" "Mozilla/5.0 (compatible; AhrefsBot/7.0; +http://ahrefs.com/robot/)" "savemoki.com"
54.36.149.83 - - [07/Oct/2022:18:58:25 -0700] "GET /robots.txt HTTP/1.1" 200 55 "-" "Mozilla/5.0 (compatible; AhrefsBot/7.0; +http://ahrefs.com/robot/)" "www.savemoki.com"
114.119.139.166 - - [07/Oct/2022:18:59:37 -0700] "GET /navigation_bars?M=A HTTP/1.1" 301 1419 "https://savemoki.com/navigation_bars?N=A" "Mozilla/5.0 (Linux; Android 7.0;) AppleWebKit/537.36 (KHTML, like Gecko) Mobile Safari/537.36 (compatible; PetalBot;+https://webmaster.petalsearch.com/site/petalbot)" "savemoki.com"
114.119.139.166 - - [07/Oct/2022:18:59:41 -0700] "GET /navigation_bars/?M=A HTTP/1.1" 200 408 "https://savemoki.com/navigation_bars?N=A" "Mozilla/5.0 (Linux; Android 7.0;) AppleWebKit/537.36 (KHTML, like Gecko) Mobile Safari/537.36 (compatible; PetalBot;+https://webmaster.petalsearch.com/site/petalbot)" "savemoki.com"
51.222.253.4 - - [07/Oct/2022:19:01:26 -0700] "GET /socialenginetrial/?C=S;O=A HTTP/1.1" 200 317 "-" "Mozilla/5.0 (compatible; AhrefsBot/7.0; +http://ahrefs.com/robot/)" "savemoki.com"
194.110.203.39 - - [07/Oct/2022:19:01:31 -0700] "GET /backup/backup.tar.gz HTTP/1.1" 404 73 "-" "Firefox" "savemoki.com"
51.222.253.2 - - [07/Oct/2022:19:06:15 -0700] "GET /clipart/buttons/themes/?C=M;O=A HTTP/1.1" 200 404 "-" "Mozilla/5.0 (compatible; AhrefsBot/7.0; +http://ahrefs.com/robot/)" "savemoki.com"
216.244.66.249 - - [07/Oct/2022:19:08:14 -0700] "GET /robots.txt HTTP/1.1" 200 39 "-" "Mozilla/5.0 (compatible; DotBot/1.2; +https://opensiteexplorer.org/dotbot; help@moz.com)" "savemoki.com"
51.222.253.8 - - [07/Oct/2022:19:10:48 -0700] "GET /clipart/pageHeaders/?C=D;O=A HTTP/1.1" 200 427 "-" "Mozilla/5.0 (compatible; AhrefsBot/7.0; +http://ahrefs.com/robot/)" "www.savemoki.com"
114.119.139.167 - - [07/Oct/2022:19:12:54 -0700] "GET /blog/ HTTP/1.1" 200 352 "https://www.savemoki.com/?C=D%3BO%3DA" "Mozilla/5.0 (Linux; Android 7.0;) AppleWebKit/537.36 (KHTML, like Gecko) Mobile Safari/537.36 (compatible; PetalBot;+https://webmaster.petalsearch.com/site/petalbot)" "www.savemoki.com"
51.222.253.16 - - [07/Oct/2022:19:15:57 -0700] "GET /clipart/buttons/themes/?C=S;O=A HTTP/1.1" 200 404 "-" "Mozilla/5.0 (compatible; AhrefsBot/7.0; +http://ahrefs.com/robot/)" "savemoki.com"
58.250.125.92 - - [07/Oct/2022:19:17:10 -0700] "GET / HTTP/1.1" 200 1286 "-" "Sogou web spider/4.0(+http://www.sogou.com/docs/help/webmasters.htm#07)" "www.savemoki.com"
51.222.253.5 - - [07/Oct/2022:19:20:40 -0700] "GET /clipart/backgrounds/fullpage/?C=D;O=A HTTP/1.1" 200 389 "-" "Mozilla/5.0 (compatible; AhrefsBot/7.0; +http://ahrefs.com/robot/)" "savemoki.com"
51.222.253.16 - - [07/Oct/2022:19:25:15 -0700] "GET /clipart/pageHeaders/?C=S;O=A HTTP/1.1" 200 430 "-" "Mozilla/5.0 (compatible; AhrefsBot/7.0; +http://ahrefs.com/robot/)" "www.savemoki.com"
114.119.139.166 - - [07/Oct/2022:19:27:13 -0700] "GET /blog?S=D HTTP/1.1" 301 1411 "https://savemoki.com/blog?S=A" "Mozilla/5.0 (Linux; Android 7.0;) AppleWebKit/537.36 (KHTML, like Gecko) Mobile Safari/537.36 (compatible; PetalBot;+https://webmaster.petalsearch.com/site/petalbot)" "savemoki.com"
114.119.139.166 - - [07/Oct/2022:19:27:14 -0700] "GET /blog/?S=D HTTP/1.1" 200 352 "https://savemoki.com/blog?S=A" "Mozilla/5.0 (Linux; Android 7.0;) AppleWebKit/537.36 (KHTML, like Gecko) Mobile Safari/537.36 (compatible; PetalBot;+https://webmaster.petalsearch.com/site/petalbot)" "savemoki.com"
51.222.253.9 - - [07/Oct/2022:19:30:00 -0700] "GET /clipart/pageHeaders/?C=M;O=A HTTP/1.1" 200 430 "-" "Mozilla/5.0 (compatible; AhrefsBot/7.0; +http://ahrefs.com/robot/)" "www.savemoki.com"
51.222.253.19 - - [07/Oct/2022:19:34:27 -0700] "GET /clipart/backgrounds/fullpage/?C=M;O=A HTTP/1.1" 200 389 "-" "Mozilla/5.0 (compatible; AhrefsBot/7.0; +http://ahrefs.com/robot/)" "savemoki.com"
185.119.81.96 - - [07/Oct/2022:19:37:48 -0700] "GET /2test/wp-login.php HTTP/1.1" 200 6052 "-" "Mozilla/5.0 (Windows NT 6.3; Win64; x64) AppleWebKit/537.36 (KHTML, like Gecko) Chrome/61.0.3163.100 Safari/537.36" "savemoki.com"
10.213.116.64 - - [07/Oct/2022:19:37:51 -0700] "POST /2test/wp-cron.php?doing_wp_cron=1665196671.3918249607086181640625 HTTP/1.1" 200 - "http://savemoki.com/2test/wp-cron.php?doing_wp_cron=1665196671.3918249607086181640625" "WordPress/5.4.11; http://savemoki.com/2test" "savemoki.com"
185.119.81.96 - - [07/Oct/2022:19:37:53 -0700] "POST /2test/wp-login.php HTTP/1.1" 200 6489 "http://savemoki.com/2test/wp-login.php" "Mozilla/5.0 (Windows NT 6.3; Win64; x64) AppleWebKit/537.36 (KHTML, like Gecko) Chrome/61.0.3163.100 Safari/537.36" "savemoki.com"
207.46.13.143 - - [07/Oct/2022:19:39:00 -0700] "GET /other_cats_in_need HTTP/1.1" 200 3395 "-" "Mozilla/5.0 (compatible; bingbot/2.0; +http://www.bing.com/bingbot.htm)" "savemoki.com"
51.222.253.5 - - [07/Oct/2022:19:39:21 -0700] "GET /clipart/buttons/ HTTP/1.1" 200 359 "-" "Mozilla/5.0 (compatible; AhrefsBot/7.0; +http://ahrefs.com/robot/)" "savemoki.com"
51.222.253.1 - - [07/Oct/2022:19:44:16 -0700] "GET /Mokis_friends.html HTTP/1.1" 200 5925 "-" "Mozilla/5.0 (compatible; AhrefsBot/7.0; +http://ahrefs.com/robot/)" "savemoki.com"
51.222.253.15 - - [07/Oct/2022:19:44:20 -0700] "GET /images/goldenpawaward.jpg HTTP/1.1" 200 12471 "-" "Mozilla/5.0 (compatible; AhrefsBot/7.0; +http://ahrefs.com/robot/)" "savemoki.com"
