216.24.212.47 - - [07/Oct/2022:03:32:13 -0700] "GET /blog/contact_us.html HTTP/1.1" 404 73 "http://savemoki.com/blog/contact_us.html" "Mozilla/5.0 (Windows NT 10.0; WOW64) AppleWebKit/537.36 (KHTML, like Gecko) Chrome/90.0.4430.72 Safari/537.36" "savemoki.com"
216.24.212.47 - - [07/Oct/2022:03:32:13 -0700] "GET /contact_us.html HTTP/1.1" 200 18024 "http://savemoki.com/contact_us.html" "Mozilla/5.0 (Windows NT 10.0; WOW64) AppleWebKit/537.36 (KHTML, like Gecko) Chrome/90.0.4430.72 Safari/537.36" "savemoki.com"
51.222.253.1 - - [07/Oct/2022:03:36:51 -0700] "GET /Mokislabpage1.html HTTP/1.1" 200 4020 "-" "Mozilla/5.0 (compatible; AhrefsBot/7.0; +http://ahrefs.com/robot/)" "savemoki.com"
51.222.253.4 - - [07/Oct/2022:03:36:56 -0700] "GET /sitebuilder/images/inactive.gif HTTP/1.1" 200 714 "-" "Mozilla/5.0 (compatible; AhrefsBot/7.0; +http://ahrefs.com/robot/)" "savemoki.com"
51.222.253.10 - - [07/Oct/2022:03:36:56 -0700] "GET /sitebuilder/images/navbar-6-inactive-85593.png HTTP/1.1" 200 831 "-" "Mozilla/5.0 (compatible; AhrefsBot/7.0; +http://ahrefs.com/robot/)" "savemoki.com"
51.222.253.17 - - [07/Oct/2022:03:36:57 -0700] "GET /sitebuilder/images/Lab_2-450x600.jpg HTTP/1.1" 200 40072 "-" "Mozilla/5.0 (compatible; AhrefsBot/7.0; +http://ahrefs.com/robot/)" "savemoki.com"
51.222.253.11 - - [07/Oct/2022:03:36:57 -0700] "GET /sitebuilder/images/navbar-5-active-85531.png HTTP/1.1" 200 543 "-" "Mozilla/5.0 (compatible; AhrefsBot/7.0; +http://ahrefs.com/robot/)" "savemoki.com"
51.222.253.8 - - [07/Oct/2022:03:36:58 -0700] "GET /sitebuilder/images/navbar-6-inactive-08687.png HTTP/1.1" 200 699 "-" "Mozilla/5.0 (compatible; AhrefsBot/7.0; +http://ahrefs.com/robot/)" "savemoki.com"
51.222.253.4 - - [07/Oct/2022:03:36:58 -0700] "GET /sitebuilder/images/Lab_4-450x600.jpg HTTP/1.1" 200 40078 "-" "Mozilla/5.0 (compatible; AhrefsBot/7.0; +http://ahrefs.com/robot/)" "savemoki.com"
51.222.253.15 - - [07/Oct/2022:03:36:59 -0700] "GET /Mokislabpage1.html HTTP/1.1" 200 4020 "-" "Mozilla/5.0 (compatible; AhrefsBot/7.0; +http://ahrefs.com/robot/)" "savemoki.com"
51.222.253.1 - - [07/Oct/2022:03:37:00 -0700] "GET /sitebuilder/images/navbar-0-inactive-07953.png HTTP/1.1" 200 558 "-" "Mozilla/5.0 (compatible; AhrefsBot/7.0; +http://ahrefs.com/robot/)" "savemoki.com"
51.222.253.9 - - [07/Oct/2022:03:37:00 -0700] "GET /sitebuilder/images/navbar-7-inactive-85656.png HTTP/1.1" 200 831 "-" "Mozilla/5.0 (compatible; AhrefsBot/7.0; +http://ahrefs.com/robot/)" "savemoki.com"
51.222.253.11 - - [07/Oct/2022:03:37:01 -0700] "GET /sitebuilder/images/navbar-1-inactive-08062.png HTTP/1.1" 200 660 "-" "Mozilla/5.0 (compatible; AhrefsBot/7.0; +http://ahrefs.com/robot/)" "savemoki.com"
51.222.253.13 - - [07/Oct/2022:03:37:01 -0700] "GET /sitebuilder/images/navbar-3-inactive-08187.png HTTP/1.1" 200 738 "-" "Mozilla/5.0 (compatible; AhrefsBot/7.0; +http://ahrefs.com/robot/)" "savemoki.com"
51.222.253.7 - - [07/Oct/2022:03:37:02 -0700] "GET /clipart/pageHeaders/yellow_rose_on_blue.jpg HTTP/1.1" 200 16940 "-" "Mozilla/5.0 (compatible; AhrefsBot/7.0; +http://ahrefs.com/robot/)" "savemoki.com"
51.222.253.6 - - [07/Oct/2022:03:37:02 -0700] "GET /sitebuilder/images/navbar-8-inactive-08812.png HTTP/1.1" 200 630 "-" "Mozilla/5.0 (compatible; AhrefsBot/7.0; +http://ahrefs.com/robot/)" "savemoki.com"
51.222.253.20 - - [07/Oct/2022:03:37:03 -0700] "GET /sitebuilder/images/navbar-2-inactive-08125.png HTTP/1.1" 200 660 "-" "Mozilla/5.0 (compatible; AhrefsBot/7.0; +http://ahrefs.com/robot/)" "savemoki.com"
51.222.253.12 - - [07/Oct/2022:03:37:03 -0700] "GET /clipart/images/sidebars/flower_blue_green.jpg HTTP/1.1" 200 9491 "-" "Mozilla/5.0 (compatible; AhrefsBot/7.0; +http://ahrefs.com/robot/)" "savemoki.com"
51.222.253.6 - - [07/Oct/2022:03:37:03 -0700] "GET /sitebuilder/images/navbar-6-inactive-43968.png HTTP/1.1" 200 568 "-" "Mozilla/5.0 (compatible; AhrefsBot/7.0; +http://ahrefs.com/robot/)" "savemoki.com"
51.222.253.19 - - [07/Oct/2022:03:37:04 -0700] "GET /sitebuilder/images/Lab_1-449x600.jpg HTTP/1.1" 200 40921 "-" "Mozilla/5.0 (compatible; AhrefsBot/7.0; +http://ahrefs.com/robot/)" "savemoki.com"
51.222.253.2 - - [07/Oct/2022:03:37:04 -0700] "GET /sitebuilder/images/Lab_5-450x600.jpg HTTP/1.1" 200 33875 "-" "Mozilla/5.0 (compatible; AhrefsBot/7.0; +http://ahrefs.com/robot/)" "savemoki.com"
31.170.22.5 - - [07/Oct/2022:03:38:42 -0700] "GET /blog1/2015/05/07/test-post/ HTTP/1.1" 404 73 "http://savemoki.com/blog1/2015/05/07/test-post/" "Mozilla/5.0 (Windows NT 10.0; Win64; x64) AppleWebKit/537.36 (KHTML, like Gecko) Chrome/90.0.4430.72 Safari/537.36 Edg/90.0.818.42" "savemoki.com"
31.170.22.5 - - [07/Oct/2022:03:38:43 -0700] "GET / HTTP/1.1" 200 7350 "http://savemoki.com/" "Mozilla/5.0 (Windows NT 10.0; Win64; x64) AppleWebKit/537.36 (KHTML, like Gecko) Chrome/90.0.4430.72 Safari/537.36 Edg/90.0.818.42" "savemoki.com"
31.170.22.5 - - [07/Oct/2022:03:38:43 -0700] "GET /blog/ HTTP/1.1" 200 698 "http://savemoki.com/blog/" "Mozilla/5.0 (Windows NT 10.0; Win64; x64) AppleWebKit/537.36 (KHTML, like Gecko) Chrome/90.0.4430.72 Safari/537.36 Edg/90.0.818.42" "savemoki.com"
31.170.22.5 - - [07/Oct/2022:03:38:44 -0700] "GET /blog/contact_us.html HTTP/1.1" 404 73 "http://savemoki.com/blog/contact_us.html" "Mozilla/5.0 (Windows NT 10.0; Win64; x64) AppleWebKit/537.36 (KHTML, like Gecko) Chrome/90.0.4430.72 Safari/537.36 Edg/90.0.818.42" "savemoki.com"
31.170.22.5 - - [07/Oct/2022:03:38:44 -0700] "GET /contact_us.html HTTP/1.1" 200 18024 "http://savemoki.com/contact_us.html" "Mozilla/5.0 (Windows NT 10.0; Win64; x64) AppleWebKit/537.36 (KHTML, like Gecko) Chrome/90.0.4430.72 Safari/537.36 Edg/90.0.818.42" "savemoki.com"
51.222.253.2 - - [07/Oct/2022:03:45:06 -0700] "GET /sitebuilder/ HTTP/1.1" 200 372 "-" "Mozilla/5.0 (compatible; AhrefsBot/7.0; +http://ahrefs.com/robot/)" "savemoki.com"
51.222.253.17 - - [07/Oct/2022:03:53:37 -0700] "GET /Mokismedicalsec.html HTTP/1.1" 200 3973 "-" "Mozilla/5.0 (compatible; AhrefsBot/7.0; +http://ahrefs.com/robot/)" "savemoki.com"
51.222.253.11 - - [07/Oct/2022:03:53:42 -0700] "GET /sitebuilder/images/navbar-5-inactive-85500.png HTTP/1.1" 200 827 "-" "Mozilla/5.0 (compatible; AhrefsBot/7.0; +http://ahrefs.com/robot/)" "savemoki.com"
51.222.253.14 - - [07/Oct/2022:03:53:43 -0700] "GET /sitebuilder/images/Medical_Record_7-449x600.jpg HTTP/1.1" 200 43522 "-" "Mozilla/5.0 (compatible; AhrefsBot/7.0; +http://ahrefs.com/robot/)" "savemoki.com"
51.222.253.12 - - [07/Oct/2022:03:53:43 -0700] "GET /sitebuilder/images/navbar-4-active-85453.png HTTP/1.1" 200 570 "-" "Mozilla/5.0 (compatible; AhrefsBot/7.0; +http://ahrefs.com/robot/)" "savemoki.com"
51.222.253.4 - - [07/Oct/2022:03:53:44 -0700] "GET /sitebuilder/images/Medical_Record_8-449x600.jpg HTTP/1.1" 200 33246 "-" "Mozilla/5.0 (compatible; AhrefsBot/7.0; +http://ahrefs.com/robot/)" "savemoki.com"
120.41.134.103 - - [07/Oct/2022:03:55:59 -0700] "GET /contact_us.html HTTP/1.1" 200 18024 "http://savemoki.com/contact_us.html" "Mozilla/5.0 (Windows NT 6.1; WOW64) AppleWebKit/537.36 (KHTML, like Gecko) Chrome/90.0.4430.93 Safari/537.36" "savemoki.com"
27.151.13.10 - - [07/Oct/2022:03:56:30 -0700] "GET /contact_us.html HTTP/1.1" 200 18024 "http://savemoki.com/contact_us.html" "Mozilla/5.0 (Windows NT 6.1; WOW64) AppleWebKit/537.36 (KHTML, like Gecko) Chrome/90.0.4430.93 Safari/537.36" "savemoki.com"
27.151.13.10 - - [07/Oct/2022:03:57:18 -0700] "GET / HTTP/1.1" 200 7350 "http://savemoki.com/" "Mozilla/5.0 (Windows NT 6.1; WOW64) AppleWebKit/537.36 (KHTML, like Gecko) Chrome/90.0.4430.93 Safari/537.36" "savemoki.com"
103.167.135.28 - - [07/Oct/2022:03:57:42 -0700] "GET /contact_us.html HTTP/1.1" 200 18024 "http://savemoki.com/contact_us.html" "Mozilla/5.0 (Windows NT 6.1; WOW64) AppleWebKit/537.36 (KHTML, like Gecko) Chrome/90.0.4430.93 Safari/537.36" "savemoki.com"
51.222.253.18 - - [07/Oct/2022:04:01:55 -0700] "GET /Mokislabpage3.html HTTP/1.1" 200 3826 "-" "Mozilla/5.0 (compatible; AhrefsBot/7.0; +http://ahrefs.com/robot/)" "savemoki.com"
51.222.253.12 - - [07/Oct/2022:04:02:00 -0700] "GET /sitebuilder/images/Lab_10-449x600.jpg HTTP/1.1" 200 34657 "-" "Mozilla/5.0 (compatible; AhrefsBot/7.0; +http://ahrefs.com/robot/)" "savemoki.com"
51.222.253.5 - - [07/Oct/2022:04:02:01 -0700] "GET /sitebuilder/images/navbar-7-active-85687.png HTTP/1.1" 200 544 "-" "Mozilla/5.0 (compatible; AhrefsBot/7.0; +http://ahrefs.com/robot/)" "savemoki.com"
51.222.253.8 - - [07/Oct/2022:04:10:21 -0700] "GET /files/ HTTP/1.1" 200 380 "-" "Mozilla/5.0 (compatible; AhrefsBot/7.0; +http://ahrefs.com/robot/)" "savemoki.com"
88.214.43.118 - - [07/Oct/2022:04:15:51 -0700] "GET /phpinfo HTTP/1.1" 404 88 "-" "Mozilla/5.0 (X11; Linux x86_64) AppleWebKit/537.36 (KHTML, like Gecko) Chrome/81.0.4044.129 Safari/537.36" "savemoki.com"
88.214.43.118 - - [07/Oct/2022:04:15:52 -0700] "GET /phpinfo HTTP/1.1" 404 88 "-" "Mozilla/5.0 (X11; Linux x86_64) AppleWebKit/537.36 (KHTML, like Gecko) Chrome/81.0.4044.129 Safari/537.36" "savemoki.com"
114.119.139.148 - - [07/Oct/2022:04:17:37 -0700] "GET /blog/wp-content?D=A HTTP/1.1" 301 1419 "https://savemoki.com/blog/wp-content?N=D" "Mozilla/5.0 (Linux; Android 7.0;) AppleWebKit/537.36 (KHTML, like Gecko) Mobile Safari/537.36 (compatible; PetalBot;+https://webmaster.petalsearch.com/site/petalbot)" "savemoki.com"
114.119.139.148 - - [07/Oct/2022:04:17:38 -0700] "GET /blog/wp-content/?D=A HTTP/1.1" 200 359 "https://savemoki.com/blog/wp-content?N=D" "Mozilla/5.0 (Linux; Android 7.0;) AppleWebKit/537.36 (KHTML, like Gecko) Mobile Safari/537.36 (compatible; PetalBot;+https://webmaster.petalsearch.com/site/petalbot)" "savemoki.com"
51.222.253.15 - - [07/Oct/2022:04:18:32 -0700] "GET /Announcements.html HTTP/1.1" 200 5728 "-" "Mozilla/5.0 (compatible; AhrefsBot/7.0; +http://ahrefs.com/robot/)" "savemoki.com"
114.119.139.166 - - [07/Oct/2022:04:23:35 -0700] "GET /clipart/images?D=A HTTP/1.1" 301 1419 "https://www.savemoki.com/clipart/images?N=D" "Mozilla/5.0 (Linux; Android 7.0;) AppleWebKit/537.36 (KHTML, like Gecko) Mobile Safari/537.36 (compatible; PetalBot;+https://webmaster.petalsearch.com/site/petalbot)" "www.savemoki.com"
114.119.139.166 - - [07/Oct/2022:04:23:38 -0700] "GET /clipart/images/?D=A HTTP/1.1" 200 489 "https://www.savemoki.com/clipart/images?N=D" "Mozilla/5.0 (Linux; Android 7.0;) AppleWebKit/537.36 (KHTML, like Gecko) Mobile Safari/537.36 (compatible; PetalBot;+https://webmaster.petalsearch.com/site/petalbot)" "www.savemoki.com"
51.222.253.14 - - [07/Oct/2022:04:27:10 -0700] "GET /socialenginetrial/ HTTP/1.1" 200 318 "-" "Mozilla/5.0 (compatible; AhrefsBot/7.0; +http://ahrefs.com/robot/)" "savemoki.com"
194.110.203.44 - - [07/Oct/2022:04:29:18 -0700] "GET /backup.backup HTTP/1.1" 404 73 "-" "Firefox" "savemoki.com"
114.119.139.166 - - [07/Oct/2022:04:29:45 -0700] "GET /clipart/pageHeaders?N=A HTTP/1.1" 301 1422 "https://www.savemoki.com/clipart/pageHeaders?S=D" "Mozilla/5.0 (Linux; Android 7.0;) AppleWebKit/537.36 (KHTML, like Gecko) Mobile Safari/537.36 (compatible; PetalBot;+https://webmaster.petalsearch.com/site/petalbot)" "www.savemoki.com"
114.119.139.166 - - [07/Oct/2022:04:29:48 -0700] "GET /clipart/pageHeaders/?N=A HTTP/1.1" 200 427 "https://www.savemoki.com/clipart/pageHeaders?S=D" "Mozilla/5.0 (Linux; Android 7.0;) AppleWebKit/537.36 (KHTML, like Gecko) Mobile Safari/537.36 (compatible; PetalBot;+https://webmaster.petalsearch.com/site/petalbot)" "www.savemoki.com"
51.222.253.14 - - [07/Oct/2022:04:35:36 -0700] "GET /contact_us.html HTTP/1.1" 200 4002 "-" "Mozilla/5.0 (compatible; AhrefsBot/7.0; +http://ahrefs.com/robot/)" "savemoki.com"
114.119.139.166 - - [07/Oct/2022:04:35:36 -0700] "GET /clipart/pageHeaders/?C=N%3BO%3DD HTTP/1.1" 200 427 "https://savemoki.com/clipart/pageHeaders?M=A" "Mozilla/5.0 (Linux; Android 7.0;) AppleWebKit/537.36 (KHTML, like Gecko) Mobile Safari/537.36 (compatible; PetalBot;+https://webmaster.petalsearch.com/site/petalbot)" "savemoki.com"
114.119.139.148 - - [07/Oct/2022:04:41:30 -0700] "GET /Bud.html HTTP/1.1" 200 1820 "http://www.savemoki.com/Mokis_Story.html" "Mozilla/5.0 (Linux; Android 7.0;) AppleWebKit/537.36 (KHTML, like Gecko) Mobile Safari/537.36 (compatible; PetalBot;+https://webmaster.petalsearch.com/site/petalbot)" "www.savemoki.com"
51.222.253.15 - - [07/Oct/2022:04:43:31 -0700] "GET /Videos.html HTTP/1.1" 200 5182 "-" "Mozilla/5.0 (compatible; AhrefsBot/7.0; +http://ahrefs.com/robot/)" "savemoki.com"
114.119.139.148 - - [07/Oct/2022:04:47:32 -0700] "GET /clipart?S=A HTTP/1.1" 301 1413 "https://savemoki.com/clipart?N=A" "Mozilla/5.0 (Linux; Android 7.0;) AppleWebKit/537.36 (KHTML, like Gecko) Mobile Safari/537.36 (compatible; PetalBot;+https://webmaster.petalsearch.com/site/petalbot)" "savemoki.com"
114.119.139.148 - - [07/Oct/2022:04:47:36 -0700] "GET /clipart/?S=A HTTP/1.1" 200 440 "https://savemoki.com/clipart?N=A" "Mozilla/5.0 (Linux; Android 7.0;) AppleWebKit/537.36 (KHTML, like Gecko) Mobile Safari/537.36 (compatible; PetalBot;+https://webmaster.petalsearch.com/site/petalbot)" "savemoki.com"
51.222.253.8 - - [07/Oct/2022:04:51:29 -0700] "GET /MedicalRecord.html HTTP/1.1" 200 4796 "-" "Mozilla/5.0 (compatible; AhrefsBot/7.0; +http://ahrefs.com/robot/)" "www.savemoki.com"
51.222.253.3 - - [07/Oct/2022:04:51:33 -0700] "GET /sitebuilder/images/CloudMenu-3-inactive-64656.png HTTP/1.1" 200 737 "-" "Mozilla/5.0 (compatible; AhrefsBot/7.0; +http://ahrefs.com/robot/)" "www.savemoki.com"
51.222.253.13 - - [07/Oct/2022:04:51:34 -0700] "GET /sitebuilder/images/CloudMenu-4-inactive-64750.png HTTP/1.1" 200 713 "-" "Mozilla/5.0 (compatible; AhrefsBot/7.0; +http://ahrefs.com/robot/)" "www.savemoki.com"
51.222.253.16 - - [07/Oct/2022:04:51:34 -0700] "GET /sitebuilder/images/Lab_6-450x600.jpg HTTP/1.1" 200 29150 "-" "Mozilla/5.0 (compatible; AhrefsBot/7.0; +http://ahrefs.com/robot/)" "www.savemoki.com"
51.222.253.13 - - [07/Oct/2022:04:51:35 -0700] "GET /sitebuilder/images/UC_Davis_Discharge-449x600.jpg HTTP/1.1" 200 38570 "-" "Mozilla/5.0 (compatible; AhrefsBot/7.0; +http://ahrefs.com/robot/)" "www.savemoki.com"
51.222.253.18 - - [07/Oct/2022:04:51:35 -0700] "GET /sitebuilder/images/CloudMenu-1-inactive-64437.png HTTP/1.1" 200 751 "-" "Mozilla/5.0 (compatible; AhrefsBot/7.0; +http://ahrefs.com/robot/)" "www.savemoki.com"
51.222.253.12 - - [07/Oct/2022:04:52:06 -0700] "GET /sitebuilder/images/Medical_Record_2-449x600.jpg HTTP/1.1" 200 40666 "-" "Mozilla/5.0 (compatible; AhrefsBot/7.0; +http://ahrefs.com/robot/)" "www.savemoki.com"
51.222.253.10 - - [07/Oct/2022:04:52:07 -0700] "GET /sitebuilder/images/Lab_9-450x600.jpg HTTP/1.1" 200 41140 "-" "Mozilla/5.0 (compatible; AhrefsBot/7.0; +http://ahrefs.com/robot/)" "www.savemoki.com"
51.222.253.2 - - [07/Oct/2022:04:52:07 -0700] "GET /sitebuilder/images/header_1-223x9766.jpg HTTP/1.1" 200 45739 "-" "Mozilla/5.0 (compatible; AhrefsBot/7.0; +http://ahrefs.com/robot/)" "www.savemoki.com"
51.222.253.11 - - [07/Oct/2022:04:52:08 -0700] "GET /sitebuilder/images/CloudMenu-2-inactive-64531.png HTTP/1.1" 200 836 "-" "Mozilla/5.0 (compatible; AhrefsBot/7.0; +http://ahrefs.com/robot/)" "www.savemoki.com"
51.222.253.16 - - [07/Oct/2022:04:52:08 -0700] "GET /sitebuilder/images/Lab_1-449x600.jpg HTTP/1.1" 200 40921 "-" "Mozilla/5.0 (compatible; AhrefsBot/7.0; +http://ahrefs.com/robot/)" "www.savemoki.com"
51.222.253.3 - - [07/Oct/2022:04:52:09 -0700] "GET /sitebuilder/images/Lab_8-449x600.jpg HTTP/1.1" 200 41430 "-" "Mozilla/5.0 (compatible; AhrefsBot/7.0; +http://ahrefs.com/robot/)" "www.savemoki.com"
51.222.253.16 - - [07/Oct/2022:04:52:10 -0700] "GET /sitebuilder/images/UC_DAvis_Referal-450x600.jpg HTTP/1.1" 200 43672 "-" "Mozilla/5.0 (compatible; AhrefsBot/7.0; +http://ahrefs.com/robot/)" "www.savemoki.com"
51.222.253.9 - - [07/Oct/2022:04:52:11 -0700] "GET /sitebuilder/images/Lab_5-450x600.jpg HTTP/1.1" 200 33875 "-" "Mozilla/5.0 (compatible; AhrefsBot/7.0; +http://ahrefs.com/robot/)" "www.savemoki.com"
51.222.253.1 - - [07/Oct/2022:04:52:15 -0700] "GET /sitebuilder/images/CloudMenu-0-inactive-64343.png HTTP/1.1" 200 654 "-" "Mozilla/5.0 (compatible; AhrefsBot/7.0; +http://ahrefs.com/robot/)" "www.savemoki.com"
51.222.253.8 - - [07/Oct/2022:04:52:15 -0700] "GET /sitebuilder/images/Lab_2-450x600.jpg HTTP/1.1" 200 40072 "-" "Mozilla/5.0 (compatible; AhrefsBot/7.0; +http://ahrefs.com/robot/)" "www.savemoki.com"
51.222.253.15 - - [07/Oct/2022:04:52:16 -0700] "GET /sitebuilder/images/header_4-818x136.jpg HTTP/1.1" 200 11072 "-" "Mozilla/5.0 (compatible; AhrefsBot/7.0; +http://ahrefs.com/robot/)" "www.savemoki.com"
51.222.253.20 - - [07/Oct/2022:04:52:17 -0700] "GET /sitebuilder/images/UC_Davis_Visit_3_13_08-450x600.jpg HTTP/1.1" 200 56128 "-" "Mozilla/5.0 (compatible; AhrefsBot/7.0; +http://ahrefs.com/robot/)" "www.savemoki.com"
51.222.253.19 - - [07/Oct/2022:04:52:17 -0700] "GET /sitebuilder/images/Medical_Record_8-449x600.jpg HTTP/1.1" 200 33246 "-" "Mozilla/5.0 (compatible; AhrefsBot/7.0; +http://ahrefs.com/robot/)" "www.savemoki.com"
51.222.253.11 - - [07/Oct/2022:04:52:18 -0700] "GET /sitebuilder/images/Lab_7-450x600.jpg HTTP/1.1" 200 12802 "-" "Mozilla/5.0 (compatible; AhrefsBot/7.0; +http://ahrefs.com/robot/)" "www.savemoki.com"
51.222.253.20 - - [07/Oct/2022:04:52:19 -0700] "GET /sitebuilder/images/Medical_Record_1-449x600.jpg HTTP/1.1" 200 49002 "-" "Mozilla/5.0 (compatible; AhrefsBot/7.0; +http://ahrefs.com/robot/)" "www.savemoki.com"
51.222.253.8 - - [07/Oct/2022:04:52:19 -0700] "GET /sitebuilder/images/UC_Davis_Estimate-449x600.jpg HTTP/1.1" 200 63801 "-" "Mozilla/5.0 (compatible; AhrefsBot/7.0; +http://ahrefs.com/robot/)" "www.savemoki.com"
114.119.139.166 - - [07/Oct/2022:04:53:16 -0700] "GET /media?D=D HTTP/1.1" 301 1412 "https://savemoki.com/media?D=A" "Mozilla/5.0 (Linux; Android 7.0;) AppleWebKit/537.36 (KHTML, like Gecko) Mobile Safari/537.36 (compatible; PetalBot;+https://webmaster.petalsearch.com/site/petalbot)" "savemoki.com"
114.119.139.166 - - [07/Oct/2022:04:53:17 -0700] "GET /media/?D=D HTTP/1.1" 200 396 "https://savemoki.com/media?D=A" "Mozilla/5.0 (Linux; Android 7.0;) AppleWebKit/537.36 (KHTML, like Gecko) Mobile Safari/537.36 (compatible; PetalBot;+https://webmaster.petalsearch.com/site/petalbot)" "savemoki.com"
51.222.253.5 - - [07/Oct/2022:04:58:32 -0700] "GET /Mokislabpage1.html HTTP/1.1" 200 4020 "-" "Mozilla/5.0 (compatible; AhrefsBot/7.0; +http://ahrefs.com/robot/)" "www.savemoki.com"
114.119.139.167 - - [07/Oct/2022:04:59:08 -0700] "GET /clipart/pageHeaders/?C=S%3BO%3DA HTTP/1.1" 200 427 "https://savemoki.com/clipart/pageHeaders?M=A" "Mozilla/5.0 (Linux; Android 7.0;) AppleWebKit/537.36 (KHTML, like Gecko) Mobile Safari/537.36 (compatible; PetalBot;+https://webmaster.petalsearch.com/site/petalbot)" "savemoki.com"
194.110.203.38 - - [07/Oct/2022:05:02:15 -0700] "GET /backup.backup HTTP/1.1" 404 73 "-" "Firefox" "savemoki.com"
114.119.139.148 - - [07/Oct/2022:05:05:08 -0700] "GET /yahoo_site_admin/ HTTP/1.1" 200 5367 "http://www.savemoki.com/?C=D%3BO%3DA" "Mozilla/5.0 (Linux; Android 7.0;) AppleWebKit/537.36 (KHTML, like Gecko) Mobile Safari/537.36 (compatible; PetalBot;+https://webmaster.petalsearch.com/site/petalbot)" "www.savemoki.com"
51.222.253.3 - - [07/Oct/2022:05:05:24 -0700] "GET /Mokislabpage3.html HTTP/1.1" 200 3826 "-" "Mozilla/5.0 (compatible; AhrefsBot/7.0; +http://ahrefs.com/robot/)" "www.savemoki.com"
114.119.139.167 - - [07/Oct/2022:05:10:59 -0700] "GET /blog?C=N%3BO%3DD HTTP/1.1" 301 1418 "https://www.savemoki.com/blog?C=M%3BO%3DA" "Mozilla/5.0 (Linux; Android 7.0;) AppleWebKit/537.36 (KHTML, like Gecko) Mobile Safari/537.36 (compatible; PetalBot;+https://webmaster.petalsearch.com/site/petalbot)" "www.savemoki.com"
114.119.139.167 - - [07/Oct/2022:05:11:00 -0700] "GET /blog/?C=N%3BO%3DD HTTP/1.1" 200 352 "https://www.savemoki.com/blog?C=M%3BO%3DA" "Mozilla/5.0 (Linux; Android 7.0;) AppleWebKit/537.36 (KHTML, like Gecko) Mobile Safari/537.36 (compatible; PetalBot;+https://webmaster.petalsearch.com/site/petalbot)" "www.savemoki.com"
185.119.81.100 - - [07/Oct/2022:05:10:59 -0700] "GET /2test/wp-login.php HTTP/1.1" 200 6052 "-" "Mozilla/5.0 (Windows NT 6.1; WOW64) AppleWebKit/537.36 (KHTML, like Gecko) Chrome/35.0.1916.153 Safari/537.36" "savemoki.com"
10.213.116.62 - - [07/Oct/2022:05:11:05 -0700] "POST /2test/wp-cron.php?doing_wp_cron=1665144665.5978701114654541015625 HTTP/1.1" 200 - "http://savemoki.com/2test/wp-cron.php?doing_wp_cron=1665144665.5978701114654541015625" "WordPress/5.4.11; http://savemoki.com/2test" "savemoki.com"
185.119.81.100 - - [07/Oct/2022:05:11:09 -0700] "POST /2test/wp-login.php HTTP/1.1" 200 6343 "http://savemoki.com/2test/wp-login.php" "Mozilla/5.0 (Windows NT 6.1; WOW64) AppleWebKit/537.36 (KHTML, like Gecko) Chrome/35.0.1916.153 Safari/537.36" "savemoki.com"
51.222.253.2 - - [07/Oct/2022:05:12:54 -0700] "GET /Updates_On_Special_Friends.html HTTP/1.1" 200 2469 "-" "Mozilla/5.0 (compatible; AhrefsBot/7.0; +http://ahrefs.com/robot/)" "savemoki.com"
185.220.100.248 - - [07/Oct/2022:05:16:17 -0700] "GET /blog1/2015/05/07/test-post/ HTTP/1.1" 404 73 "http://savemoki.com/blog1/2015/05/07/test-post/" "Mozilla/5.0 (Windows NT 6.1) AppleWebKit/537.36 (KHTML, like Gecko) Chrome/90.0.4430.72 Safari/537.36" "savemoki.com"
185.220.100.248 - - [07/Oct/2022:05:16:19 -0700] "GET / HTTP/1.1" 200 7350 "http://savemoki.com/" "Mozilla/5.0 (Windows NT 6.1) AppleWebKit/537.36 (KHTML, like Gecko) Chrome/90.0.4430.72 Safari/537.36" "savemoki.com"
185.220.100.248 - - [07/Oct/2022:05:16:20 -0700] "GET /blog/ HTTP/1.1" 200 698 "http://savemoki.com/blog/" "Mozilla/5.0 (Windows NT 6.1) AppleWebKit/537.36 (KHTML, like Gecko) Chrome/90.0.4430.72 Safari/537.36" "savemoki.com"
185.220.100.248 - - [07/Oct/2022:05:16:22 -0700] "GET /blog/contact_us.html HTTP/1.1" 404 73 "http://savemoki.com/blog/contact_us.html" "Mozilla/5.0 (Windows NT 6.1) AppleWebKit/537.36 (KHTML, like Gecko) Chrome/90.0.4430.72 Safari/537.36" "savemoki.com"
162.247.74.217 - - [07/Oct/2022:05:16:25 -0700] "GET /contact_us.html HTTP/1.1" 200 18024 "http://savemoki.com/contact_us.html" "Mozilla/5.0 (Windows NT 6.1) AppleWebKit/537.36 (KHTML, like Gecko) Chrome/90.0.4430.72 Safari/537.36" "savemoki.com"
114.119.139.148 - - [07/Oct/2022:05:16:58 -0700] "GET /blog/wp-content/themes/?C=N%3BO%3DD HTTP/1.1" 200 405 "https://www.savemoki.com/blog/wp-content/themes?C=S%3BO%3DA" "Mozilla/5.0 (Linux; Android 7.0;) AppleWebKit/537.36 (KHTML, like Gecko) Mobile Safari/537.36 (compatible; PetalBot;+https://webmaster.petalsearch.com/site/petalbot)" "www.savemoki.com"
51.222.253.18 - - [07/Oct/2022:05:20:44 -0700] "GET /Videos.html HTTP/1.1" 200 5182 "-" "Mozilla/5.0 (compatible; AhrefsBot/7.0; +http://ahrefs.com/robot/)" "savemoki.com"
114.119.139.148 - - [07/Oct/2022:05:23:02 -0700] "GET /images?C=N%3BO%3DD HTTP/1.1" 301 1423 "https://www.savemoki.com/images?N=A" "Mozilla/5.0 (Linux; Android 7.0;) AppleWebKit/537.36 (KHTML, like Gecko) Mobile Safari/537.36 (compatible; PetalBot;+https://webmaster.petalsearch.com/site/petalbot)" "www.savemoki.com"
114.119.139.148 - - [07/Oct/2022:05:23:03 -0700] "GET /images/?C=N%3BO%3DD HTTP/1.1" 200 2158 "https://www.savemoki.com/images?N=A" "Mozilla/5.0 (Linux; Android 7.0;) AppleWebKit/537.36 (KHTML, like Gecko) Mobile Safari/537.36 (compatible; PetalBot;+https://webmaster.petalsearch.com/site/petalbot)" "www.savemoki.com"
51.222.253.2 - - [07/Oct/2022:05:27:46 -0700] "GET /Mokis_Videos.html HTTP/1.1" 200 5528 "-" "Mozilla/5.0 (compatible; AhrefsBot/7.0; +http://ahrefs.com/robot/)" "savemoki.com"
114.119.139.148 - - [07/Oct/2022:05:28:59 -0700] "GET /2test HTTP/1.1" 301 1409 "https://www.savemoki.com/?C=N%3BO%3DD" "Mozilla/5.0 (Linux; Android 7.0;) AppleWebKit/537.36 (KHTML, like Gecko) Mobile Safari/537.36 (compatible; PetalBot;+https://webmaster.petalsearch.com/site/petalbot)" "www.savemoki.com"
114.119.139.148 - - [07/Oct/2022:05:29:00 -0700] "GET /2test/ HTTP/1.1" 200 20598 "https://www.savemoki.com/?C=N%3BO%3DD" "Mozilla/5.0 (Linux; Android 7.0;) AppleWebKit/537.36 (KHTML, like Gecko) Mobile Safari/537.36 (compatible; PetalBot;+https://webmaster.petalsearch.com/site/petalbot)" "www.savemoki.com"
10.213.116.64 - - [07/Oct/2022:05:29:04 -0700] "POST /2test/wp-cron.php?doing_wp_cron=1665145743.9823310375213623046875 HTTP/1.1" 200 - "https://savemoki.com/2test/wp-cron.php?doing_wp_cron=1665145743.9823310375213623046875" "WordPress/5.4.11; https://savemoki.com/2test" "savemoki.com"
77.75.78.161 - - [07/Oct/2022:05:33:30 -0700] "GET /robots.txt HTTP/1.1" 200 55 "-" "Mozilla/5.0 (compatible; SeznamBot/3.2; +http://napoveda.seznam.cz/en/seznambot-intro/)" "savemoki.com"
77.75.78.161 - - [07/Oct/2022:05:33:32 -0700] "GET /sitebuilder/images/UC_Davis_Visit_3_13_08-450x600.jpg HTTP/1.1" 304 - "-" "Mozilla/5.0 (compatible; SeznamBot/3.2; +http://napoveda.seznam.cz/en/seznambot-intro/)" "savemoki.com"
114.119.139.148 - - [07/Oct/2022:05:34:54 -0700] "GET /media?M=D HTTP/1.1" 301 1413 "https://www.savemoki.com/media?M=A" "Mozilla/5.0 (Linux; Android 7.0;) AppleWebKit/537.36 (KHTML, like Gecko) Mobile Safari/537.36 (compatible; PetalBot;+https://webmaster.petalsearch.com/site/petalbot)" "www.savemoki.com"
114.119.139.148 - - [07/Oct/2022:05:34:56 -0700] "GET /media/?M=D HTTP/1.1" 200 396 "https://www.savemoki.com/media?M=A" "Mozilla/5.0 (Linux; Android 7.0;) AppleWebKit/537.36 (KHTML, like Gecko) Mobile Safari/537.36 (compatible; PetalBot;+https://webmaster.petalsearch.com/site/petalbot)" "www.savemoki.com"
51.222.253.6 - - [07/Oct/2022:05:35:08 -0700] "GET /contact_us.html HTTP/1.1" 200 4002 "-" "Mozilla/5.0 (compatible; AhrefsBot/7.0; +http://ahrefs.com/robot/)" "www.savemoki.com"
114.119.139.166 - - [07/Oct/2022:05:40:44 -0700] "GET /clipart?S=A HTTP/1.1" 301 1415 "https://www.savemoki.com/clipart?M=D" "Mozilla/5.0 (Linux; Android 7.0;) AppleWebKit/537.36 (KHTML, like Gecko) Mobile Safari/537.36 (compatible; PetalBot;+https://webmaster.petalsearch.com/site/petalbot)" "www.savemoki.com"
114.119.139.166 - - [07/Oct/2022:05:40:45 -0700] "GET /clipart/?S=A HTTP/1.1" 200 440 "https://www.savemoki.com/clipart?M=D" "Mozilla/5.0 (Linux; Android 7.0;) AppleWebKit/537.36 (KHTML, like Gecko) Mobile Safari/537.36 (compatible; PetalBot;+https://webmaster.petalsearch.com/site/petalbot)" "www.savemoki.com"
51.222.253.18 - - [07/Oct/2022:05:43:16 -0700] "GET /index.html.bak HTTP/1.1" 200 5368 "-" "Mozilla/5.0 (compatible; AhrefsBot/7.0; +http://ahrefs.com/robot/)" "savemoki.com"
113.219.248.172 - - [07/Oct/2022:05:44:43 -0700] "GET /contact_us.html HTTP/1.1" 200 18024 "http://savemoki.com/contact_us.html" "Mozilla/5.0 (Windows NT 6.1) AppleWebKit/537.36 (KHTML, like Gecko) Chrome/90.0.4430.85 Safari/537.36" "savemoki.com"
194.38.20.161 - - [07/Oct/2022:05:45:41 -0700] "GET /wp-content/themes/purevision/scripts/admin/uploadify/uploadify.css HTTP/1.1" 404 73 "-" "ALittle Client" "savemoki.com"
114.119.139.166 - - [07/Oct/2022:05:46:34 -0700] "GET /sitebuilder/images/?C=N%3BO%3DD HTTP/1.1" 200 3814 "https://www.savemoki.com/sitebuilder/images?S=D" "Mozilla/5.0 (Linux; Android 7.0;) AppleWebKit/537.36 (KHTML, like Gecko) Mobile Safari/537.36 (compatible; PetalBot;+https://webmaster.petalsearch.com/site/petalbot)" "www.savemoki.com"
51.222.253.11 - - [07/Oct/2022:05:50:53 -0700] "GET /?C=S;O=A HTTP/1.1" 200 1259 "-" "Mozilla/5.0 (compatible; AhrefsBot/7.0; +http://ahrefs.com/robot/)" "savemoki.com"
114.119.139.167 - - [07/Oct/2022:05:52:25 -0700] "GET /socialenginetrial HTTP/1.1" 301 1415 "https://www.savemoki.com/?C=N%3BO%3DD" "Mozilla/5.0 (Linux; Android 7.0;) AppleWebKit/537.36 (KHTML, like Gecko) Mobile Safari/537.36 (compatible; PetalBot;+https://webmaster.petalsearch.com/site/petalbot)" "www.savemoki.com"
114.119.139.167 - - [07/Oct/2022:05:52:26 -0700] "GET /socialenginetrial/ HTTP/1.1" 200 318 "https://www.savemoki.com/?C=N%3BO%3DD" "Mozilla/5.0 (Linux; Android 7.0;) AppleWebKit/537.36 (KHTML, like Gecko) Mobile Safari/537.36 (compatible; PetalBot;+https://webmaster.petalsearch.com/site/petalbot)" "www.savemoki.com"
118.184.177.47 - - [07/Oct/2022:05:52:36 -0700] "GET / HTTP/1.1" 200 1286 "-" "Sogou web spider/4.0(+http://www.sogou.com/docs/help/webmasters.htm#07)" "www.savemoki.com"
51.222.253.20 - - [07/Oct/2022:05:58:21 -0700] "GET /images/ HTTP/1.1" 200 2158 "-" "Mozilla/5.0 (compatible; AhrefsBot/7.0; +http://ahrefs.com/robot/)" "www.savemoki.com"
51.222.253.17 - - [07/Oct/2022:06:05:55 -0700] "GET /robots.txt HTTP/1.1" 200 55 "-" "Mozilla/5.0 (compatible; AhrefsBot/7.0; +http://ahrefs.com/robot/)" "www.savemoki.com"
51.222.253.12 - - [07/Oct/2022:06:05:57 -0700] "GET /?C=M;O=A HTTP/1.1" 200 1285 "-" "Mozilla/5.0 (compatible; AhrefsBot/7.0; +http://ahrefs.com/robot/)" "www.savemoki.com"
114.119.139.167 - - [07/Oct/2022:06:07:05 -0700] "GET /navigation_bars/CloudMenu.nav HTTP/1.1" 200 4340 "-" "Mozilla/5.0 (Linux; Android 7.0;) AppleWebKit/537.36 (KHTML, like Gecko) Mobile Safari/537.36 (compatible; PetalBot;+https://webmaster.petalsearch.com/site/petalbot)" "savemoki.com"
114.119.139.167 - - [07/Oct/2022:06:10:18 -0700] "GET /blog/wp-content/themes/themeforest-625914-ice-theme-powerful-wordpress-theme-1/licensing/?C=S%3BO%3DA HTTP/1.1" 200 419 "https://savemoki.com/blog/wp-content/themes/themeforest-625914-ice-theme-powerful-wordpress-theme-1/licensing?C=M%3BO%3DA" "Mozilla/5.0 (Linux; Android 7.0;) AppleWebKit/537.36 (KHTML, like Gecko) Mobile Safari/537.36 (compatible; PetalBot;+https://webmaster.petalsearch.com/site/petalbot)" "savemoki.com"
51.222.253.5 - - [07/Oct/2022:06:13:21 -0700] "GET /navigation_bars/ HTTP/1.1" 200 408 "-" "Mozilla/5.0 (compatible; AhrefsBot/7.0; +http://ahrefs.com/robot/)" "www.savemoki.com"
114.119.139.166 - - [07/Oct/2022:06:16:21 -0700] "GET /clipart/pageHeaders HTTP/1.1" 301 1416 "https://savemoki.com/clipart?N=A" "Mozilla/5.0 (Linux; Android 7.0;) AppleWebKit/537.36 (KHTML, like Gecko) Mobile Safari/537.36 (compatible; PetalBot;+https://webmaster.petalsearch.com/site/petalbot)" "savemoki.com"
114.119.139.166 - - [07/Oct/2022:06:16:22 -0700] "GET /clipart/pageHeaders/ HTTP/1.1" 200 427 "https://savemoki.com/clipart?N=A" "Mozilla/5.0 (Linux; Android 7.0;) AppleWebKit/537.36 (KHTML, like Gecko) Mobile Safari/537.36 (compatible; PetalBot;+https://webmaster.petalsearch.com/site/petalbot)" "savemoki.com"
51.222.253.15 - - [07/Oct/2022:06:20:31 -0700] "GET /clipart/ HTTP/1.1" 200 440 "-" "Mozilla/5.0 (compatible; AhrefsBot/7.0; +http://ahrefs.com/robot/)" "www.savemoki.com"
114.119.139.166 - - [07/Oct/2022:06:22:14 -0700] "GET /clipart/backgrounds/fullpage?C=N%3BO%3DD HTTP/1.1" 301 1433 "https://www.savemoki.com/clipart/backgrounds/fullpage?M=A" "Mozilla/5.0 (Linux; Android 7.0;) AppleWebKit/537.36 (KHTML, like Gecko) Mobile Safari/537.36 (compatible; PetalBot;+https://webmaster.petalsearch.com/site/petalbot)" "www.savemoki.com"
114.119.139.166 - - [07/Oct/2022:06:22:17 -0700] "GET /clipart/backgrounds/fullpage/?C=N%3BO%3DD HTTP/1.1" 200 389 "https://www.savemoki.com/clipart/backgrounds/fullpage?M=A" "Mozilla/5.0 (Linux; Android 7.0;) AppleWebKit/537.36 (KHTML, like Gecko) Mobile Safari/537.36 (compatible; PetalBot;+https://webmaster.petalsearch.com/site/petalbot)" "www.savemoki.com"
51.222.253.13 - - [07/Oct/2022:06:27:56 -0700] "GET / HTTP/1.1" 200 1286 "-" "Mozilla/5.0 (compatible; AhrefsBot/7.0; +http://ahrefs.com/robot/)" "savemoki.com"
114.119.139.148 - - [07/Oct/2022:06:28:08 -0700] "GET /blog/wp-content/themes/themeforest-625914-ice-theme-powerful-wordpress-theme-1/PSD/?C=M%3BO%3DA HTTP/1.1" 200 419 "https://www.savemoki.com/blog/wp-content/themes/themeforest-625914-ice-theme-powerful-wordpress-theme-1/PSD?C=S%3BO%3DA" "Mozilla/5.0 (Linux; Android 7.0;) AppleWebKit/537.36 (KHTML, like Gecko) Mobile Safari/537.36 (compatible; PetalBot;+https://webmaster.petalsearch.com/site/petalbot)" "www.savemoki.com"
82.118.29.94 - - [07/Oct/2022:06:32:58 -0700] "GET /blog1/2015/05/07/test-post/ HTTP/1.1" 404 73 "http://savemoki.com/blog1/2015/05/07/test-post/" "Mozilla/5.0 (Windows NT 6.3; Win64; x64) AppleWebKit/537.36 (KHTML, like Gecko) Chrome/90.0.4430.72 Safari/537.36" "savemoki.com"
82.118.29.94 - - [07/Oct/2022:06:33:00 -0700] "GET / HTTP/1.1" 200 7350 "http://savemoki.com/" "Mozilla/5.0 (Windows NT 6.3; Win64; x64) AppleWebKit/537.36 (KHTML, like Gecko) Chrome/90.0.4430.72 Safari/537.36" "savemoki.com"
82.118.29.94 - - [07/Oct/2022:06:33:02 -0700] "GET /blog/ HTTP/1.1" 200 698 "http://savemoki.com/blog/" "Mozilla/5.0 (Windows NT 6.3; Win64; x64) AppleWebKit/537.36 (KHTML, like Gecko) Chrome/90.0.4430.72 Safari/537.36" "savemoki.com"
114.119.139.148 - - [07/Oct/2022:06:34:02 -0700] "GET /sitebuilder/images HTTP/1.1" 301 1416 "https://savemoki.com/sitebuilder?C=D%3BO%3DA" "Mozilla/5.0 (Linux; Android 7.0;) AppleWebKit/537.36 (KHTML, like Gecko) Mobile Safari/537.36 (compatible; PetalBot;+https://webmaster.petalsearch.com/site/petalbot)" "savemoki.com"
114.119.139.148 - - [07/Oct/2022:06:34:03 -0700] "GET /sitebuilder/images/ HTTP/1.1" 200 3814 "https://savemoki.com/sitebuilder?C=D%3BO%3DA" "Mozilla/5.0 (Linux; Android 7.0;) AppleWebKit/537.36 (KHTML, like Gecko) Mobile Safari/537.36 (compatible; PetalBot;+https://webmaster.petalsearch.com/site/petalbot)" "savemoki.com"
51.222.253.4 - - [07/Oct/2022:06:34:30 -0700] "GET /Updates_On_Special_Friends.html HTTP/1.1" 200 2469 "-" "Mozilla/5.0 (compatible; AhrefsBot/7.0; +http://ahrefs.com/robot/)" "www.savemoki.com"
114.119.139.148 - - [07/Oct/2022:06:39:56 -0700] "GET /blog/wp-content/themes/themeforest-625914-ice-theme-powerful-wordpress-theme-1/ice HTTP/1.1" 301 1457 "https://www.savemoki.com/blog/wp-content/themes/themeforest-625914-ice-theme-powerful-wordpress-theme-1?C=M%3BO%3DA" "Mozilla/5.0 (Linux; Android 7.0;) AppleWebKit/537.36 (KHTML, like Gecko) Mobile Safari/537.36 (compatible; PetalBot;+https://webmaster.petalsearch.com/site/petalbot)" "www.savemoki.com"
114.119.139.148 - - [07/Oct/2022:06:39:57 -0700] "GET /blog/wp-content/themes/themeforest-625914-ice-theme-powerful-wordpress-theme-1/ice/ HTTP/1.1" 500 - "https://www.savemoki.com/blog/wp-content/themes/themeforest-625914-ice-theme-powerful-wordpress-theme-1?C=M%3BO%3DA" "Mozilla/5.0 (Linux; Android 7.0;) AppleWebKit/537.36 (KHTML, like Gecko) Mobile Safari/537.36 (compatible; PetalBot;+https://webmaster.petalsearch.com/site/petalbot)" "www.savemoki.com"
51.222.253.20 - - [07/Oct/2022:06:41:22 -0700] "GET /New1.html HTTP/1.1" 200 425 "-" "Mozilla/5.0 (compatible; AhrefsBot/7.0; +http://ahrefs.com/robot/)" "www.savemoki.com"
114.119.139.167 - - [07/Oct/2022:06:45:50 -0700] "GET /images?D=A HTTP/1.1" 301 1413 "https://www.savemoki.com/images?M=D" "Mozilla/5.0 (Linux; Android 7.0;) AppleWebKit/537.36 (KHTML, like Gecko) Mobile Safari/537.36 (compatible; PetalBot;+https://webmaster.petalsearch.com/site/petalbot)" "www.savemoki.com"
114.119.139.167 - - [07/Oct/2022:06:45:51 -0700] "GET /images/?D=A HTTP/1.1" 200 2158 "https://www.savemoki.com/images?M=D" "Mozilla/5.0 (Linux; Android 7.0;) AppleWebKit/537.36 (KHTML, like Gecko) Mobile Safari/537.36 (compatible; PetalBot;+https://webmaster.petalsearch.com/site/petalbot)" "www.savemoki.com"
195.178.120.3 - - [07/Oct/2022:06:51:27 -0700] "GET /wp-includes/class-index-wordpress.php HTTP/1.1" 404 88 "-" "Mozlila/5.0 (Linux; Android 7.0; SM-G892A Bulid/NRD90M; wv) AppleWebKit/537.36 (KHTML, like Gecko) Version/4.0 Chrome/60.0.3112.107 Moblie Safari/537.36" "savemoki.com"
195.178.120.3 - - [07/Oct/2022:06:51:30 -0700] "GET /wp-admin/js/widgets/wp-login.php HTTP/1.1" 404 88 "-" "Mozlila/5.0 (Linux; Android 7.0; SM-G892A Bulid/NRD90M; wv) AppleWebKit/537.36 (KHTML, like Gecko) Version/4.0 Chrome/60.0.3112.107 Moblie Safari/537.36" "savemoki.com"
195.178.120.3 - - [07/Oct/2022:06:51:32 -0700] "GET /wp-includes/wp-system-cloud.php HTTP/1.1" 404 88 "-" "Mozlila/5.0 (Linux; Android 7.0; SM-G892A Bulid/NRD90M; wv) AppleWebKit/537.36 (KHTML, like Gecko) Version/4.0 Chrome/60.0.3112.107 Moblie Safari/537.36" "savemoki.com"
195.178.120.3 - - [07/Oct/2022:06:51:33 -0700] "GET /wp-includes/class-wp-page-icon.php HTTP/1.1" 404 88 "-" "Mozlila/5.0 (Linux; Android 7.0; SM-G892A Bulid/NRD90M; wv) AppleWebKit/537.36 (KHTML, like Gecko) Version/4.0 Chrome/60.0.3112.107 Moblie Safari/537.36" "savemoki.com"
195.178.120.3 - - [07/Oct/2022:06:51:35 -0700] "GET /wp-includes/class-wordpress-license.php HTTP/1.1" 404 88 "-" "Mozlila/5.0 (Linux; Android 7.0; SM-G892A Bulid/NRD90M; wv) AppleWebKit/537.36 (KHTML, like Gecko) Version/4.0 Chrome/60.0.3112.107 Moblie Safari/537.36" "savemoki.com"
114.119.139.166 - - [07/Oct/2022:06:51:49 -0700] "GET /navigation_bars?S=A HTTP/1.1" 301 1419 "https://savemoki.com/navigation_bars?N=A" "Mozilla/5.0 (Linux; Android 7.0;) AppleWebKit/537.36 (KHTML, like Gecko) Mobile Safari/537.36 (compatible; PetalBot;+https://webmaster.petalsearch.com/site/petalbot)" "savemoki.com"
114.119.139.166 - - [07/Oct/2022:06:51:50 -0700] "GET /navigation_bars/?S=A HTTP/1.1" 200 408 "https://savemoki.com/navigation_bars?N=A" "Mozilla/5.0 (Linux; Android 7.0;) AppleWebKit/537.36 (KHTML, like Gecko) Mobile Safari/537.36 (compatible; PetalBot;+https://webmaster.petalsearch.com/site/petalbot)" "savemoki.com"
199.249.230.147 - - [07/Oct/2022:06:52:00 -0700] "GET /blog1/2015/05/07/test-post/ HTTP/1.1" 404 73 "http://savemoki.com/blog1/2015/05/07/test-post/" "Mozilla/5.0 (Windows NT 6.1; ) AppleWebKit/537.36 (KHTML, like Gecko) Chrome/90.0.4430.72 Safari/537.36" "savemoki.com"
199.249.230.147 - - [07/Oct/2022:06:52:01 -0700] "GET / HTTP/1.1" 200 7350 "http://savemoki.com/" "Mozilla/5.0 (Windows NT 6.1; ) AppleWebKit/537.36 (KHTML, like Gecko) Chrome/90.0.4430.72 Safari/537.36" "savemoki.com"
199.249.230.147 - - [07/Oct/2022:06:52:01 -0700] "GET /blog/ HTTP/1.1" 200 698 "http://savemoki.com/blog/" "Mozilla/5.0 (Windows NT 6.1; ) AppleWebKit/537.36 (KHTML, like Gecko) Chrome/90.0.4430.72 Safari/537.36" "savemoki.com"
199.249.230.147 - - [07/Oct/2022:06:52:02 -0700] "GET /blog/contact_us.html HTTP/1.1" 404 73 "http://savemoki.com/blog/contact_us.html" "Mozilla/5.0 (Windows NT 6.1; ) AppleWebKit/537.36 (KHTML, like Gecko) Chrome/90.0.4430.72 Safari/537.36" "savemoki.com"
199.249.230.147 - - [07/Oct/2022:06:52:03 -0700] "GET /contact_us.html HTTP/1.1" 200 18024 "http://savemoki.com/contact_us.html" "Mozilla/5.0 (Windows NT 6.1; ) AppleWebKit/537.36 (KHTML, like Gecko) Chrome/90.0.4430.72 Safari/537.36" "savemoki.com"
51.222.253.6 - - [07/Oct/2022:06:56:06 -0700] "GET /Other_Cats_In_Need.html HTTP/1.1" 200 6033 "-" "Mozilla/5.0 (compatible; AhrefsBot/7.0; +http://ahrefs.com/robot/)" "www.savemoki.com"
51.222.253.17 - - [07/Oct/2022:06:56:10 -0700] "GET /sitebuilder/images/717945_1203094807_1__1_-385x255.jpg HTTP/1.1" 200 8832 "-" "Mozilla/5.0 (compatible; AhrefsBot/7.0; +http://ahrefs.com/robot/)" "www.savemoki.com"
51.222.253.20 - - [07/Oct/2022:06:56:11 -0700] "GET /clipart/lines/horizontal/blue_wave_top.gif HTTP/1.1" 200 3687 "-" "Mozilla/5.0 (compatible; AhrefsBot/7.0; +http://ahrefs.com/robot/)" "www.savemoki.com"
51.222.253.14 - - [07/Oct/2022:06:56:11 -0700] "GET /sitebuilder/images/navbar-5-inactive-01203.png HTTP/1.1" 200 1695 "-" "Mozilla/5.0 (compatible; AhrefsBot/7.0; +http://ahrefs.com/robot/)" "www.savemoki.com"
51.222.253.10 - - [07/Oct/2022:06:56:12 -0700] "GET /sitebuilder/images/navbar-3-inactive-00921.png HTTP/1.1" 200 1677 "-" "Mozilla/5.0 (compatible; AhrefsBot/7.0; +http://ahrefs.com/robot/)" "www.savemoki.com"
51.222.253.19 - - [07/Oct/2022:06:56:12 -0700] "GET /sitebuilder/images/navbar-1-inactive-00593.png HTTP/1.1" 200 1717 "-" "Mozilla/5.0 (compatible; AhrefsBot/7.0; +http://ahrefs.com/robot/)" "www.savemoki.com"
51.222.253.15 - - [07/Oct/2022:06:56:13 -0700] "GET /sitebuilder/images/s77a431161m991972_1_-398x271.jpg HTTP/1.1" 200 21452 "-" "Mozilla/5.0 (compatible; AhrefsBot/7.0; +http://ahrefs.com/robot/)" "www.savemoki.com"
51.222.253.15 - - [07/Oct/2022:06:56:13 -0700] "GET /sitebuilder/images/navbar-10-inactive-19687.png HTTP/1.1" 200 1761 "-" "Mozilla/5.0 (compatible; AhrefsBot/7.0; +http://ahrefs.com/robot/)" "www.savemoki.com"
51.222.253.11 - - [07/Oct/2022:06:56:14 -0700] "GET /clipart/images/sidebars/curved_gold_and_blue.gif HTTP/1.1" 200 4615 "-" "Mozilla/5.0 (compatible; AhrefsBot/7.0; +http://ahrefs.com/robot/)" "www.savemoki.com"
51.222.253.7 - - [07/Oct/2022:06:56:14 -0700] "GET /clipart/pageHeaders/sweeping_curves_blue.gif HTTP/1.1" 200 24925 "-" "Mozilla/5.0 (compatible; AhrefsBot/7.0; +http://ahrefs.com/robot/)" "www.savemoki.com"
51.222.253.15 - - [07/Oct/2022:06:56:15 -0700] "GET /clipart/images/quotemark-preceeding-gold.gif HTTP/1.1" 200 133 "-" "Mozilla/5.0 (compatible; AhrefsBot/7.0; +http://ahrefs.com/robot/)" "www.savemoki.com"
51.222.253.7 - - [07/Oct/2022:06:56:46 -0700] "GET /sitebuilder/images/navbar-8-active-19437.png HTTP/1.1" 200 1648 "-" "Mozilla/5.0 (compatible; AhrefsBot/7.0; +http://ahrefs.com/robot/)" "www.savemoki.com"
51.222.253.13 - - [07/Oct/2022:06:56:46 -0700] "GET /sitebuilder/images/navbar-4-inactive-01062.png HTTP/1.1" 200 1810 "-" "Mozilla/5.0 (compatible; AhrefsBot/7.0; +http://ahrefs.com/robot/)" "www.savemoki.com"
51.222.253.1 - - [07/Oct/2022:06:56:46 -0700] "GET /Other_Cats_In_Need.html HTTP/1.1" 200 6033 "-" "Mozilla/5.0 (compatible; AhrefsBot/7.0; +http://ahrefs.com/robot/)" "www.savemoki.com"
51.222.253.7 - - [07/Oct/2022:06:56:47 -0700] "GET /clipart/images/quotemark-proceeding-gold.gif HTTP/1.1" 200 128 "-" "Mozilla/5.0 (compatible; AhrefsBot/7.0; +http://ahrefs.com/robot/)" "www.savemoki.com"
51.222.253.20 - - [07/Oct/2022:06:56:47 -0700] "GET /clipart/images/frames/gold_panel_shadow.gif HTTP/1.1" 200 12480 "-" "Mozilla/5.0 (compatible; AhrefsBot/7.0; +http://ahrefs.com/robot/)" "www.savemoki.com"
51.222.253.9 - - [07/Oct/2022:06:56:48 -0700] "GET /clipart/lines/horizontal/blue_wave_bottom.gif HTTP/1.1" 200 650 "-" "Mozilla/5.0 (compatible; AhrefsBot/7.0; +http://ahrefs.com/robot/)" "www.savemoki.com"
51.222.253.2 - - [07/Oct/2022:06:56:48 -0700] "GET /sitebuilder/images/navbar-0-inactive-00390.png HTTP/1.1" 200 1637 "-" "Mozilla/5.0 (compatible; AhrefsBot/7.0; +http://ahrefs.com/robot/)" "www.savemoki.com"
114.119.139.166 - - [07/Oct/2022:06:58:03 -0700] "GET /blog/wp-content/themes/themeforest-625914-ice-theme-powerful-wordpress-theme-1/sample%20content?C=N%3BO%3DD HTTP/1.1" 301 1478 "https://www.savemoki.com/blog/wp-content/themes/themeforest-625914-ice-theme-powerful-wordpress-theme-1/sample%20content?C=D%3BO%3DA" "Mozilla/5.0 (Linux; Android 7.0;) AppleWebKit/537.36 (KHTML, like Gecko) Mobile Safari/537.36 (compatible; PetalBot;+https://webmaster.petalsearch.com/site/petalbot)" "www.savemoki.com"
114.119.139.166 - - [07/Oct/2022:06:58:06 -0700] "GET /blog/wp-content/themes/themeforest-625914-ice-theme-powerful-wordpress-theme-1/sample%20content/?C=N%3BO%3DD HTTP/1.1" 200 576 "https://www.savemoki.com/blog/wp-content/themes/themeforest-625914-ice-theme-powerful-wordpress-theme-1/sample%20content?C=D%3BO%3DA" "Mozilla/5.0 (Linux; Android 7.0;) AppleWebKit/537.36 (KHTML, like Gecko) Mobile Safari/537.36 (compatible; PetalBot;+https://webmaster.petalsearch.com/site/petalbot)" "www.savemoki.com"
114.119.139.148 - - [07/Oct/2022:07:03:38 -0700] "GET /files?S=A HTTP/1.1" 301 1412 "https://savemoki.com/files?N=A" "Mozilla/5.0 (Linux; Android 7.0;) AppleWebKit/537.36 (KHTML, like Gecko) Mobile Safari/537.36 (compatible; PetalBot;+https://webmaster.petalsearch.com/site/petalbot)" "savemoki.com"
114.119.139.148 - - [07/Oct/2022:07:03:39 -0700] "GET /files/?S=A HTTP/1.1" 200 380 "https://savemoki.com/files?N=A" "Mozilla/5.0 (Linux; Android 7.0;) AppleWebKit/537.36 (KHTML, like Gecko) Mobile Safari/537.36 (compatible; PetalBot;+https://webmaster.petalsearch.com/site/petalbot)" "savemoki.com"
207.46.13.209 - - [07/Oct/2022:07:03:47 -0700] "GET /sitebuilder/images/CloudMenu-2-inactive-64531.png HTTP/1.1" 200 836 "-" "Mozilla/5.0 (compatible; bingbot/2.0; +http://www.bing.com/bingbot.htm)" "www.savemoki.com"
38.125.89.34 - - [07/Oct/2022:07:08:19 -0700] "GET /contact_us.html HTTP/1.1" 200 18024 "http://savemoki.com/contact_us.html" "Mozilla/5.0 (Windows NT 6.1; WOW64) AppleWebKit/537.36 (KHTML, like Gecko) Chrome/90.0.4430.72 Safari/537.36" "savemoki.com"
10.213.116.63 - - [07/Oct/2022:07:09:45 -0700] "POST /2test/wp-cron.php?doing_wp_cron=1665151785.6404109001159667968750 HTTP/1.1" 200 - "https://savemoki.com/2test/wp-cron.php?doing_wp_cron=1665151785.6404109001159667968750" "WordPress/5.4.11; https://savemoki.com/2test" "savemoki.com"
114.119.139.148 - - [07/Oct/2022:07:09:40 -0700] "GET /2test/index.php/courses/sample-course?tab=tab-instructor HTTP/1.1" 200 64439 "https://savemoki.com/2test/index.php/courses/sample-course?tab=tab-overview" "Mozilla/5.0 (Linux; Android 7.0;) AppleWebKit/537.36 (KHTML, like Gecko) Mobile Safari/537.36 (compatible; PetalBot;+https://webmaster.petalsearch.com/site/petalbot)" "savemoki.com"
51.222.253.11 - - [07/Oct/2022:07:10:40 -0700] "GET /New2.html HTTP/1.1" 200 561 "-" "Mozilla/5.0 (compatible; AhrefsBot/7.0; +http://ahrefs.com/robot/)" "www.savemoki.com"
176.38.20.181 - - [07/Oct/2022:07:21:10 -0700] "GET /blog1/2015/05/07/test-post/ HTTP/1.1" 404 73 "http://savemoki.com/blog1/2015/05/07/test-post/" "Mozilla/5.0 (Windows NT 10.0) AppleWebKit/537.36 (KHTML, like Gecko) Chrome/90.0.4430.93 Safari/537.36" "savemoki.com"
176.38.20.181 - - [07/Oct/2022:07:21:11 -0700] "GET / HTTP/1.1" 200 7350 "http://savemoki.com/" "Mozilla/5.0 (Windows NT 10.0) AppleWebKit/537.36 (KHTML, like Gecko) Chrome/90.0.4430.93 Safari/537.36" "savemoki.com"
176.38.20.181 - - [07/Oct/2022:07:21:11 -0700] "GET /blog/ HTTP/1.1" 200 698 "http://savemoki.com/blog/" "Mozilla/5.0 (Windows NT 10.0) AppleWebKit/537.36 (KHTML, like Gecko) Chrome/90.0.4430.93 Safari/537.36" "savemoki.com"
51.222.253.11 - - [07/Oct/2022:07:26:26 -0700] "GET /Bud.html HTTP/1.1" 200 1820 "-" "Mozilla/5.0 (compatible; AhrefsBot/7.0; +http://ahrefs.com/robot/)" "www.savemoki.com"
114.119.139.167 - - [07/Oct/2022:07:26:46 -0700] "GET /sitemap.xml HTTP/1.1" 200 251 "https://www.savemoki.com/?C=D%3BO%3DA" "Mozilla/5.0 (Linux; Android 7.0;) AppleWebKit/537.36 (KHTML, like Gecko) Mobile Safari/537.36 (compatible; PetalBot;+https://webmaster.petalsearch.com/site/petalbot)" "www.savemoki.com"
51.222.253.13 - - [07/Oct/2022:07:41:58 -0700] "GET /Shop.html HTTP/1.1" 200 2842 "-" "Mozilla/5.0 (compatible; AhrefsBot/7.0; +http://ahrefs.com/robot/)" "www.savemoki.com"
185.245.183.146 - - [07/Oct/2022:07:43:18 -0700] "POST / HTTP/1.1" 404 88 "-" "Mozilla/5.0 (X11; Linux x86_64) AppleWebKit/537.36 (KHTML, like Gecko) Chrome/81.0.4044.129 Safari/537.36" "savemoki.com"
80.251.212.228 - - [07/Oct/2022:07:44:42 -0700] "GET /contact_us.html HTTP/1.1" 200 18024 "http://savemoki.com/contact_us.html" "Mozilla/5.0 (Windows NT 6.1; WOW64) AppleWebKit/537.36 (KHTML, like Gecko) Chrome/90.0.4430.85 Safari/537.36" "savemoki.com"
77.75.79.31 - - [07/Oct/2022:07:54:50 -0700] "GET /robots.txt HTTP/1.1" 200 55 "-" "Mozilla/5.0 (compatible; SeznamBot/4.0-RC1; +http://napoveda.seznam.cz/seznambot-intro/)" "savemoki.com"
77.75.72.26 - - [07/Oct/2022:07:54:50 -0700] "GET /navigation_bars/ HTTP/1.1" 200 408 "-" "Mozilla/5.0 (compatible; SeznamBot/4.0-RC1; +http://napoveda.seznam.cz/seznambot-intro/)" "savemoki.com"
51.222.253.10 - - [07/Oct/2022:07:57:33 -0700] "GET /Special_Thanks.html HTTP/1.1" 200 3182 "-" "Mozilla/5.0 (compatible; AhrefsBot/7.0; +http://ahrefs.com/robot/)" "www.savemoki.com"
185.8.172.138 - - [07/Oct/2022:07:57:52 -0700] "GET /contact_us.html HTTP/1.1" 200 18024 "http://savemoki.com/contact_us.html" "Mozilla/5.0 (Windows NT 10.0; Win64; x64) AppleWebKit/537.36 (KHTML, like Gecko) Chrome/90.0.4430.85 Safari/537.36 Edg/90.0.818.49" "savemoki.com"
37.139.53.81 - - [07/Oct/2022:07:59:54 -0700] "GET /contact_us.html HTTP/1.1" 200 18024 "http://savemoki.com/contact_us.html" "Mozilla/5.0 (Windows NT 10.0; Win64; x64) AppleWebKit/537.36 (KHTML, like Gecko) Chrome/83.0.4103.61 Safari/537.36 Edg/83.0.478.37" "savemoki.com"
45.161.236.252 - - [07/Oct/2022:08:04:41 -0700] "GET /contact_us.html HTTP/1.1" 200 18024 "http://savemoki.com/contact_us.html" "Mozilla/5.0 (Windows NT 10.0; WOW64) AppleWebKit/537.36 (KHTML, like Gecko) Chrome/90.0.4430.72 Safari/537.36" "savemoki.com"
54.36.148.29 - - [07/Oct/2022:08:10:25 -0700] "GET /robots.txt HTTP/1.1" 200 55 "-" "Mozilla/5.0 (compatible; AhrefsBot/7.0; +http://ahrefs.com/robot/)" "savemoki.com"
51.222.253.3 - - [07/Oct/2022:08:10:27 -0700] "GET /Special_Thanks.html HTTP/1.1" 200 3182 "-" "Mozilla/5.0 (compatible; AhrefsBot/7.0; +http://ahrefs.com/robot/)" "savemoki.com"
51.222.253.7 - - [07/Oct/2022:08:10:31 -0700] "GET /sitebuilder/images/navbar-10-active-19734.png HTTP/1.1" 200 1668 "-" "Mozilla/5.0 (compatible; AhrefsBot/7.0; +http://ahrefs.com/robot/)" "savemoki.com"
51.222.253.9 - - [07/Oct/2022:08:10:31 -0700] "GET /Special_Thanks.html HTTP/1.1" 200 3182 "-" "Mozilla/5.0 (compatible; AhrefsBot/7.0; +http://ahrefs.com/robot/)" "savemoki.com"
173.231.60.198 - - [07/Oct/2022:08:10:36 -0700] "GET /contact_us.html HTTP/1.1" 200 4002 "http://www.savemoki.com/" "Mozilla/5.0 (compatible; Adsbot/3.1; +https://seostar.co/robot/)" "www.savemoki.com"
173.231.60.198 - - [07/Oct/2022:08:10:44 -0700] "GET /Mokis_Story.html HTTP/1.1" 200 11607 "http://www.savemoki.com/" "Mozilla/5.0 (compatible; Adsbot/3.1; +https://seostar.co/robot/)" "www.savemoki.com"
173.231.60.198 - - [07/Oct/2022:08:10:56 -0700] "GET /mokis_story.html HTTP/1.1" 200 12029 "http://www.savemoki.com/" "Mozilla/5.0 (compatible; Adsbot/3.1; +https://seostar.co/robot/)" "www.savemoki.com"
173.231.60.198 - - [07/Oct/2022:08:11:09 -0700] "GET /navigation_bars/ HTTP/1.1" 200 408 "http://www.savemoki.com/" "Mozilla/5.0 (compatible; Adsbot/3.1; +https://seostar.co/robot/)" "www.savemoki.com"
173.231.60.198 - - [07/Oct/2022:08:11:16 -0700] "GET /photo_album.html HTTP/1.1" 200 6353 "http://www.savemoki.com/" "Mozilla/5.0 (compatible; Adsbot/3.1; +https://seostar.co/robot/)" "www.savemoki.com"
