51.222.253.15 - - [09/Oct/2022:01:27:43 -0700] "GET /sitebuilder/images/navbar-4-active-85453.png HTTP/1.1" 200 570 "-" "Mozilla/5.0 (compatible; AhrefsBot/7.0; +http://ahrefs.com/robot/)" "www.savemoki.com"
51.222.253.1 - - [09/Oct/2022:01:27:44 -0700] "GET /sitebuilder/images/navbar-7-inactive-85656.png HTTP/1.1" 200 831 "-" "Mozilla/5.0 (compatible; AhrefsBot/7.0; +http://ahrefs.com/robot/)" "www.savemoki.com"
51.222.253.19 - - [09/Oct/2022:01:27:44 -0700] "GET /sitebuilder/images/inactive.gif HTTP/1.1" 200 714 "-" "Mozilla/5.0 (compatible; AhrefsBot/7.0; +http://ahrefs.com/robot/)" "www.savemoki.com"
51.222.253.4 - - [09/Oct/2022:01:27:45 -0700] "GET /clipart/images/sidebars/flower_blue_green.jpg HTTP/1.1" 200 9491 "-" "Mozilla/5.0 (compatible; AhrefsBot/7.0; +http://ahrefs.com/robot/)" "www.savemoki.com"
216.244.66.249 - - [09/Oct/2022:01:30:47 -0700] "GET /robots.txt HTTP/1.1" 200 39 "-" "Mozilla/5.0 (compatible; DotBot/1.2; +https://opensiteexplorer.org/dotbot; help@moz.com)" "savemoki.com"
51.222.253.2 - - [09/Oct/2022:01:31:37 -0700] "GET /images/?C=N;O=A HTTP/1.1" 200 2158 "-" "Mozilla/5.0 (compatible; AhrefsBot/7.0; +http://ahrefs.com/robot/)" "savemoki.com"
51.222.253.9 - - [09/Oct/2022:01:35:50 -0700] "GET /Special_Thanks.html HTTP/1.1" 200 3182 "-" "Mozilla/5.0 (compatible; AhrefsBot/7.0; +http://ahrefs.com/robot/)" "www.savemoki.com"
51.222.253.2 - - [09/Oct/2022:01:35:52 -0700] "GET /sitebuilder/images/navbar-8-inactive-19390.png HTTP/1.1" 200 1736 "-" "Mozilla/5.0 (compatible; AhrefsBot/7.0; +http://ahrefs.com/robot/)" "www.savemoki.com"
51.222.253.18 - - [09/Oct/2022:01:35:52 -0700] "GET /sitebuilder/images/navbar-4-inactive-01062.png HTTP/1.1" 200 1810 "-" "Mozilla/5.0 (compatible; AhrefsBot/7.0; +http://ahrefs.com/robot/)" "www.savemoki.com"
51.222.253.1 - - [09/Oct/2022:01:35:53 -0700] "GET /sitebuilder/images/navbar-0-inactive-00390.png HTTP/1.1" 200 1637 "-" "Mozilla/5.0 (compatible; AhrefsBot/7.0; +http://ahrefs.com/robot/)" "www.savemoki.com"
51.222.253.2 - - [09/Oct/2022:01:35:53 -0700] "GET /sitebuilder/scripts/layers.js HTTP/1.1" 200 1140 "-" "Mozilla/5.0 (compatible; AhrefsBot/7.0; +http://ahrefs.com/robot/)" "www.savemoki.com"
51.222.253.10 - - [09/Oct/2022:01:35:54 -0700] "GET /clipart/images/quotemark-preceeding-gold.gif HTTP/1.1" 200 133 "-" "Mozilla/5.0 (compatible; AhrefsBot/7.0; +http://ahrefs.com/robot/)" "www.savemoki.com"
51.222.253.16 - - [09/Oct/2022:01:35:54 -0700] "GET /sitebuilder/images/navbar-3-inactive-00921.png HTTP/1.1" 200 1677 "-" "Mozilla/5.0 (compatible; AhrefsBot/7.0; +http://ahrefs.com/robot/)" "www.savemoki.com"
51.222.253.15 - - [09/Oct/2022:01:35:55 -0700] "GET /sitebuilder/images/navbar-9-inactive-19531.png HTTP/1.1" 200 1705 "-" "Mozilla/5.0 (compatible; AhrefsBot/7.0; +http://ahrefs.com/robot/)" "www.savemoki.com"
51.222.253.13 - - [09/Oct/2022:01:35:55 -0700] "GET /clipart/images/quotemark-proceeding-gold.gif HTTP/1.1" 200 128 "-" "Mozilla/5.0 (compatible; AhrefsBot/7.0; +http://ahrefs.com/robot/)" "www.savemoki.com"
51.222.253.14 - - [09/Oct/2022:01:35:56 -0700] "GET /sitebuilder/images/navbar-1-inactive-00593.png HTTP/1.1" 200 1717 "-" "Mozilla/5.0 (compatible; AhrefsBot/7.0; +http://ahrefs.com/robot/)" "www.savemoki.com"
51.222.253.18 - - [09/Oct/2022:01:35:56 -0700] "GET /sitebuilder/images/navbar-10-active-19734.png HTTP/1.1" 200 1668 "-" "Mozilla/5.0 (compatible; AhrefsBot/7.0; +http://ahrefs.com/robot/)" "www.savemoki.com"
51.222.253.15 - - [09/Oct/2022:01:35:56 -0700] "GET /Special_Thanks.html HTTP/1.1" 200 3182 "-" "Mozilla/5.0 (compatible; AhrefsBot/7.0; +http://ahrefs.com/robot/)" "www.savemoki.com"
51.222.253.16 - - [09/Oct/2022:01:35:57 -0700] "GET /clipart/images/sidebars/curved_gold_and_blue.gif HTTP/1.1" 200 4615 "-" "Mozilla/5.0 (compatible; AhrefsBot/7.0; +http://ahrefs.com/robot/)" "www.savemoki.com"
51.222.253.11 - - [09/Oct/2022:01:35:57 -0700] "GET /sitebuilder/images/navbar-5-inactive-01203.png HTTP/1.1" 200 1695 "-" "Mozilla/5.0 (compatible; AhrefsBot/7.0; +http://ahrefs.com/robot/)" "www.savemoki.com"
51.222.253.14 - - [09/Oct/2022:01:35:58 -0700] "GET /clipart/lines/horizontal/blue_wave_top.gif HTTP/1.1" 200 3687 "-" "Mozilla/5.0 (compatible; AhrefsBot/7.0; +http://ahrefs.com/robot/)" "www.savemoki.com"
51.222.253.16 - - [09/Oct/2022:01:35:58 -0700] "GET /clipart/images/frames/gold_panel_shadow.gif HTTP/1.1" 200 12480 "-" "Mozilla/5.0 (compatible; AhrefsBot/7.0; +http://ahrefs.com/robot/)" "www.savemoki.com"
51.222.253.15 - - [09/Oct/2022:01:35:59 -0700] "GET /clipart/pageHeaders/sweeping_curves_blue.gif HTTP/1.1" 200 24925 "-" "Mozilla/5.0 (compatible; AhrefsBot/7.0; +http://ahrefs.com/robot/)" "www.savemoki.com"
185.119.81.108 - - [09/Oct/2022:01:38:07 -0700] "GET /2test/wp-login.php HTTP/1.1" 200 6060 "-" "Mozilla/5.0 (Windows NT 6.0; Win64; x64) AppleWebKit/537.36 (KHTML, like Gecko) Chrome/55.0.2883.87 Safari/537.36" "savemoki.com"
10.213.116.64 - - [09/Oct/2022:01:38:10 -0700] "POST /2test/wp-cron.php?doing_wp_cron=1665304690.3712460994720458984375 HTTP/1.1" 200 - "http://savemoki.com/2test/wp-cron.php?doing_wp_cron=1665304690.3712460994720458984375" "WordPress/5.4.11; http://savemoki.com/2test" "savemoki.com"
185.119.81.108 - - [09/Oct/2022:01:38:12 -0700] "POST /2test/wp-login.php HTTP/1.1" 200 6344 "http://savemoki.com/2test/wp-login.php" "Mozilla/5.0 (Windows NT 6.0; Win64; x64) AppleWebKit/537.36 (KHTML, like Gecko) Chrome/55.0.2883.87 Safari/537.36" "savemoki.com"
123.183.224.80 - - [09/Oct/2022:01:40:39 -0700] "GET / HTTP/1.1" 200 1287 "-" "Sogou web spider/4.0(+http://www.sogou.com/docs/help/webmasters.htm#07)" "www.savemoki.com"
37.139.53.81 - - [09/Oct/2022:01:40:47 -0700] "GET /contact_us.html HTTP/1.1" 200 18024 "http://savemoki.com/contact_us.html" "Mozilla/5.0 (Windows NT 10.0; Win64; x64) AppleWebKit/537.36 (KHTML, like Gecko) Chrome/83.0.4089.0 Safari/537.36" "savemoki.com"
77.75.78.170 - - [09/Oct/2022:01:46:46 -0700] "GET /robots.txt HTTP/1.1" 200 55 "-" "Mozilla/5.0 (compatible; SeznamBot/3.2; +http://napoveda.seznam.cz/en/seznambot-intro/)" "savemoki.com"
77.75.78.170 - - [09/Oct/2022:01:46:48 -0700] "GET /images/Little_Kitty_adding_her_two_cents.jpg HTTP/1.1" 304 - "-" "Mozilla/5.0 (compatible; SeznamBot/3.2; +http://napoveda.seznam.cz/en/seznambot-intro/)" "savemoki.com"
51.222.253.12 - - [09/Oct/2022:01:50:00 -0700] "GET /Mokislabpage1.html HTTP/1.1" 200 4020 "-" "Mozilla/5.0 (compatible; AhrefsBot/7.0; +http://ahrefs.com/robot/)" "www.savemoki.com"
51.222.253.4 - - [09/Oct/2022:01:50:02 -0700] "GET /sitebuilder/images/Lab_5-450x600.jpg HTTP/1.1" 200 33875 "-" "Mozilla/5.0 (compatible; AhrefsBot/7.0; +http://ahrefs.com/robot/)" "www.savemoki.com"
51.222.253.12 - - [09/Oct/2022:01:50:04 -0700] "GET /sitebuilder/images/Lab_4-450x600.jpg HTTP/1.1" 200 40078 "-" "Mozilla/5.0 (compatible; AhrefsBot/7.0; +http://ahrefs.com/robot/)" "www.savemoki.com"
51.222.253.9 - - [09/Oct/2022:01:50:04 -0700] "GET /sitebuilder/images/navbar-5-active-85531.png HTTP/1.1" 200 543 "-" "Mozilla/5.0 (compatible; AhrefsBot/7.0; +http://ahrefs.com/robot/)" "www.savemoki.com"
51.222.253.17 - - [09/Oct/2022:01:50:05 -0700] "GET /sitebuilder/images/navbar-4-inactive-85421.png HTTP/1.1" 200 870 "-" "Mozilla/5.0 (compatible; AhrefsBot/7.0; +http://ahrefs.com/robot/)" "www.savemoki.com"
51.222.253.3 - - [09/Oct/2022:01:50:06 -0700] "GET /sitebuilder/images/Lab_2-450x600.jpg HTTP/1.1" 200 40072 "-" "Mozilla/5.0 (compatible; AhrefsBot/7.0; +http://ahrefs.com/robot/)" "www.savemoki.com"
51.222.253.9 - - [09/Oct/2022:01:50:07 -0700] "GET /Mokislabpage1.html HTTP/1.1" 200 4020 "-" "Mozilla/5.0 (compatible; AhrefsBot/7.0; +http://ahrefs.com/robot/)" "www.savemoki.com"
51.222.253.6 - - [09/Oct/2022:01:57:24 -0700] "GET /clipart/backgrounds/fullpage/ HTTP/1.1" 200 389 "-" "Mozilla/5.0 (compatible; AhrefsBot/7.0; +http://ahrefs.com/robot/)" "www.savemoki.com"
171.242.37.11 - - [09/Oct/2022:02:02:06 -0700] "GET /contact_us.html HTTP/1.1" 200 18024 "http://savemoki.com/contact_us.html" "Mozilla/5.0 (Windows NT 6.1; Win64; x64) AppleWebKit/537.36 (KHTML, like Gecko) Chrome/90.0.4430.85 Safari/537.36 Edg/90.0.818.49" "savemoki.com"
51.222.253.10 - - [09/Oct/2022:02:05:03 -0700] "GET /2test/index.php/comments/feed/ HTTP/1.1" 200 1847 "-" "Mozilla/5.0 (compatible; AhrefsBot/7.0; +http://ahrefs.com/robot/)" "savemoki.com"
185.119.81.101 - - [09/Oct/2022:02:05:14 -0700] "GET /2test/wp-login.php HTTP/1.1" 200 6060 "-" "Mozilla/5.0 (Windows NT 10.0; WOW64) AppleWebKit/537.36 (KHTML, like Gecko) Chrome/94.0.4606.61 Safari/537.36" "savemoki.com"
185.119.81.101 - - [09/Oct/2022:02:05:18 -0700] "POST /2test/wp-login.php HTTP/1.1" 200 6342 "http://savemoki.com/2test/wp-login.php" "Mozilla/5.0 (Windows NT 10.0; WOW64) AppleWebKit/537.36 (KHTML, like Gecko) Chrome/94.0.4606.61 Safari/537.36" "savemoki.com"
77.75.76.161 - - [09/Oct/2022:02:12:10 -0700] "GET /robots.txt HTTP/1.1" 200 55 "-" "Mozilla/5.0 (compatible; SeznamBot/3.2; +http://napoveda.seznam.cz/en/seznambot-intro/)" "savemoki.com"
77.75.76.161 - - [09/Oct/2022:02:12:12 -0700] "GET /images/Lab_9.jpg HTTP/1.1" 304 - "-" "Mozilla/5.0 (compatible; SeznamBot/3.2; +http://napoveda.seznam.cz/en/seznambot-intro/)" "savemoki.com"
51.222.253.5 - - [09/Oct/2022:02:12:31 -0700] "GET /clipart/images/ HTTP/1.1" 200 489 "-" "Mozilla/5.0 (compatible; AhrefsBot/7.0; +http://ahrefs.com/robot/)" "www.savemoki.com"
185.119.81.109 - - [09/Oct/2022:02:14:09 -0700] "GET /2test/wp-login.php HTTP/1.1" 200 6054 "-" "Mozilla/5.0 (Windows NT 6.3; WOW64) AppleWebKit/537.36 (KHTML, like Gecko) Chrome/41.0.2272.101 Safari/537.36" "savemoki.com"
185.119.81.109 - - [09/Oct/2022:02:14:13 -0700] "POST /2test/wp-login.php HTTP/1.1" 200 6343 "http://savemoki.com/2test/wp-login.php" "Mozilla/5.0 (Windows NT 6.3; WOW64) AppleWebKit/537.36 (KHTML, like Gecko) Chrome/41.0.2272.101 Safari/537.36" "savemoki.com"
51.222.253.14 - - [09/Oct/2022:02:19:56 -0700] "GET /socialenginetrial/?C=M;O=D HTTP/1.1" 200 316 "-" "Mozilla/5.0 (compatible; AhrefsBot/7.0; +http://ahrefs.com/robot/)" "savemoki.com"
216.244.66.249 - - [09/Oct/2022:02:24:45 -0700] "GET /robots.txt HTTP/1.1" 200 39 "-" "Mozilla/5.0 (compatible; DotBot/1.2; +https://opensiteexplorer.org/dotbot; help@moz.com)" "savemoki.com"
185.119.81.108 - - [09/Oct/2022:02:25:43 -0700] "GET /2test/wp-login.php HTTP/1.1" 200 6053 "-" "Mozilla/5.0 (Windows NT 10.0; WOW64) AppleWebKit/537.36 (KHTML, like Gecko) Chrome/98.0.4758.102 Safari/537.36" "savemoki.com"
10.213.116.62 - - [09/Oct/2022:02:25:46 -0700] "POST /2test/wp-cron.php?doing_wp_cron=1665307546.3036119937896728515625 HTTP/1.1" 200 - "http://savemoki.com/2test/wp-cron.php?doing_wp_cron=1665307546.3036119937896728515625" "WordPress/5.4.11; http://savemoki.com/2test" "savemoki.com"
185.119.81.108 - - [09/Oct/2022:02:25:48 -0700] "POST /2test/wp-login.php HTTP/1.1" 200 6344 "http://savemoki.com/2test/wp-login.php" "Mozilla/5.0 (Windows NT 10.0; WOW64) AppleWebKit/537.36 (KHTML, like Gecko) Chrome/98.0.4758.102 Safari/537.36" "savemoki.com"
51.222.253.7 - - [09/Oct/2022:02:27:29 -0700] "GET /Mokislabpage3.html HTTP/1.1" 200 3826 "-" "Mozilla/5.0 (compatible; AhrefsBot/7.0; +http://ahrefs.com/robot/)" "www.savemoki.com"
51.222.253.9 - - [09/Oct/2022:02:27:32 -0700] "GET /Mokislabpage3.html HTTP/1.1" 200 3826 "-" "Mozilla/5.0 (compatible; AhrefsBot/7.0; +http://ahrefs.com/robot/)" "www.savemoki.com"
51.222.253.13 - - [09/Oct/2022:02:27:33 -0700] "GET /sitebuilder/images/navbar-7-active-85687.png HTTP/1.1" 200 544 "-" "Mozilla/5.0 (compatible; AhrefsBot/7.0; +http://ahrefs.com/robot/)" "www.savemoki.com"
51.222.253.1 - - [09/Oct/2022:02:31:25 -0700] "GET /?C=S;O=D HTTP/1.1" 200 1267 "-" "Mozilla/5.0 (compatible; AhrefsBot/7.0; +http://ahrefs.com/robot/)" "www.savemoki.com"
51.222.253.20 - - [09/Oct/2022:02:35:14 -0700] "GET /clipart/pageHeaders/?C=M;O=D HTTP/1.1" 200 426 "-" "Mozilla/5.0 (compatible; AhrefsBot/7.0; +http://ahrefs.com/robot/)" "savemoki.com"
20.170.2.119 - - [09/Oct/2022:02:38:18 -0700] "HEAD /xmlrpc.php HTTP/1.1" 500 - "-" "Mozilla/5.0 (X11; Ubuntu; Linux x86_64; rv:79.0) Gecko/20100101 Firefox/79.0" "savemoki.com"
20.170.2.119 - - [09/Oct/2022:02:38:31 -0700] "GET /wp-login.php HTTP/1.1" 404 88 "-" "Mozilla/5.0 (X11; Ubuntu; Linux i686; rv:79.0) Gecko/20100101 Firefox/79.0" "savemoki.com"
20.170.2.119 - - [09/Oct/2022:02:38:38 -0700] "HEAD /wp/xmlrpc.php HTTP/1.1" 500 - "-" "Mozilla/5.0 (Windows NT 6.3; Win64; x64; rv:73.0) Gecko/20100101 Firefox/73.0" "savemoki.com"
20.170.2.119 - - [09/Oct/2022:02:38:43 -0700] "HEAD /wordpress/xmlrpc.php HTTP/1.1" 500 - "-" "Mozilla/5.0 (Windows NT 10.0; Win64; x64) AppleWebKit/537.36 (KHTML, like Gecko) Chrome/84.0.4147.105 Safari/537.36 OPR/70.0.3728.95" "savemoki.com"
20.170.2.119 - - [09/Oct/2022:02:38:47 -0700] "HEAD /old/xmlrpc.php HTTP/1.1" 500 - "-" "Mozilla/5.0 (X11; Linux x86_64) AppleWebKit/537.36 (KHTML, like Gecko) Chrome/84.0.4147.105 Safari/537.36" "savemoki.com"
20.170.2.119 - - [09/Oct/2022:02:38:50 -0700] "HEAD /new/xmlrpc.php HTTP/1.1" 500 - "-" "Mozilla/5.0 (Windows NT 10.0; Win64; x64) AppleWebKit/537.36 (KHTML, like Gecko) Chrome/80.0.3987.149 Safari/537.36" "savemoki.com"
20.170.2.119 - - [09/Oct/2022:02:38:54 -0700] "HEAD /blog/xmlrpc.php HTTP/1.1" 500 - "-" "Mozilla/5.0 (Windows NT 10.0; Win64; x64; rv:67.0) Gecko/20100101 Firefox/67.0" "savemoki.com"
51.222.253.4 - - [09/Oct/2022:02:39:04 -0700] "GET /Mokislabpage2.html HTTP/1.1" 200 4057 "-" "Mozilla/5.0 (compatible; AhrefsBot/7.0; +http://ahrefs.com/robot/)" "www.savemoki.com"
51.222.253.19 - - [09/Oct/2022:02:42:50 -0700] "GET /sitebuilder/scripts/?C=M;O=A HTTP/1.1" 200 373 "-" "Mozilla/5.0 (compatible; AhrefsBot/7.0; +http://ahrefs.com/robot/)" "www.savemoki.com"
194.146.42.66 - - [09/Oct/2022:02:43:54 -0700] "GET /contact_us.html HTTP/1.1" 200 18024 "http://savemoki.com/contact_us.html" "Mozilla/5.0 (Windows NT 10.0) AppleWebKit/537.36 (KHTML, like Gecko) Chrome/90.0.4430.93 Safari/537.36" "savemoki.com"
185.119.81.100 - - [09/Oct/2022:02:44:16 -0700] "GET /2test/wp-login.php HTTP/1.1" 200 6057 "-" "Mozilla/5.0 (Windows NT 10.0; Win64; x64) AppleWebKit/537.36 (KHTML, like Gecko) Chrome/94.0.4606.54 Safari/537.36" "savemoki.com"
10.213.116.63 - - [09/Oct/2022:02:44:19 -0700] "POST /2test/wp-cron.php?doing_wp_cron=1665308659.2628560066223144531250 HTTP/1.1" 200 - "http://savemoki.com/2test/wp-cron.php?doing_wp_cron=1665308659.2628560066223144531250" "WordPress/5.4.11; http://savemoki.com/2test" "savemoki.com"
185.119.81.100 - - [09/Oct/2022:02:44:21 -0700] "POST /2test/wp-login.php HTTP/1.1" 200 6339 "http://savemoki.com/2test/wp-login.php" "Mozilla/5.0 (Windows NT 10.0; Win64; x64) AppleWebKit/537.36 (KHTML, like Gecko) Chrome/94.0.4606.54 Safari/537.36" "savemoki.com"
51.222.253.14 - - [09/Oct/2022:02:44:46 -0700] "GET /sitebuilder/scripts/?C=D;O=A HTTP/1.1" 200 373 "-" "Mozilla/5.0 (compatible; AhrefsBot/7.0; +http://ahrefs.com/robot/)" "www.savemoki.com"
51.222.253.8 - - [09/Oct/2022:02:46:41 -0700] "GET /sitebuilder/scripts/?C=S;O=A HTTP/1.1" 200 373 "-" "Mozilla/5.0 (compatible; AhrefsBot/7.0; +http://ahrefs.com/robot/)" "www.savemoki.com"
51.222.253.2 - - [09/Oct/2022:02:48:39 -0700] "GET /socialenginetrial/?C=S;O=D HTTP/1.1" 200 316 "-" "Mozilla/5.0 (compatible; AhrefsBot/7.0; +http://ahrefs.com/robot/)" "savemoki.com"
51.222.253.20 - - [09/Oct/2022:02:50:42 -0700] "GET /clipart/lines/?C=N;O=D HTTP/1.1" 200 359 "-" "Mozilla/5.0 (compatible; AhrefsBot/7.0; +http://ahrefs.com/robot/)" "savemoki.com"
51.222.253.6 - - [09/Oct/2022:02:52:43 -0700] "GET /blog/wp-content/themes/themeforest-625914-ice-theme-powerful-wordpress-theme-1/?C=N;O=A HTTP/1.1" 200 513 "-" "Mozilla/5.0 (compatible; AhrefsBot/7.0; +http://ahrefs.com/robot/)" "savemoki.com"
51.222.253.4 - - [09/Oct/2022:02:54:44 -0700] "GET /blog/wp-content/themes/themeforest-625914-ice-theme-powerful-wordpress-theme-1/PSD/?C=M;O=D HTTP/1.1" 200 418 "-" "Mozilla/5.0 (compatible; AhrefsBot/7.0; +http://ahrefs.com/robot/)" "savemoki.com"
51.222.253.4 - - [09/Oct/2022:02:58:24 -0700] "GET /files/?C=N;O=D HTTP/1.1" 200 377 "-" "Mozilla/5.0 (compatible; AhrefsBot/7.0; +http://ahrefs.com/robot/)" "savemoki.com"
51.222.253.11 - - [09/Oct/2022:03:02:02 -0700] "GET /blog/wp-content/themes/themeforest-625914-ice-theme-powerful-wordpress-theme-1/PSD/?C=N;O=D HTTP/1.1" 200 418 "-" "Mozilla/5.0 (compatible; AhrefsBot/7.0; +http://ahrefs.com/robot/)" "savemoki.com"
51.222.253.15 - - [09/Oct/2022:03:05:48 -0700] "GET /clipart/?C=N;O=D HTTP/1.1" 200 438 "-" "Mozilla/5.0 (compatible; AhrefsBot/7.0; +http://ahrefs.com/robot/)" "www.savemoki.com"
51.222.253.4 - - [09/Oct/2022:03:09:10 -0700] "GET /socialenginetrial/?C=D;O=D HTTP/1.1" 200 316 "-" "Mozilla/5.0 (compatible; AhrefsBot/7.0; +http://ahrefs.com/robot/)" "savemoki.com"
51.222.253.1 - - [09/Oct/2022:03:12:53 -0700] "GET /blog/wp-content/themes/themeforest-625914-ice-theme-powerful-wordpress-theme-1/sample%20content/?C=D;O=D HTTP/1.1" 200 570 "-" "Mozilla/5.0 (compatible; AhrefsBot/7.0; +http://ahrefs.com/robot/)" "savemoki.com"
51.222.253.11 - - [09/Oct/2022:03:16:25 -0700] "GET /clipart/images/?C=S;O=D HTTP/1.1" 200 486 "-" "Mozilla/5.0 (compatible; AhrefsBot/7.0; +http://ahrefs.com/robot/)" "www.savemoki.com"
51.222.253.15 - - [09/Oct/2022:03:20:17 -0700] "GET /blog/wp-content/themes/themeforest-625914-ice-theme-powerful-wordpress-theme-1/licensing/?C=N;O=D HTTP/1.1" 200 417 "-" "Mozilla/5.0 (compatible; AhrefsBot/7.0; +http://ahrefs.com/robot/)" "savemoki.com"
167.99.228.9 - - [09/Oct/2022:03:20:47 -0700] "HEAD / HTTP/1.1" 200 - "https://www.bing.com" "Mozilla/5.0 (Windows NT 6.1) AppleWebKit/537.36 (KHTML, like Gecko) Chrome/28.0.1468.0 Safari/537.36" "savemoki.com"
167.99.228.9 - - [09/Oct/2022:03:21:17 -0700] "GET /wordpress/wp-login.php HTTP/1.1" 404 88 "http://savemoki.com" "Mozilla/5.0 (Windows NT 6.1) AppleWebKit/537.36 (KHTML, like Gecko) Chrome/28.0.1468.0 Safari/537.36" "savemoki.com"
167.99.228.9 - - [09/Oct/2022:03:21:18 -0700] "GET /blog/wp-login.php HTTP/1.1" 404 88 "http://savemoki.com" "Mozilla/5.0 (Windows NT 6.1) AppleWebKit/537.36 (KHTML, like Gecko) Chrome/28.0.1468.0 Safari/537.36" "savemoki.com"
167.99.228.9 - - [09/Oct/2022:03:21:18 -0700] "GET /wp/wp-login.php HTTP/1.1" 404 88 "http://savemoki.com" "Mozilla/5.0 (Windows NT 6.1) AppleWebKit/537.36 (KHTML, like Gecko) Chrome/28.0.1468.0 Safari/537.36" "savemoki.com"
51.222.253.9 - - [09/Oct/2022:03:24:07 -0700] "GET /blog/wp-content/themes/themeforest-625914-ice-theme-powerful-wordpress-theme-1/documentation/ HTTP/1.1" 200 14882 "-" "Mozilla/5.0 (compatible; AhrefsBot/7.0; +http://ahrefs.com/robot/)" "savemoki.com"
51.222.253.3 - - [09/Oct/2022:03:24:09 -0700] "GET /blog/wp-content/themes/themeforest-625914-ice-theme-powerful-wordpress-theme-1/documentation/assets/blueprint-css/screen.css HTTP/1.1" 200 3206 "-" "Mozilla/5.0 (compatible; AhrefsBot/7.0; +http://ahrefs.com/robot/)" "savemoki.com"
51.222.253.4 - - [09/Oct/2022:03:24:11 -0700] "GET /blog/wp-content/themes/themeforest-625914-ice-theme-powerful-wordpress-theme-1/documentation/assets/blueprint-css/print.css HTTP/1.1" 200 666 "-" "Mozilla/5.0 (compatible; AhrefsBot/7.0; +http://ahrefs.com/robot/)" "savemoki.com"
51.222.253.12 - - [09/Oct/2022:03:24:11 -0700] "GET /blog/wp-content/themes/themeforest-625914-ice-theme-powerful-wordpress-theme-1/documentation/assets/images/awkward_slider_options.jpg HTTP/1.1" 200 53374 "-" "Mozilla/5.0 (compatible; AhrefsBot/7.0; +http://ahrefs.com/robot/)" "savemoki.com"
51.222.253.9 - - [09/Oct/2022:03:24:12 -0700] "GET /blog/wp-content/themes/themeforest-625914-ice-theme-powerful-wordpress-theme-1/documentation/assets/blueprint-css/plugins/fancy-type/screen.css HTTP/1.1" 200 1142 "-" "Mozilla/5.0 (compatible; AhrefsBot/7.0; +http://ahrefs.com/robot/)" "savemoki.com"
51.222.253.18 - - [09/Oct/2022:03:27:52 -0700] "GET /clipart/backgrounds/fullpage/?C=D;O=D HTTP/1.1" 200 387 "-" "Mozilla/5.0 (compatible; AhrefsBot/7.0; +http://ahrefs.com/robot/)" "savemoki.com"
51.222.253.18 - - [09/Oct/2022:03:31:35 -0700] "GET /robots.txt HTTP/1.1" 200 55 "-" "Mozilla/5.0 (compatible; AhrefsBot/7.0; +http://ahrefs.com/robot/)" "www.savemoki.com"
51.222.253.11 - - [09/Oct/2022:03:31:36 -0700] "GET /clipart/pageHeaders/?C=D;O=A HTTP/1.1" 200 427 "-" "Mozilla/5.0 (compatible; AhrefsBot/7.0; +http://ahrefs.com/robot/)" "www.savemoki.com"
114.119.139.148 - - [09/Oct/2022:03:32:36 -0700] "GET /clipart/images/?C=S%3BO%3DA HTTP/1.1" 200 489 "https://savemoki.com/clipart/images?C=D%3BO%3DA" "Mozilla/5.0 (Linux; Android 7.0;) AppleWebKit/537.36 (KHTML, like Gecko) Mobile Safari/537.36 (compatible; PetalBot;+https://webmaster.petalsearch.com/site/petalbot)" "savemoki.com"
51.222.253.20 - - [09/Oct/2022:03:35:17 -0700] "GET /sitebuilder/scripts/?C=N;O=A HTTP/1.1" 200 373 "-" "Mozilla/5.0 (compatible; AhrefsBot/7.0; +http://ahrefs.com/robot/)" "www.savemoki.com"
114.119.139.185 - - [09/Oct/2022:03:38:01 -0700] "GET /blog/wp-content?C=N%3BO%3DD HTTP/1.1" 301 1428 "https://savemoki.com/blog/wp-content?M=A" "Mozilla/5.0 (Linux; Android 7.0;) AppleWebKit/537.36 (KHTML, like Gecko) Mobile Safari/537.36 (compatible; PetalBot;+https://webmaster.petalsearch.com/site/petalbot)" "savemoki.com"
114.119.139.185 - - [09/Oct/2022:03:38:03 -0700] "GET /blog/wp-content/?C=N%3BO%3DD HTTP/1.1" 200 359 "https://savemoki.com/blog/wp-content?M=A" "Mozilla/5.0 (Linux; Android 7.0;) AppleWebKit/537.36 (KHTML, like Gecko) Mobile Safari/537.36 (compatible; PetalBot;+https://webmaster.petalsearch.com/site/petalbot)" "savemoki.com"
51.222.253.2 - - [09/Oct/2022:03:39:18 -0700] "GET /sitebuilder/scripts/?C=D;O=A HTTP/1.1" 200 373 "-" "Mozilla/5.0 (compatible; AhrefsBot/7.0; +http://ahrefs.com/robot/)" "savemoki.com"
51.222.253.18 - - [09/Oct/2022:03:41:38 -0700] "GET /sitebuilder/scripts/?C=M;O=A HTTP/1.1" 200 373 "-" "Mozilla/5.0 (compatible; AhrefsBot/7.0; +http://ahrefs.com/robot/)" "savemoki.com"
51.222.253.11 - - [09/Oct/2022:03:43:28 -0700] "GET /clipart/pageHeaders/?C=M;O=D HTTP/1.1" 200 426 "-" "Mozilla/5.0 (compatible; AhrefsBot/7.0; +http://ahrefs.com/robot/)" "www.savemoki.com"
114.119.139.166 - - [09/Oct/2022:03:43:29 -0700] "GET /blog/wp-content/themes/themeforest-625914-ice-theme-powerful-wordpress-theme-1/licensing/?C=N%3BO%3DD HTTP/1.1" 200 419 "https://savemoki.com/blog/wp-content/themes/themeforest-625914-ice-theme-powerful-wordpress-theme-1/licensing/?C=S%3BO%3DA" "Mozilla/5.0 (Linux; Android 7.0;) AppleWebKit/537.36 (KHTML, like Gecko) Mobile Safari/537.36 (compatible; PetalBot;+https://webmaster.petalsearch.com/site/petalbot)" "savemoki.com"
51.222.253.18 - - [09/Oct/2022:03:45:17 -0700] "GET /blog/wp-content/themes/themeforest-625914-ice-theme-powerful-wordpress-theme-1/sample%20content/ HTTP/1.1" 200 576 "-" "Mozilla/5.0 (compatible; AhrefsBot/7.0; +http://ahrefs.com/robot/)" "www.savemoki.com"
51.222.253.9 - - [09/Oct/2022:03:47:12 -0700] "GET /Announcements.html HTTP/1.1" 200 5728 "-" "Mozilla/5.0 (compatible; AhrefsBot/7.0; +http://ahrefs.com/robot/)" "www.savemoki.com"
51.222.253.9 - - [09/Oct/2022:03:47:15 -0700] "GET /sitebuilder/images/recyclefundraiser_1_-198x208.jpg HTTP/1.1" 200 10675 "-" "Mozilla/5.0 (compatible; AhrefsBot/7.0; +http://ahrefs.com/robot/)" "www.savemoki.com"
51.222.253.3 - - [09/Oct/2022:03:47:16 -0700] "GET /sitebuilder/images/header_1-223x1841.jpg HTTP/1.1" 200 10993 "-" "Mozilla/5.0 (compatible; AhrefsBot/7.0; +http://ahrefs.com/robot/)" "www.savemoki.com"
114.119.139.185 - - [09/Oct/2022:03:48:56 -0700] "GET /sitebuilder?C=M%3BO%3DA HTTP/1.1" 301 1426 "https://www.savemoki.com/sitebuilder?D=D" "Mozilla/5.0 (Linux; Android 7.0;) AppleWebKit/537.36 (KHTML, like Gecko) Mobile Safari/537.36 (compatible; PetalBot;+https://webmaster.petalsearch.com/site/petalbot)" "www.savemoki.com"
114.119.139.185 - - [09/Oct/2022:03:48:57 -0700] "GET /sitebuilder/?C=M%3BO%3DA HTTP/1.1" 200 372 "https://www.savemoki.com/sitebuilder?D=D" "Mozilla/5.0 (Linux; Android 7.0;) AppleWebKit/537.36 (KHTML, like Gecko) Mobile Safari/537.36 (compatible; PetalBot;+https://webmaster.petalsearch.com/site/petalbot)" "www.savemoki.com"
51.222.253.15 - - [09/Oct/2022:03:49:12 -0700] "GET /sitebuilder/images/?C=S;O=D HTTP/1.1" 200 3875 "-" "Mozilla/5.0 (compatible; AhrefsBot/7.0; +http://ahrefs.com/robot/)" "savemoki.com"
51.222.253.10 - - [09/Oct/2022:03:51:04 -0700] "GET /socialenginetrial/?C=S;O=A HTTP/1.1" 200 317 "-" "Mozilla/5.0 (compatible; AhrefsBot/7.0; +http://ahrefs.com/robot/)" "www.savemoki.com"
51.222.253.13 - - [09/Oct/2022:03:53:14 -0700] "GET /socialenginetrial/?C=D;O=A HTTP/1.1" 200 318 "-" "Mozilla/5.0 (compatible; AhrefsBot/7.0; +http://ahrefs.com/robot/)" "www.savemoki.com"
114.119.139.166 - - [09/Oct/2022:03:54:27 -0700] "GET /sitebuilder/images?S=A HTTP/1.1" 301 1422 "https://www.savemoki.com/sitebuilder/images?D=D" "Mozilla/5.0 (Linux; Android 7.0;) AppleWebKit/537.36 (KHTML, like Gecko) Mobile Safari/537.36 (compatible; PetalBot;+https://webmaster.petalsearch.com/site/petalbot)" "www.savemoki.com"
114.119.139.166 - - [09/Oct/2022:03:54:35 -0700] "GET /sitebuilder/images/?S=A HTTP/1.1" 200 3814 "https://www.savemoki.com/sitebuilder/images?D=D" "Mozilla/5.0 (Linux; Android 7.0;) AppleWebKit/537.36 (KHTML, like Gecko) Mobile Safari/537.36 (compatible; PetalBot;+https://webmaster.petalsearch.com/site/petalbot)" "www.savemoki.com"
51.222.253.17 - - [09/Oct/2022:03:55:16 -0700] "GET /clipart/lines/?C=D;O=A HTTP/1.1" 200 361 "-" "Mozilla/5.0 (compatible; AhrefsBot/7.0; +http://ahrefs.com/robot/)" "www.savemoki.com"
51.222.253.20 - - [09/Oct/2022:03:57:00 -0700] "GET /blog/wp-content/themes/themeforest-625914-ice-theme-powerful-wordpress-theme-1/?C=N;O=A HTTP/1.1" 200 513 "-" "Mozilla/5.0 (compatible; AhrefsBot/7.0; +http://ahrefs.com/robot/)" "savemoki.com"
51.222.253.4 - - [09/Oct/2022:03:58:48 -0700] "GET /sitebuilder/images/?C=D;O=D HTTP/1.1" 200 3798 "-" "Mozilla/5.0 (compatible; AhrefsBot/7.0; +http://ahrefs.com/robot/)" "savemoki.com"
114.119.139.167 - - [09/Oct/2022:03:59:50 -0700] "GET /blog/wp-content/themes/themeforest-625914-ice-theme-powerful-wordpress-theme-1/licensing?C=S%3BO%3DA HTTP/1.1" 301 1475 "https://www.savemoki.com/blog/wp-content/themes/themeforest-625914-ice-theme-powerful-wordpress-theme-1/licensing?C=D%3BO%3DA" "Mozilla/5.0 (Linux; Android 7.0;) AppleWebKit/537.36 (KHTML, like Gecko) Mobile Safari/537.36 (compatible; PetalBot;+https://webmaster.petalsearch.com/site/petalbot)" "www.savemoki.com"
114.119.139.167 - - [09/Oct/2022:03:59:52 -0700] "GET /blog/wp-content/themes/themeforest-625914-ice-theme-powerful-wordpress-theme-1/licensing/?C=S%3BO%3DA HTTP/1.1" 200 419 "https://www.savemoki.com/blog/wp-content/themes/themeforest-625914-ice-theme-powerful-wordpress-theme-1/licensing?C=D%3BO%3DA" "Mozilla/5.0 (Linux; Android 7.0;) AppleWebKit/537.36 (KHTML, like Gecko) Mobile Safari/537.36 (compatible; PetalBot;+https://webmaster.petalsearch.com/site/petalbot)" "www.savemoki.com"
51.222.253.18 - - [09/Oct/2022:04:02:58 -0700] "GET /mokis_story.html HTTP/1.1" 200 12029 "-" "Mozilla/5.0 (compatible; AhrefsBot/7.0; +http://ahrefs.com/robot/)" "www.savemoki.com"
51.222.253.6 - - [09/Oct/2022:04:03:01 -0700] "GET /sitebuilder/images/Moki_resting_in_his_bed-246x207.jpg HTTP/1.1" 200 12892 "-" "Mozilla/5.0 (compatible; AhrefsBot/7.0; +http://ahrefs.com/robot/)" "www.savemoki.com"
51.222.253.2 - - [09/Oct/2022:04:03:01 -0700] "GET /sitebuilder/images/Its_a_jungle_out_there-249x190.jpg HTTP/1.1" 200 15014 "-" "Mozilla/5.0 (compatible; AhrefsBot/7.0; +http://ahrefs.com/robot/)" "www.savemoki.com"
51.222.253.17 - - [09/Oct/2022:04:03:02 -0700] "GET /sitebuilder/images/Sick_Moki-438x286.jpg HTTP/1.1" 200 22144 "-" "Mozilla/5.0 (compatible; AhrefsBot/7.0; +http://ahrefs.com/robot/)" "www.savemoki.com"
51.222.253.4 - - [09/Oct/2022:04:03:03 -0700] "GET /sitebuilder/images/navbar-1-active-00640.png HTTP/1.1" 200 1633 "-" "Mozilla/5.0 (compatible; AhrefsBot/7.0; +http://ahrefs.com/robot/)" "www.savemoki.com"
51.222.253.7 - - [09/Oct/2022:04:03:04 -0700] "GET /mokis_story.html HTTP/1.1" 200 12029 "-" "Mozilla/5.0 (compatible; AhrefsBot/7.0; +http://ahrefs.com/robot/)" "www.savemoki.com"
51.222.253.17 - - [09/Oct/2022:04:03:04 -0700] "GET /sitebuilder/images/Moki_and_Bandit-255x235.jpg HTTP/1.1" 200 16248 "-" "Mozilla/5.0 (compatible; AhrefsBot/7.0; +http://ahrefs.com/robot/)" "www.savemoki.com"
114.119.139.166 - - [09/Oct/2022:04:05:17 -0700] "GET /images/?C=D%3BO%3DA HTTP/1.1" 200 2158 "https://savemoki.com/images?S=A" "Mozilla/5.0 (Linux; Android 7.0;) AppleWebKit/537.36 (KHTML, like Gecko) Mobile Safari/537.36 (compatible; PetalBot;+https://webmaster.petalsearch.com/site/petalbot)" "savemoki.com"
51.222.253.19 - - [09/Oct/2022:04:06:50 -0700] "GET /blog/wp-content/themes/themeforest-625914-ice-theme-powerful-wordpress-theme-1/sample%20content/icetheme.2012-06-13.xml HTTP/1.1" 200 47534 "-" "Mozilla/5.0 (compatible; AhrefsBot/7.0; +http://ahrefs.com/robot/)" "savemoki.com"
157.90.209.77 - - [09/Oct/2022:04:07:09 -0700] "GET /robots.txt HTTP/1.1" 200 55 "-" "Mozilla/5.0 (compatible; BLEXBot/1.0; +http://webmeup-crawler.com/)" "savemoki.com"
157.90.209.77 - - [09/Oct/2022:04:07:09 -0700] "GET /2test/index.php/2020/04/ HTTP/1.1" 200 20832 "-" "Mozilla/5.0 (compatible; BLEXBot/1.0; +http://webmeup-crawler.com/)" "savemoki.com"
10.213.116.64 - - [09/Oct/2022:04:07:13 -0700] "POST /2test/wp-cron.php?doing_wp_cron=1665313633.0721709728240966796875 HTTP/1.1" 200 - "http://savemoki.com/2test/wp-cron.php?doing_wp_cron=1665313633.0721709728240966796875" "WordPress/5.4.11; http://savemoki.com/2test" "savemoki.com"
157.90.209.77 - - [09/Oct/2022:04:07:44 -0700] "GET /2test/index.php/2020/04/03/hello-world/ HTTP/1.1" 200 22576 "-" "Mozilla/5.0 (compatible; BLEXBot/1.0; +http://webmeup-crawler.com/)" "savemoki.com"
157.90.209.77 - - [09/Oct/2022:04:08:16 -0700] "GET /2test/index.php/2020/04/03/sample-page/ HTTP/1.1" 200 21003 "-" "Mozilla/5.0 (compatible; BLEXBot/1.0; +http://webmeup-crawler.com/)" "savemoki.com"
157.90.209.77 - - [09/Oct/2022:04:08:49 -0700] "GET /2test/index.php/category/uncategorized/ HTTP/1.1" 200 19802 "-" "Mozilla/5.0 (compatible; BLEXBot/1.0; +http://webmeup-crawler.com/)" "savemoki.com"
157.90.209.77 - - [09/Oct/2022:04:09:22 -0700] "GET /2test/index.php/comments/feed/ HTTP/1.1" 200 1847 "-" "Mozilla/5.0 (compatible; BLEXBot/1.0; +http://webmeup-crawler.com/)" "savemoki.com"
216.244.66.249 - - [09/Oct/2022:04:09:57 -0700] "GET /robots.txt HTTP/1.1" 200 39 "-" "Mozilla/5.0 (compatible; DotBot/1.2; +https://opensiteexplorer.org/dotbot; help@moz.com)" "savemoki.com"
157.90.209.77 - - [09/Oct/2022:04:09:54 -0700] "GET /2test/index.php/courses/fifth-grade/ HTTP/1.1" 200 20466 "-" "Mozilla/5.0 (compatible; BLEXBot/1.0; +http://webmeup-crawler.com/)" "savemoki.com"
157.90.209.77 - - [09/Oct/2022:04:10:27 -0700] "GET /2test/index.php/courses/first-grade/ HTTP/1.1" 200 20457 "-" "Mozilla/5.0 (compatible; BLEXBot/1.0; +http://webmeup-crawler.com/)" "savemoki.com"
51.222.253.18 - - [09/Oct/2022:04:10:36 -0700] "GET /blog/wp-content/ HTTP/1.1" 200 359 "-" "Mozilla/5.0 (compatible; AhrefsBot/7.0; +http://ahrefs.com/robot/)" "www.savemoki.com"
114.119.139.167 - - [09/Oct/2022:04:10:43 -0700] "GET /clipart/buttons/themes/?C=N%3BO%3DD HTTP/1.1" 200 404 "https://www.savemoki.com/clipart/buttons/themes/" "Mozilla/5.0 (Linux; Android 7.0;) AppleWebKit/537.36 (KHTML, like Gecko) Mobile Safari/537.36 (compatible; PetalBot;+https://webmaster.petalsearch.com/site/petalbot)" "www.savemoki.com"
157.90.209.77 - - [09/Oct/2022:04:10:59 -0700] "GET /2test/index.php/courses/kindergarten/ HTTP/1.1" 200 22451 "-" "Mozilla/5.0 (compatible; BLEXBot/1.0; +http://webmeup-crawler.com/)" "savemoki.com"
157.90.209.77 - - [09/Oct/2022:04:11:31 -0700] "GET /2test/index.php/courses/seventh-grade/ HTTP/1.1" 200 20365 "-" "Mozilla/5.0 (compatible; BLEXBot/1.0; +http://webmeup-crawler.com/)" "savemoki.com"
157.90.209.77 - - [09/Oct/2022:04:12:03 -0700] "GET /2test/index.php/courses/sixth-grade/ HTTP/1.1" 200 20470 "-" "Mozilla/5.0 (compatible; BLEXBot/1.0; +http://webmeup-crawler.com/)" "savemoki.com"
157.90.209.77 - - [09/Oct/2022:04:12:35 -0700] "GET /2test/index.php/courses/third-grade/ HTTP/1.1" 200 20466 "-" "Mozilla/5.0 (compatible; BLEXBot/1.0; +http://webmeup-crawler.com/)" "savemoki.com"
157.90.209.77 - - [09/Oct/2022:04:13:07 -0700] "GET /2test/index.php/feed/ HTTP/1.1" 200 3630 "-" "Mozilla/5.0 (compatible; BLEXBot/1.0; +http://webmeup-crawler.com/)" "savemoki.com"
157.90.209.77 - - [09/Oct/2022:04:13:38 -0700] "GET /2test/index.php/heritage-flex-academy/ HTTP/1.1" 200 19099 "-" "Mozilla/5.0 (compatible; BLEXBot/1.0; +http://webmeup-crawler.com/)" "savemoki.com"
157.90.209.77 - - [09/Oct/2022:04:14:09 -0700] "GET /2test/index.php/heritage-junior-high-school/ HTTP/1.1" 200 19135 "-" "Mozilla/5.0 (compatible; BLEXBot/1.0; +http://webmeup-crawler.com/)" "savemoki.com"
51.222.253.1 - - [09/Oct/2022:04:14:18 -0700] "GET /navigation_bars/?C=S;O=A HTTP/1.1" 200 408 "-" "Mozilla/5.0 (compatible; AhrefsBot/7.0; +http://ahrefs.com/robot/)" "savemoki.com"
157.90.209.77 - - [09/Oct/2022:04:14:42 -0700] "GET /2test/index.php/home/ HTTP/1.1" 200 18997 "-" "Mozilla/5.0 (compatible; BLEXBot/1.0; +http://webmeup-crawler.com/)" "savemoki.com"
157.90.209.77 - - [09/Oct/2022:04:15:13 -0700] "GET /2test/wp-login.php HTTP/1.1" 200 6053 "-" "Mozilla/5.0 (compatible; BLEXBot/1.0; +http://webmeup-crawler.com/)" "savemoki.com"
157.90.209.77 - - [09/Oct/2022:04:15:46 -0700] "GET /?C=D;O=D HTTP/1.1" 200 1303 "-" "Mozilla/5.0 (compatible; BLEXBot/1.0; +http://webmeup-crawler.com/)" "savemoki.com"
114.119.139.148 - - [09/Oct/2022:04:16:08 -0700] "GET /sitebuilder/?C=S%3BO%3DA HTTP/1.1" 200 372 "https://www.savemoki.com/sitebuilder?S=A" "Mozilla/5.0 (Linux; Android 7.0;) AppleWebKit/537.36 (KHTML, like Gecko) Mobile Safari/537.36 (compatible; PetalBot;+https://webmaster.petalsearch.com/site/petalbot)" "www.savemoki.com"
157.90.209.77 - - [09/Oct/2022:04:16:15 -0700] "GET /?C=M;O=D HTTP/1.1" 200 1290 "-" "Mozilla/5.0 (compatible; BLEXBot/1.0; +http://webmeup-crawler.com/)" "savemoki.com"
157.90.209.77 - - [09/Oct/2022:04:16:45 -0700] "GET /?C=N;O=A HTTP/1.1" 200 1287 "-" "Mozilla/5.0 (compatible; BLEXBot/1.0; +http://webmeup-crawler.com/)" "savemoki.com"
157.90.209.77 - - [09/Oct/2022:04:17:14 -0700] "GET /?C=S;O=D HTTP/1.1" 200 1267 "-" "Mozilla/5.0 (compatible; BLEXBot/1.0; +http://webmeup-crawler.com/)" "savemoki.com"
157.90.209.77 - - [09/Oct/2022:04:17:44 -0700] "GET /blog/?C=D;O=A HTTP/1.1" 200 352 "-" "Mozilla/5.0 (compatible; BLEXBot/1.0; +http://webmeup-crawler.com/)" "savemoki.com"
51.222.253.8 - - [09/Oct/2022:04:18:12 -0700] "GET /sitebuilder/scripts/?C=N;O=A HTTP/1.1" 200 373 "-" "Mozilla/5.0 (compatible; AhrefsBot/7.0; +http://ahrefs.com/robot/)" "savemoki.com"
157.90.209.77 - - [09/Oct/2022:04:18:14 -0700] "GET /blog/?C=M;O=A HTTP/1.1" 200 352 "-" "Mozilla/5.0 (compatible; BLEXBot/1.0; +http://webmeup-crawler.com/)" "savemoki.com"
157.90.209.77 - - [09/Oct/2022:04:18:43 -0700] "GET /blog/?C=N;O=D HTTP/1.1" 200 350 "-" "Mozilla/5.0 (compatible; BLEXBot/1.0; +http://webmeup-crawler.com/)" "savemoki.com"
157.90.209.77 - - [09/Oct/2022:04:19:14 -0700] "GET /blog/?C=S;O=A HTTP/1.1" 200 352 "-" "Mozilla/5.0 (compatible; BLEXBot/1.0; +http://webmeup-crawler.com/)" "savemoki.com"
157.90.209.77 - - [09/Oct/2022:04:19:43 -0700] "GET /blog/wp-content/ HTTP/1.1" 200 359 "-" "Mozilla/5.0 (compatible; BLEXBot/1.0; +http://webmeup-crawler.com/)" "savemoki.com"
157.90.209.77 - - [09/Oct/2022:04:21:12 -0700] "GET /clipart/?C=M;O=A HTTP/1.1" 200 443 "-" "Mozilla/5.0 (compatible; BLEXBot/1.0; +http://webmeup-crawler.com/)" "savemoki.com"
114.119.139.148 - - [09/Oct/2022:04:21:34 -0700] "GET /clipart/backgrounds/?C=D%3BO%3DA HTTP/1.1" 200 366 "https://savemoki.com/clipart/backgrounds?D=A" "Mozilla/5.0 (Linux; Android 7.0;) AppleWebKit/537.36 (KHTML, like Gecko) Mobile Safari/537.36 (compatible; PetalBot;+https://webmaster.petalsearch.com/site/petalbot)" "savemoki.com"
157.90.209.77 - - [09/Oct/2022:04:21:41 -0700] "GET /clipart/?C=N;O=D HTTP/1.1" 200 438 "-" "Mozilla/5.0 (compatible; BLEXBot/1.0; +http://webmeup-crawler.com/)" "savemoki.com"
51.222.253.7 - - [09/Oct/2022:04:22:06 -0700] "GET /navigation_bars/?C=D;O=A HTTP/1.1" 200 408 "-" "Mozilla/5.0 (compatible; AhrefsBot/7.0; +http://ahrefs.com/robot/)" "savemoki.com"
157.90.209.77 - - [09/Oct/2022:04:22:10 -0700] "GET /clipart/?C=S;O=A HTTP/1.1" 200 440 "-" "Mozilla/5.0 (compatible; BLEXBot/1.0; +http://webmeup-crawler.com/)" "savemoki.com"
157.90.209.77 - - [09/Oct/2022:04:22:40 -0700] "GET /clipart/backgrounds/ HTTP/1.1" 200 366 "-" "Mozilla/5.0 (compatible; BLEXBot/1.0; +http://webmeup-crawler.com/)" "savemoki.com"
157.90.209.77 - - [09/Oct/2022:04:23:09 -0700] "GET /clipart/bullets/ HTTP/1.1" 200 429 "-" "Mozilla/5.0 (compatible; BLEXBot/1.0; +http://webmeup-crawler.com/)" "savemoki.com"
157.90.209.77 - - [09/Oct/2022:04:23:38 -0700] "GET /clipart/buttons/ HTTP/1.1" 200 359 "-" "Mozilla/5.0 (compatible; BLEXBot/1.0; +http://webmeup-crawler.com/)" "savemoki.com"
157.90.209.77 - - [09/Oct/2022:04:24:08 -0700] "GET /clipart/images/ HTTP/1.1" 200 489 "-" "Mozilla/5.0 (compatible; BLEXBot/1.0; +http://webmeup-crawler.com/)" "savemoki.com"
157.90.209.77 - - [09/Oct/2022:04:24:37 -0700] "GET /clipart/lines/ HTTP/1.1" 200 361 "-" "Mozilla/5.0 (compatible; BLEXBot/1.0; +http://webmeup-crawler.com/)" "savemoki.com"
157.90.209.77 - - [09/Oct/2022:04:26:06 -0700] "GET /files/?C=D;O=A HTTP/1.1" 200 380 "-" "Mozilla/5.0 (compatible; BLEXBot/1.0; +http://webmeup-crawler.com/)" "savemoki.com"
157.90.209.77 - - [09/Oct/2022:04:26:35 -0700] "GET /files/?C=M;O=A HTTP/1.1" 200 380 "-" "Mozilla/5.0 (compatible; BLEXBot/1.0; +http://webmeup-crawler.com/)" "savemoki.com"
114.119.139.166 - - [09/Oct/2022:04:26:59 -0700] "GET /2test/index.php/courses/first-grade HTTP/1.1" 200 20519 "https://savemoki.com/2test/index.php/2020/04/03/sample-page" "Mozilla/5.0 (Linux; Android 7.0;) AppleWebKit/537.36 (KHTML, like Gecko) Mobile Safari/537.36 (compatible; PetalBot;+https://webmaster.petalsearch.com/site/petalbot)" "savemoki.com"
157.90.209.77 - - [09/Oct/2022:04:27:05 -0700] "GET /files/?C=N;O=D HTTP/1.1" 200 377 "-" "Mozilla/5.0 (compatible; BLEXBot/1.0; +http://webmeup-crawler.com/)" "savemoki.com"
10.213.116.64 - - [09/Oct/2022:04:27:02 -0700] "POST /2test/wp-cron.php?doing_wp_cron=1665314822.4616479873657226562500 HTTP/1.1" 200 - "https://savemoki.com/2test/wp-cron.php?doing_wp_cron=1665314822.4616479873657226562500" "WordPress/5.4.11; https://savemoki.com/2test" "savemoki.com"
157.90.209.77 - - [09/Oct/2022:04:27:35 -0700] "GET /files/?C=S;O=A HTTP/1.1" 200 380 "-" "Mozilla/5.0 (compatible; BLEXBot/1.0; +http://webmeup-crawler.com/)" "savemoki.com"
157.90.209.77 - - [09/Oct/2022:04:28:04 -0700] "GET /images/?C=D;O=A HTTP/1.1" 200 2158 "-" "Mozilla/5.0 (compatible; BLEXBot/1.0; +http://webmeup-crawler.com/)" "savemoki.com"
114.119.136.92 - - [09/Oct/2022:04:28:05 -0700] "GET /robots.txt HTTP/1.1" 200 55 "-" "Mozilla/5.0 (compatible;PetalBot;+https://webmaster.petalsearch.com/site/petalbot)" "savemoki.com"
157.90.209.77 - - [09/Oct/2022:04:28:33 -0700] "GET /images/?C=M;O=A HTTP/1.1" 200 2170 "-" "Mozilla/5.0 (compatible; BLEXBot/1.0; +http://webmeup-crawler.com/)" "savemoki.com"
157.90.209.77 - - [09/Oct/2022:04:29:03 -0700] "GET /images/?C=N;O=D HTTP/1.1" 200 2155 "-" "Mozilla/5.0 (compatible; BLEXBot/1.0; +http://webmeup-crawler.com/)" "savemoki.com"
157.90.209.77 - - [09/Oct/2022:04:29:33 -0700] "GET /images/?C=S;O=A HTTP/1.1" 200 2154 "-" "Mozilla/5.0 (compatible; BLEXBot/1.0; +http://webmeup-crawler.com/)" "savemoki.com"
157.90.209.77 - - [09/Oct/2022:04:30:03 -0700] "GET /index.html HTTP/1.1" 404 88 "-" "Mozilla/5.0 (compatible; BLEXBot/1.0; +http://webmeup-crawler.com/)" "savemoki.com"
157.90.209.77 - - [09/Oct/2022:04:30:32 -0700] "GET /media/?C=D;O=A HTTP/1.1" 200 396 "-" "Mozilla/5.0 (compatible; BLEXBot/1.0; +http://webmeup-crawler.com/)" "savemoki.com"
157.90.209.77 - - [09/Oct/2022:04:31:01 -0700] "GET /media/?C=M;O=A HTTP/1.1" 200 397 "-" "Mozilla/5.0 (compatible; BLEXBot/1.0; +http://webmeup-crawler.com/)" "savemoki.com"
157.90.209.77 - - [09/Oct/2022:04:31:30 -0700] "GET /media/?C=N;O=D HTTP/1.1" 200 395 "-" "Mozilla/5.0 (compatible; BLEXBot/1.0; +http://webmeup-crawler.com/)" "savemoki.com"
157.90.209.77 - - [09/Oct/2022:04:32:00 -0700] "GET /media/?C=S;O=A HTTP/1.1" 200 397 "-" "Mozilla/5.0 (compatible; BLEXBot/1.0; +http://webmeup-crawler.com/)" "savemoki.com"
114.119.139.185 - - [09/Oct/2022:04:32:28 -0700] "GET /clipart/images/frames HTTP/1.1" 301 1419 "https://www.savemoki.com/clipart/images?M=D" "Mozilla/5.0 (Linux; Android 7.0;) AppleWebKit/537.36 (KHTML, like Gecko) Mobile Safari/537.36 (compatible; PetalBot;+https://webmaster.petalsearch.com/site/petalbot)" "www.savemoki.com"
157.90.209.77 - - [09/Oct/2022:04:32:29 -0700] "GET /navigation_bars/?C=D;O=A HTTP/1.1" 200 408 "-" "Mozilla/5.0 (compatible; BLEXBot/1.0; +http://webmeup-crawler.com/)" "savemoki.com"
114.119.139.185 - - [09/Oct/2022:04:32:30 -0700] "GET /clipart/images/frames/ HTTP/1.1" 200 379 "https://www.savemoki.com/clipart/images?M=D" "Mozilla/5.0 (Linux; Android 7.0;) AppleWebKit/537.36 (KHTML, like Gecko) Mobile Safari/537.36 (compatible; PetalBot;+https://webmaster.petalsearch.com/site/petalbot)" "www.savemoki.com"
157.90.209.77 - - [09/Oct/2022:04:32:58 -0700] "GET /navigation_bars/?C=M;O=A HTTP/1.1" 200 408 "-" "Mozilla/5.0 (compatible; BLEXBot/1.0; +http://webmeup-crawler.com/)" "savemoki.com"
157.90.209.77 - - [09/Oct/2022:04:33:27 -0700] "GET /navigation_bars/?C=N;O=D HTTP/1.1" 200 405 "-" "Mozilla/5.0 (compatible; BLEXBot/1.0; +http://webmeup-crawler.com/)" "savemoki.com"
157.90.209.77 - - [09/Oct/2022:04:33:56 -0700] "GET /navigation_bars/?C=S;O=A HTTP/1.1" 200 408 "-" "Mozilla/5.0 (compatible; BLEXBot/1.0; +http://webmeup-crawler.com/)" "savemoki.com"
157.90.209.77 - - [09/Oct/2022:04:34:25 -0700] "GET /sitebuilder/?C=D;O=A HTTP/1.1" 200 372 "-" "Mozilla/5.0 (compatible; BLEXBot/1.0; +http://webmeup-crawler.com/)" "savemoki.com"
157.90.209.77 - - [09/Oct/2022:04:34:54 -0700] "GET /sitebuilder/?C=M;O=A HTTP/1.1" 200 372 "-" "Mozilla/5.0 (compatible; BLEXBot/1.0; +http://webmeup-crawler.com/)" "savemoki.com"
157.90.209.77 - - [09/Oct/2022:04:35:24 -0700] "GET /sitebuilder/?C=N;O=D HTTP/1.1" 200 370 "-" "Mozilla/5.0 (compatible; BLEXBot/1.0; +http://webmeup-crawler.com/)" "savemoki.com"
51.222.253.7 - - [09/Oct/2022:04:35:39 -0700] "GET / HTTP/1.1" 200 1287 "-" "Mozilla/5.0 (compatible; AhrefsBot/7.0; +http://ahrefs.com/robot/)" "savemoki.com"
157.90.209.77 - - [09/Oct/2022:04:35:53 -0700] "GET /sitebuilder/?C=S;O=A HTTP/1.1" 200 372 "-" "Mozilla/5.0 (compatible; BLEXBot/1.0; +http://webmeup-crawler.com/)" "savemoki.com"
136.243.220.211 - - [09/Oct/2022:04:35:56 -0700] "GET /robots.txt HTTP/1.1" 200 55 "-" "Mozilla/5.0 (compatible; DataForSeoBot/1.0; +https://dataforseo.com/dataforseo-bot)" "www.savemoki.com"
136.243.220.211 - - [09/Oct/2022:04:35:56 -0700] "GET /navigation_bars/ HTTP/1.1" 200 408 "-" "Mozilla/5.0 (compatible; DataForSeoBot/1.0; +https://dataforseo.com/dataforseo-bot)" "www.savemoki.com"
136.243.220.211 - - [09/Oct/2022:04:36:05 -0700] "GET /contact_us.html HTTP/1.1" 200 4002 "-" "Mozilla/5.0 (compatible; DataForSeoBot/1.0; +https://dataforseo.com/dataforseo-bot)" "www.savemoki.com"
136.243.220.211 - - [09/Oct/2022:04:36:10 -0700] "GET /Mokislabpage2.html HTTP/1.1" 200 4057 "-" "Mozilla/5.0 (compatible; DataForSeoBot/1.0; +https://dataforseo.com/dataforseo-bot)" "www.savemoki.com"
136.243.220.211 - - [09/Oct/2022:04:36:15 -0700] "GET /blog/ HTTP/1.1" 200 352 "-" "Mozilla/5.0 (compatible; DataForSeoBot/1.0; +https://dataforseo.com/dataforseo-bot)" "www.savemoki.com"
157.90.209.77 - - [09/Oct/2022:04:36:22 -0700] "GET /sitebuilder/images/ HTTP/1.1" 200 3814 "-" "Mozilla/5.0 (compatible; BLEXBot/1.0; +http://webmeup-crawler.com/)" "savemoki.com"
136.243.220.211 - - [09/Oct/2022:04:36:28 -0700] "GET /Mokis_Labwork.html HTTP/1.1" 200 4943 "-" "Mozilla/5.0 (compatible; DataForSeoBot/1.0; +https://dataforseo.com/dataforseo-bot)" "www.savemoki.com"
136.243.220.211 - - [09/Oct/2022:04:36:34 -0700] "GET /Announcements.html HTTP/1.1" 200 5728 "-" "Mozilla/5.0 (compatible; DataForSeoBot/1.0; +https://dataforseo.com/dataforseo-bot)" "www.savemoki.com"
157.90.209.77 - - [09/Oct/2022:04:36:51 -0700] "GET /sitebuilder/scripts/ HTTP/1.1" 200 373 "-" "Mozilla/5.0 (compatible; BLEXBot/1.0; +http://webmeup-crawler.com/)" "savemoki.com"
157.90.209.77 - - [09/Oct/2022:04:37:20 -0700] "GET /socialenginetrial/?C=D;O=A HTTP/1.1" 200 318 "-" "Mozilla/5.0 (compatible; BLEXBot/1.0; +http://webmeup-crawler.com/)" "savemoki.com"
136.243.220.211 - - [09/Oct/2022:04:37:33 -0700] "GET /Mokislabpage3.html HTTP/1.1" 200 3826 "-" "Mozilla/5.0 (compatible; DataForSeoBot/1.0; +https://dataforseo.com/dataforseo-bot)" "www.savemoki.com"
136.243.220.211 - - [09/Oct/2022:04:37:41 -0700] "GET /title.html HTTP/1.1" 200 582 "-" "Mozilla/5.0 (compatible; DataForSeoBot/1.0; +https://dataforseo.com/dataforseo-bot)" "www.savemoki.com"
136.243.220.211 - - [09/Oct/2022:04:37:48 -0700] "GET /clipart/ HTTP/1.1" 200 440 "-" "Mozilla/5.0 (compatible; DataForSeoBot/1.0; +https://dataforseo.com/dataforseo-bot)" "www.savemoki.com"
157.90.209.77 - - [09/Oct/2022:04:37:49 -0700] "GET /socialenginetrial/?C=M;O=A HTTP/1.1" 200 317 "-" "Mozilla/5.0 (compatible; BLEXBot/1.0; +http://webmeup-crawler.com/)" "savemoki.com"
136.243.220.211 - - [09/Oct/2022:04:37:51 -0700] "GET /Mokis_Videos.html HTTP/1.1" 200 5528 "-" "Mozilla/5.0 (compatible; DataForSeoBot/1.0; +https://dataforseo.com/dataforseo-bot)" "www.savemoki.com"
114.119.139.167 - - [09/Oct/2022:04:37:53 -0700] "GET /clipart/images/sidebars?C=N%3BO%3DD HTTP/1.1" 301 1433 "https://savemoki.com/clipart/images/sidebars?C=S%3BO%3DA" "Mozilla/5.0 (Linux; Android 7.0;) AppleWebKit/537.36 (KHTML, like Gecko) Mobile Safari/537.36 (compatible; PetalBot;+https://webmaster.petalsearch.com/site/petalbot)" "savemoki.com"
114.119.139.167 - - [09/Oct/2022:04:37:54 -0700] "GET /clipart/images/sidebars/?C=N%3BO%3DD HTTP/1.1" 200 432 "https://savemoki.com/clipart/images/sidebars?C=S%3BO%3DA" "Mozilla/5.0 (Linux; Android 7.0;) AppleWebKit/537.36 (KHTML, like Gecko) Mobile Safari/537.36 (compatible; PetalBot;+https://webmaster.petalsearch.com/site/petalbot)" "savemoki.com"
157.90.209.77 - - [09/Oct/2022:04:38:18 -0700] "GET /socialenginetrial/?C=N;O=D HTTP/1.1" 200 316 "-" "Mozilla/5.0 (compatible; BLEXBot/1.0; +http://webmeup-crawler.com/)" "savemoki.com"
157.90.209.77 - - [09/Oct/2022:04:38:47 -0700] "GET /socialenginetrial/?C=S;O=A HTTP/1.1" 200 317 "-" "Mozilla/5.0 (compatible; BLEXBot/1.0; +http://webmeup-crawler.com/)" "savemoki.com"
136.243.220.211 - - [09/Oct/2022:04:41:42 -0700] "GET /Other_Cats_In_Need.html HTTP/1.1" 200 6033 "-" "Mozilla/5.0 (compatible; DataForSeoBot/1.0; +https://dataforseo.com/dataforseo-bot)" "www.savemoki.com"
51.222.253.15 - - [09/Oct/2022:04:42:42 -0700] "GET /sitebuilder/scripts/?C=D;O=D HTTP/1.1" 200 370 "-" "Mozilla/5.0 (compatible; AhrefsBot/7.0; +http://ahrefs.com/robot/)" "savemoki.com"
136.243.220.211 - - [09/Oct/2022:04:42:42 -0700] "GET /files/ HTTP/1.1" 200 380 "-" "Mozilla/5.0 (compatible; DataForSeoBot/1.0; +https://dataforseo.com/dataforseo-bot)" "www.savemoki.com"
136.243.220.211 - - [09/Oct/2022:04:42:55 -0700] "GET /sitebuilder/ HTTP/1.1" 200 372 "-" "Mozilla/5.0 (compatible; DataForSeoBot/1.0; +https://dataforseo.com/dataforseo-bot)" "www.savemoki.com"
114.119.139.185 - - [09/Oct/2022:04:43:22 -0700] "GET /clipart HTTP/1.1" 301 1409 "https://savemoki.com/clipart/pageHeaders?D=A" "Mozilla/5.0 (Linux; Android 7.0;) AppleWebKit/537.36 (KHTML, like Gecko) Mobile Safari/537.36 (compatible; PetalBot;+https://webmaster.petalsearch.com/site/petalbot)" "savemoki.com"
114.119.139.185 - - [09/Oct/2022:04:43:23 -0700] "GET /clipart/ HTTP/1.1" 200 440 "https://savemoki.com/clipart/pageHeaders?D=A" "Mozilla/5.0 (Linux; Android 7.0;) AppleWebKit/537.36 (KHTML, like Gecko) Mobile Safari/537.36 (compatible; PetalBot;+https://webmaster.petalsearch.com/site/petalbot)" "savemoki.com"
136.243.220.211 - - [09/Oct/2022:04:43:45 -0700] "GET /Mokis_Story.html HTTP/1.1" 200 11607 "-" "Mozilla/5.0 (compatible; DataForSeoBot/1.0; +https://dataforseo.com/dataforseo-bot)" "www.savemoki.com"
136.243.220.211 - - [09/Oct/2022:04:44:46 -0700] "GET /Mokis_friends.html HTTP/1.1" 200 5925 "-" "Mozilla/5.0 (compatible; DataForSeoBot/1.0; +https://dataforseo.com/dataforseo-bot)" "www.savemoki.com"
34.240.174.238 - - [09/Oct/2022:04:45:03 -0700] "GET /robots.txt HTTP/1.1" 200 55 "-" "Pandalytics/1.0 (https://domainsbot.com/pandalytics/)" "savemoki.com"
34.240.174.238 - - [09/Oct/2022:04:45:03 -0700] "GET / HTTP/1.1" 200 1287 "-" "Pandalytics/1.0 (https://domainsbot.com/pandalytics/)" "savemoki.com"
136.243.220.211 - - [09/Oct/2022:04:45:04 -0700] "GET /Feline_health.html HTTP/1.1" 200 8098 "-" "Mozilla/5.0 (compatible; DataForSeoBot/1.0; +https://dataforseo.com/dataforseo-bot)" "www.savemoki.com"
136.243.220.211 - - [09/Oct/2022:04:45:13 -0700] "GET /Links.html HTTP/1.1" 200 8682 "-" "Mozilla/5.0 (compatible; DataForSeoBot/1.0; +https://dataforseo.com/dataforseo-bot)" "www.savemoki.com"
136.243.220.211 - - [09/Oct/2022:04:45:20 -0700] "GET /Shop.html HTTP/1.1" 200 2842 "-" "Mozilla/5.0 (compatible; DataForSeoBot/1.0; +https://dataforseo.com/dataforseo-bot)" "www.savemoki.com"
136.243.220.211 - - [09/Oct/2022:04:46:10 -0700] "GET /?C=D;O=A HTTP/1.1" 200 1287 "-" "Mozilla/5.0 (compatible; DataForSeoBot/1.0; +https://dataforseo.com/dataforseo-bot)" "www.savemoki.com"
136.243.220.211 - - [09/Oct/2022:04:46:37 -0700] "GET /socialenginetrial/ HTTP/1.1" 200 318 "-" "Mozilla/5.0 (compatible; DataForSeoBot/1.0; +https://dataforseo.com/dataforseo-bot)" "www.savemoki.com"
