173.252.83.8 - - [30/Sep/2022:17:06:28 -0700] "GET /robots.txt HTTP/1.1" 206 55 "-" "facebookexternalhit/1.1 (+http://www.facebook.com/externalhit_uatext.php)" "savemoki.com"
173.252.83.11 - - [30/Sep/2022:17:06:28 -0700] "GET /sitebuilder/images/header_4-818x136.jpg HTTP/1.1" 200 11072 "-" "facebookexternalhit/1.1 (+http://www.facebook.com/externalhit_uatext.php)" "savemoki.com"
114.119.139.185 - - [30/Sep/2022:17:11:01 -0700] "GET /clipart/backgrounds/fullpage?C=N%3BO%3DD HTTP/1.1" 301 1431 "https://savemoki.com/clipart/backgrounds/fullpage?M=D" "Mozilla/5.0 (Linux; Android 7.0;) AppleWebKit/537.36 (KHTML, like Gecko) Mobile Safari/537.36 (compatible; PetalBot;+https://webmaster.petalsearch.com/site/petalbot)" "savemoki.com"
114.119.139.185 - - [30/Sep/2022:17:11:02 -0700] "GET /clipart/backgrounds/fullpage/?C=N%3BO%3DD HTTP/1.1" 200 389 "https://savemoki.com/clipart/backgrounds/fullpage?M=D" "Mozilla/5.0 (Linux; Android 7.0;) AppleWebKit/537.36 (KHTML, like Gecko) Mobile Safari/537.36 (compatible; PetalBot;+https://webmaster.petalsearch.com/site/petalbot)" "savemoki.com"
114.119.139.166 - - [30/Sep/2022:17:16:59 -0700] "GET /clipart/backgrounds/fullpage/?C=S%3BO%3DA HTTP/1.1" 200 389 "https://www.savemoki.com/clipart/backgrounds/fullpage?N=D" "Mozilla/5.0 (Linux; Android 7.0;) AppleWebKit/537.36 (KHTML, like Gecko) Mobile Safari/537.36 (compatible; PetalBot;+https://webmaster.petalsearch.com/site/petalbot)" "www.savemoki.com"
114.119.156.133 - - [30/Sep/2022:17:22:53 -0700] "GET /clipart?S=A HTTP/1.1" 301 1413 "https://savemoki.com/clipart?N=A" "Mozilla/5.0 (Linux; Android 7.0;) AppleWebKit/537.36 (KHTML, like Gecko) Mobile Safari/537.36 (compatible; PetalBot;+https://webmaster.petalsearch.com/site/petalbot)" "savemoki.com"
114.119.156.133 - - [30/Sep/2022:17:22:55 -0700] "GET /clipart/?S=A HTTP/1.1" 200 440 "https://savemoki.com/clipart?N=A" "Mozilla/5.0 (Linux; Android 7.0;) AppleWebKit/537.36 (KHTML, like Gecko) Mobile Safari/537.36 (compatible; PetalBot;+https://webmaster.petalsearch.com/site/petalbot)" "savemoki.com"
114.119.139.167 - - [30/Sep/2022:17:28:50 -0700] "GET /clipart/images/frames?C=D%3BO%3DA HTTP/1.1" 301 1431 "https://savemoki.com/clipart/images/frames" "Mozilla/5.0 (Linux; Android 7.0;) AppleWebKit/537.36 (KHTML, like Gecko) Mobile Safari/537.36 (compatible; PetalBot;+https://webmaster.petalsearch.com/site/petalbot)" "savemoki.com"
114.119.139.167 - - [30/Sep/2022:17:28:51 -0700] "GET /clipart/images/frames/?C=D%3BO%3DA HTTP/1.1" 200 379 "https://savemoki.com/clipart/images/frames" "Mozilla/5.0 (Linux; Android 7.0;) AppleWebKit/537.36 (KHTML, like Gecko) Mobile Safari/537.36 (compatible; PetalBot;+https://webmaster.petalsearch.com/site/petalbot)" "savemoki.com"
77.75.78.170 - - [30/Sep/2022:17:30:43 -0700] "GET /robots.txt HTTP/1.1" 200 55 "-" "Mozilla/5.0 (compatible; SeznamBot/3.2; +http://napoveda.seznam.cz/en/seznambot-intro/)" "savemoki.com"
77.75.78.170 - - [30/Sep/2022:17:30:45 -0700] "GET /images/Moki_and_Bandit.JPG HTTP/1.1" 304 - "-" "Mozilla/5.0 (compatible; SeznamBot/3.2; +http://napoveda.seznam.cz/en/seznambot-intro/)" "savemoki.com"
207.46.13.143 - - [30/Sep/2022:17:31:39 -0700] "GET /Mokis_Videos.html HTTP/1.1" 304 - "-" "Mozilla/5.0 AppleWebKit/537.36 (KHTML, like Gecko; compatible; bingbot/2.0; +http://www.bing.com/bingbot.htm) Chrome/103.0.5060.134 Safari/537.36" "savemoki.com"
114.119.139.148 - - [30/Sep/2022:17:34:46 -0700] "GET /clipart/backgrounds?C=M%3BO%3DA HTTP/1.1" 301 1426 "https://savemoki.com/clipart/backgrounds?S=D" "Mozilla/5.0 (Linux; Android 7.0;) AppleWebKit/537.36 (KHTML, like Gecko) Mobile Safari/537.36 (compatible; PetalBot;+https://webmaster.petalsearch.com/site/petalbot)" "savemoki.com"
114.119.139.148 - - [30/Sep/2022:17:34:46 -0700] "GET /clipart/backgrounds/?C=M%3BO%3DA HTTP/1.1" 200 366 "https://savemoki.com/clipart/backgrounds?S=D" "Mozilla/5.0 (Linux; Android 7.0;) AppleWebKit/537.36 (KHTML, like Gecko) Mobile Safari/537.36 (compatible; PetalBot;+https://webmaster.petalsearch.com/site/petalbot)" "savemoki.com"
185.195.71.3 - - [30/Sep/2022:17:35:12 -0700] "GET /blog1/2015/05/07/test-post/ HTTP/1.1" 404 73 "http://savemoki.com/blog1/2015/05/07/test-post/" "Mozilla/5.0 (Windows NT 10.0; Win64; x64) AppleWebKit/537.36 (KHTML, like Gecko) Chrome/90.0.4430.85 Safari/537.36 Edg/90.0.818.49" "savemoki.com"
185.195.71.3 - - [30/Sep/2022:17:35:13 -0700] "GET / HTTP/1.1" 200 7350 "http://savemoki.com/" "Mozilla/5.0 (Windows NT 10.0; Win64; x64) AppleWebKit/537.36 (KHTML, like Gecko) Chrome/90.0.4430.85 Safari/537.36 Edg/90.0.818.49" "savemoki.com"
185.207.107.130 - - [30/Sep/2022:17:36:05 -0700] "GET /contact_us.html HTTP/1.1" 200 18024 "http://savemoki.com/contact_us.html" "Mozilla/5.0 (Windows NT 10.0; Win64; x64) AppleWebKit/537.36 (KHTML, like Gecko) Chrome/90.0.4430.85 Safari/537.36 Edg/90.0.818.49" "savemoki.com"
176.126.253.190 - - [30/Sep/2022:17:36:40 -0700] "GET /contact_us.html HTTP/1.1" 200 18024 "http://savemoki.com/contact_us.html" "Mozilla/5.0 (Windows NT 10.0; Win64; x64) AppleWebKit/537.36 (KHTML, like Gecko) Chrome/90.0.4430.85 Safari/537.36 Edg/90.0.818.49" "savemoki.com"
176.126.253.190 - - [30/Sep/2022:17:36:41 -0700] "GET /contact_us.html HTTP/1.1" 200 18024 "http://savemoki.com/contact_us.html" "Mozilla/5.0 (Windows NT 10.0; Win64; x64) AppleWebKit/537.36 (KHTML, like Gecko) Chrome/90.0.4430.85 Safari/537.36 Edg/90.0.818.49" "savemoki.com"
114.119.139.167 - - [30/Sep/2022:17:40:43 -0700] "GET /clipart/buttons/?C=M%3BO%3DA HTTP/1.1" 200 359 "https://savemoki.com/clipart/buttons?S=A" "Mozilla/5.0 (Linux; Android 7.0;) AppleWebKit/537.36 (KHTML, like Gecko) Mobile Safari/537.36 (compatible; PetalBot;+https://webmaster.petalsearch.com/site/petalbot)" "savemoki.com"
114.119.139.148 - - [30/Sep/2022:17:46:42 -0700] "GET /clipart/pageHeaders HTTP/1.1" 301 1416 "https://savemoki.com/clipart?N=A" "Mozilla/5.0 (Linux; Android 7.0;) AppleWebKit/537.36 (KHTML, like Gecko) Mobile Safari/537.36 (compatible; PetalBot;+https://webmaster.petalsearch.com/site/petalbot)" "savemoki.com"
114.119.139.148 - - [30/Sep/2022:17:46:44 -0700] "GET /clipart/pageHeaders/ HTTP/1.1" 200 427 "https://savemoki.com/clipart?N=A" "Mozilla/5.0 (Linux; Android 7.0;) AppleWebKit/537.36 (KHTML, like Gecko) Mobile Safari/537.36 (compatible; PetalBot;+https://webmaster.petalsearch.com/site/petalbot)" "savemoki.com"
114.119.139.185 - - [30/Sep/2022:17:52:44 -0700] "GET /clipart/buttons/themes/rectangle_yellow/?C=M%3BO%3DA HTTP/1.1" 200 427 "https://savemoki.com/clipart/buttons/themes/rectangle_yellow?N=D" "Mozilla/5.0 (Linux; Android 7.0;) AppleWebKit/537.36 (KHTML, like Gecko) Mobile Safari/537.36 (compatible; PetalBot;+https://webmaster.petalsearch.com/site/petalbot)" "savemoki.com"
114.119.139.148 - - [30/Sep/2022:17:58:45 -0700] "GET /clipart/backgrounds/fullpage?S=A HTTP/1.1" 301 1422 "https://savemoki.com/clipart/backgrounds/fullpage?M=D" "Mozilla/5.0 (Linux; Android 7.0;) AppleWebKit/537.36 (KHTML, like Gecko) Mobile Safari/537.36 (compatible; PetalBot;+https://webmaster.petalsearch.com/site/petalbot)" "savemoki.com"
114.119.139.148 - - [30/Sep/2022:17:58:46 -0700] "GET /clipart/backgrounds/fullpage/?S=A HTTP/1.1" 200 389 "https://savemoki.com/clipart/backgrounds/fullpage?M=D" "Mozilla/5.0 (Linux; Android 7.0;) AppleWebKit/537.36 (KHTML, like Gecko) Mobile Safari/537.36 (compatible; PetalBot;+https://webmaster.petalsearch.com/site/petalbot)" "savemoki.com"
114.119.139.148 - - [30/Sep/2022:18:04:44 -0700] "GET /blog/wp-content?C=S%3BO%3DA HTTP/1.1" 301 1426 "https://www.savemoki.com/blog/wp-content?C=D%3BO%3DA" "Mozilla/5.0 (Linux; Android 7.0;) AppleWebKit/537.36 (KHTML, like Gecko) Mobile Safari/537.36 (compatible; PetalBot;+https://webmaster.petalsearch.com/site/petalbot)" "www.savemoki.com"
114.119.139.148 - - [30/Sep/2022:18:04:47 -0700] "GET /blog/wp-content/?C=S%3BO%3DA HTTP/1.1" 200 359 "https://www.savemoki.com/blog/wp-content?C=D%3BO%3DA" "Mozilla/5.0 (Linux; Android 7.0;) AppleWebKit/537.36 (KHTML, like Gecko) Mobile Safari/537.36 (compatible; PetalBot;+https://webmaster.petalsearch.com/site/petalbot)" "www.savemoki.com"
114.119.139.167 - - [30/Sep/2022:18:10:39 -0700] "GET /sitebuilder?M=A HTTP/1.1" 301 1416 "https://savemoki.com/sitebuilder?S=D" "Mozilla/5.0 (Linux; Android 7.0;) AppleWebKit/537.36 (KHTML, like Gecko) Mobile Safari/537.36 (compatible; PetalBot;+https://webmaster.petalsearch.com/site/petalbot)" "savemoki.com"
114.119.139.167 - - [30/Sep/2022:18:10:40 -0700] "GET /sitebuilder/?M=A HTTP/1.1" 200 372 "https://savemoki.com/sitebuilder?S=D" "Mozilla/5.0 (Linux; Android 7.0;) AppleWebKit/537.36 (KHTML, like Gecko) Mobile Safari/537.36 (compatible; PetalBot;+https://webmaster.petalsearch.com/site/petalbot)" "savemoki.com"
114.119.139.148 - - [30/Sep/2022:18:16:33 -0700] "GET /clipart/buttons/themes/rectangle_yellow/?C=N%3BO%3DD HTTP/1.1" 200 427 "https://www.savemoki.com/clipart/buttons/themes/rectangle_yellow?C=N%3BO%3DD" "Mozilla/5.0 (Linux; Android 7.0;) AppleWebKit/537.36 (KHTML, like Gecko) Mobile Safari/537.36 (compatible; PetalBot;+https://webmaster.petalsearch.com/site/petalbot)" "www.savemoki.com"
185.191.171.40 - - [30/Sep/2022:18:19:27 -0700] "GET /robots.txt HTTP/1.1" 200 55 "-" "Mozilla/5.0 (compatible; SemrushBot/7~bl; +http://www.semrush.com/bot.html)" "savemoki.com"
185.191.171.43 - - [30/Sep/2022:18:19:28 -0700] "GET /Mokis_Videos.html HTTP/1.1" 200 5528 "-" "Mozilla/5.0 (compatible; SemrushBot/7~bl; +http://www.semrush.com/bot.html)" "savemoki.com"
77.88.5.42 - - [30/Sep/2022:18:22:09 -0700] "GET /robots.txt HTTP/1.1" 200 39 "-" "Mozilla/5.0 (compatible; YandexBot/3.0; +http://yandex.com/bots)" "savemoki.com"
114.119.139.166 - - [30/Sep/2022:18:22:27 -0700] "GET /Shop.html HTTP/1.1" 200 2842 "https://www.savemoki.com?C=N%3BO%3DD" "Mozilla/5.0 (Linux; Android 7.0;) AppleWebKit/537.36 (KHTML, like Gecko) Mobile Safari/537.36 (compatible; PetalBot;+https://webmaster.petalsearch.com/site/petalbot)" "www.savemoki.com"
114.119.156.133 - - [30/Sep/2022:18:28:23 -0700] "GET /socialenginetrial?S=D HTTP/1.1" 301 1421 "https://savemoki.com/socialenginetrial?S=A" "Mozilla/5.0 (Linux; Android 7.0;) AppleWebKit/537.36 (KHTML, like Gecko) Mobile Safari/537.36 (compatible; PetalBot;+https://webmaster.petalsearch.com/site/petalbot)" "savemoki.com"
114.119.156.133 - - [30/Sep/2022:18:28:24 -0700] "GET /socialenginetrial/?S=D HTTP/1.1" 200 318 "https://savemoki.com/socialenginetrial?S=A" "Mozilla/5.0 (Linux; Android 7.0;) AppleWebKit/537.36 (KHTML, like Gecko) Mobile Safari/537.36 (compatible; PetalBot;+https://webmaster.petalsearch.com/site/petalbot)" "savemoki.com"
194.38.20.161 - - [30/Sep/2022:18:28:28 -0700] "GET /wp-content/themes/lightspeed/framework/_scripts/valums_uploader/php.php HTTP/1.1" 404 73 "-" "ALittle Client" "savemoki.com"
52.32.74.56 - - [30/Sep/2022:18:30:45 -0700] "GET /blog1/2015/05/07/test-post/ HTTP/1.1" 404 73 "http://savemoki.com/blog1/2015/05/07/test-post/" "Mozilla/5.0 (Windows NT 10.0; Win64; x64) AppleWebKit/537.36 (KHTML, like Gecko) Chrome/90.0.4430.72 Safari/537.36" "savemoki.com"
52.32.74.56 - - [30/Sep/2022:18:30:46 -0700] "GET / HTTP/1.1" 200 7350 "http://savemoki.com/" "Mozilla/5.0 (Windows NT 10.0; Win64; x64) AppleWebKit/537.36 (KHTML, like Gecko) Chrome/90.0.4430.72 Safari/537.36" "savemoki.com"
52.32.74.56 - - [30/Sep/2022:18:30:46 -0700] "GET /blog/ HTTP/1.1" 200 698 "http://savemoki.com/blog/" "Mozilla/5.0 (Windows NT 10.0; Win64; x64) AppleWebKit/537.36 (KHTML, like Gecko) Chrome/90.0.4430.72 Safari/537.36" "savemoki.com"
52.32.74.56 - - [30/Sep/2022:18:30:48 -0700] "GET /blog/contact_us.html HTTP/1.1" 404 73 "http://savemoki.com/blog/contact_us.html" "Mozilla/5.0 (Windows NT 10.0; Win64; x64) AppleWebKit/537.36 (KHTML, like Gecko) Chrome/90.0.4430.72 Safari/537.36" "savemoki.com"
52.32.74.56 - - [30/Sep/2022:18:30:48 -0700] "GET /contact_us.html HTTP/1.1" 200 18024 "http://savemoki.com/contact_us.html" "Mozilla/5.0 (Windows NT 10.0; Win64; x64) AppleWebKit/537.36 (KHTML, like Gecko) Chrome/90.0.4430.72 Safari/537.36" "savemoki.com"
114.119.156.133 - - [30/Sep/2022:18:34:16 -0700] "GET /clipart/buttons/themes/rectangle_yellow?C=D%3BO%3DA HTTP/1.1" 301 1445 "https://savemoki.com/clipart/buttons/themes/rectangle_yellow?C=M%3BO%3DA" "Mozilla/5.0 (Linux; Android 7.0;) AppleWebKit/537.36 (KHTML, like Gecko) Mobile Safari/537.36 (compatible; PetalBot;+https://webmaster.petalsearch.com/site/petalbot)" "savemoki.com"
114.119.156.133 - - [30/Sep/2022:18:34:17 -0700] "GET /clipart/buttons/themes/rectangle_yellow/?C=D%3BO%3DA HTTP/1.1" 200 427 "https://savemoki.com/clipart/buttons/themes/rectangle_yellow?C=M%3BO%3DA" "Mozilla/5.0 (Linux; Android 7.0;) AppleWebKit/537.36 (KHTML, like Gecko) Mobile Safari/537.36 (compatible; PetalBot;+https://webmaster.petalsearch.com/site/petalbot)" "savemoki.com"
18.237.225.131 - - [30/Sep/2022:18:38:23 -0700] "GET / HTTP/1.1" 200 1286 "-" "Mozilla/5.0 (X11; Linux x86_64) AppleWebKit/537.36 (KHTML, like Gecko) Chrome/83.0.4103.97 Safari/537.36" "savemoki.com"
35.90.214.220 - - [30/Sep/2022:18:38:25 -0700] "GET / HTTP/1.1" 200 1286 "-" "Mozilla/5.0 (X11; Linux x86_64) AppleWebKit/537.36 (KHTML, like Gecko) Chrome/83.0.4103.97 Safari/537.36" "savemoki.com"
54.212.104.30 - - [30/Sep/2022:18:38:57 -0700] "GET /favicon.ico HTTP/1.1" 404 88 "-" "Mozilla/5.0 (X11; Linux x86_64) AppleWebKit/537.36 (KHTML, like Gecko) Chrome/83.0.4103.97 Safari/537.36" "savemoki.com"
54.186.31.11 - - [30/Sep/2022:18:39:01 -0700] "GET /favicon.ico HTTP/1.1" 404 88 "-" "Mozilla/5.0 (X11; Linux x86_64) AppleWebKit/537.36 (KHTML, like Gecko) Chrome/83.0.4103.97 Safari/537.36" "savemoki.com"
54.186.31.11 - - [30/Sep/2022:18:39:01 -0700] "GET / HTTP/1.1" 200 1286 "-" "Mozilla/5.0 (X11; Linux x86_64) AppleWebKit/537.36 (KHTML, like Gecko) Chrome/83.0.4103.97 Safari/537.36" "savemoki.com"
114.119.139.166 - - [30/Sep/2022:18:40:13 -0700] "GET /clipart/pageHeaders?M=A HTTP/1.1" 301 1422 "https://www.savemoki.com/clipart/pageHeaders?S=D" "Mozilla/5.0 (Linux; Android 7.0;) AppleWebKit/537.36 (KHTML, like Gecko) Mobile Safari/537.36 (compatible; PetalBot;+https://webmaster.petalsearch.com/site/petalbot)" "www.savemoki.com"
114.119.139.166 - - [30/Sep/2022:18:40:15 -0700] "GET /clipart/pageHeaders/?M=A HTTP/1.1" 200 427 "https://www.savemoki.com/clipart/pageHeaders?S=D" "Mozilla/5.0 (Linux; Android 7.0;) AppleWebKit/537.36 (KHTML, like Gecko) Mobile Safari/537.36 (compatible; PetalBot;+https://webmaster.petalsearch.com/site/petalbot)" "www.savemoki.com"
114.119.156.133 - - [30/Sep/2022:18:46:07 -0700] "GET /images?M=A HTTP/1.1" 301 1413 "https://www.savemoki.com/images?M=D" "Mozilla/5.0 (Linux; Android 7.0;) AppleWebKit/537.36 (KHTML, like Gecko) Mobile Safari/537.36 (compatible; PetalBot;+https://webmaster.petalsearch.com/site/petalbot)" "www.savemoki.com"
114.119.156.133 - - [30/Sep/2022:18:46:09 -0700] "GET /images/?M=A HTTP/1.1" 200 2158 "https://www.savemoki.com/images?M=D" "Mozilla/5.0 (Linux; Android 7.0;) AppleWebKit/537.36 (KHTML, like Gecko) Mobile Safari/537.36 (compatible; PetalBot;+https://webmaster.petalsearch.com/site/petalbot)" "www.savemoki.com"
37.139.53.81 - - [30/Sep/2022:18:51:05 -0700] "GET /contact_us.html HTTP/1.1" 200 18024 "http://savemoki.com/contact_us.html" "Mozilla/5.0 (Windows NT 10.0; Win64; x64) AppleWebKit/537.36 (KHTML, like Gecko) Chrome/83.0.4100.3 Safari/537.36" "savemoki.com"
198.251.89.135 - - [30/Sep/2022:18:51:36 -0700] "GET /blog1/2015/05/07/test-post/ HTTP/1.1" 404 73 "http://savemoki.com/blog1/2015/05/07/test-post/" "Mozilla/5.0 (Windows NT 6.3; Win64; x64) AppleWebKit/537.36 (KHTML, like Gecko) Chrome/90.0.4430.85 Safari/537.36" "savemoki.com"
45.129.56.207 - - [30/Sep/2022:18:51:42 -0700] "GET / HTTP/1.1" 200 7350 "http://savemoki.com/" "Mozilla/5.0 (Windows NT 6.3; Win64; x64) AppleWebKit/537.36 (KHTML, like Gecko) Chrome/90.0.4430.85 Safari/537.36" "savemoki.com"
45.154.255.140 - - [30/Sep/2022:18:51:45 -0700] "GET /blog/ HTTP/1.1" 200 698 "http://savemoki.com/blog/" "Mozilla/5.0 (Windows NT 6.3; Win64; x64) AppleWebKit/537.36 (KHTML, like Gecko) Chrome/90.0.4430.85 Safari/537.36" "savemoki.com"
114.119.156.133 - - [30/Sep/2022:18:52:01 -0700] "GET /clipart/backgrounds?S=D HTTP/1.1" 301 1418 "https://www.savemoki.com/clipart/backgrounds?S=A" "Mozilla/5.0 (Linux; Android 7.0;) AppleWebKit/537.36 (KHTML, like Gecko) Mobile Safari/537.36 (compatible; PetalBot;+https://webmaster.petalsearch.com/site/petalbot)" "www.savemoki.com"
114.119.156.133 - - [30/Sep/2022:18:52:03 -0700] "GET /clipart/backgrounds/?S=D HTTP/1.1" 200 366 "https://www.savemoki.com/clipart/backgrounds?S=A" "Mozilla/5.0 (Linux; Android 7.0;) AppleWebKit/537.36 (KHTML, like Gecko) Mobile Safari/537.36 (compatible; PetalBot;+https://webmaster.petalsearch.com/site/petalbot)" "www.savemoki.com"
114.119.139.167 - - [30/Sep/2022:18:57:58 -0700] "GET /blog/wp-content/themes/themeforest-625914-ice-theme-powerful-wordpress-theme-1/sample%20content/about_us_page.txt HTTP/1.1" 200 639 "https://www.savemoki.com/blog/wp-content/themes/themeforest-625914-ice-theme-powerful-wordpress-theme-1/sample%20content" "Mozilla/5.0 (Linux; Android 7.0;) AppleWebKit/537.36 (KHTML, like Gecko) Mobile Safari/537.36 (compatible; PetalBot;+https://webmaster.petalsearch.com/site/petalbot)" "www.savemoki.com"
114.119.139.167 - - [30/Sep/2022:19:03:52 -0700] "GET /sitebuilder/images/UC_Davis_Visit_3_13_08-450x600.jpg HTTP/1.1" 200 56128 "http://www.savemoki.com/MedicalRecord.html" "Mozilla/5.0 (Linux; Android 7.0;) AppleWebKit/537.36 (KHTML, like Gecko) Mobile Safari/537.36 (compatible; PetalBot;+https://webmaster.petalsearch.com/site/petalbot)" "www.savemoki.com"
114.119.139.185 - - [30/Sep/2022:19:09:49 -0700] "GET /blog/wp-content/themes/themeforest-625914-ice-theme-powerful-wordpress-theme-1/licensing?C=N%3BO%3DD HTTP/1.1" 301 1473 "https://savemoki.com/blog/wp-content/themes/themeforest-625914-ice-theme-powerful-wordpress-theme-1/licensing" "Mozilla/5.0 (Linux; Android 7.0;) AppleWebKit/537.36 (KHTML, like Gecko) Mobile Safari/537.36 (compatible; PetalBot;+https://webmaster.petalsearch.com/site/petalbot)" "savemoki.com"
114.119.139.185 - - [30/Sep/2022:19:09:50 -0700] "GET /blog/wp-content/themes/themeforest-625914-ice-theme-powerful-wordpress-theme-1/licensing/?C=N%3BO%3DD HTTP/1.1" 200 419 "https://savemoki.com/blog/wp-content/themes/themeforest-625914-ice-theme-powerful-wordpress-theme-1/licensing" "Mozilla/5.0 (Linux; Android 7.0;) AppleWebKit/537.36 (KHTML, like Gecko) Mobile Safari/537.36 (compatible; PetalBot;+https://webmaster.petalsearch.com/site/petalbot)" "savemoki.com"
49.7.20.152 - - [30/Sep/2022:19:12:08 -0700] "GET / HTTP/1.1" 200 1286 "-" "Sogou web spider/4.0(+http://www.sogou.com/docs/help/webmasters.htm#07)" "www.savemoki.com"
114.119.156.133 - - [30/Sep/2022:19:15:48 -0700] "GET /socialenginetrial?C=S%3BO%3DA HTTP/1.1" 301 1430 "https://savemoki.com/socialenginetrial" "Mozilla/5.0 (Linux; Android 7.0;) AppleWebKit/537.36 (KHTML, like Gecko) Mobile Safari/537.36 (compatible; PetalBot;+https://webmaster.petalsearch.com/site/petalbot)" "savemoki.com"
114.119.156.133 - - [30/Sep/2022:19:15:49 -0700] "GET /socialenginetrial/?C=S%3BO%3DA HTTP/1.1" 200 318 "https://savemoki.com/socialenginetrial" "Mozilla/5.0 (Linux; Android 7.0;) AppleWebKit/537.36 (KHTML, like Gecko) Mobile Safari/537.36 (compatible; PetalBot;+https://webmaster.petalsearch.com/site/petalbot)" "savemoki.com"
114.119.139.167 - - [30/Sep/2022:19:21:54 -0700] "GET /media?C=S%3BO%3DA HTTP/1.1" 301 1422 "https://www.savemoki.com/media?M=A" "Mozilla/5.0 (Linux; Android 7.0;) AppleWebKit/537.36 (KHTML, like Gecko) Mobile Safari/537.36 (compatible; PetalBot;+https://webmaster.petalsearch.com/site/petalbot)" "www.savemoki.com"
114.119.139.167 - - [30/Sep/2022:19:21:56 -0700] "GET /media/?C=S%3BO%3DA HTTP/1.1" 200 396 "https://www.savemoki.com/media?M=A" "Mozilla/5.0 (Linux; Android 7.0;) AppleWebKit/537.36 (KHTML, like Gecko) Mobile Safari/537.36 (compatible; PetalBot;+https://webmaster.petalsearch.com/site/petalbot)" "www.savemoki.com"
114.119.139.167 - - [30/Sep/2022:19:28:01 -0700] "GET /navigation_bars?M=D HTTP/1.1" 301 1421 "https://www.savemoki.com/navigation_bars?M=A" "Mozilla/5.0 (Linux; Android 7.0;) AppleWebKit/537.36 (KHTML, like Gecko) Mobile Safari/537.36 (compatible; PetalBot;+https://webmaster.petalsearch.com/site/petalbot)" "www.savemoki.com"
114.119.139.167 - - [30/Sep/2022:19:28:02 -0700] "GET /navigation_bars/?M=D HTTP/1.1" 200 408 "https://www.savemoki.com/navigation_bars?M=A" "Mozilla/5.0 (Linux; Android 7.0;) AppleWebKit/537.36 (KHTML, like Gecko) Mobile Safari/537.36 (compatible; PetalBot;+https://webmaster.petalsearch.com/site/petalbot)" "www.savemoki.com"
77.75.79.95 - - [30/Sep/2022:19:31:02 -0700] "GET /robots.txt HTTP/1.1" 200 55 "-" "Mozilla/5.0 (compatible; SeznamBot/3.2; +http://napoveda.seznam.cz/en/seznambot-intro/)" "savemoki.com"
77.75.79.95 - - [30/Sep/2022:19:31:04 -0700] "GET /images/P7120221.JPG HTTP/1.1" 304 - "-" "Mozilla/5.0 (compatible; SeznamBot/3.2; +http://napoveda.seznam.cz/en/seznambot-intro/)" "savemoki.com"
114.119.139.185 - - [30/Sep/2022:19:34:05 -0700] "GET /2test/index.php/feed/ HTTP/1.1" 200 3636 "https://www.savemoki.com/2test/" "Mozilla/5.0 (Linux; Android 7.0;) AppleWebKit/537.36 (KHTML, like Gecko) Mobile Safari/537.36 (compatible; PetalBot;+https://webmaster.petalsearch.com/site/petalbot)" "savemoki.com"
10.213.116.62 - - [30/Sep/2022:19:34:08 -0700] "POST /2test/wp-cron.php?doing_wp_cron=1664591648.2701110839843750000000 HTTP/1.1" 200 - "https://savemoki.com/2test/wp-cron.php?doing_wp_cron=1664591648.2701110839843750000000" "WordPress/5.4.11; https://savemoki.com/2test" "savemoki.com"
114.119.139.185 - - [30/Sep/2022:19:40:01 -0700] "GET /clipart/images?D=A HTTP/1.1" 301 1419 "https://www.savemoki.com/clipart/images?N=D" "Mozilla/5.0 (Linux; Android 7.0;) AppleWebKit/537.36 (KHTML, like Gecko) Mobile Safari/537.36 (compatible; PetalBot;+https://webmaster.petalsearch.com/site/petalbot)" "www.savemoki.com"
114.119.139.185 - - [30/Sep/2022:19:40:02 -0700] "GET /clipart/images/?D=A HTTP/1.1" 200 489 "https://www.savemoki.com/clipart/images?N=D" "Mozilla/5.0 (Linux; Android 7.0;) AppleWebKit/537.36 (KHTML, like Gecko) Mobile Safari/537.36 (compatible; PetalBot;+https://webmaster.petalsearch.com/site/petalbot)" "www.savemoki.com"
114.119.139.166 - - [30/Sep/2022:19:45:59 -0700] "GET /clipart/images?C=N%3BO%3DD HTTP/1.1" 301 1428 "https://www.savemoki.com/clipart/images?C=M%3BO%3DA" "Mozilla/5.0 (Linux; Android 7.0;) AppleWebKit/537.36 (KHTML, like Gecko) Mobile Safari/537.36 (compatible; PetalBot;+https://webmaster.petalsearch.com/site/petalbot)" "www.savemoki.com"
114.119.139.166 - - [30/Sep/2022:19:46:03 -0700] "GET /clipart/images/?C=N%3BO%3DD HTTP/1.1" 200 489 "https://www.savemoki.com/clipart/images?C=M%3BO%3DA" "Mozilla/5.0 (Linux; Android 7.0;) AppleWebKit/537.36 (KHTML, like Gecko) Mobile Safari/537.36 (compatible; PetalBot;+https://webmaster.petalsearch.com/site/petalbot)" "www.savemoki.com"
185.191.171.35 - - [30/Sep/2022:19:51:10 -0700] "GET /robots.txt HTTP/1.1" 200 55 "-" "Mozilla/5.0 (compatible; SemrushBot/7~bl; +http://www.semrush.com/bot.html)" "savemoki.com"
185.191.171.34 - - [30/Sep/2022:19:51:10 -0700] "GET /2test/index.php/heritage-flex-academy/ HTTP/1.1" 200 19099 "-" "Mozilla/5.0 (compatible; SemrushBot/7~bl; +http://www.semrush.com/bot.html)" "savemoki.com"
10.213.116.63 - - [30/Sep/2022:19:51:14 -0700] "POST /2test/wp-cron.php?doing_wp_cron=1664592674.7988510131835937500000 HTTP/1.1" 200 - "http://savemoki.com/2test/wp-cron.php?doing_wp_cron=1664592674.7988510131835937500000" "WordPress/5.4.11; http://savemoki.com/2test" "savemoki.com"
114.119.156.133 - - [30/Sep/2022:19:51:50 -0700] "GET /clipart/images/sidebars?C=S%3BO%3DA HTTP/1.1" 301 1434 "https://www.savemoki.com/clipart/images/sidebars?C=D%3BO%3DA" "Mozilla/5.0 (Linux; Android 7.0;) AppleWebKit/537.36 (KHTML, like Gecko) Mobile Safari/537.36 (compatible; PetalBot;+https://webmaster.petalsearch.com/site/petalbot)" "www.savemoki.com"
114.119.156.133 - - [30/Sep/2022:19:51:53 -0700] "GET /clipart/images/sidebars/?C=S%3BO%3DA HTTP/1.1" 200 432 "https://www.savemoki.com/clipart/images/sidebars?C=D%3BO%3DA" "Mozilla/5.0 (Linux; Android 7.0;) AppleWebKit/537.36 (KHTML, like Gecko) Mobile Safari/537.36 (compatible; PetalBot;+https://webmaster.petalsearch.com/site/petalbot)" "www.savemoki.com"
114.119.139.185 - - [30/Sep/2022:19:57:41 -0700] "GET /clipart/images/frames?M=D HTTP/1.1" 301 1423 "https://www.savemoki.com/clipart/images/frames?M=A" "Mozilla/5.0 (Linux; Android 7.0;) AppleWebKit/537.36 (KHTML, like Gecko) Mobile Safari/537.36 (compatible; PetalBot;+https://webmaster.petalsearch.com/site/petalbot)" "www.savemoki.com"
114.119.139.185 - - [30/Sep/2022:19:57:42 -0700] "GET /clipart/images/frames/?M=D HTTP/1.1" 200 379 "https://www.savemoki.com/clipart/images/frames?M=A" "Mozilla/5.0 (Linux; Android 7.0;) AppleWebKit/537.36 (KHTML, like Gecko) Mobile Safari/537.36 (compatible; PetalBot;+https://webmaster.petalsearch.com/site/petalbot)" "www.savemoki.com"
114.119.139.148 - - [30/Sep/2022:20:03:35 -0700] "GET /clipart/buttons/themes/swoosh_blue/?C=M%3BO%3DA HTTP/1.1" 200 418 "https://savemoki.com/clipart/buttons/themes/swoosh_blue?C=D%3BO%3DA" "Mozilla/5.0 (Linux; Android 7.0;) AppleWebKit/537.36 (KHTML, like Gecko) Mobile Safari/537.36 (compatible; PetalBot;+https://webmaster.petalsearch.com/site/petalbot)" "savemoki.com"
217.146.2.41 - - [30/Sep/2022:20:05:31 -0700] "GET /blog1/2015/05/07/test-post/ HTTP/1.1" 404 73 "http://savemoki.com/blog1/2015/05/07/test-post/" "Mozilla/5.0 (Windows NT 6.3; Win64; x64) AppleWebKit/537.36 (KHTML, like Gecko) Chrome/90.0.4430.85 Safari/537.36 Edg/90.0.818.49" "savemoki.com"
217.146.2.41 - - [30/Sep/2022:20:05:32 -0700] "GET / HTTP/1.1" 200 7350 "http://savemoki.com/" "Mozilla/5.0 (Windows NT 6.3; Win64; x64) AppleWebKit/537.36 (KHTML, like Gecko) Chrome/90.0.4430.85 Safari/537.36 Edg/90.0.818.49" "savemoki.com"
217.146.2.41 - - [30/Sep/2022:20:05:34 -0700] "GET /blog/ HTTP/1.1" 200 698 "http://savemoki.com/blog/" "Mozilla/5.0 (Windows NT 6.3; Win64; x64) AppleWebKit/537.36 (KHTML, like Gecko) Chrome/90.0.4430.85 Safari/537.36 Edg/90.0.818.49" "savemoki.com"
217.146.2.41 - - [30/Sep/2022:20:05:35 -0700] "GET /blog/contact_us.html HTTP/1.1" 404 73 "http://savemoki.com/blog/contact_us.html" "Mozilla/5.0 (Windows NT 6.3; Win64; x64) AppleWebKit/537.36 (KHTML, like Gecko) Chrome/90.0.4430.85 Safari/537.36 Edg/90.0.818.49" "savemoki.com"
217.146.2.41 - - [30/Sep/2022:20:05:36 -0700] "GET /contact_us.html HTTP/1.1" 200 18024 "http://savemoki.com/contact_us.html" "Mozilla/5.0 (Windows NT 6.3; Win64; x64) AppleWebKit/537.36 (KHTML, like Gecko) Chrome/90.0.4430.85 Safari/537.36 Edg/90.0.818.49" "savemoki.com"
64.124.8.32 - - [30/Sep/2022:20:06:50 -0700] "GET /robots.txt HTTP/1.1" 200 55 "-" "Mozilla/5.0 (X11; Linux x86_64) AppleWebKit/537.36 (KHTML, like Gecko) Chrome/61.0.3163.79 Safari/537.36" "savemoki.com"
64.124.8.32 - - [30/Sep/2022:20:06:50 -0700] "GET /2test/index.php/courses/fifth-grade/ HTTP/1.1" 200 20466 "-" "Mozilla/5.0 (X11; Linux x86_64) AppleWebKit/537.36 (KHTML, like Gecko) Chrome/61.0.3163.79 Safari/537.36" "savemoki.com"
114.119.139.185 - - [30/Sep/2022:20:09:31 -0700] "GET /sitebuilder/images/ HTTP/1.1" 200 3814 "https://www.savemoki.com/sitebuilder?C=D%3BO%3DA" "Mozilla/5.0 (Linux; Android 7.0;) AppleWebKit/537.36 (KHTML, like Gecko) Mobile Safari/537.36 (compatible; PetalBot;+https://webmaster.petalsearch.com/site/petalbot)" "www.savemoki.com"
114.119.139.167 - - [30/Sep/2022:20:15:22 -0700] "GET /?C=N%3BO%3DD HTTP/1.1" 200 1286 "https://savemoki.com/" "Mozilla/5.0 (Linux; Android 7.0;) AppleWebKit/537.36 (KHTML, like Gecko) Mobile Safari/537.36 (compatible; PetalBot;+https://webmaster.petalsearch.com/site/petalbot)" "savemoki.com"
64.124.8.32 - - [30/Sep/2022:20:24:44 -0700] "GET /contact_us HTTP/1.1" 200 7367 "-" "Mozilla/5.0 (X11; Linux x86_64) AppleWebKit/537.36 (KHTML, like Gecko) Chrome/61.0.3163.79 Safari/537.36" "savemoki.com"
64.124.8.32 - - [30/Sep/2022:20:27:13 -0700] "GET /2test/index.php/2020/04/03/sample-page/ HTTP/1.1" 200 21003 "-" "Mozilla/5.0 (X11; Linux x86_64) AppleWebKit/537.36 (KHTML, like Gecko) Chrome/61.0.3163.79 Safari/537.36" "savemoki.com"
10.213.116.62 - - [30/Sep/2022:20:27:16 -0700] "POST /2test/wp-cron.php?doing_wp_cron=1664594836.7279820442199707031250 HTTP/1.1" 200 - "http://savemoki.com/2test/wp-cron.php?doing_wp_cron=1664594836.7279820442199707031250" "WordPress/5.4.11; http://savemoki.com/2test" "savemoki.com"
114.119.139.166 - - [30/Sep/2022:20:38:30 -0700] "GET /2test/index.php/comments/feed/ HTTP/1.1" 200 1850 "https://www.savemoki.com/2test/" "Mozilla/5.0 (Linux; Android 7.0;) AppleWebKit/537.36 (KHTML, like Gecko) Mobile Safari/537.36 (compatible; PetalBot;+https://webmaster.petalsearch.com/site/petalbot)" "savemoki.com"
10.213.116.64 - - [30/Sep/2022:20:38:33 -0700] "POST /2test/wp-cron.php?doing_wp_cron=1664595513.6942141056060791015625 HTTP/1.1" 200 - "https://savemoki.com/2test/wp-cron.php?doing_wp_cron=1664595513.6942141056060791015625" "WordPress/5.4.11; https://savemoki.com/2test" "savemoki.com"
77.88.5.42 - - [30/Sep/2022:20:44:02 -0700] "GET /robots.txt HTTP/1.1" 200 39 "-" "Mozilla/5.0 (compatible; YandexBot/3.0; +http://yandex.com/bots)" "savemoki.com"
93.158.161.71 - - [30/Sep/2022:20:44:06 -0700] "GET /temporarypreviewfile.html HTTP/1.1" 200 309 "-" "Mozilla/5.0 (compatible; YandexBot/3.0; +http://yandex.com/bots)" "savemoki.com"
77.75.79.54 - - [30/Sep/2022:20:46:53 -0700] "GET /robots.txt HTTP/1.1" 200 55 "-" "Mozilla/5.0 (compatible; SeznamBot/3.2; +http://napoveda.seznam.cz/en/seznambot-intro/)" "savemoki.com"
77.75.79.54 - - [30/Sep/2022:20:46:57 -0700] "GET /images/Moki_resting_in_his_bed.jpg HTTP/1.1" 304 - "-" "Mozilla/5.0 (compatible; SeznamBot/3.2; +http://napoveda.seznam.cz/en/seznambot-intro/)" "savemoki.com"
193.35.48.118 - - [30/Sep/2022:21:11:56 -0700] "GET /blog1/2015/05/07/test-post/ HTTP/1.1" 404 73 "http://savemoki.com/blog1/2015/05/07/test-post/" "Mozilla/5.0 (Windows NT 10.0; Win64; x64) AppleWebKit/537.36 (KHTML, like Gecko) Chrome/90.0.4430.72 Safari/537.36 Edg/90.0.818.42" "savemoki.com"
193.35.48.118 - - [30/Sep/2022:21:11:56 -0700] "GET / HTTP/1.1" 200 7350 "http://savemoki.com/" "Mozilla/5.0 (Windows NT 10.0; Win64; x64) AppleWebKit/537.36 (KHTML, like Gecko) Chrome/90.0.4430.72 Safari/537.36 Edg/90.0.818.42" "savemoki.com"
193.35.48.118 - - [30/Sep/2022:21:11:57 -0700] "GET /blog/ HTTP/1.1" 200 698 "http://savemoki.com/blog/" "Mozilla/5.0 (Windows NT 10.0; Win64; x64) AppleWebKit/537.36 (KHTML, like Gecko) Chrome/90.0.4430.72 Safari/537.36 Edg/90.0.818.42" "savemoki.com"
193.35.48.118 - - [30/Sep/2022:21:11:57 -0700] "GET /blog/contact_us.html HTTP/1.1" 404 73 "http://savemoki.com/blog/contact_us.html" "Mozilla/5.0 (Windows NT 10.0; Win64; x64) AppleWebKit/537.36 (KHTML, like Gecko) Chrome/90.0.4430.72 Safari/537.36 Edg/90.0.818.42" "savemoki.com"
193.35.48.118 - - [30/Sep/2022:21:11:58 -0700] "GET /contact_us.html HTTP/1.1" 200 18024 "http://savemoki.com/contact_us.html" "Mozilla/5.0 (Windows NT 10.0; Win64; x64) AppleWebKit/537.36 (KHTML, like Gecko) Chrome/90.0.4430.72 Safari/537.36 Edg/90.0.818.42" "savemoki.com"
114.119.139.167 - - [30/Sep/2022:21:12:32 -0700] "GET /clipart/images/sidebars/?C=N%3BO%3DD HTTP/1.1" 200 432 "https://savemoki.com/clipart/images/sidebars?C=M%3BO%3DA" "Mozilla/5.0 (Linux; Android 7.0;) AppleWebKit/537.36 (KHTML, like Gecko) Mobile Safari/537.36 (compatible; PetalBot;+https://webmaster.petalsearch.com/site/petalbot)" "savemoki.com"
188.165.212.137 - - [30/Sep/2022:21:14:07 -0700] "GET /robots.txt HTTP/1.1" 200 39 "-" "Mozilla/5.0 (compatible; MJ12bot/v1.4.8; http://mj12bot.com/)" "www.savemoki.com"
188.165.212.137 - - [30/Sep/2022:21:14:09 -0700] "GET /blog/?C=S;O=D HTTP/1.1" 200 350 "-" "Mozilla/5.0 (compatible; MJ12bot/v1.4.8; http://mj12bot.com/)" "www.savemoki.com"
188.165.212.137 - - [30/Sep/2022:21:14:11 -0700] "GET /blog/wp-content/?C=D;O=D HTTP/1.1" 200 357 "-" "Mozilla/5.0 (compatible; MJ12bot/v1.4.8; http://mj12bot.com/)" "www.savemoki.com"
188.165.212.137 - - [30/Sep/2022:21:14:12 -0700] "GET /blog/wp-content/?C=M;O=D HTTP/1.1" 200 357 "-" "Mozilla/5.0 (compatible; MJ12bot/v1.4.8; http://mj12bot.com/)" "www.savemoki.com"
188.165.212.137 - - [30/Sep/2022:21:14:15 -0700] "GET /blog/wp-content/?C=N;O=A HTTP/1.1" 200 359 "-" "Mozilla/5.0 (compatible; MJ12bot/v1.4.8; http://mj12bot.com/)" "www.savemoki.com"
188.165.212.137 - - [30/Sep/2022:21:14:17 -0700] "GET /blog/wp-content/?C=S;O=D HTTP/1.1" 200 357 "-" "Mozilla/5.0 (compatible; MJ12bot/v1.4.8; http://mj12bot.com/)" "www.savemoki.com"
188.165.212.137 - - [30/Sep/2022:21:14:18 -0700] "GET /clipart/?C=D;O=D HTTP/1.1" 200 438 "-" "Mozilla/5.0 (compatible; MJ12bot/v1.4.8; http://mj12bot.com/)" "www.savemoki.com"
188.165.212.137 - - [30/Sep/2022:21:14:20 -0700] "GET /clipart/?C=M;O=D HTTP/1.1" 200 435 "-" "Mozilla/5.0 (compatible; MJ12bot/v1.4.8; http://mj12bot.com/)" "www.savemoki.com"
188.165.212.137 - - [30/Sep/2022:21:14:22 -0700] "GET /clipart/?C=N;O=A HTTP/1.1" 200 440 "-" "Mozilla/5.0 (compatible; MJ12bot/v1.4.8; http://mj12bot.com/)" "www.savemoki.com"
188.165.212.137 - - [30/Sep/2022:21:14:24 -0700] "GET /clipart/?C=S;O=D HTTP/1.1" 200 438 "-" "Mozilla/5.0 (compatible; MJ12bot/v1.4.8; http://mj12bot.com/)" "www.savemoki.com"
188.165.212.137 - - [30/Sep/2022:21:14:25 -0700] "GET /clipart/backgrounds/?C=M;O=D HTTP/1.1" 200 364 "-" "Mozilla/5.0 (compatible; MJ12bot/v1.4.8; http://mj12bot.com/)" "www.savemoki.com"
188.165.212.137 - - [30/Sep/2022:21:14:27 -0700] "GET /clipart/backgrounds/?C=S;O=D HTTP/1.1" 200 364 "-" "Mozilla/5.0 (compatible; MJ12bot/v1.4.8; http://mj12bot.com/)" "www.savemoki.com"
188.165.212.137 - - [30/Sep/2022:21:14:29 -0700] "GET /clipart/bullets/?C=D;O=D HTTP/1.1" 200 426 "-" "Mozilla/5.0 (compatible; MJ12bot/v1.4.8; http://mj12bot.com/)" "www.savemoki.com"
188.165.212.137 - - [30/Sep/2022:21:14:31 -0700] "GET /clipart/bullets/?C=M;O=D HTTP/1.1" 200 426 "-" "Mozilla/5.0 (compatible; MJ12bot/v1.4.8; http://mj12bot.com/)" "www.savemoki.com"
188.165.212.137 - - [30/Sep/2022:21:14:33 -0700] "GET /clipart/bullets/?C=S;O=D HTTP/1.1" 200 426 "-" "Mozilla/5.0 (compatible; MJ12bot/v1.4.8; http://mj12bot.com/)" "www.savemoki.com"
188.165.212.137 - - [30/Sep/2022:21:14:35 -0700] "GET /clipart/buttons/?C=D;O=D HTTP/1.1" 200 358 "-" "Mozilla/5.0 (compatible; MJ12bot/v1.4.8; http://mj12bot.com/)" "www.savemoki.com"
188.165.212.137 - - [30/Sep/2022:21:14:37 -0700] "GET /clipart/buttons/?C=M;O=D HTTP/1.1" 200 358 "-" "Mozilla/5.0 (compatible; MJ12bot/v1.4.8; http://mj12bot.com/)" "www.savemoki.com"
188.165.212.137 - - [30/Sep/2022:21:14:39 -0700] "GET /clipart/buttons/?C=N;O=A HTTP/1.1" 200 359 "-" "Mozilla/5.0 (compatible; MJ12bot/v1.4.8; http://mj12bot.com/)" "www.savemoki.com"
188.165.212.137 - - [30/Sep/2022:21:14:40 -0700] "GET /clipart/buttons/?C=S;O=D HTTP/1.1" 200 358 "-" "Mozilla/5.0 (compatible; MJ12bot/v1.4.8; http://mj12bot.com/)" "www.savemoki.com"
188.165.212.137 - - [30/Sep/2022:21:14:42 -0700] "GET /clipart/images/?C=D;O=D HTTP/1.1" 200 480 "-" "Mozilla/5.0 (compatible; MJ12bot/v1.4.8; http://mj12bot.com/)" "www.savemoki.com"
188.165.212.137 - - [30/Sep/2022:21:14:44 -0700] "GET /clipart/images/?C=S;O=D HTTP/1.1" 200 486 "-" "Mozilla/5.0 (compatible; MJ12bot/v1.4.8; http://mj12bot.com/)" "www.savemoki.com"
188.165.212.137 - - [30/Sep/2022:21:14:46 -0700] "GET /clipart/lines/?C=D;O=D HTTP/1.1" 200 359 "-" "Mozilla/5.0 (compatible; MJ12bot/v1.4.8; http://mj12bot.com/)" "www.savemoki.com"
188.165.212.137 - - [30/Sep/2022:21:14:47 -0700] "GET /clipart/lines/?C=M;O=D HTTP/1.1" 200 359 "-" "Mozilla/5.0 (compatible; MJ12bot/v1.4.8; http://mj12bot.com/)" "www.savemoki.com"
188.165.212.137 - - [30/Sep/2022:21:14:49 -0700] "GET /clipart/lines/?C=N;O=A HTTP/1.1" 200 361 "-" "Mozilla/5.0 (compatible; MJ12bot/v1.4.8; http://mj12bot.com/)" "www.savemoki.com"
188.165.212.137 - - [30/Sep/2022:21:14:51 -0700] "GET /clipart/lines/?C=S;O=D HTTP/1.1" 200 359 "-" "Mozilla/5.0 (compatible; MJ12bot/v1.4.8; http://mj12bot.com/)" "www.savemoki.com"
188.165.212.137 - - [30/Sep/2022:21:14:52 -0700] "GET /clipart/pageHeaders/?C=D;O=D HTTP/1.1" 200 427 "-" "Mozilla/5.0 (compatible; MJ12bot/v1.4.8; http://mj12bot.com/)" "www.savemoki.com"
188.165.212.137 - - [30/Sep/2022:21:14:55 -0700] "GET /clipart/pageHeaders/?C=M;O=D HTTP/1.1" 200 426 "-" "Mozilla/5.0 (compatible; MJ12bot/v1.4.8; http://mj12bot.com/)" "www.savemoki.com"
188.165.212.137 - - [30/Sep/2022:21:14:56 -0700] "GET /clipart/pageHeaders/?C=N;O=A HTTP/1.1" 200 427 "-" "Mozilla/5.0 (compatible; MJ12bot/v1.4.8; http://mj12bot.com/)" "www.savemoki.com"
188.165.212.137 - - [30/Sep/2022:21:14:58 -0700] "GET /clipart/pageHeaders/?C=S;O=D HTTP/1.1" 200 426 "-" "Mozilla/5.0 (compatible; MJ12bot/v1.4.8; http://mj12bot.com/)" "www.savemoki.com"
188.165.212.137 - - [30/Sep/2022:21:15:00 -0700] "GET /files/?C=D;O=D HTTP/1.1" 200 377 "-" "Mozilla/5.0 (compatible; MJ12bot/v1.4.8; http://mj12bot.com/)" "www.savemoki.com"
188.165.212.137 - - [30/Sep/2022:21:15:01 -0700] "GET /files/?C=M;O=D HTTP/1.1" 200 377 "-" "Mozilla/5.0 (compatible; MJ12bot/v1.4.8; http://mj12bot.com/)" "www.savemoki.com"
188.165.212.137 - - [30/Sep/2022:21:15:03 -0700] "GET /files/?C=N;O=A HTTP/1.1" 200 380 "-" "Mozilla/5.0 (compatible; MJ12bot/v1.4.8; http://mj12bot.com/)" "www.savemoki.com"
188.165.212.137 - - [30/Sep/2022:21:15:05 -0700] "GET /files/?C=S;O=D HTTP/1.1" 200 377 "-" "Mozilla/5.0 (compatible; MJ12bot/v1.4.8; http://mj12bot.com/)" "www.savemoki.com"
188.165.212.137 - - [30/Sep/2022:21:15:07 -0700] "GET /images/?C=D;O=D HTTP/1.1" 200 2155 "-" "Mozilla/5.0 (compatible; MJ12bot/v1.4.8; http://mj12bot.com/)" "www.savemoki.com"
188.165.212.137 - - [30/Sep/2022:21:15:09 -0700] "GET /images/?C=M;O=D HTTP/1.1" 200 2174 "-" "Mozilla/5.0 (compatible; MJ12bot/v1.4.8; http://mj12bot.com/)" "www.savemoki.com"
188.165.212.137 - - [30/Sep/2022:21:15:11 -0700] "GET /media/?C=D;O=D HTTP/1.1" 200 395 "-" "Mozilla/5.0 (compatible; MJ12bot/v1.4.8; http://mj12bot.com/)" "www.savemoki.com"
188.165.212.137 - - [30/Sep/2022:21:15:13 -0700] "GET /media/?C=M;O=D HTTP/1.1" 200 393 "-" "Mozilla/5.0 (compatible; MJ12bot/v1.4.8; http://mj12bot.com/)" "www.savemoki.com"
188.165.212.137 - - [30/Sep/2022:21:15:15 -0700] "GET /media/?C=S;O=D HTTP/1.1" 200 393 "-" "Mozilla/5.0 (compatible; MJ12bot/v1.4.8; http://mj12bot.com/)" "www.savemoki.com"
188.165.212.137 - - [30/Sep/2022:21:15:17 -0700] "GET /navigation_bars/?C=D;O=D HTTP/1.1" 200 405 "-" "Mozilla/5.0 (compatible; MJ12bot/v1.4.8; http://mj12bot.com/)" "www.savemoki.com"
188.165.212.137 - - [30/Sep/2022:21:15:18 -0700] "GET /navigation_bars/?C=M;O=D HTTP/1.1" 200 405 "-" "Mozilla/5.0 (compatible; MJ12bot/v1.4.8; http://mj12bot.com/)" "www.savemoki.com"
188.165.212.137 - - [30/Sep/2022:21:15:21 -0700] "GET /navigation_bars/?C=N;O=A HTTP/1.1" 200 408 "-" "Mozilla/5.0 (compatible; MJ12bot/v1.4.8; http://mj12bot.com/)" "www.savemoki.com"
188.165.212.137 - - [30/Sep/2022:21:15:23 -0700] "GET /navigation_bars/?C=S;O=D HTTP/1.1" 200 405 "-" "Mozilla/5.0 (compatible; MJ12bot/v1.4.8; http://mj12bot.com/)" "www.savemoki.com"
188.165.212.137 - - [30/Sep/2022:21:15:24 -0700] "GET /sitebuilder/?C=D;O=D HTTP/1.1" 200 370 "-" "Mozilla/5.0 (compatible; MJ12bot/v1.4.8; http://mj12bot.com/)" "www.savemoki.com"
188.165.212.137 - - [30/Sep/2022:21:15:26 -0700] "GET /sitebuilder/?C=M;O=D HTTP/1.1" 200 370 "-" "Mozilla/5.0 (compatible; MJ12bot/v1.4.8; http://mj12bot.com/)" "www.savemoki.com"
188.165.212.137 - - [30/Sep/2022:21:15:28 -0700] "GET /sitebuilder/?C=N;O=A HTTP/1.1" 200 372 "-" "Mozilla/5.0 (compatible; MJ12bot/v1.4.8; http://mj12bot.com/)" "www.savemoki.com"
188.165.212.137 - - [30/Sep/2022:21:15:30 -0700] "GET /sitebuilder/?C=S;O=D HTTP/1.1" 200 370 "-" "Mozilla/5.0 (compatible; MJ12bot/v1.4.8; http://mj12bot.com/)" "www.savemoki.com"
188.165.212.137 - - [30/Sep/2022:21:15:32 -0700] "GET /sitebuilder/images/?C=D;O=D HTTP/1.1" 200 3798 "-" "Mozilla/5.0 (compatible; MJ12bot/v1.4.8; http://mj12bot.com/)" "www.savemoki.com"
188.165.212.137 - - [30/Sep/2022:21:15:34 -0700] "GET /sitebuilder/images/?C=M;O=D HTTP/1.1" 200 3951 "-" "Mozilla/5.0 (compatible; MJ12bot/v1.4.8; http://mj12bot.com/)" "www.savemoki.com"
188.165.212.137 - - [30/Sep/2022:21:15:36 -0700] "GET /sitebuilder/images/?C=N;O=A HTTP/1.1" 200 3814 "-" "Mozilla/5.0 (compatible; MJ12bot/v1.4.8; http://mj12bot.com/)" "www.savemoki.com"
188.165.212.137 - - [30/Sep/2022:21:15:38 -0700] "GET /sitebuilder/images/?C=S;O=D HTTP/1.1" 200 3875 "-" "Mozilla/5.0 (compatible; MJ12bot/v1.4.8; http://mj12bot.com/)" "www.savemoki.com"
188.165.212.137 - - [30/Sep/2022:21:15:40 -0700] "GET /sitebuilder/scripts/?C=D;O=D HTTP/1.1" 200 370 "-" "Mozilla/5.0 (compatible; MJ12bot/v1.4.8; http://mj12bot.com/)" "www.savemoki.com"
188.165.212.137 - - [30/Sep/2022:21:15:42 -0700] "GET /sitebuilder/scripts/?C=M;O=D HTTP/1.1" 200 370 "-" "Mozilla/5.0 (compatible; MJ12bot/v1.4.8; http://mj12bot.com/)" "www.savemoki.com"
188.165.212.137 - - [30/Sep/2022:21:15:46 -0700] "GET /sitebuilder/scripts/?C=N;O=A HTTP/1.1" 200 373 "-" "Mozilla/5.0 (compatible; MJ12bot/v1.4.8; http://mj12bot.com/)" "www.savemoki.com"
188.165.212.137 - - [30/Sep/2022:21:15:51 -0700] "GET /sitebuilder/scripts/?C=S;O=D HTTP/1.1" 200 370 "-" "Mozilla/5.0 (compatible; MJ12bot/v1.4.8; http://mj12bot.com/)" "www.savemoki.com"
188.165.212.137 - - [30/Sep/2022:21:15:55 -0700] "GET /socialenginetrial/?C=D;O=D HTTP/1.1" 200 316 "-" "Mozilla/5.0 (compatible; MJ12bot/v1.4.8; http://mj12bot.com/)" "www.savemoki.com"
188.165.212.137 - - [30/Sep/2022:21:16:00 -0700] "GET /socialenginetrial/?C=M;O=D HTTP/1.1" 200 316 "-" "Mozilla/5.0 (compatible; MJ12bot/v1.4.8; http://mj12bot.com/)" "www.savemoki.com"
3.93.40.91 - - [30/Sep/2022:21:24:12 -0700] "GET /Links.html HTTP/1.1" 200 8682 "-" "Mozilla/5.0 (Macintosh; Intel Mac OS X 10_10_4) AppleWebKit/600.7.12 (KHTML, like Gecko) Version/8.0.7 Safari/600.7.12" "www.savemoki.com"
114.119.139.167 - - [30/Sep/2022:21:34:31 -0700] "GET /clipart/bullets?C=M%3BO%3DA HTTP/1.1" 301 1427 "https://www.savemoki.com/clipart/bullets" "Mozilla/5.0 (Linux; Android 7.0;) AppleWebKit/537.36 (KHTML, like Gecko) Mobile Safari/537.36 (compatible; PetalBot;+https://webmaster.petalsearch.com/site/petalbot)" "www.savemoki.com"
114.119.139.167 - - [30/Sep/2022:21:34:34 -0700] "GET /clipart/bullets/?C=M%3BO%3DA HTTP/1.1" 200 429 "https://www.savemoki.com/clipart/bullets" "Mozilla/5.0 (Linux; Android 7.0;) AppleWebKit/537.36 (KHTML, like Gecko) Mobile Safari/537.36 (compatible; PetalBot;+https://webmaster.petalsearch.com/site/petalbot)" "www.savemoki.com"
93.158.161.28 - - [30/Sep/2022:21:36:57 -0700] "GET /blog1/2015/05/06/testing/ HTTP/1.1" 404 88 "-" "Mozilla/5.0 (compatible; YandexBot/3.0; +http://yandex.com/bots)" "savemoki.com"
77.75.79.95 - - [30/Sep/2022:21:52:48 -0700] "GET /robots.txt HTTP/1.1" 200 55 "-" "Mozilla/5.0 (compatible; SeznamBot/3.2; +http://napoveda.seznam.cz/en/seznambot-intro/)" "savemoki.com"
77.75.79.95 - - [30/Sep/2022:21:52:50 -0700] "GET /images/UC_Davis_Estimate.jpg HTTP/1.1" 304 - "-" "Mozilla/5.0 (compatible; SeznamBot/3.2; +http://napoveda.seznam.cz/en/seznambot-intro/)" "savemoki.com"
64.124.8.43 - - [30/Sep/2022:21:53:26 -0700] "GET /robots.txt HTTP/1.1" 200 55 "-" "Mozilla/5.0 (X11; Linux x86_64) AppleWebKit/537.36 (KHTML, like Gecko) Chrome/61.0.3163.79 Safari/537.36" "savemoki.com"
10.213.116.62 - - [30/Sep/2022:21:53:29 -0700] "POST /2test/wp-cron.php?doing_wp_cron=1664600009.7259929180145263671875 HTTP/1.1" 200 - "http://savemoki.com/2test/wp-cron.php?doing_wp_cron=1664600009.7259929180145263671875" "WordPress/5.4.11; http://savemoki.com/2test" "savemoki.com"
64.124.8.43 - - [30/Sep/2022:21:53:26 -0700] "GET /2test/index.php/courses/sample-course/ HTTP/1.1" 200 64273 "-" "Mozilla/5.0 (X11; Linux x86_64) AppleWebKit/537.36 (KHTML, like Gecko) Chrome/61.0.3163.79 Safari/537.36" "savemoki.com"
64.124.8.43 - - [30/Sep/2022:22:09:45 -0700] "GET /2test/wp-admin/ HTTP/1.1" 302 - "-" "Mozilla/5.0 (X11; Linux x86_64) AppleWebKit/537.36 (KHTML, like Gecko) Chrome/61.0.3163.79 Safari/537.36" "savemoki.com"
114.119.139.148 - - [30/Sep/2022:22:10:02 -0700] "GET /clipart/lines/horizontal HTTP/1.1" 301 1422 "https://www.savemoki.com/clipart/lines?C=D%3BO%3DA" "Mozilla/5.0 (Linux; Android 7.0;) AppleWebKit/537.36 (KHTML, like Gecko) Mobile Safari/537.36 (compatible; PetalBot;+https://webmaster.petalsearch.com/site/petalbot)" "www.savemoki.com"
114.119.139.148 - - [30/Sep/2022:22:10:06 -0700] "GET /clipart/lines/horizontal/ HTTP/1.1" 200 408 "https://www.savemoki.com/clipart/lines?C=D%3BO%3DA" "Mozilla/5.0 (Linux; Android 7.0;) AppleWebKit/537.36 (KHTML, like Gecko) Mobile Safari/537.36 (compatible; PetalBot;+https://webmaster.petalsearch.com/site/petalbot)" "www.savemoki.com"
64.124.8.43 - - [30/Sep/2022:22:20:43 -0700] "GET /2test HTTP/1.1" 301 1404 "-" "Mozilla/5.0 (X11; Linux x86_64) AppleWebKit/537.36 (KHTML, like Gecko) Chrome/61.0.3163.79 Safari/537.36" "savemoki.com"
54.36.148.160 - - [30/Sep/2022:22:20:44 -0700] "GET /robots.txt HTTP/1.1" 200 55 "-" "Mozilla/5.0 (compatible; AhrefsBot/7.0; +http://ahrefs.com/robot/)" "savemoki.com"
95.84.248.246 - - [30/Sep/2022:22:24:04 -0700] "GET /blog1/2015/05/07/test-post/ HTTP/1.1" 404 73 "http://savemoki.com/blog1/2015/05/07/test-post/" "Mozilla/5.0 (Windows NT 6.3; Win64; x64) AppleWebKit/537.36 (KHTML, like Gecko) Chrome/90.0.4430.72 Safari/537.36" "savemoki.com"
95.84.248.246 - - [30/Sep/2022:22:24:04 -0700] "GET / HTTP/1.1" 200 7350 "http://savemoki.com/" "Mozilla/5.0 (Windows NT 6.3; Win64; x64) AppleWebKit/537.36 (KHTML, like Gecko) Chrome/90.0.4430.72 Safari/537.36" "savemoki.com"
95.84.248.246 - - [30/Sep/2022:22:24:05 -0700] "GET /blog/ HTTP/1.1" 200 698 "http://savemoki.com/blog/" "Mozilla/5.0 (Windows NT 6.3; Win64; x64) AppleWebKit/537.36 (KHTML, like Gecko) Chrome/90.0.4430.72 Safari/537.36" "savemoki.com"
95.84.248.246 - - [30/Sep/2022:22:24:05 -0700] "GET /blog/contact_us.html HTTP/1.1" 404 73 "http://savemoki.com/blog/contact_us.html" "Mozilla/5.0 (Windows NT 6.3; Win64; x64) AppleWebKit/537.36 (KHTML, like Gecko) Chrome/90.0.4430.72 Safari/537.36" "savemoki.com"
95.84.248.246 - - [30/Sep/2022:22:24:05 -0700] "GET /contact_us.html HTTP/1.1" 200 18024 "http://savemoki.com/contact_us.html" "Mozilla/5.0 (Windows NT 6.3; Win64; x64) AppleWebKit/537.36 (KHTML, like Gecko) Chrome/90.0.4430.72 Safari/537.36" "savemoki.com"
54.36.148.53 - - [30/Sep/2022:22:27:59 -0700] "GET /robots.txt HTTP/1.1" 200 55 "-" "Mozilla/5.0 (compatible; AhrefsBot/7.0; +http://ahrefs.com/robot/)" "www.savemoki.com"
46.161.27.156 - - [30/Sep/2022:22:36:05 -0700] "GET /wp-login.php HTTP/1.1" 404 88 "-" "Mozilla/5.0 (Windows NT 10.0; Win64; x64) AppleWebKit/537.36 (KHTML, like Gecko) Chrome/64.0.3282.140 Safari/537.36 Edge/18.17763" "savemoki.com"
114.119.139.148 - - [30/Sep/2022:22:40:32 -0700] "GET /tmp HTTP/1.1" 403 170 "http://savemoki.com" "Mozilla/5.0 (Linux; Android 7.0;) AppleWebKit/537.36 (KHTML, like Gecko) Mobile Safari/537.36 (compatible; PetalBot;+https://webmaster.petalsearch.com/site/petalbot)" "savemoki.com"
77.75.78.167 - - [30/Sep/2022:22:41:52 -0700] "GET /robots.txt HTTP/1.1" 200 55 "-" "Mozilla/5.0 (compatible; SeznamBot/3.2; +http://napoveda.seznam.cz/en/seznambot-intro/)" "savemoki.com"
77.75.78.167 - - [30/Sep/2022:22:41:54 -0700] "GET /images/Lab_8.jpg HTTP/1.1" 304 - "-" "Mozilla/5.0 (compatible; SeznamBot/3.2; +http://napoveda.seznam.cz/en/seznambot-intro/)" "savemoki.com"
64.124.8.43 - - [30/Sep/2022:22:42:57 -0700] "GET /2test/index.php/2020/04/03/sample-page/feed/ HTTP/1.1" 304 - "-" "Mozilla/5.0 (X11; Linux x86_64) AppleWebKit/537.36 (KHTML, like Gecko) Chrome/61.0.3163.79 Safari/537.36" "savemoki.com"
10.213.116.63 - - [30/Sep/2022:22:43:00 -0700] "POST /2test/wp-cron.php?doing_wp_cron=1664602980.0834269523620605468750 HTTP/1.1" 200 - "http://savemoki.com/2test/wp-cron.php?doing_wp_cron=1664602980.0834269523620605468750" "WordPress/5.4.11; http://savemoki.com/2test" "savemoki.com"
114.119.139.167 - - [30/Sep/2022:22:46:43 -0700] "GET /clipart/backgrounds/fullpage?C=D%3BO%3DA HTTP/1.1" 301 1432 "https://www.savemoki.com/clipart/backgrounds/fullpage?M=A" "Mozilla/5.0 (Linux; Android 7.0;) AppleWebKit/537.36 (KHTML, like Gecko) Mobile Safari/537.36 (compatible; PetalBot;+https://webmaster.petalsearch.com/site/petalbot)" "www.savemoki.com"
114.119.139.167 - - [30/Sep/2022:22:46:44 -0700] "GET /clipart/backgrounds/fullpage/?C=D%3BO%3DA HTTP/1.1" 200 389 "https://www.savemoki.com/clipart/backgrounds/fullpage?M=A" "Mozilla/5.0 (Linux; Android 7.0;) AppleWebKit/537.36 (KHTML, like Gecko) Mobile Safari/537.36 (compatible; PetalBot;+https://webmaster.petalsearch.com/site/petalbot)" "www.savemoki.com"
114.119.139.167 - - [30/Sep/2022:22:52:49 -0700] "GET /blog HTTP/1.1" 301 1405 "https://www.savemoki.com/?C=N%3BO%3DD" "Mozilla/5.0 (Linux; Android 7.0;) AppleWebKit/537.36 (KHTML, like Gecko) Mobile Safari/537.36 (compatible; PetalBot;+https://webmaster.petalsearch.com/site/petalbot)" "www.savemoki.com"
114.119.139.167 - - [30/Sep/2022:22:52:49 -0700] "GET /blog/ HTTP/1.1" 200 352 "https://www.savemoki.com/?C=N%3BO%3DD" "Mozilla/5.0 (Linux; Android 7.0;) AppleWebKit/537.36 (KHTML, like Gecko) Mobile Safari/537.36 (compatible; PetalBot;+https://webmaster.petalsearch.com/site/petalbot)" "www.savemoki.com"
192.186.140.2 - - [30/Sep/2022:22:56:07 -0700] "GET /contact_us.html HTTP/1.1" 200 18024 "http://savemoki.com/contact_us.html" "Mozilla/5.0 (Windows NT 10.0; WOW64) AppleWebKit/537.36 (KHTML, like Gecko) Chrome/90.0.4400.8 Safari/537.36" "savemoki.com"
