51.222.253.13 - - [08/Oct/2022:14:44:01 -0700] "GET /clipart/buttons/themes/swoosh_blue/?C=D;O=A HTTP/1.1" 200 418 "-" "Mozilla/5.0 (compatible; AhrefsBot/7.0; +http://ahrefs.com/robot/)" "savemoki.com"
105.213.188.190 - - [08/Oct/2022:14:45:50 -0700] "GET /contact_us.html HTTP/1.1" 200 18024 "http://savemoki.com/contact_us.html" "Mozilla/5.0 (Windows NT 6.1; Win64; x64) AppleWebKit/537.36 (KHTML, like Gecko) Chrome/90.0.4430.72 Safari/537.36" "savemoki.com"
51.222.253.18 - - [08/Oct/2022:14:46:12 -0700] "GET /clipart/backgrounds/fullpage/?C=S;O=A HTTP/1.1" 200 389 "-" "Mozilla/5.0 (compatible; AhrefsBot/7.0; +http://ahrefs.com/robot/)" "www.savemoki.com"
51.222.253.12 - - [08/Oct/2022:14:48:27 -0700] "GET /clipart/backgrounds/fullpage/?C=D;O=A HTTP/1.1" 200 389 "-" "Mozilla/5.0 (compatible; AhrefsBot/7.0; +http://ahrefs.com/robot/)" "www.savemoki.com"
51.222.253.20 - - [08/Oct/2022:14:50:43 -0700] "GET /files/?C=M;O=A HTTP/1.1" 200 380 "-" "Mozilla/5.0 (compatible; AhrefsBot/7.0; +http://ahrefs.com/robot/)" "savemoki.com"
51.222.253.1 - - [08/Oct/2022:14:52:54 -0700] "GET /clipart/buttons/themes/swoosh_blue/?C=N;O=D HTTP/1.1" 200 413 "-" "Mozilla/5.0 (compatible; AhrefsBot/7.0; +http://ahrefs.com/robot/)" "savemoki.com"
194.110.203.41 - - [08/Oct/2022:14:52:55 -0700] "GET /dump.sql.bck HTTP/1.1" 404 73 "-" "Firefox" "savemoki.com"
114.119.139.167 - - [08/Oct/2022:14:54:49 -0700] "GET /clipart?M=A HTTP/1.1" 301 1415 "https://www.savemoki.com/clipart?M=D" "Mozilla/5.0 (Linux; Android 7.0;) AppleWebKit/537.36 (KHTML, like Gecko) Mobile Safari/537.36 (compatible; PetalBot;+https://webmaster.petalsearch.com/site/petalbot)" "www.savemoki.com"
114.119.139.167 - - [08/Oct/2022:14:54:49 -0700] "GET /clipart/?M=A HTTP/1.1" 200 440 "https://www.savemoki.com/clipart?M=D" "Mozilla/5.0 (Linux; Android 7.0;) AppleWebKit/537.36 (KHTML, like Gecko) Mobile Safari/537.36 (compatible; PetalBot;+https://webmaster.petalsearch.com/site/petalbot)" "www.savemoki.com"
51.222.253.6 - - [08/Oct/2022:14:55:08 -0700] "GET /files/?C=S;O=A HTTP/1.1" 200 380 "-" "Mozilla/5.0 (compatible; AhrefsBot/7.0; +http://ahrefs.com/robot/)" "savemoki.com"
51.222.253.8 - - [08/Oct/2022:14:57:09 -0700] "GET /sitebuilder/?C=D;O=A HTTP/1.1" 200 372 "-" "Mozilla/5.0 (compatible; AhrefsBot/7.0; +http://ahrefs.com/robot/)" "www.savemoki.com"
51.222.253.7 - - [08/Oct/2022:14:59:33 -0700] "GET /clipart/images/?C=D;O=A HTTP/1.1" 200 489 "-" "Mozilla/5.0 (compatible; AhrefsBot/7.0; +http://ahrefs.com/robot/)" "www.savemoki.com"
45.138.74.197 - - [08/Oct/2022:15:00:16 -0700] "GET /blog1/2015/05/07/test-post/ HTTP/1.1" 404 73 "https://mycountrylodge.com/" "Mozilla/4.0 (compatible; MSIE 7.0; Windows NT 5.1; SV1; .NET CLR 2.0.50727)" "savemoki.com"
45.138.74.197 - - [08/Oct/2022:15:00:17 -0700] "GET /blog1/2015/05/07/test-post/ HTTP/1.1" 404 73 "https://mycountrylodge.com/" "Mozilla/4.0 (compatible; MSIE 7.0; Windows NT 5.1; SV1; .NET CLR 2.0.50727)" "savemoki.com"
45.138.74.197 - - [08/Oct/2022:15:00:17 -0700] "GET /blog1/2015/05/07/test-post/ HTTP/1.1" 404 73 "https://mycountrylodge.com/" "Mozilla/4.0 (compatible; MSIE 7.0; Windows NT 5.1; SV1; .NET CLR 2.0.50727)" "savemoki.com"
51.222.253.8 - - [08/Oct/2022:15:01:51 -0700] "GET /blog/wp-content/themes/themeforest-625914-ice-theme-powerful-wordpress-theme-1/licensing/ HTTP/1.1" 200 419 "-" "Mozilla/5.0 (compatible; AhrefsBot/7.0; +http://ahrefs.com/robot/)" "www.savemoki.com"
51.222.253.4 - - [08/Oct/2022:15:04:07 -0700] "GET /blog/wp-content/themes/themeforest-625914-ice-theme-powerful-wordpress-theme-1/ HTTP/1.1" 200 513 "-" "Mozilla/5.0 (compatible; AhrefsBot/7.0; +http://ahrefs.com/robot/)" "savemoki.com"
51.222.253.7 - - [08/Oct/2022:15:06:34 -0700] "GET /blog/wp-content/themes/themeforest-625914-ice-theme-powerful-wordpress-theme-1/licensing/?C=S;O=A HTTP/1.1" 200 419 "-" "Mozilla/5.0 (compatible; AhrefsBot/7.0; +http://ahrefs.com/robot/)" "savemoki.com"
117.247.212.148 - - [08/Oct/2022:15:07:41 -0700] "GET /contact_us.html HTTP/1.1" 200 18024 "http://savemoki.com/contact_us.html" "Mozilla/5.0 (Windows NT 10.0) AppleWebKit/537.36 (KHTML, like Gecko) Chrome/90.0.4430.93 Safari/537.36" "savemoki.com"
51.222.253.4 - - [08/Oct/2022:15:08:54 -0700] "GET /blog/wp-content/themes/themeforest-625914-ice-theme-powerful-wordpress-theme-1/licensing/?C=M;O=A HTTP/1.1" 200 419 "-" "Mozilla/5.0 (compatible; AhrefsBot/7.0; +http://ahrefs.com/robot/)" "savemoki.com"
217.113.194.236 - - [08/Oct/2022:15:09:56 -0700] "GET /robots.txt HTTP/1.1" 200 55 "-" "Mozilla/5.0 (compatible; Barkrowler/0.9; +https://babbar.tech/crawler)" "savemoki.com"
217.113.194.180 - - [08/Oct/2022:15:10:11 -0700] "GET /sitebuilder/scripts/?C=S;O=A HTTP/1.1" 200 373 "-" "Mozilla/5.0 (compatible; Barkrowler/0.9; +https://babbar.tech/crawler)" "savemoki.com"
45.86.202.157 - - [08/Oct/2022:15:10:48 -0700] "GET /blog1/2015/05/07/test-post/ HTTP/1.1" 404 73 "http://savemoki.com/blog1/2015/05/07/test-post/" "Mozilla/5.0 (Windows NT 10.0) AppleWebKit/537.36 (KHTML, like Gecko) Chrome/90.0.4430.85 Safari/537.36" "savemoki.com"
121.40.35.201 - - [08/Oct/2022:15:10:48 -0700] "GET /contact_us.html HTTP/1.1" 200 18024 "http://savemoki.com/contact_us.html" "Mozilla/5.0 (Windows NT 6.3; Win64; x64) AppleWebKit/537.36 (KHTML, like Gecko) Chrome/90.0.4430.85 Safari/537.36 Edg/90.0.818.46" "savemoki.com"
45.86.202.157 - - [08/Oct/2022:15:10:49 -0700] "GET / HTTP/1.1" 200 7350 "http://savemoki.com/" "Mozilla/5.0 (Windows NT 10.0) AppleWebKit/537.36 (KHTML, like Gecko) Chrome/90.0.4430.85 Safari/537.36" "savemoki.com"
45.86.202.157 - - [08/Oct/2022:15:10:50 -0700] "GET /blog/ HTTP/1.1" 200 698 "http://savemoki.com/blog/" "Mozilla/5.0 (Windows NT 10.0) AppleWebKit/537.36 (KHTML, like Gecko) Chrome/90.0.4430.85 Safari/537.36" "savemoki.com"
51.222.253.8 - - [08/Oct/2022:15:11:17 -0700] "GET /blog/wp-content/themes/themeforest-625914-ice-theme-powerful-wordpress-theme-1/licensing/?C=D;O=A HTTP/1.1" 200 419 "-" "Mozilla/5.0 (compatible; AhrefsBot/7.0; +http://ahrefs.com/robot/)" "savemoki.com"
37.252.13.203 - - [08/Oct/2022:15:12:10 -0700] "GET /wp-dbs.php HTTP/1.1" 404 88 "-" "Mozilla/4.0 (compatible; MSIE 6.0; Windows NT 5.1; SV1)" "savemoki.com"
51.222.253.8 - - [08/Oct/2022:15:13:55 -0700] "GET /clipart/backgrounds/?C=M;O=A HTTP/1.1" 200 366 "-" "Mozilla/5.0 (compatible; AhrefsBot/7.0; +http://ahrefs.com/robot/)" "savemoki.com"
114.119.139.167 - - [08/Oct/2022:15:14:45 -0700] "GET /2test/index.php/courses/sixth-grade HTTP/1.1" 200 20532 "https://savemoki.com/2test/index.php/2020/04/03/sample-page" "Mozilla/5.0 (Linux; Android 7.0;) AppleWebKit/537.36 (KHTML, like Gecko) Mobile Safari/537.36 (compatible; PetalBot;+https://webmaster.petalsearch.com/site/petalbot)" "savemoki.com"
10.213.116.62 - - [08/Oct/2022:15:14:54 -0700] "GET /2test/index.php/wp-json/wp/v2/types/post?context=edit HTTP/1.1" 401 127 "https://savemoki.com/2test/index.php/wp-json/wp/v2/types/post?context=edit" "WordPress/5.4.11; https://savemoki.com/2test" "savemoki.com"
10.213.116.63 - - [08/Oct/2022:15:14:49 -0700] "POST /2test/wp-cron.php?doing_wp_cron=1665267289.3162729740142822265625 HTTP/1.1" 200 - "https://savemoki.com/2test/wp-cron.php?doing_wp_cron=1665267289.3162729740142822265625" "WordPress/5.4.11; https://savemoki.com/2test" "savemoki.com"
114.233.212.208 - - [08/Oct/2022:15:15:40 -0700] "GET /contact_us.html HTTP/1.1" 200 18024 "http://savemoki.com/contact_us.html" "Mozilla/5.0 (Windows NT 6.3; Win64; x64) AppleWebKit/537.36 (KHTML, like Gecko) Chrome/90.0.4430.85 Safari/537.36 Edg/90.0.818.46" "savemoki.com"
185.119.81.101 - - [08/Oct/2022:15:16:03 -0700] "GET /2test/wp-login.php HTTP/1.1" 200 6050 "-" "Mozilla/5.0 (Windows NT 10.0; Win64; x64) AppleWebKit/537.36 (KHTML, like Gecko) Chrome/67.0.3396.79 Safari/537.36" "savemoki.com"
185.119.81.101 - - [08/Oct/2022:15:16:06 -0700] "POST /2test/wp-login.php HTTP/1.1" 200 6339 "http://savemoki.com/2test/wp-login.php" "Mozilla/5.0 (Windows NT 10.0; Win64; x64) AppleWebKit/537.36 (KHTML, like Gecko) Chrome/67.0.3396.79 Safari/537.36" "savemoki.com"
51.222.253.2 - - [08/Oct/2022:15:16:41 -0700] "GET /clipart/lines/horizontal/ HTTP/1.1" 200 408 "-" "Mozilla/5.0 (compatible; AhrefsBot/7.0; +http://ahrefs.com/robot/)" "www.savemoki.com"
51.222.253.20 - - [08/Oct/2022:15:19:10 -0700] "GET /sitebuilder/scripts/?C=N;O=D HTTP/1.1" 200 370 "-" "Mozilla/5.0 (compatible; AhrefsBot/7.0; +http://ahrefs.com/robot/)" "savemoki.com"
114.119.139.148 - - [08/Oct/2022:15:20:40 -0700] "GET /clipart/backgrounds?C=N%3BO%3DD HTTP/1.1" 301 1427 "https://www.savemoki.com/clipart/backgrounds?N=A" "Mozilla/5.0 (Linux; Android 7.0;) AppleWebKit/537.36 (KHTML, like Gecko) Mobile Safari/537.36 (compatible; PetalBot;+https://webmaster.petalsearch.com/site/petalbot)" "www.savemoki.com"
114.119.139.148 - - [08/Oct/2022:15:20:45 -0700] "GET /clipart/backgrounds/?C=N%3BO%3DD HTTP/1.1" 200 366 "https://www.savemoki.com/clipart/backgrounds?N=A" "Mozilla/5.0 (Linux; Android 7.0;) AppleWebKit/537.36 (KHTML, like Gecko) Mobile Safari/537.36 (compatible; PetalBot;+https://webmaster.petalsearch.com/site/petalbot)" "www.savemoki.com"
51.222.253.16 - - [08/Oct/2022:15:21:40 -0700] "GET /clipart/backgrounds/?C=S;O=A HTTP/1.1" 200 366 "-" "Mozilla/5.0 (compatible; AhrefsBot/7.0; +http://ahrefs.com/robot/)" "savemoki.com"
51.222.253.5 - - [08/Oct/2022:15:24:33 -0700] "GET /clipart/backgrounds/?C=D;O=A HTTP/1.1" 200 366 "-" "Mozilla/5.0 (compatible; AhrefsBot/7.0; +http://ahrefs.com/robot/)" "savemoki.com"
114.119.139.166 - - [08/Oct/2022:15:26:13 -0700] "GET /clipart/pageHeaders/?C=D%3BO%3DA HTTP/1.1" 200 427 "https://savemoki.com/clipart/pageHeaders/?C=N%3BO%3DD" "Mozilla/5.0 (Linux; Android 7.0;) AppleWebKit/537.36 (KHTML, like Gecko) Mobile Safari/537.36 (compatible; PetalBot;+https://webmaster.petalsearch.com/site/petalbot)" "savemoki.com"
51.222.253.18 - - [08/Oct/2022:15:27:10 -0700] "GET /sitebuilder/images/ HTTP/1.1" 200 3814 "-" "Mozilla/5.0 (compatible; AhrefsBot/7.0; +http://ahrefs.com/robot/)" "www.savemoki.com"
54.36.148.14 - - [08/Oct/2022:15:29:42 -0700] "GET /robots.txt HTTP/1.1" 200 55 "-" "Mozilla/5.0 (compatible; AhrefsBot/7.0; +http://ahrefs.com/robot/)" "www.savemoki.com"
51.222.253.3 - - [08/Oct/2022:15:29:43 -0700] "GET /clipart/?C=D;O=D HTTP/1.1" 200 438 "-" "Mozilla/5.0 (compatible; AhrefsBot/7.0; +http://ahrefs.com/robot/)" "www.savemoki.com"
114.119.139.185 - - [08/Oct/2022:15:31:54 -0700] "GET /media?N=D HTTP/1.1" 301 1413 "https://www.savemoki.com/media?N=A" "Mozilla/5.0 (Linux; Android 7.0;) AppleWebKit/537.36 (KHTML, like Gecko) Mobile Safari/537.36 (compatible; PetalBot;+https://webmaster.petalsearch.com/site/petalbot)" "www.savemoki.com"
114.119.139.185 - - [08/Oct/2022:15:31:55 -0700] "GET /media/?N=D HTTP/1.1" 200 396 "https://www.savemoki.com/media?N=A" "Mozilla/5.0 (Linux; Android 7.0;) AppleWebKit/537.36 (KHTML, like Gecko) Mobile Safari/537.36 (compatible; PetalBot;+https://webmaster.petalsearch.com/site/petalbot)" "www.savemoki.com"
51.222.253.18 - - [08/Oct/2022:15:32:35 -0700] "GET /sitebuilder/?C=M;O=A HTTP/1.1" 200 372 "-" "Mozilla/5.0 (compatible; AhrefsBot/7.0; +http://ahrefs.com/robot/)" "www.savemoki.com"
51.222.253.17 - - [08/Oct/2022:15:35:20 -0700] "GET /sitebuilder/images/ HTTP/1.1" 200 3814 "-" "Mozilla/5.0 (compatible; AhrefsBot/7.0; +http://ahrefs.com/robot/)" "savemoki.com"
51.222.253.1 - - [08/Oct/2022:15:38:06 -0700] "GET /clipart/backgrounds/fullpage/?C=N;O=A HTTP/1.1" 200 389 "-" "Mozilla/5.0 (compatible; AhrefsBot/7.0; +http://ahrefs.com/robot/)" "www.savemoki.com"
51.222.253.4 - - [08/Oct/2022:15:40:30 -0700] "GET /blog/wp-content/themes/themeforest-625914-ice-theme-powerful-wordpress-theme-1/?C=S;O=A HTTP/1.1" 200 511 "-" "Mozilla/5.0 (compatible; AhrefsBot/7.0; +http://ahrefs.com/robot/)" "www.savemoki.com"
51.222.253.16 - - [08/Oct/2022:15:43:07 -0700] "GET /files/?C=N;O=D HTTP/1.1" 200 377 "-" "Mozilla/5.0 (compatible; AhrefsBot/7.0; +http://ahrefs.com/robot/)" "savemoki.com"
51.222.253.9 - - [08/Oct/2022:15:45:46 -0700] "GET /sitebuilder/?C=M;O=A HTTP/1.1" 200 372 "-" "Mozilla/5.0 (compatible; AhrefsBot/7.0; +http://ahrefs.com/robot/)" "savemoki.com"
51.222.253.4 - - [08/Oct/2022:15:48:09 -0700] "GET /blog/wp-content/themes/themeforest-625914-ice-theme-powerful-wordpress-theme-1/?C=M;O=A HTTP/1.1" 200 512 "-" "Mozilla/5.0 (compatible; AhrefsBot/7.0; +http://ahrefs.com/robot/)" "www.savemoki.com"
51.222.253.6 - - [08/Oct/2022:15:50:39 -0700] "GET /files/?C=D;O=A HTTP/1.1" 200 380 "-" "Mozilla/5.0 (compatible; AhrefsBot/7.0; +http://ahrefs.com/robot/)" "savemoki.com"
79.137.194.75 - - [08/Oct/2022:15:51:59 -0700] "GET / HTTP/1.1" 200 7350 "https://cheapcarinsurancema.info/" "Mozilla/4.76 [en] (Windows NT 5.0; U)" "www.savemoki.com"
79.137.194.75 - - [08/Oct/2022:15:51:59 -0700] "GET / HTTP/1.1" 200 7350 "https://cheapcarinsurancema.info/" "Mozilla/4.76 [en] (Windows NT 5.0; U)" "www.savemoki.com"
51.222.253.11 - - [08/Oct/2022:15:53:22 -0700] "GET /blog/wp-content/themes/themeforest-625914-ice-theme-powerful-wordpress-theme-1/?C=D;O=A HTTP/1.1" 200 513 "-" "Mozilla/5.0 (compatible; AhrefsBot/7.0; +http://ahrefs.com/robot/)" "www.savemoki.com"
51.222.253.18 - - [08/Oct/2022:15:58:24 -0700] "GET /clipart/lines/horizontal/?C=M;O=A HTTP/1.1" 200 408 "-" "Mozilla/5.0 (compatible; AhrefsBot/7.0; +http://ahrefs.com/robot/)" "savemoki.com"
216.244.66.249 - - [08/Oct/2022:15:59:09 -0700] "GET /robots.txt HTTP/1.1" 200 39 "-" "Mozilla/5.0 (compatible; DotBot/1.2; +https://opensiteexplorer.org/dotbot; help@moz.com)" "savemoki.com"
185.119.81.100 - - [08/Oct/2022:16:00:57 -0700] "GET /2test/wp-login.php HTTP/1.1" 200 6054 "-" "Mozilla/5.0 (Windows NT 6.1; WOW64) AppleWebKit/537.36 (KHTML, like Gecko) Chrome/46.0.2490.71 Safari/537.36" "savemoki.com"
10.213.116.63 - - [08/Oct/2022:16:01:03 -0700] "POST /2test/wp-cron.php?doing_wp_cron=1665270063.8426868915557861328125 HTTP/1.1" 200 - "http://savemoki.com/2test/wp-cron.php?doing_wp_cron=1665270063.8426868915557861328125" "WordPress/5.4.11; http://savemoki.com/2test" "savemoki.com"
185.119.81.100 - - [08/Oct/2022:16:01:06 -0700] "POST /2test/wp-login.php HTTP/1.1" 200 6339 "http://savemoki.com/2test/wp-login.php" "Mozilla/5.0 (Windows NT 6.1; WOW64) AppleWebKit/537.36 (KHTML, like Gecko) Chrome/46.0.2490.71 Safari/537.36" "savemoki.com"
51.222.253.16 - - [08/Oct/2022:16:03:32 -0700] "GET /clipart/lines/horizontal/?C=D;O=A HTTP/1.1" 200 408 "-" "Mozilla/5.0 (compatible; AhrefsBot/7.0; +http://ahrefs.com/robot/)" "savemoki.com"
51.222.253.7 - - [08/Oct/2022:16:08:27 -0700] "GET /Mokis_Story.html HTTP/1.1" 200 11607 "-" "Mozilla/5.0 (compatible; AhrefsBot/7.0; +http://ahrefs.com/robot/)" "www.savemoki.com"
51.222.253.18 - - [08/Oct/2022:16:08:29 -0700] "GET /images/title.gif HTTP/1.1" 200 1231 "-" "Mozilla/5.0 (compatible; AhrefsBot/7.0; +http://ahrefs.com/robot/)" "www.savemoki.com"
51.222.253.3 - - [08/Oct/2022:16:08:29 -0700] "GET /sitebuilder/images/Moki_s_1st_Halloween-225x191.jpg HTTP/1.1" 200 13250 "-" "Mozilla/5.0 (compatible; AhrefsBot/7.0; +http://ahrefs.com/robot/)" "www.savemoki.com"
51.222.253.12 - - [08/Oct/2022:16:08:30 -0700] "GET /sitebuilder/images/CloudMenu-1-active-64468.png HTTP/1.1" 200 751 "-" "Mozilla/5.0 (compatible; AhrefsBot/7.0; +http://ahrefs.com/robot/)" "www.savemoki.com"
51.222.253.8 - - [08/Oct/2022:16:08:30 -0700] "GET /sitebuilder/images/Moki_resting_in_his_bed-226x192.jpg HTTP/1.1" 200 11280 "-" "Mozilla/5.0 (compatible; AhrefsBot/7.0; +http://ahrefs.com/robot/)" "www.savemoki.com"
51.222.253.2 - - [08/Oct/2022:16:08:31 -0700] "GET /sitebuilder/images/header_1-223x3942.jpg HTTP/1.1" 200 20297 "-" "Mozilla/5.0 (compatible; AhrefsBot/7.0; +http://ahrefs.com/robot/)" "www.savemoki.com"
51.222.253.8 - - [08/Oct/2022:16:08:31 -0700] "GET /sitebuilder/images/Moki_and_Bandit-251x194.jpg HTTP/1.1" 200 13538 "-" "Mozilla/5.0 (compatible; AhrefsBot/7.0; +http://ahrefs.com/robot/)" "www.savemoki.com"
51.222.253.15 - - [08/Oct/2022:16:08:32 -0700] "GET /sitebuilder/images/Sick_Moki-429x264.jpg HTTP/1.1" 200 20446 "-" "Mozilla/5.0 (compatible; AhrefsBot/7.0; +http://ahrefs.com/robot/)" "www.savemoki.com"
51.222.253.17 - - [08/Oct/2022:16:17:36 -0700] "GET /files/?C=N;O=A HTTP/1.1" 200 380 "-" "Mozilla/5.0 (compatible; AhrefsBot/7.0; +http://ahrefs.com/robot/)" "savemoki.com"
51.222.253.8 - - [08/Oct/2022:16:30:17 -0700] "GET /sitebuilder/?C=S;O=A HTTP/1.1" 200 372 "-" "Mozilla/5.0 (compatible; AhrefsBot/7.0; +http://ahrefs.com/robot/)" "savemoki.com"
77.75.78.171 - - [08/Oct/2022:16:31:47 -0700] "GET /robots.txt HTTP/1.1" 200 55 "-" "Mozilla/5.0 (compatible; SeznamBot/3.2; +http://napoveda.seznam.cz/en/seznambot-intro/)" "savemoki.com"
77.75.78.171 - - [08/Oct/2022:16:31:49 -0700] "GET /images/Bandit_and_Fur_Mommy_Lucy.jpg HTTP/1.1" 304 - "-" "Mozilla/5.0 (compatible; SeznamBot/3.2; +http://napoveda.seznam.cz/en/seznambot-intro/)" "savemoki.com"
216.244.66.249 - - [08/Oct/2022:16:49:41 -0700] "GET /robots.txt HTTP/1.1" 200 39 "-" "Mozilla/5.0 (compatible; DotBot/1.2; +https://opensiteexplorer.org/dotbot; help@moz.com)" "savemoki.com"
51.222.253.1 - - [08/Oct/2022:16:49:44 -0700] "GET /clipart/images/ HTTP/1.1" 200 489 "-" "Mozilla/5.0 (compatible; AhrefsBot/7.0; +http://ahrefs.com/robot/)" "www.savemoki.com"
119.96.44.84 - - [08/Oct/2022:17:03:09 -0700] "GET /contact_us.html HTTP/1.1" 200 18024 "http://savemoki.com/contact_us.html" "Mozilla/5.0 (Windows NT 6.1; WOW64) AppleWebKit/537.36 (KHTML, like Gecko) Chrome/90.0.4430.93 Safari/537.36" "savemoki.com"
51.222.253.10 - - [08/Oct/2022:17:07:33 -0700] "GET /clipart/lines/horizontal/?C=N;O=A HTTP/1.1" 200 408 "-" "Mozilla/5.0 (compatible; AhrefsBot/7.0; +http://ahrefs.com/robot/)" "savemoki.com"
49.7.21.108 - - [08/Oct/2022:17:16:10 -0700] "GET / HTTP/1.1" 200 1286 "-" "Sogou web spider/4.0(+http://www.sogou.com/docs/help/webmasters.htm#07)" "www.savemoki.com"
185.119.81.96 - - [08/Oct/2022:17:17:28 -0700] "GET /2test/wp-login.php HTTP/1.1" 200 6050 "-" "Mozilla/5.0 (Windows NT 6.1; Win64; x64) AppleWebKit/537.36 (KHTML, like Gecko) Chrome/78.0.3904.108 Safari/537.36" "savemoki.com"
10.213.116.64 - - [08/Oct/2022:17:17:32 -0700] "POST /2test/wp-cron.php?doing_wp_cron=1665274652.1990630626678466796875 HTTP/1.1" 200 - "http://savemoki.com/2test/wp-cron.php?doing_wp_cron=1665274652.1990630626678466796875" "WordPress/5.4.11; http://savemoki.com/2test" "savemoki.com"
185.119.81.96 - - [08/Oct/2022:17:17:34 -0700] "POST /2test/wp-login.php HTTP/1.1" 200 6339 "http://savemoki.com/2test/wp-login.php" "Mozilla/5.0 (Windows NT 6.1; Win64; x64) AppleWebKit/537.36 (KHTML, like Gecko) Chrome/78.0.3904.108 Safari/537.36" "savemoki.com"
114.119.130.154 - - [08/Oct/2022:17:20:02 -0700] "GET /robots.txt HTTP/1.1" 200 55 "-" "Mozilla/5.0 (compatible;PetalBot;+https://webmaster.petalsearch.com/site/petalbot)" "www.savemoki.com"
51.222.253.12 - - [08/Oct/2022:17:25:05 -0700] "GET /images/?C=S;O=A HTTP/1.1" 200 2154 "-" "Mozilla/5.0 (compatible; AhrefsBot/7.0; +http://ahrefs.com/robot/)" "www.savemoki.com"
185.119.81.101 - - [08/Oct/2022:17:39:02 -0700] "GET /2test/wp-login.php HTTP/1.1" 200 6053 "-" "Mozilla/5.0 (Windows NT 10.0; WOW64) AppleWebKit/537.36 (KHTML, like Gecko) Chrome/83.0.4103.106 Safari/E7FBAF" "savemoki.com"
185.119.81.101 - - [08/Oct/2022:17:39:07 -0700] "POST /2test/wp-login.php HTTP/1.1" 200 6348 "http://savemoki.com/2test/wp-login.php" "Mozilla/5.0 (Windows NT 10.0; WOW64) AppleWebKit/537.36 (KHTML, like Gecko) Chrome/83.0.4103.106 Safari/E7FBAF" "savemoki.com"
10.213.116.62 - - [08/Oct/2022:17:39:05 -0700] "POST /2test/wp-cron.php?doing_wp_cron=1665275945.7488150596618652343750 HTTP/1.1" 200 - "http://savemoki.com/2test/wp-cron.php?doing_wp_cron=1665275945.7488150596618652343750" "WordPress/5.4.11; http://savemoki.com/2test" "savemoki.com"
77.75.77.32 - - [08/Oct/2022:17:44:29 -0700] "GET /robots.txt HTTP/1.1" 200 55 "-" "Mozilla/5.0 (compatible; SeznamBot/3.2; +http://napoveda.seznam.cz/en/seznambot-intro/)" "savemoki.com"
77.75.77.32 - - [08/Oct/2022:17:44:31 -0700] "GET /images/The_Bandit_hard_at_play.jpg HTTP/1.1" 304 - "-" "Mozilla/5.0 (compatible; SeznamBot/3.2; +http://napoveda.seznam.cz/en/seznambot-intro/)" "savemoki.com"
51.222.253.9 - - [08/Oct/2022:17:44:46 -0700] "GET /clipart/images/ HTTP/1.1" 200 489 "-" "Mozilla/5.0 (compatible; AhrefsBot/7.0; +http://ahrefs.com/robot/)" "savemoki.com"
194.110.203.40 - - [08/Oct/2022:17:53:32 -0700] "GET /dump.tgz HTTP/1.1" 404 73 "-" "Firefox" "savemoki.com"
101.132.75.34 - - [08/Oct/2022:17:57:07 -0700] "GET /contact_us.html HTTP/1.1" 200 18024 "http://savemoki.com/contact_us.html" "Mozilla/5.0 (Windows NT 6.1) AppleWebKit/537.36 (KHTML, like Gecko) Chrome/90.0.4430.85 Safari/537.36" "savemoki.com"
101.132.75.34 - - [08/Oct/2022:17:57:29 -0700] "GET / HTTP/1.1" 200 7350 "http://savemoki.com/" "Mozilla/5.0 (Windows NT 6.1) AppleWebKit/537.36 (KHTML, like Gecko) Chrome/90.0.4430.85 Safari/537.36" "savemoki.com"
114.96.119.139 - - [08/Oct/2022:17:57:50 -0700] "GET /contact_us.html HTTP/1.1" 200 18024 "http://savemoki.com/contact_us.html" "Mozilla/5.0 (Windows NT 6.1) AppleWebKit/537.36 (KHTML, like Gecko) Chrome/90.0.4430.85 Safari/537.36" "savemoki.com"
51.222.253.7 - - [08/Oct/2022:18:09:58 -0700] "GET /clipart/images/sidebars/?C=M;O=A HTTP/1.1" 200 432 "-" "Mozilla/5.0 (compatible; AhrefsBot/7.0; +http://ahrefs.com/robot/)" "savemoki.com"
18.236.89.182 - - [08/Oct/2022:18:10:15 -0700] "GET / HTTP/1.1" 200 1286 "-" "Mozilla/5.0 (X11; Linux x86_64) AppleWebKit/537.36 (KHTML, like Gecko) Chrome/83.0.4103.97 Safari/537.36" "savemoki.com"
54.191.125.173 - - [08/Oct/2022:18:10:47 -0700] "GET /favicon.ico HTTP/1.1" 404 88 "-" "Mozilla/5.0 (X11; Linux x86_64) AppleWebKit/537.36 (KHTML, like Gecko) Chrome/83.0.4103.97 Safari/537.36" "savemoki.com"
54.191.125.173 - - [08/Oct/2022:18:10:50 -0700] "GET / HTTP/1.1" 200 1286 "-" "Mozilla/5.0 (X11; Linux x86_64) AppleWebKit/537.36 (KHTML, like Gecko) Chrome/83.0.4103.97 Safari/537.36" "savemoki.com"
51.222.253.14 - - [08/Oct/2022:18:18:14 -0700] "GET /clipart/images/sidebars/?C=S;O=A HTTP/1.1" 200 432 "-" "Mozilla/5.0 (compatible; AhrefsBot/7.0; +http://ahrefs.com/robot/)" "savemoki.com"
51.222.253.19 - - [08/Oct/2022:18:26:45 -0700] "GET /clipart/images/sidebars/?C=D;O=A HTTP/1.1" 200 432 "-" "Mozilla/5.0 (compatible; AhrefsBot/7.0; +http://ahrefs.com/robot/)" "savemoki.com"
64.124.8.36 - - [08/Oct/2022:18:27:40 -0700] "GET /robots.txt HTTP/1.1" 200 55 "-" "Mozilla/5.0 (X11; Linux x86_64) AppleWebKit/537.36 (KHTML, like Gecko) Chrome/61.0.3163.79 Safari/537.36" "savemoki.com"
64.124.8.36 - - [08/Oct/2022:18:27:40 -0700] "GET /2test/index.php/heritage-flex-academy/ HTTP/1.1" 200 19099 "-" "Mozilla/5.0 (X11; Linux x86_64) AppleWebKit/537.36 (KHTML, like Gecko) Chrome/61.0.3163.79 Safari/537.36" "savemoki.com"
10.213.116.63 - - [08/Oct/2022:18:27:44 -0700] "POST /2test/wp-cron.php?doing_wp_cron=1665278864.2187941074371337890625 HTTP/1.1" 200 - "http://savemoki.com/2test/wp-cron.php?doing_wp_cron=1665278864.2187941074371337890625" "WordPress/5.4.11; http://savemoki.com/2test" "savemoki.com"
194.38.20.161 - - [08/Oct/2022:18:28:28 -0700] "GET /wp-content/themes/u-design/scripts/admin/uploadify/uploadify.css HTTP/1.1" 404 73 "-" "ALittle Client" "savemoki.com"
114.119.150.209 - - [08/Oct/2022:18:32:47 -0700] "GET /robots.txt HTTP/1.1" 200 55 "-" "Mozilla/5.0 (compatible;PetalBot;+https://webmaster.petalsearch.com/site/petalbot)" "savemoki.com"
51.222.253.5 - - [08/Oct/2022:18:36:40 -0700] "GET /images/?C=D;O=A HTTP/1.1" 200 2158 "-" "Mozilla/5.0 (compatible; AhrefsBot/7.0; +http://ahrefs.com/robot/)" "www.savemoki.com"
64.124.8.36 - - [08/Oct/2022:18:41:51 -0700] "GET /blog1/index.php/2015/05/07/test-post/ HTTP/1.1" 404 88 "-" "Mozilla/5.0 (X11; Linux x86_64) AppleWebKit/537.36 (KHTML, like Gecko) Chrome/61.0.3163.79 Safari/537.36" "savemoki.com"
64.124.8.36 - - [08/Oct/2022:18:44:06 -0700] "GET /links HTTP/1.1" 200 3567 "-" "Mozilla/5.0 (X11; Linux x86_64) AppleWebKit/537.36 (KHTML, like Gecko) Chrome/61.0.3163.79 Safari/537.36" "savemoki.com"
51.222.253.12 - - [08/Oct/2022:18:45:19 -0700] "GET /2test/index.php/courses/kindergarten/?tab=tab-curriculum HTTP/1.1" 200 22545 "-" "Mozilla/5.0 (compatible; AhrefsBot/7.0; +http://ahrefs.com/robot/)" "savemoki.com"
10.213.116.64 - - [08/Oct/2022:18:45:22 -0700] "POST /2test/wp-cron.php?doing_wp_cron=1665279922.3509190082550048828125 HTTP/1.1" 200 - "https://savemoki.com/2test/wp-cron.php?doing_wp_cron=1665279922.3509190082550048828125" "WordPress/5.4.11; https://savemoki.com/2test" "savemoki.com"
114.119.132.146 - - [08/Oct/2022:18:49:48 -0700] "GET /robots.txt HTTP/1.1" 200 55 "-" "Mozilla/5.0 (compatible;PetalBot;+https://webmaster.petalsearch.com/site/petalbot)" "www.savemoki.com"
51.222.253.11 - - [08/Oct/2022:18:50:09 -0700] "GET /blog/wp-content/themes/themeforest-625914-ice-theme-powerful-wordpress-theme-1/licensing/?C=N;O=A HTTP/1.1" 200 419 "-" "Mozilla/5.0 (compatible; AhrefsBot/7.0; +http://ahrefs.com/robot/)" "savemoki.com"
51.222.253.4 - - [08/Oct/2022:18:52:18 -0700] "GET /2test/index.php/courses/kindergarten/?tab=tab-instructor HTTP/1.1" 200 22545 "-" "Mozilla/5.0 (compatible; AhrefsBot/7.0; +http://ahrefs.com/robot/)" "savemoki.com"
51.222.253.15 - - [08/Oct/2022:18:54:34 -0700] "GET /clipart/backgrounds/?C=N;O=D HTTP/1.1" 200 364 "-" "Mozilla/5.0 (compatible; AhrefsBot/7.0; +http://ahrefs.com/robot/)" "savemoki.com"
51.222.253.1 - - [08/Oct/2022:18:57:00 -0700] "GET /clipart/buttons/themes/swoosh_blue/?C=N;O=A HTTP/1.1" 200 418 "-" "Mozilla/5.0 (compatible; AhrefsBot/7.0; +http://ahrefs.com/robot/)" "savemoki.com"
131.221.67.198 - - [08/Oct/2022:18:57:11 -0700] "GET /wp-login.php HTTP/1.1" 404 88 "-" "Mozilla/5.0 (Windows; U; Windows NT 6.1; en-US) AppleWebKit/534.10 (KHTML, like Gecko) Chrome/8.0.552.224 Safari/534.10" "savemoki.com"
131.221.67.198 - - [08/Oct/2022:18:57:12 -0700] "GET /wp-login.php HTTP/1.1" 404 88 "-" "Mozilla/5.0 (Windows; U; Windows NT 6.1; en-US) AppleWebKit/534.10 (KHTML, like Gecko) Chrome/8.0.552.224 Safari/534.10" "savemoki.com"
131.221.67.198 - - [08/Oct/2022:18:57:14 -0700] "GET /wp-login.php HTTP/1.1" 404 88 "-" "Mozilla/5.0 (Windows; U; Windows NT 6.1; en-US) AppleWebKit/534.10 (KHTML, like Gecko) Chrome/8.0.552.224 Safari/534.10" "savemoki.com"
51.222.253.10 - - [08/Oct/2022:18:59:12 -0700] "GET /blog/wp-content/themes/themeforest-625914-ice-theme-powerful-wordpress-theme-1/?C=S;O=A HTTP/1.1" 200 511 "-" "Mozilla/5.0 (compatible; AhrefsBot/7.0; +http://ahrefs.com/robot/)" "savemoki.com"
37.139.53.81 - - [08/Oct/2022:18:59:25 -0700] "GET /contact_us.html HTTP/1.1" 200 18024 "http://savemoki.com/contact_us.html" "Mozilla/5.0 (Windows NT 6.3; Win64; x64) AppleWebKit/537.36 (KHTML, like Gecko) Chrome/83.0.4103.61 Safari/537.36" "savemoki.com"
223.205.123.192 - - [08/Oct/2022:19:00:15 -0700] "GET /contact_us.html HTTP/1.1" 304 - "http://savemoki.com/contact_us.html" "Mozilla/5.0 (Windows NT 10.0; WOW64) AppleWebKit/537.36 (KHTML, like Gecko) Chrome/90.0.4400.8 Safari/537.36" "savemoki.com"
51.222.253.3 - - [08/Oct/2022:19:01:33 -0700] "GET /clipart/images/?C=M;O=A HTTP/1.1" 200 487 "-" "Mozilla/5.0 (compatible; AhrefsBot/7.0; +http://ahrefs.com/robot/)" "savemoki.com"
54.36.148.217 - - [08/Oct/2022:19:03:55 -0700] "GET /robots.txt HTTP/1.1" 200 55 "-" "Mozilla/5.0 (compatible; AhrefsBot/7.0; +http://ahrefs.com/robot/)" "www.savemoki.com"
51.222.253.5 - - [08/Oct/2022:19:03:56 -0700] "GET /files/?C=N;O=A HTTP/1.1" 200 380 "-" "Mozilla/5.0 (compatible; AhrefsBot/7.0; +http://ahrefs.com/robot/)" "www.savemoki.com"
51.222.253.20 - - [08/Oct/2022:19:06:14 -0700] "GET /clipart/images/sidebars/?C=N;O=A HTTP/1.1" 200 432 "-" "Mozilla/5.0 (compatible; AhrefsBot/7.0; +http://ahrefs.com/robot/)" "savemoki.com"
110.81.250.129 - - [08/Oct/2022:19:06:54 -0700] "GET /contact_us.html HTTP/1.1" 200 18024 "http://savemoki.com/contact_us.html" "Mozilla/5.0 (Windows NT 10.0; Win64; x64) AppleWebKit/537.36 (KHTML, like Gecko) Chrome/90.0.4430.85 Safari/537.36 Edg/90.0.818.46" "savemoki.com"
51.222.253.2 - - [08/Oct/2022:19:10:55 -0700] "GET /clipart/lines/horizontal/?C=M;O=A HTTP/1.1" 200 408 "-" "Mozilla/5.0 (compatible; AhrefsBot/7.0; +http://ahrefs.com/robot/)" "savemoki.com"
61.135.159.212 - - [08/Oct/2022:19:10:58 -0700] "GET / HTTP/1.1" 200 1286 "-" "Sogou web spider/4.0(+http://www.sogou.com/docs/help/webmasters.htm#07)" "www.savemoki.com"
51.222.253.13 - - [08/Oct/2022:19:23:28 -0700] "GET /clipart/lines/horizontal/?C=S;O=A HTTP/1.1" 200 408 "-" "Mozilla/5.0 (compatible; AhrefsBot/7.0; +http://ahrefs.com/robot/)" "savemoki.com"
216.244.66.249 - - [08/Oct/2022:19:30:18 -0700] "GET /robots.txt HTTP/1.1" 200 39 "-" "Mozilla/5.0 (compatible; DotBot/1.2; +https://opensiteexplorer.org/dotbot; help@moz.com)" "savemoki.com"
34.75.165.95 - - [08/Oct/2022:19:30:40 -0700] "GET / HTTP/1.1" 200 1286 "-" "ZoominfoBot (zoominfobot at zoominfo dot com)" "savemoki.com"
51.222.253.16 - - [08/Oct/2022:19:31:35 -0700] "GET /files/?C=S;O=D HTTP/1.1" 200 377 "-" "Mozilla/5.0 (compatible; AhrefsBot/7.0; +http://ahrefs.com/robot/)" "savemoki.com"
173.252.83.17 - - [08/Oct/2022:19:34:39 -0700] "GET /robots.txt HTTP/1.1" 206 55 "-" "facebookexternalhit/1.1 (+http://www.facebook.com/externalhit_uatext.php)" "savemoki.com"
64.124.8.28 - - [08/Oct/2022:19:45:39 -0700] "GET /2test HTTP/1.1" 301 1404 "-" "Mozilla/5.0 (X11; Linux x86_64) AppleWebKit/537.36 (KHTML, like Gecko) Chrome/61.0.3163.79 Safari/537.36" "savemoki.com"
51.222.253.14 - - [08/Oct/2022:19:47:44 -0700] "GET /clipart/images/?C=S;O=A HTTP/1.1" 200 480 "-" "Mozilla/5.0 (compatible; AhrefsBot/7.0; +http://ahrefs.com/robot/)" "savemoki.com"
51.222.253.18 - - [08/Oct/2022:20:04:12 -0700] "GET /clipart/buttons/?C=S;O=D HTTP/1.1" 200 358 "-" "Mozilla/5.0 (compatible; AhrefsBot/7.0; +http://ahrefs.com/robot/)" "www.savemoki.com"
20.86.98.172 - - [08/Oct/2022:20:10:40 -0700] "GET / HTTP/1.1" 200 7350 "-" "Mozilla/5.0 (Windows NT 10.0; Win64; x64) AppleWebKit/537.36 (KHTML, like Gecko) Chrome/78.0.3904.108 Safari/537.36" "savemoki.com"
20.86.98.172 - - [08/Oct/2022:20:10:40 -0700] "GET /wp-includes/wlwmanifest.xml HTTP/1.1" 404 73 "-" "Mozilla/5.0 (Windows NT 10.0; Win64; x64) AppleWebKit/537.36 (KHTML, like Gecko) Chrome/78.0.3904.108 Safari/537.36" "savemoki.com"
20.86.98.172 - - [08/Oct/2022:20:10:41 -0700] "GET /xmlrpc.php?rsd HTTP/1.1" 404 73 "-" "Mozilla/5.0 (Windows NT 10.0; Win64; x64) AppleWebKit/537.36 (KHTML, like Gecko) Chrome/78.0.3904.108 Safari/537.36" "savemoki.com"
20.86.98.172 - - [08/Oct/2022:20:10:41 -0700] "GET / HTTP/1.1" 200 7350 "-" "Mozilla/5.0 (Windows NT 10.0; Win64; x64) AppleWebKit/537.36 (KHTML, like Gecko) Chrome/78.0.3904.108 Safari/537.36" "savemoki.com"
20.86.98.172 - - [08/Oct/2022:20:10:42 -0700] "GET /blog/wp-includes/wlwmanifest.xml HTTP/1.1" 404 73 "-" "Mozilla/5.0 (Windows NT 10.0; Win64; x64) AppleWebKit/537.36 (KHTML, like Gecko) Chrome/78.0.3904.108 Safari/537.36" "savemoki.com"
20.86.98.172 - - [08/Oct/2022:20:10:42 -0700] "GET /web/wp-includes/wlwmanifest.xml HTTP/1.1" 404 73 "-" "Mozilla/5.0 (Windows NT 10.0; Win64; x64) AppleWebKit/537.36 (KHTML, like Gecko) Chrome/78.0.3904.108 Safari/537.36" "savemoki.com"
20.86.98.172 - - [08/Oct/2022:20:10:43 -0700] "GET /wordpress/wp-includes/wlwmanifest.xml HTTP/1.1" 404 73 "-" "Mozilla/5.0 (Windows NT 10.0; Win64; x64) AppleWebKit/537.36 (KHTML, like Gecko) Chrome/78.0.3904.108 Safari/537.36" "savemoki.com"
20.86.98.172 - - [08/Oct/2022:20:10:43 -0700] "GET /website/wp-includes/wlwmanifest.xml HTTP/1.1" 404 73 "-" "Mozilla/5.0 (Windows NT 10.0; Win64; x64) AppleWebKit/537.36 (KHTML, like Gecko) Chrome/78.0.3904.108 Safari/537.36" "savemoki.com"
20.86.98.172 - - [08/Oct/2022:20:10:44 -0700] "GET /wp/wp-includes/wlwmanifest.xml HTTP/1.1" 404 73 "-" "Mozilla/5.0 (Windows NT 10.0; Win64; x64) AppleWebKit/537.36 (KHTML, like Gecko) Chrome/78.0.3904.108 Safari/537.36" "savemoki.com"
20.86.98.172 - - [08/Oct/2022:20:10:44 -0700] "GET /news/wp-includes/wlwmanifest.xml HTTP/1.1" 404 73 "-" "Mozilla/5.0 (Windows NT 10.0; Win64; x64) AppleWebKit/537.36 (KHTML, like Gecko) Chrome/78.0.3904.108 Safari/537.36" "savemoki.com"
20.86.98.172 - - [08/Oct/2022:20:11:45 -0700] "GET /shop/wp-includes/wlwmanifest.xml HTTP/1.1" 404 73 "-" "Mozilla/5.0 (Windows NT 10.0; Win64; x64) AppleWebKit/537.36 (KHTML, like Gecko) Chrome/78.0.3904.108 Safari/537.36" "savemoki.com"
20.86.98.172 - - [08/Oct/2022:20:11:46 -0700] "GET /wp1/wp-includes/wlwmanifest.xml HTTP/1.1" 404 73 "-" "Mozilla/5.0 (Windows NT 10.0; Win64; x64) AppleWebKit/537.36 (KHTML, like Gecko) Chrome/78.0.3904.108 Safari/537.36" "savemoki.com"
20.86.98.172 - - [08/Oct/2022:20:11:46 -0700] "GET /test/wp-includes/wlwmanifest.xml HTTP/1.1" 404 73 "-" "Mozilla/5.0 (Windows NT 10.0; Win64; x64) AppleWebKit/537.36 (KHTML, like Gecko) Chrome/78.0.3904.108 Safari/537.36" "savemoki.com"
20.86.98.172 - - [08/Oct/2022:20:11:47 -0700] "GET /media/wp-includes/wlwmanifest.xml HTTP/1.1" 404 73 "-" "Mozilla/5.0 (Windows NT 10.0; Win64; x64) AppleWebKit/537.36 (KHTML, like Gecko) Chrome/78.0.3904.108 Safari/537.36" "savemoki.com"
20.86.98.172 - - [08/Oct/2022:20:11:48 -0700] "GET /wp2/wp-includes/wlwmanifest.xml HTTP/1.1" 404 73 "-" "Mozilla/5.0 (Windows NT 10.0; Win64; x64) AppleWebKit/537.36 (KHTML, like Gecko) Chrome/78.0.3904.108 Safari/537.36" "savemoki.com"
20.86.98.172 - - [08/Oct/2022:20:11:48 -0700] "GET /site/wp-includes/wlwmanifest.xml HTTP/1.1" 404 73 "-" "Mozilla/5.0 (Windows NT 10.0; Win64; x64) AppleWebKit/537.36 (KHTML, like Gecko) Chrome/78.0.3904.108 Safari/537.36" "savemoki.com"
20.86.98.172 - - [08/Oct/2022:20:11:49 -0700] "GET /cms/wp-includes/wlwmanifest.xml HTTP/1.1" 404 73 "-" "Mozilla/5.0 (Windows NT 10.0; Win64; x64) AppleWebKit/537.36 (KHTML, like Gecko) Chrome/78.0.3904.108 Safari/537.36" "savemoki.com"
20.86.98.172 - - [08/Oct/2022:20:11:49 -0700] "GET /sito/wp-includes/wlwmanifest.xml HTTP/1.1" 404 73 "-" "Mozilla/5.0 (Windows NT 10.0; Win64; x64) AppleWebKit/537.36 (KHTML, like Gecko) Chrome/78.0.3904.108 Safari/537.36" "savemoki.com"
51.222.253.11 - - [08/Oct/2022:20:21:45 -0700] "GET /blog/wp-content/themes/themeforest-625914-ice-theme-powerful-wordpress-theme-1/sample%20content/?C=D;O=D HTTP/1.1" 200 570 "-" "Mozilla/5.0 (compatible; AhrefsBot/7.0; +http://ahrefs.com/robot/)" "www.savemoki.com"
114.119.139.148 - - [08/Oct/2022:20:24:19 -0700] "GET /clipart/buttons/themes/swoosh_blue HTTP/1.1" 301 1432 "https://www.savemoki.com/clipart/buttons/themes?C=M%3BO%3DA" "Mozilla/5.0 (Linux; Android 7.0;) AppleWebKit/537.36 (KHTML, like Gecko) Mobile Safari/537.36 (compatible; PetalBot;+https://webmaster.petalsearch.com/site/petalbot)" "www.savemoki.com"
114.119.139.148 - - [08/Oct/2022:20:24:20 -0700] "GET /clipart/buttons/themes/swoosh_blue/ HTTP/1.1" 200 418 "https://www.savemoki.com/clipart/buttons/themes?C=M%3BO%3DA" "Mozilla/5.0 (Linux; Android 7.0;) AppleWebKit/537.36 (KHTML, like Gecko) Mobile Safari/537.36 (compatible; PetalBot;+https://webmaster.petalsearch.com/site/petalbot)" "www.savemoki.com"
114.119.139.148 - - [08/Oct/2022:20:30:24 -0700] "GET /clipart/lines?N=D HTTP/1.1" 301 1417 "https://savemoki.com/clipart/lines?N=A" "Mozilla/5.0 (Linux; Android 7.0;) AppleWebKit/537.36 (KHTML, like Gecko) Mobile Safari/537.36 (compatible; PetalBot;+https://webmaster.petalsearch.com/site/petalbot)" "savemoki.com"
114.119.139.148 - - [08/Oct/2022:20:30:25 -0700] "GET /clipart/lines/?N=D HTTP/1.1" 200 361 "https://savemoki.com/clipart/lines?N=A" "Mozilla/5.0 (Linux; Android 7.0;) AppleWebKit/537.36 (KHTML, like Gecko) Mobile Safari/537.36 (compatible; PetalBot;+https://webmaster.petalsearch.com/site/petalbot)" "savemoki.com"
114.119.139.167 - - [08/Oct/2022:20:35:52 -0700] "GET /sitebuilder?N=A HTTP/1.1" 301 1417 "https://www.savemoki.com/sitebuilder?D=D" "Mozilla/5.0 (Linux; Android 7.0;) AppleWebKit/537.36 (KHTML, like Gecko) Mobile Safari/537.36 (compatible; PetalBot;+https://webmaster.petalsearch.com/site/petalbot)" "www.savemoki.com"
114.119.139.167 - - [08/Oct/2022:20:35:53 -0700] "GET /sitebuilder/?N=A HTTP/1.1" 200 372 "https://www.savemoki.com/sitebuilder?D=D" "Mozilla/5.0 (Linux; Android 7.0;) AppleWebKit/537.36 (KHTML, like Gecko) Mobile Safari/537.36 (compatible; PetalBot;+https://webmaster.petalsearch.com/site/petalbot)" "www.savemoki.com"
51.222.253.9 - - [08/Oct/2022:20:39:09 -0700] "GET /media/?C=M;O=A HTTP/1.1" 200 397 "-" "Mozilla/5.0 (compatible; AhrefsBot/7.0; +http://ahrefs.com/robot/)" "www.savemoki.com"
114.119.139.148 - - [08/Oct/2022:20:41:19 -0700] "GET /sitebuilder?D=D HTTP/1.1" 301 1417 "https://www.savemoki.com/sitebuilder?D=A" "Mozilla/5.0 (Linux; Android 7.0;) AppleWebKit/537.36 (KHTML, like Gecko) Mobile Safari/537.36 (compatible; PetalBot;+https://webmaster.petalsearch.com/site/petalbot)" "www.savemoki.com"
114.119.139.148 - - [08/Oct/2022:20:41:20 -0700] "GET /sitebuilder/?D=D HTTP/1.1" 200 372 "https://www.savemoki.com/sitebuilder?D=A" "Mozilla/5.0 (Linux; Android 7.0;) AppleWebKit/537.36 (KHTML, like Gecko) Mobile Safari/537.36 (compatible; PetalBot;+https://webmaster.petalsearch.com/site/petalbot)" "www.savemoki.com"
114.119.139.167 - - [08/Oct/2022:20:46:53 -0700] "GET /socialenginetrial?M=A HTTP/1.1" 301 1421 "https://savemoki.com/socialenginetrial?M=D" "Mozilla/5.0 (Linux; Android 7.0;) AppleWebKit/537.36 (KHTML, like Gecko) Mobile Safari/537.36 (compatible; PetalBot;+https://webmaster.petalsearch.com/site/petalbot)" "savemoki.com"
114.119.139.167 - - [08/Oct/2022:20:46:55 -0700] "GET /socialenginetrial/?M=A HTTP/1.1" 200 318 "https://savemoki.com/socialenginetrial?M=D" "Mozilla/5.0 (Linux; Android 7.0;) AppleWebKit/537.36 (KHTML, like Gecko) Mobile Safari/537.36 (compatible; PetalBot;+https://webmaster.petalsearch.com/site/petalbot)" "savemoki.com"
114.119.139.185 - - [08/Oct/2022:20:52:23 -0700] "GET /blog/?C=N%3BO%3DD HTTP/1.1" 200 352 "http://www.savemoki.com/blog?C=S%3BO%3DA" "Mozilla/5.0 (Linux; Android 7.0;) AppleWebKit/537.36 (KHTML, like Gecko) Mobile Safari/537.36 (compatible; PetalBot;+https://webmaster.petalsearch.com/site/petalbot)" "www.savemoki.com"
77.75.78.165 - - [08/Oct/2022:20:54:56 -0700] "GET /robots.txt HTTP/1.1" 200 55 "-" "Mozilla/5.0 (compatible; SeznamBot/3.2; +http://napoveda.seznam.cz/en/seznambot-intro/)" "savemoki.com"
77.75.78.165 - - [08/Oct/2022:20:54:58 -0700] "GET /images/Lab_1.jpg HTTP/1.1" 304 - "-" "Mozilla/5.0 (compatible; SeznamBot/3.2; +http://napoveda.seznam.cz/en/seznambot-intro/)" "savemoki.com"
114.119.139.185 - - [08/Oct/2022:20:57:50 -0700] "GET /clipart/images?C=N%3BO%3DD HTTP/1.1" 301 1428 "https://www.savemoki.com/clipart/images?C=M%3BO%3DA" "Mozilla/5.0 (Linux; Android 7.0;) AppleWebKit/537.36 (KHTML, like Gecko) Mobile Safari/537.36 (compatible; PetalBot;+https://webmaster.petalsearch.com/site/petalbot)" "www.savemoki.com"
114.119.139.185 - - [08/Oct/2022:20:57:51 -0700] "GET /clipart/images/?C=N%3BO%3DD HTTP/1.1" 200 489 "https://www.savemoki.com/clipart/images?C=M%3BO%3DA" "Mozilla/5.0 (Linux; Android 7.0;) AppleWebKit/537.36 (KHTML, like Gecko) Mobile Safari/537.36 (compatible; PetalBot;+https://webmaster.petalsearch.com/site/petalbot)" "www.savemoki.com"
114.119.139.166 - - [08/Oct/2022:21:03:15 -0700] "GET /special_thanks HTTP/1.1" 200 3418 "http://www.savemoki.com/yahoo_site_admin" "Mozilla/5.0 (Linux; Android 7.0;) AppleWebKit/537.36 (KHTML, like Gecko) Mobile Safari/537.36 (compatible; PetalBot;+https://webmaster.petalsearch.com/site/petalbot)" "www.savemoki.com"
114.119.139.166 - - [08/Oct/2022:21:08:43 -0700] "GET /clipart/backgrounds/?C=D%3BO%3DA HTTP/1.1" 200 366 "https://www.savemoki.com/clipart/backgrounds/?C=N%3BO%3DD" "Mozilla/5.0 (Linux; Android 7.0;) AppleWebKit/537.36 (KHTML, like Gecko) Mobile Safari/537.36 (compatible; PetalBot;+https://webmaster.petalsearch.com/site/petalbot)" "www.savemoki.com"
51.222.253.11 - - [08/Oct/2022:21:08:50 -0700] "GET / HTTP/1.1" 200 1286 "-" "Mozilla/5.0 (compatible; AhrefsBot/7.0; +http://ahrefs.com/robot/)" "www.savemoki.com"
114.119.139.166 - - [08/Oct/2022:21:14:13 -0700] "GET /clipart/lines?C=N%3BO%3DD HTTP/1.1" 301 1426 "https://savemoki.com/clipart/lines?C=D%3BO%3DA" "Mozilla/5.0 (Linux; Android 7.0;) AppleWebKit/537.36 (KHTML, like Gecko) Mobile Safari/537.36 (compatible; PetalBot;+https://webmaster.petalsearch.com/site/petalbot)" "savemoki.com"
114.119.139.166 - - [08/Oct/2022:21:14:17 -0700] "GET /clipart/lines/?C=N%3BO%3DD HTTP/1.1" 200 361 "https://savemoki.com/clipart/lines?C=D%3BO%3DA" "Mozilla/5.0 (Linux; Android 7.0;) AppleWebKit/537.36 (KHTML, like Gecko) Mobile Safari/537.36 (compatible; PetalBot;+https://webmaster.petalsearch.com/site/petalbot)" "savemoki.com"
114.119.139.166 - - [08/Oct/2022:21:19:41 -0700] "GET /clipart/images/frames?C=D%3BO%3DA HTTP/1.1" 301 1433 "https://www.savemoki.com/clipart/images/frames?C=M%3BO%3DA" "Mozilla/5.0 (Linux; Android 7.0;) AppleWebKit/537.36 (KHTML, like Gecko) Mobile Safari/537.36 (compatible; PetalBot;+https://webmaster.petalsearch.com/site/petalbot)" "www.savemoki.com"
114.119.139.166 - - [08/Oct/2022:21:19:43 -0700] "GET /clipart/images/frames/?C=D%3BO%3DA HTTP/1.1" 200 379 "https://www.savemoki.com/clipart/images/frames?C=M%3BO%3DA" "Mozilla/5.0 (Linux; Android 7.0;) AppleWebKit/537.36 (KHTML, like Gecko) Mobile Safari/537.36 (compatible; PetalBot;+https://webmaster.petalsearch.com/site/petalbot)" "www.savemoki.com"
51.222.253.7 - - [08/Oct/2022:21:22:40 -0700] "GET /images/?C=S;O=A HTTP/1.1" 200 2154 "-" "Mozilla/5.0 (compatible; AhrefsBot/7.0; +http://ahrefs.com/robot/)" "www.savemoki.com"
14.29.191.18 - - [08/Oct/2022:21:23:59 -0700] "GET /wp-login.php HTTP/1.1" 404 88 "-" "Apache-HttpClient/4.5.2 (Java/1.8.0_151)" "www.savemoki.com"
14.29.191.18 - - [08/Oct/2022:21:23:59 -0700] "GET /?author=1 HTTP/1.1" 200 1286 "-" "Apache-HttpClient/4.5.2 (Java/1.8.0_151)" "www.savemoki.com"
14.29.191.18 - - [08/Oct/2022:21:24:00 -0700] "GET /?author=2 HTTP/1.1" 200 1286 "-" "Apache-HttpClient/4.5.2 (Java/1.8.0_151)" "www.savemoki.com"
14.29.191.18 - - [08/Oct/2022:21:24:00 -0700] "GET /?author=3 HTTP/1.1" 200 1286 "-" "Apache-HttpClient/4.5.2 (Java/1.8.0_151)" "www.savemoki.com"
14.29.191.18 - - [08/Oct/2022:21:24:00 -0700] "GET /?author=4 HTTP/1.1" 200 1286 "-" "Apache-HttpClient/4.5.2 (Java/1.8.0_151)" "www.savemoki.com"
14.29.191.18 - - [08/Oct/2022:21:24:01 -0700] "GET /?author=5 HTTP/1.1" 200 1286 "-" "Apache-HttpClient/4.5.2 (Java/1.8.0_151)" "www.savemoki.com"
14.29.191.18 - - [08/Oct/2022:21:24:01 -0700] "GET /?author=6 HTTP/1.1" 200 1286 "-" "Apache-HttpClient/4.5.2 (Java/1.8.0_151)" "www.savemoki.com"
14.29.191.18 - - [08/Oct/2022:21:24:01 -0700] "GET /?author=7 HTTP/1.1" 200 1286 "-" "Apache-HttpClient/4.5.2 (Java/1.8.0_151)" "www.savemoki.com"
14.29.191.18 - - [08/Oct/2022:21:24:01 -0700] "GET /?author=8 HTTP/1.1" 200 1286 "-" "Apache-HttpClient/4.5.2 (Java/1.8.0_151)" "www.savemoki.com"
14.29.191.18 - - [08/Oct/2022:21:24:02 -0700] "GET /?author=9 HTTP/1.1" 200 1286 "-" "Apache-HttpClient/4.5.2 (Java/1.8.0_151)" "www.savemoki.com"
14.29.191.18 - - [08/Oct/2022:21:24:02 -0700] "GET /?author=10 HTTP/1.1" 200 1286 "-" "Apache-HttpClient/4.5.2 (Java/1.8.0_151)" "www.savemoki.com"
14.29.191.18 - - [08/Oct/2022:21:24:02 -0700] "GET /?author=11 HTTP/1.1" 200 1286 "-" "Apache-HttpClient/4.5.2 (Java/1.8.0_151)" "www.savemoki.com"
14.29.191.18 - - [08/Oct/2022:21:24:03 -0700] "GET /?author=12 HTTP/1.1" 200 1286 "-" "Apache-HttpClient/4.5.2 (Java/1.8.0_151)" "www.savemoki.com"
14.29.191.18 - - [08/Oct/2022:21:24:03 -0700] "GET /?author=13 HTTP/1.1" 200 1286 "-" "Apache-HttpClient/4.5.2 (Java/1.8.0_151)" "www.savemoki.com"
14.29.191.18 - - [08/Oct/2022:21:24:03 -0700] "GET /?author=14 HTTP/1.1" 200 1286 "-" "Apache-HttpClient/4.5.2 (Java/1.8.0_151)" "www.savemoki.com"
14.29.191.18 - - [08/Oct/2022:21:24:04 -0700] "GET /?author=15 HTTP/1.1" 200 1286 "-" "Apache-HttpClient/4.5.2 (Java/1.8.0_151)" "www.savemoki.com"
14.29.191.18 - - [08/Oct/2022:21:24:04 -0700] "GET /?author=16 HTTP/1.1" 200 1286 "-" "Apache-HttpClient/4.5.2 (Java/1.8.0_151)" "www.savemoki.com"
14.29.191.18 - - [08/Oct/2022:21:24:04 -0700] "GET /?author=17 HTTP/1.1" 200 1286 "-" "Apache-HttpClient/4.5.2 (Java/1.8.0_151)" "www.savemoki.com"
14.29.191.18 - - [08/Oct/2022:21:24:05 -0700] "GET /?author=18 HTTP/1.1" 200 1286 "-" "Apache-HttpClient/4.5.2 (Java/1.8.0_151)" "www.savemoki.com"
14.29.191.18 - - [08/Oct/2022:21:24:05 -0700] "GET /?author=19 HTTP/1.1" 200 1286 "-" "Apache-HttpClient/4.5.2 (Java/1.8.0_151)" "www.savemoki.com"
14.29.191.18 - - [08/Oct/2022:21:24:05 -0700] "GET /?author=20 HTTP/1.1" 200 1286 "-" "Apache-HttpClient/4.5.2 (Java/1.8.0_151)" "www.savemoki.com"
114.119.139.167 - - [08/Oct/2022:21:25:08 -0700] "GET /navigation_bars/ HTTP/1.1" 200 408 "https://www.savemoki.com?C=S%3BO%3DA" "Mozilla/5.0 (Linux; Android 7.0;) AppleWebKit/537.36 (KHTML, like Gecko) Mobile Safari/537.36 (compatible; PetalBot;+https://webmaster.petalsearch.com/site/petalbot)" "www.savemoki.com"
114.119.139.148 - - [08/Oct/2022:21:36:04 -0700] "GET /clipart/buttons/themes/rectangle_yellow?C=M%3BO%3DA HTTP/1.1" 301 1447 "https://www.savemoki.com/clipart/buttons/themes/rectangle_yellow" "Mozilla/5.0 (Linux; Android 7.0;) AppleWebKit/537.36 (KHTML, like Gecko) Mobile Safari/537.36 (compatible; PetalBot;+https://webmaster.petalsearch.com/site/petalbot)" "www.savemoki.com"
114.119.139.148 - - [08/Oct/2022:21:36:06 -0700] "GET /clipart/buttons/themes/rectangle_yellow/?C=M%3BO%3DA HTTP/1.1" 200 427 "https://www.savemoki.com/clipart/buttons/themes/rectangle_yellow" "Mozilla/5.0 (Linux; Android 7.0;) AppleWebKit/537.36 (KHTML, like Gecko) Mobile Safari/537.36 (compatible; PetalBot;+https://webmaster.petalsearch.com/site/petalbot)" "www.savemoki.com"
51.222.253.13 - - [08/Oct/2022:21:36:53 -0700] "GET /clipart/images/sidebars/?C=D;O=A HTTP/1.1" 200 432 "-" "Mozilla/5.0 (compatible; AhrefsBot/7.0; +http://ahrefs.com/robot/)" "savemoki.com"
123.183.224.80 - - [08/Oct/2022:21:38:30 -0700] "GET / HTTP/1.1" 200 1286 "-" "Sogou web spider/4.0(+http://www.sogou.com/docs/help/webmasters.htm#07)" "www.savemoki.com"
114.119.139.185 - - [08/Oct/2022:21:41:31 -0700] "GET / HTTP/1.1" 200 1286 "https://www.savemoki.com/sitebuilder/?C=D%3BO%3DA" "Mozilla/5.0 (Linux; Android 7.0;) AppleWebKit/537.36 (KHTML, like Gecko) Mobile Safari/537.36 (compatible; PetalBot;+https://webmaster.petalsearch.com/site/petalbot)" "www.savemoki.com"
51.222.253.15 - - [08/Oct/2022:21:44:22 -0700] "GET /clipart/images/sidebars/?C=M;O=A HTTP/1.1" 200 432 "-" "Mozilla/5.0 (compatible; AhrefsBot/7.0; +http://ahrefs.com/robot/)" "savemoki.com"
114.119.139.167 - - [08/Oct/2022:21:47:04 -0700] "GET /files?N=A HTTP/1.1" 301 1413 "https://www.savemoki.com/files?D=D" "Mozilla/5.0 (Linux; Android 7.0;) AppleWebKit/537.36 (KHTML, like Gecko) Mobile Safari/537.36 (compatible; PetalBot;+https://webmaster.petalsearch.com/site/petalbot)" "www.savemoki.com"
114.119.139.167 - - [08/Oct/2022:21:47:06 -0700] "GET /files/?N=A HTTP/1.1" 200 380 "https://www.savemoki.com/files?D=D" "Mozilla/5.0 (Linux; Android 7.0;) AppleWebKit/537.36 (KHTML, like Gecko) Mobile Safari/537.36 (compatible; PetalBot;+https://webmaster.petalsearch.com/site/petalbot)" "www.savemoki.com"
185.119.81.100 - - [08/Oct/2022:21:48:57 -0700] "GET /2test/wp-login.php HTTP/1.1" 200 6053 "-" "Mozilla/5.0 (Windows NT 6.1; Win64; x64) AppleWebKit/537.36 (KHTML, like Gecko) Chrome/97.0.4692.99 Safari/537.36" "savemoki.com"
10.213.116.62 - - [08/Oct/2022:21:49:00 -0700] "POST /2test/wp-cron.php?doing_wp_cron=1665290940.7430429458618164062500 HTTP/1.1" 200 - "http://savemoki.com/2test/wp-cron.php?doing_wp_cron=1665290940.7430429458618164062500" "WordPress/5.4.11; http://savemoki.com/2test" "savemoki.com"
185.119.81.100 - - [08/Oct/2022:21:51:26 -0700] "GET /2test/wp-login.php HTTP/1.1" 200 6054 "-" "Mozilla/5.0 (Windows NT 10.0; Win64; x64) AppleWebKit/537.36 (KHTML, like Gecko) Chrome/88.0.4324.150 Safari/537.36" "savemoki.com"
185.119.81.100 - - [08/Oct/2022:21:51:29 -0700] "POST /2test/wp-login.php HTTP/1.1" 200 6345 "http://savemoki.com/2test/wp-login.php" "Mozilla/5.0 (Windows NT 10.0; Win64; x64) AppleWebKit/537.36 (KHTML, like Gecko) Chrome/88.0.4324.150 Safari/537.36" "savemoki.com"
51.222.253.2 - - [08/Oct/2022:21:52:16 -0700] "GET /specialthanks.html HTTP/1.1" 200 2923 "-" "Mozilla/5.0 (compatible; AhrefsBot/7.0; +http://ahrefs.com/robot/)" "www.savemoki.com"
114.119.139.185 - - [08/Oct/2022:21:52:32 -0700] "GET /contact_us.html HTTP/1.1" 200 4002 "http://www.savemoki.com/Bud.html" "Mozilla/5.0 (Linux; Android 7.0;) AppleWebKit/537.36 (KHTML, like Gecko) Mobile Safari/537.36 (compatible; PetalBot;+https://webmaster.petalsearch.com/site/petalbot)" "www.savemoki.com"
51.222.253.17 - - [08/Oct/2022:21:56:13 -0700] "GET /robots.txt HTTP/1.1" 200 55 "-" "Mozilla/5.0 (compatible; AhrefsBot/7.0; +http://ahrefs.com/robot/)" "savemoki.com"
51.222.253.1 - - [08/Oct/2022:21:56:14 -0700] "GET /blog/wp-content/themes/themeforest-625914-ice-theme-powerful-wordpress-theme-1/sample%20content/?C=N;O=A HTTP/1.1" 200 576 "-" "Mozilla/5.0 (compatible; AhrefsBot/7.0; +http://ahrefs.com/robot/)" "savemoki.com"
51.222.253.14 - - [08/Oct/2022:21:57:46 -0700] "GET /clipart/buttons/themes/swoosh_blue/?C=N;O=D HTTP/1.1" 200 413 "-" "Mozilla/5.0 (compatible; AhrefsBot/7.0; +http://ahrefs.com/robot/)" "www.savemoki.com"
114.119.139.185 - - [08/Oct/2022:21:58:05 -0700] "GET /2test/index.php/courses/third-grade HTTP/1.1" 200 20528 "https://savemoki.com/2test/index.php/2020/04/03/sample-page" "Mozilla/5.0 (Linux; Android 7.0;) AppleWebKit/537.36 (KHTML, like Gecko) Mobile Safari/537.36 (compatible; PetalBot;+https://webmaster.petalsearch.com/site/petalbot)" "savemoki.com"
