114.119.139.166 - - [01/Oct/2022:12:35:50 -0700] "GET /clipart/lines/horizontal/?C=D%3BO%3DA HTTP/1.1" 200 408 "https://savemoki.com/clipart/lines/horizontal?N=D" "Mozilla/5.0 (Linux; Android 7.0;) AppleWebKit/537.36 (KHTML, like Gecko) Mobile Safari/537.36 (compatible; PetalBot;+https://webmaster.petalsearch.com/site/petalbot)" "savemoki.com"
114.119.139.185 - - [01/Oct/2022:12:41:52 -0700] "GET /blog/wp-content/themes/themeforest-625914-ice-theme-powerful-wordpress-theme-1/PSD/?C=M%3BO%3DA HTTP/1.1" 200 419 "https://www.savemoki.com/blog/wp-content/themes/themeforest-625914-ice-theme-powerful-wordpress-theme-1/PSD" "Mozilla/5.0 (Linux; Android 7.0;) AppleWebKit/537.36 (KHTML, like Gecko) Mobile Safari/537.36 (compatible; PetalBot;+https://webmaster.petalsearch.com/site/petalbot)" "www.savemoki.com"
192.252.220.12 - - [01/Oct/2022:12:45:28 -0700] "GET / HTTP/1.1" 200 1285 "-" "Mozilla/5.0 (Windows NT 10.0; Win64; x64; Xbox; Xbox One) AppleWebKit/537.36 (KHTML, like Gecko) Chrome/103.0.0.0 Safari/537.36 Edge/44.18363.8131" "savemoki.com"
192.252.220.12 - - [01/Oct/2022:12:45:29 -0700] "GET /contact_us.html HTTP/1.1" 200 4002 "http://savemoki.com" "Mozilla/5.0 (Windows NT 10.0; Win64; x64; Xbox; Xbox One) AppleWebKit/537.36 (KHTML, like Gecko) Chrome/103.0.0.0 Safari/537.36 Edge/44.18363.8131" "savemoki.com"
114.119.139.166 - - [01/Oct/2022:12:47:51 -0700] "GET /blog/wp-content/themes/themeforest-625914-ice-theme-powerful-wordpress-theme-1/sample%20content/ HTTP/1.1" 200 576 "https://savemoki.com/blog/wp-content/themes/themeforest-625914-ice-theme-powerful-wordpress-theme-1?M=D" "Mozilla/5.0 (Linux; Android 7.0;) AppleWebKit/537.36 (KHTML, like Gecko) Mobile Safari/537.36 (compatible; PetalBot;+https://webmaster.petalsearch.com/site/petalbot)" "savemoki.com"
114.119.139.148 - - [01/Oct/2022:12:53:50 -0700] "GET /blog?S=D HTTP/1.1" 301 1411 "https://savemoki.com/blog?S=A" "Mozilla/5.0 (Linux; Android 7.0;) AppleWebKit/537.36 (KHTML, like Gecko) Mobile Safari/537.36 (compatible; PetalBot;+https://webmaster.petalsearch.com/site/petalbot)" "savemoki.com"
114.119.139.148 - - [01/Oct/2022:12:53:51 -0700] "GET /blog/?S=D HTTP/1.1" 200 352 "https://savemoki.com/blog?S=A" "Mozilla/5.0 (Linux; Android 7.0;) AppleWebKit/537.36 (KHTML, like Gecko) Mobile Safari/537.36 (compatible; PetalBot;+https://webmaster.petalsearch.com/site/petalbot)" "savemoki.com"
114.119.156.133 - - [01/Oct/2022:12:59:51 -0700] "GET /clipart/images/sidebars/?C=N%3BO%3DD HTTP/1.1" 200 432 "https://www.savemoki.com/clipart/images/sidebars?C=S%3BO%3DA" "Mozilla/5.0 (Linux; Android 7.0;) AppleWebKit/537.36 (KHTML, like Gecko) Mobile Safari/537.36 (compatible; PetalBot;+https://webmaster.petalsearch.com/site/petalbot)" "www.savemoki.com"
114.119.156.56 - - [01/Oct/2022:13:05:21 -0700] "GET /robots.txt HTTP/1.1" 200 55 "-" "Mozilla/5.0 (compatible;PetalBot;+https://webmaster.petalsearch.com/site/petalbot)" "savemoki.com"
114.119.139.167 - - [01/Oct/2022:13:05:49 -0700] "GET /clipart/backgrounds/fullpage/?C=M%3BO%3DA HTTP/1.1" 200 389 "https://www.savemoki.com/clipart/backgrounds/fullpage/?C=N%3BO%3DD" "Mozilla/5.0 (Linux; Android 7.0;) AppleWebKit/537.36 (KHTML, like Gecko) Mobile Safari/537.36 (compatible; PetalBot;+https://webmaster.petalsearch.com/site/petalbot)" "www.savemoki.com"
114.119.139.166 - - [01/Oct/2022:13:11:52 -0700] "GET /clipart/pageHeaders/?C=S%3BO%3DA HTTP/1.1" 200 427 "https://savemoki.com/clipart/pageHeaders" "Mozilla/5.0 (Linux; Android 7.0;) AppleWebKit/537.36 (KHTML, like Gecko) Mobile Safari/537.36 (compatible; PetalBot;+https://webmaster.petalsearch.com/site/petalbot)" "savemoki.com"
114.119.139.166 - - [01/Oct/2022:13:17:53 -0700] "GET /2test HTTP/1.1" 301 1409 "https://www.savemoki.com/?C=N%3BO%3DD" "Mozilla/5.0 (Linux; Android 7.0;) AppleWebKit/537.36 (KHTML, like Gecko) Mobile Safari/537.36 (compatible; PetalBot;+https://webmaster.petalsearch.com/site/petalbot)" "www.savemoki.com"
114.119.139.166 - - [01/Oct/2022:13:17:55 -0700] "GET /2test/ HTTP/1.1" 200 20598 "https://www.savemoki.com/?C=N%3BO%3DD" "Mozilla/5.0 (Linux; Android 7.0;) AppleWebKit/537.36 (KHTML, like Gecko) Mobile Safari/537.36 (compatible; PetalBot;+https://webmaster.petalsearch.com/site/petalbot)" "www.savemoki.com"
10.213.116.64 - - [01/Oct/2022:13:17:58 -0700] "POST /2test/wp-cron.php?doing_wp_cron=1664655478.2081260681152343750000 HTTP/1.1" 200 - "https://savemoki.com/2test/wp-cron.php?doing_wp_cron=1664655478.2081260681152343750000" "WordPress/5.4.11; https://savemoki.com/2test" "savemoki.com"
114.119.153.232 - - [01/Oct/2022:13:23:47 -0700] "GET /robots.txt HTTP/1.1" 200 55 "-" "Mozilla/5.0 (compatible;PetalBot;+https://webmaster.petalsearch.com/site/petalbot)" "www.savemoki.com"
114.119.139.167 - - [01/Oct/2022:13:23:53 -0700] "GET /sitemap.xml HTTP/1.1" 200 251 "https://www.savemoki.com/?C=S%3BO%3DA" "Mozilla/5.0 (Linux; Android 7.0;) AppleWebKit/537.36 (KHTML, like Gecko) Mobile Safari/537.36 (compatible; PetalBot;+https://webmaster.petalsearch.com/site/petalbot)" "www.savemoki.com"
185.174.159.245 - - [01/Oct/2022:13:29:40 -0700] "GET /blog1/2015/05/07/test-post/ HTTP/1.1" 404 73 "http://savemoki.com/blog1/2015/05/07/test-post/" "Mozilla/5.0 (Windows NT 6.1; Win64; x64) AppleWebKit/537.36 (KHTML, like Gecko) Chrome/90.0.4430.85 Safari/537.36 Edg/90.0.818.49" "savemoki.com"
185.174.159.245 - - [01/Oct/2022:13:29:40 -0700] "GET / HTTP/1.1" 200 7350 "http://savemoki.com/" "Mozilla/5.0 (Windows NT 6.1; Win64; x64) AppleWebKit/537.36 (KHTML, like Gecko) Chrome/90.0.4430.85 Safari/537.36 Edg/90.0.818.49" "savemoki.com"
185.174.159.245 - - [01/Oct/2022:13:29:41 -0700] "GET /blog/ HTTP/1.1" 200 698 "http://savemoki.com/blog/" "Mozilla/5.0 (Windows NT 6.1; Win64; x64) AppleWebKit/537.36 (KHTML, like Gecko) Chrome/90.0.4430.85 Safari/537.36 Edg/90.0.818.49" "savemoki.com"
185.174.159.245 - - [01/Oct/2022:13:29:41 -0700] "GET /blog/contact_us.html HTTP/1.1" 404 73 "http://savemoki.com/blog/contact_us.html" "Mozilla/5.0 (Windows NT 6.1; Win64; x64) AppleWebKit/537.36 (KHTML, like Gecko) Chrome/90.0.4430.85 Safari/537.36 Edg/90.0.818.49" "savemoki.com"
185.174.159.245 - - [01/Oct/2022:13:29:41 -0700] "GET /contact_us.html HTTP/1.1" 200 18024 "http://savemoki.com/contact_us.html" "Mozilla/5.0 (Windows NT 6.1; Win64; x64) AppleWebKit/537.36 (KHTML, like Gecko) Chrome/90.0.4430.85 Safari/537.36 Edg/90.0.818.49" "savemoki.com"
114.119.156.133 - - [01/Oct/2022:13:29:53 -0700] "GET /2test/index.php/courses/kindergarten/ HTTP/1.1" 200 22526 "https://savemoki.com/2test/index.php/courses/sixth-grade/" "Mozilla/5.0 (Linux; Android 7.0;) AppleWebKit/537.36 (KHTML, like Gecko) Mobile Safari/537.36 (compatible; PetalBot;+https://webmaster.petalsearch.com/site/petalbot)" "savemoki.com"
10.213.116.63 - - [01/Oct/2022:13:29:57 -0700] "POST /2test/wp-cron.php?doing_wp_cron=1664656197.2353789806365966796875 HTTP/1.1" 200 - "https://savemoki.com/2test/wp-cron.php?doing_wp_cron=1664656197.2353789806365966796875" "WordPress/5.4.11; https://savemoki.com/2test" "savemoki.com"
114.119.156.133 - - [01/Oct/2022:13:39:02 -0700] "GET /Donate HTTP/1.1" 200 2982 "-" "Mozilla/5.0 (Linux; Android 7.0;) AppleWebKit/537.36 (KHTML, like Gecko) Mobile Safari/537.36 (compatible; PetalBot;+https://webmaster.petalsearch.com/site/petalbot)" "savemoki.com"
114.119.139.185 - - [01/Oct/2022:13:41:55 -0700] "GET /clipart/buttons/?C=M%3BO%3DA HTTP/1.1" 200 359 "https://www.savemoki.com/clipart/buttons/" "Mozilla/5.0 (Linux; Android 7.0;) AppleWebKit/537.36 (KHTML, like Gecko) Mobile Safari/537.36 (compatible; PetalBot;+https://webmaster.petalsearch.com/site/petalbot)" "www.savemoki.com"
114.119.139.185 - - [01/Oct/2022:13:47:53 -0700] "GET /clipart/buttons/themes/?C=D%3BO%3DA HTTP/1.1" 200 404 "https://savemoki.com/clipart/buttons/themes?S=A" "Mozilla/5.0 (Linux; Android 7.0;) AppleWebKit/537.36 (KHTML, like Gecko) Mobile Safari/537.36 (compatible; PetalBot;+https://webmaster.petalsearch.com/site/petalbot)" "savemoki.com"
114.119.141.100 - - [01/Oct/2022:13:52:41 -0700] "GET /?C=M%3BO%3DA HTTP/1.1" 200 1286 "https://savemoki.com/" "Mozilla/5.0 (Linux; Android 7.0;) AppleWebKit/537.36 (KHTML, like Gecko) Mobile Safari/537.36 (compatible; PetalBot;+https://webmaster.petalsearch.com/site/petalbot)" "savemoki.com"
114.119.139.148 - - [01/Oct/2022:13:53:54 -0700] "GET /blog/wp-content/themes/themeforest-625914-ice-theme-powerful-wordpress-theme-1/sample%20content?C=N%3BO%3DD HTTP/1.1" 301 1475 "https://savemoki.com/blog/wp-content/themes/themeforest-625914-ice-theme-powerful-wordpress-theme-1/sample%20content?S=A" "Mozilla/5.0 (Linux; Android 7.0;) AppleWebKit/537.36 (KHTML, like Gecko) Mobile Safari/537.36 (compatible; PetalBot;+https://webmaster.petalsearch.com/site/petalbot)" "savemoki.com"
114.119.139.148 - - [01/Oct/2022:13:53:55 -0700] "GET /blog/wp-content/themes/themeforest-625914-ice-theme-powerful-wordpress-theme-1/sample%20content/?C=N%3BO%3DD HTTP/1.1" 200 576 "https://savemoki.com/blog/wp-content/themes/themeforest-625914-ice-theme-powerful-wordpress-theme-1/sample%20content?S=A" "Mozilla/5.0 (Linux; Android 7.0;) AppleWebKit/537.36 (KHTML, like Gecko) Mobile Safari/537.36 (compatible; PetalBot;+https://webmaster.petalsearch.com/site/petalbot)" "savemoki.com"
114.119.139.167 - - [01/Oct/2022:13:59:55 -0700] "GET /blog/?C=N%3BO%3DD HTTP/1.1" 200 352 "https://savemoki.com/blog?D=A" "Mozilla/5.0 (Linux; Android 7.0;) AppleWebKit/537.36 (KHTML, like Gecko) Mobile Safari/537.36 (compatible; PetalBot;+https://webmaster.petalsearch.com/site/petalbot)" "savemoki.com"
114.119.139.166 - - [01/Oct/2022:14:05:56 -0700] "GET /sitebuilder/images?S=A HTTP/1.1" 301 1422 "https://www.savemoki.com/sitebuilder/images?D=D" "Mozilla/5.0 (Linux; Android 7.0;) AppleWebKit/537.36 (KHTML, like Gecko) Mobile Safari/537.36 (compatible; PetalBot;+https://webmaster.petalsearch.com/site/petalbot)" "www.savemoki.com"
114.119.139.166 - - [01/Oct/2022:14:05:57 -0700] "GET /sitebuilder/images/?S=A HTTP/1.1" 200 3814 "https://www.savemoki.com/sitebuilder/images?D=D" "Mozilla/5.0 (Linux; Android 7.0;) AppleWebKit/537.36 (KHTML, like Gecko) Mobile Safari/537.36 (compatible; PetalBot;+https://webmaster.petalsearch.com/site/petalbot)" "www.savemoki.com"
114.119.139.166 - - [01/Oct/2022:14:11:57 -0700] "GET /media?D=A HTTP/1.1" 301 1413 "https://www.savemoki.com/media?M=D" "Mozilla/5.0 (Linux; Android 7.0;) AppleWebKit/537.36 (KHTML, like Gecko) Mobile Safari/537.36 (compatible; PetalBot;+https://webmaster.petalsearch.com/site/petalbot)" "www.savemoki.com"
114.119.139.166 - - [01/Oct/2022:14:12:03 -0700] "GET /media/?D=A HTTP/1.1" 200 396 "https://www.savemoki.com/media?M=D" "Mozilla/5.0 (Linux; Android 7.0;) AppleWebKit/537.36 (KHTML, like Gecko) Mobile Safari/537.36 (compatible; PetalBot;+https://webmaster.petalsearch.com/site/petalbot)" "www.savemoki.com"
64.124.8.35 - - [01/Oct/2022:14:14:09 -0700] "GET /robots.txt HTTP/1.1" 200 55 "-" "Mozilla/5.0 (X11; Linux x86_64) AppleWebKit/537.36 (KHTML, like Gecko) Chrome/61.0.3163.79 Safari/537.36" "savemoki.com"
64.124.8.35 - - [01/Oct/2022:14:14:09 -0700] "GET /clipart/pageHeaders/ HTTP/1.1" 200 427 "-" "Mozilla/5.0 (X11; Linux x86_64) AppleWebKit/537.36 (KHTML, like Gecko) Chrome/61.0.3163.79 Safari/537.36" "savemoki.com"
64.124.8.35 - - [01/Oct/2022:14:17:51 -0700] "GET /clipart/images/ HTTP/1.1" 200 489 "-" "Mozilla/5.0 (X11; Linux x86_64) AppleWebKit/537.36 (KHTML, like Gecko) Chrome/61.0.3163.79 Safari/537.36" "savemoki.com"
114.119.139.167 - - [01/Oct/2022:14:17:54 -0700] "GET /clipart/images/sidebars/ HTTP/1.1" 200 432 "https://savemoki.com/clipart/images/?C=D%3BO%3DA" "Mozilla/5.0 (Linux; Android 7.0;) AppleWebKit/537.36 (KHTML, like Gecko) Mobile Safari/537.36 (compatible; PetalBot;+https://webmaster.petalsearch.com/site/petalbot)" "savemoki.com"
64.124.8.35 - - [01/Oct/2022:14:22:53 -0700] "GET /clipart/bullets/ HTTP/1.1" 200 429 "-" "Mozilla/5.0 (X11; Linux x86_64) AppleWebKit/537.36 (KHTML, like Gecko) Chrome/61.0.3163.79 Safari/537.36" "savemoki.com"
114.119.139.166 - - [01/Oct/2022:14:23:55 -0700] "GET /clipart/images/frames/?C=N%3BO%3DD HTTP/1.1" 200 379 "https://www.savemoki.com/clipart/images/frames?M=D" "Mozilla/5.0 (Linux; Android 7.0;) AppleWebKit/537.36 (KHTML, like Gecko) Mobile Safari/537.36 (compatible; PetalBot;+https://webmaster.petalsearch.com/site/petalbot)" "www.savemoki.com"
64.124.8.35 - - [01/Oct/2022:14:29:08 -0700] "GET /clipart/buttons/ HTTP/1.1" 200 359 "-" "Mozilla/5.0 (X11; Linux x86_64) AppleWebKit/537.36 (KHTML, like Gecko) Chrome/61.0.3163.79 Safari/537.36" "savemoki.com"
114.119.139.167 - - [01/Oct/2022:14:29:55 -0700] "GET /files/?C=M%3BO%3DA HTTP/1.1" 200 380 "https://www.savemoki.com/files/?C=S%3BO%3DA" "Mozilla/5.0 (Linux; Android 7.0;) AppleWebKit/537.36 (KHTML, like Gecko) Mobile Safari/537.36 (compatible; PetalBot;+https://webmaster.petalsearch.com/site/petalbot)" "www.savemoki.com"
114.119.139.148 - - [01/Oct/2022:14:35:58 -0700] "GET /navigation_bars/?C=N%3BO%3DD HTTP/1.1" 200 408 "https://www.savemoki.com/navigation_bars?N=A" "Mozilla/5.0 (Linux; Android 7.0;) AppleWebKit/537.36 (KHTML, like Gecko) Mobile Safari/537.36 (compatible; PetalBot;+https://webmaster.petalsearch.com/site/petalbot)" "www.savemoki.com"
114.119.139.148 - - [01/Oct/2022:14:41:57 -0700] "GET /socialenginetrial?M=A HTTP/1.1" 301 1421 "https://savemoki.com/socialenginetrial?M=D" "Mozilla/5.0 (Linux; Android 7.0;) AppleWebKit/537.36 (KHTML, like Gecko) Mobile Safari/537.36 (compatible; PetalBot;+https://webmaster.petalsearch.com/site/petalbot)" "savemoki.com"
114.119.139.148 - - [01/Oct/2022:14:42:00 -0700] "GET /socialenginetrial/?M=A HTTP/1.1" 200 318 "https://savemoki.com/socialenginetrial?M=D" "Mozilla/5.0 (Linux; Android 7.0;) AppleWebKit/537.36 (KHTML, like Gecko) Mobile Safari/537.36 (compatible; PetalBot;+https://webmaster.petalsearch.com/site/petalbot)" "savemoki.com"
114.119.156.133 - - [01/Oct/2022:14:47:55 -0700] "GET /blog/wp-content/themes/themeforest-625914-ice-theme-powerful-wordpress-theme-1/licensing/?C=S%3BO%3DA HTTP/1.1" 200 419 "https://www.savemoki.com/blog/wp-content/themes/themeforest-625914-ice-theme-powerful-wordpress-theme-1/licensing/" "Mozilla/5.0 (Linux; Android 7.0;) AppleWebKit/537.36 (KHTML, like Gecko) Mobile Safari/537.36 (compatible; PetalBot;+https://webmaster.petalsearch.com/site/petalbot)" "www.savemoki.com"
114.119.139.167 - - [01/Oct/2022:14:53:56 -0700] "GET /2test/index.php/heritage-flex-academy HTTP/1.1" 200 19154 "https://savemoki.com/2test/index.php/2020/04/03/sample-page" "Mozilla/5.0 (Linux; Android 7.0;) AppleWebKit/537.36 (KHTML, like Gecko) Mobile Safari/537.36 (compatible; PetalBot;+https://webmaster.petalsearch.com/site/petalbot)" "savemoki.com"
37.139.53.81 - - [01/Oct/2022:14:54:01 -0700] "GET /contact_us.html HTTP/1.1" 200 18024 "http://savemoki.com/contact_us.html" "Mozilla/5.0 (Windows NT 6.1; Win64; x64) AppleWebKit/537.36 (KHTML, like Gecko) Chrome/83.0.4103.61 Safari/537.36" "savemoki.com"
10.213.116.63 - - [01/Oct/2022:14:54:05 -0700] "GET /2test/index.php/wp-json/wp/v2/types/post?context=edit HTTP/1.1" 401 127 "https://savemoki.com/2test/index.php/wp-json/wp/v2/types/post?context=edit" "WordPress/5.4.11; https://savemoki.com/2test" "savemoki.com"
10.213.116.62 - - [01/Oct/2022:14:54:00 -0700] "POST /2test/wp-cron.php?doing_wp_cron=1664661240.1842780113220214843750 HTTP/1.1" 200 - "https://savemoki.com/2test/wp-cron.php?doing_wp_cron=1664661240.1842780113220214843750" "WordPress/5.4.11; https://savemoki.com/2test" "savemoki.com"
207.46.13.122 - - [01/Oct/2022:14:58:32 -0700] "GET /Mokislabpage3.html HTTP/1.1" 200 3826 "-" "Mozilla/5.0 AppleWebKit/537.36 (KHTML, like Gecko; compatible; bingbot/2.0; +http://www.bing.com/bingbot.htm) Chrome/103.0.5060.134 Safari/537.36" "www.savemoki.com"
114.119.139.166 - - [01/Oct/2022:14:59:56 -0700] "GET /clipart/pageHeaders/?C=N%3BO%3DD HTTP/1.1" 200 427 "https://www.savemoki.com/clipart/pageHeaders" "Mozilla/5.0 (Linux; Android 7.0;) AppleWebKit/537.36 (KHTML, like Gecko) Mobile Safari/537.36 (compatible; PetalBot;+https://webmaster.petalsearch.com/site/petalbot)" "www.savemoki.com"
64.124.8.35 - - [01/Oct/2022:15:01:05 -0700] "GET /clipart/lines/ HTTP/1.1" 200 361 "-" "Mozilla/5.0 (X11; Linux x86_64) AppleWebKit/537.36 (KHTML, like Gecko) Chrome/61.0.3163.79 Safari/537.36" "savemoki.com"
194.110.203.45 - - [01/Oct/2022:15:01:27 -0700] "GET /configuration.php.old HTTP/1.1" 404 73 "-" "Firefox" "savemoki.com"
64.124.8.35 - - [01/Oct/2022:15:04:49 -0700] "GET /home HTTP/1.1" 200 5367 "-" "Mozilla/5.0 (X11; Linux x86_64) AppleWebKit/537.36 (KHTML, like Gecko) Chrome/61.0.3163.79 Safari/537.36" "savemoki.com"
64.124.8.35 - - [01/Oct/2022:15:05:31 -0700] "GET /Mokislabpage3.html HTTP/1.1" 304 - "-" "Mozilla/5.0 (X11; Linux x86_64) AppleWebKit/537.36 (KHTML, like Gecko) Chrome/61.0.3163.79 Safari/537.36" "savemoki.com"
185.191.171.18 - - [01/Oct/2022:15:05:51 -0700] "GET /robots.txt HTTP/1.1" 200 55 "-" "Mozilla/5.0 (compatible; SemrushBot/7~bl; +http://www.semrush.com/bot.html)" "savemoki.com"
185.191.171.25 - - [01/Oct/2022:15:05:52 -0700] "GET /clipart/ HTTP/1.1" 200 440 "-" "Mozilla/5.0 (compatible; SemrushBot/7~bl; +http://www.semrush.com/bot.html)" "savemoki.com"
114.119.139.167 - - [01/Oct/2022:15:05:55 -0700] "GET /socialenginetrial?C=D%3BO%3DA HTTP/1.1" 301 1428 "https://www.savemoki.com/socialenginetrial?D=D" "Mozilla/5.0 (Linux; Android 7.0;) AppleWebKit/537.36 (KHTML, like Gecko) Mobile Safari/537.36 (compatible; PetalBot;+https://webmaster.petalsearch.com/site/petalbot)" "www.savemoki.com"
114.119.139.167 - - [01/Oct/2022:15:05:56 -0700] "GET /socialenginetrial/?C=D%3BO%3DA HTTP/1.1" 200 318 "https://www.savemoki.com/socialenginetrial?D=D" "Mozilla/5.0 (Linux; Android 7.0;) AppleWebKit/537.36 (KHTML, like Gecko) Mobile Safari/537.36 (compatible; PetalBot;+https://webmaster.petalsearch.com/site/petalbot)" "www.savemoki.com"
77.75.72.26 - - [01/Oct/2022:15:11:41 -0700] "GET /Announcements.html HTTP/1.1" 200 5728 "-" "Mozilla/5.0 (compatible; SeznamBot/4.0-RC1; +http://napoveda.seznam.cz/seznambot-intro/)" "savemoki.com"
114.119.139.166 - - [01/Oct/2022:15:11:58 -0700] "GET /clipart/bullets/ HTTP/1.1" 200 429 "https://www.savemoki.com/clipart/" "Mozilla/5.0 (Linux; Android 7.0;) AppleWebKit/537.36 (KHTML, like Gecko) Mobile Safari/537.36 (compatible; PetalBot;+https://webmaster.petalsearch.com/site/petalbot)" "www.savemoki.com"
114.119.139.185 - - [01/Oct/2022:15:17:57 -0700] "GET /navigation_bars?S=A HTTP/1.1" 301 1419 "https://savemoki.com/navigation_bars?N=A" "Mozilla/5.0 (Linux; Android 7.0;) AppleWebKit/537.36 (KHTML, like Gecko) Mobile Safari/537.36 (compatible; PetalBot;+https://webmaster.petalsearch.com/site/petalbot)" "savemoki.com"
114.119.139.185 - - [01/Oct/2022:15:17:58 -0700] "GET /navigation_bars/?S=A HTTP/1.1" 200 408 "https://savemoki.com/navigation_bars?N=A" "Mozilla/5.0 (Linux; Android 7.0;) AppleWebKit/537.36 (KHTML, like Gecko) Mobile Safari/537.36 (compatible; PetalBot;+https://webmaster.petalsearch.com/site/petalbot)" "savemoki.com"
114.119.139.148 - - [01/Oct/2022:15:23:58 -0700] "GET /clipart/buttons/themes/swoosh_blue?C=N%3BO%3DD HTTP/1.1" 301 1446 "https://www.savemoki.com/clipart/buttons/themes/swoosh_blue?C=S%3BO%3DA" "Mozilla/5.0 (Linux; Android 7.0;) AppleWebKit/537.36 (KHTML, like Gecko) Mobile Safari/537.36 (compatible; PetalBot;+https://webmaster.petalsearch.com/site/petalbot)" "www.savemoki.com"
114.119.139.148 - - [01/Oct/2022:15:23:59 -0700] "GET /clipart/buttons/themes/swoosh_blue/?C=N%3BO%3DD HTTP/1.1" 200 418 "https://www.savemoki.com/clipart/buttons/themes/swoosh_blue?C=S%3BO%3DA" "Mozilla/5.0 (Linux; Android 7.0;) AppleWebKit/537.36 (KHTML, like Gecko) Mobile Safari/537.36 (compatible; PetalBot;+https://webmaster.petalsearch.com/site/petalbot)" "www.savemoki.com"
114.119.139.148 - - [01/Oct/2022:15:29:58 -0700] "GET /navigation_bars?D=D HTTP/1.1" 301 1419 "https://savemoki.com/navigation_bars?D=A" "Mozilla/5.0 (Linux; Android 7.0;) AppleWebKit/537.36 (KHTML, like Gecko) Mobile Safari/537.36 (compatible; PetalBot;+https://webmaster.petalsearch.com/site/petalbot)" "savemoki.com"
114.119.139.148 - - [01/Oct/2022:15:30:01 -0700] "GET /navigation_bars/?D=D HTTP/1.1" 200 408 "https://savemoki.com/navigation_bars?D=A" "Mozilla/5.0 (Linux; Android 7.0;) AppleWebKit/537.36 (KHTML, like Gecko) Mobile Safari/537.36 (compatible; PetalBot;+https://webmaster.petalsearch.com/site/petalbot)" "savemoki.com"
114.119.139.148 - - [01/Oct/2022:15:35:59 -0700] "GET /special_thanks HTTP/1.1" 200 3418 "http://www.savemoki.com/yahoo_site_admin" "Mozilla/5.0 (Linux; Android 7.0;) AppleWebKit/537.36 (KHTML, like Gecko) Mobile Safari/537.36 (compatible; PetalBot;+https://webmaster.petalsearch.com/site/petalbot)" "www.savemoki.com"
64.124.8.36 - - [01/Oct/2022:16:50:46 -0700] "GET /robots.txt HTTP/1.1" 200 55 "-" "Mozilla/5.0 (X11; Linux x86_64) AppleWebKit/537.36 (KHTML, like Gecko) Chrome/61.0.3163.79 Safari/537.36" "savemoki.com"
64.124.8.36 - - [01/Oct/2022:16:50:46 -0700] "GET /blog/wp-content/themes/ HTTP/1.1" 200 405 "-" "Mozilla/5.0 (X11; Linux x86_64) AppleWebKit/537.36 (KHTML, like Gecko) Chrome/61.0.3163.79 Safari/537.36" "savemoki.com"
79.137.194.75 - - [01/Oct/2022:16:50:45 -0700] "GET / HTTP/1.1" 200 7350 "https://tvlocations.info/" "Mozilla/4.0 (compatible; MSIE 6.0; Windows NT 5.1; SV1; .NET CLR 1.1.4322; .NET CLR 2.0.50727)" "www.savemoki.com"
79.137.194.75 - - [01/Oct/2022:16:50:46 -0700] "GET / HTTP/1.1" 200 7350 "https://tvlocations.info/" "Mozilla/4.0 (compatible; MSIE 6.0; Windows NT 5.1; SV1; .NET CLR 1.1.4322; .NET CLR 2.0.50727)" "www.savemoki.com"
79.137.194.75 - - [01/Oct/2022:16:50:47 -0700] "GET / HTTP/1.1" 200 7350 "https://tvlocations.info/" "Mozilla/4.0 (compatible; MSIE 6.0; Windows NT 5.1; SV1; .NET CLR 1.1.4322; .NET CLR 2.0.50727)" "www.savemoki.com"
54.36.148.32 - - [01/Oct/2022:16:51:39 -0700] "GET /robots.txt HTTP/1.1" 200 55 "-" "Mozilla/5.0 (compatible; AhrefsBot/7.0; +http://ahrefs.com/robot/)" "www.savemoki.com"
139.180.207.206 - - [01/Oct/2022:16:53:45 -0700] "GET /contact_us.html HTTP/1.1" 200 18024 "http://savemoki.com/contact_us.html" "Mozilla/5.0 (Windows NT 6.3; Win64; x64) AppleWebKit/537.36 (KHTML, like Gecko) Chrome/90.0.4430.72 Safari/537.36 Edg/90.0.818.42" "savemoki.com"
185.191.171.42 - - [01/Oct/2022:17:16:15 -0700] "GET /robots.txt HTTP/1.1" 200 55 "-" "Mozilla/5.0 (compatible; SemrushBot/7~bl; +http://www.semrush.com/bot.html)" "savemoki.com"
185.191.171.33 - - [01/Oct/2022:17:16:15 -0700] "GET /Mokislabpage3.html HTTP/1.1" 200 3826 "-" "Mozilla/5.0 (compatible; SemrushBot/7~bl; +http://www.semrush.com/bot.html)" "savemoki.com"
114.119.156.133 - - [01/Oct/2022:17:47:32 -0700] "GET /2test/index.php/courses/first-grade/ HTTP/1.1" 200 20519 "https://savemoki.com/2test/index.php/courses/sixth-grade/" "Mozilla/5.0 (Linux; Android 7.0;) AppleWebKit/537.36 (KHTML, like Gecko) Mobile Safari/537.36 (compatible; PetalBot;+https://webmaster.petalsearch.com/site/petalbot)" "savemoki.com"
10.213.116.62 - - [01/Oct/2022:17:47:39 -0700] "POST /2test/wp-cron.php?doing_wp_cron=1664671659.0029048919677734375000 HTTP/1.1" 200 - "https://savemoki.com/2test/wp-cron.php?doing_wp_cron=1664671659.0029048919677734375000" "WordPress/5.4.11; https://savemoki.com/2test" "savemoki.com"
114.119.156.133 - - [01/Oct/2022:18:05:49 -0700] "GET /sitebuilder/?C=S%3BO%3DA HTTP/1.1" 200 372 "https://www.savemoki.com/sitebuilder?C=N%3BO%3DD" "Mozilla/5.0 (Linux; Android 7.0;) AppleWebKit/537.36 (KHTML, like Gecko) Mobile Safari/537.36 (compatible; PetalBot;+https://webmaster.petalsearch.com/site/petalbot)" "www.savemoki.com"
185.191.171.17 - - [01/Oct/2022:18:20:03 -0700] "GET /robots.txt HTTP/1.1" 200 55 "-" "Mozilla/5.0 (compatible; SemrushBot/7~bl; +http://www.semrush.com/bot.html)" "savemoki.com"
185.191.171.6 - - [01/Oct/2022:18:20:03 -0700] "GET /Feline_health.html HTTP/1.1" 200 8098 "-" "Mozilla/5.0 (compatible; SemrushBot/7~bl; +http://www.semrush.com/bot.html)" "savemoki.com"
54.213.102.232 - - [01/Oct/2022:18:28:34 -0700] "GET / HTTP/1.1" 200 1286 "-" "Mozilla/5.0 (X11; Linux x86_64) AppleWebKit/537.36 (KHTML, like Gecko) Chrome/83.0.4103.97 Safari/537.36" "savemoki.com"
35.91.56.155 - - [01/Oct/2022:18:28:57 -0700] "GET /favicon.ico HTTP/1.1" 404 88 "-" "Mozilla/5.0 (X11; Linux x86_64) AppleWebKit/537.36 (KHTML, like Gecko) Chrome/83.0.4103.97 Safari/537.36" "savemoki.com"
35.91.56.155 - - [01/Oct/2022:18:28:58 -0700] "GET / HTTP/1.1" 200 1286 "-" "Mozilla/5.0 (X11; Linux x86_64) AppleWebKit/537.36 (KHTML, like Gecko) Chrome/83.0.4103.97 Safari/537.36" "savemoki.com"
114.119.139.167 - - [01/Oct/2022:18:31:32 -0700] "GET /blog/wp-content/themes/themeforest-625914-ice-theme-powerful-wordpress-theme-1/PSD?C=M%3BO%3DA HTTP/1.1" 301 1472 "https://www.savemoki.com/blog/wp-content/themes/themeforest-625914-ice-theme-powerful-wordpress-theme-1/PSD" "Mozilla/5.0 (Linux; Android 7.0;) AppleWebKit/537.36 (KHTML, like Gecko) Mobile Safari/537.36 (compatible; PetalBot;+https://webmaster.petalsearch.com/site/petalbot)" "www.savemoki.com"
114.119.139.167 - - [01/Oct/2022:18:31:35 -0700] "GET /blog/wp-content/themes/themeforest-625914-ice-theme-powerful-wordpress-theme-1/PSD/?C=M%3BO%3DA HTTP/1.1" 200 419 "https://www.savemoki.com/blog/wp-content/themes/themeforest-625914-ice-theme-powerful-wordpress-theme-1/PSD" "Mozilla/5.0 (Linux; Android 7.0;) AppleWebKit/537.36 (KHTML, like Gecko) Mobile Safari/537.36 (compatible; PetalBot;+https://webmaster.petalsearch.com/site/petalbot)" "www.savemoki.com"
185.191.171.6 - - [01/Oct/2022:18:47:26 -0700] "GET /robots.txt HTTP/1.1" 200 55 "-" "Mozilla/5.0 (compatible; SemrushBot/7~bl; +http://www.semrush.com/bot.html)" "www.savemoki.com"
185.191.171.37 - - [01/Oct/2022:18:47:26 -0700] "GET /clipart/buttons/themes/ HTTP/1.1" 200 404 "-" "Mozilla/5.0 (compatible; SemrushBot/7~bl; +http://www.semrush.com/bot.html)" "www.savemoki.com"
95.84.0.186 - - [01/Oct/2022:18:50:57 -0700] "GET /blog1/2015/05/07/test-post/ HTTP/1.1" 404 73 "http://savemoki.com/blog1/2015/05/07/test-post/" "Mozilla/5.0 (Windows NT 6.2; Win64; x64) AppleWebKit/537.36 (KHTML, like Gecko) Chrome/90.0.4430.72 Safari/537.36" "savemoki.com"
185.191.171.11 - - [01/Oct/2022:19:04:01 -0700] "GET / HTTP/1.1" 200 1286 "-" "Mozilla/5.0 (compatible; SemrushBot/7~bl; +http://www.semrush.com/bot.html)" "savemoki.com"
89.185.85.245 - - [01/Oct/2022:19:05:12 -0700] "GET /blog1/2015/05/07/test-post/ HTTP/1.1" 404 73 "https://twtalktw.info/" "Mozilla/4.0 (compatible; MSIE 6.0; Update a; AOL 6.0; Windows 98)" "savemoki.com"
89.185.85.245 - - [01/Oct/2022:19:05:13 -0700] "GET /blog1/2015/05/07/test-post/ HTTP/1.1" 404 73 "https://twtalktw.info/" "Mozilla/4.0 (compatible; MSIE 6.0; Update a; AOL 6.0; Windows 98)" "savemoki.com"
89.185.85.245 - - [01/Oct/2022:19:05:13 -0700] "GET /blog1/2015/05/07/test-post/ HTTP/1.1" 404 73 "https://twtalktw.info/" "Mozilla/4.0 (compatible; MSIE 6.0; Update a; AOL 6.0; Windows 98)" "savemoki.com"
123.125.109.61 - - [01/Oct/2022:19:10:16 -0700] "GET / HTTP/1.1" 200 1286 "-" "Sogou web spider/4.0(+http://www.sogou.com/docs/help/webmasters.htm#07)" "www.savemoki.com"
1.202.249.94 - - [01/Oct/2022:19:20:37 -0700] "GET / HTTP/1.1" 200 1286 "-" "Mozilla/5.0 (Windows NT 6.1; WOW64; rv:45.0) Gecko/20100101 Firefox/45.0" "savemoki.com"
93.158.161.46 - - [01/Oct/2022:19:29:41 -0700] "GET /robots.txt HTTP/1.1" 200 39 "-" "Mozilla/5.0 (compatible; YandexBot/3.0; +http://yandex.com/bots)" "savemoki.com"
93.158.161.71 - - [01/Oct/2022:19:29:45 -0700] "GET /sitemap.xml HTTP/1.1" 200 251 "-" "Mozilla/5.0 (compatible; YandexBot/3.0; +http://yandex.com/bots)" "savemoki.com"
114.119.139.185 - - [01/Oct/2022:19:42:29 -0700] "GET /blog?C=N%3BO%3DD HTTP/1.1" 301 1420 "https://savemoki.com/blog" "Mozilla/5.0 (Linux; Android 7.0;) AppleWebKit/537.36 (KHTML, like Gecko) Mobile Safari/537.36 (compatible; PetalBot;+https://webmaster.petalsearch.com/site/petalbot)" "savemoki.com"
114.119.139.185 - - [01/Oct/2022:19:42:29 -0700] "GET /blog/?C=N%3BO%3DD HTTP/1.1" 200 352 "https://savemoki.com/blog" "Mozilla/5.0 (Linux; Android 7.0;) AppleWebKit/537.36 (KHTML, like Gecko) Mobile Safari/537.36 (compatible; PetalBot;+https://webmaster.petalsearch.com/site/petalbot)" "savemoki.com"
20.125.141.209 - - [01/Oct/2022:19:46:01 -0700] "GET / HTTP/1.1" 200 1286 "-" "python-requests/2.27.1" "savemoki.com"
114.119.139.167 - - [01/Oct/2022:19:48:52 -0700] "GET /blog/wp-content/?C=S%3BO%3DA HTTP/1.1" 200 359 "http://www.savemoki.com/blog/wp-content?C=S%3BO%3DA" "Mozilla/5.0 (Linux; Android 7.0;) AppleWebKit/537.36 (KHTML, like Gecko) Mobile Safari/537.36 (compatible; PetalBot;+https://webmaster.petalsearch.com/site/petalbot)" "www.savemoki.com"
114.119.139.185 - - [01/Oct/2022:20:05:10 -0700] "GET /clipart/images/frames?C=S%3BO%3DA HTTP/1.1" 301 1431 "https://savemoki.com/clipart/images/frames" "Mozilla/5.0 (Linux; Android 7.0;) AppleWebKit/537.36 (KHTML, like Gecko) Mobile Safari/537.36 (compatible; PetalBot;+https://webmaster.petalsearch.com/site/petalbot)" "savemoki.com"
114.119.139.185 - - [01/Oct/2022:20:05:11 -0700] "GET /clipart/images/frames/?C=S%3BO%3DA HTTP/1.1" 200 379 "https://savemoki.com/clipart/images/frames" "Mozilla/5.0 (Linux; Android 7.0;) AppleWebKit/537.36 (KHTML, like Gecko) Mobile Safari/537.36 (compatible; PetalBot;+https://webmaster.petalsearch.com/site/petalbot)" "savemoki.com"
114.119.139.185 - - [01/Oct/2022:20:13:06 -0700] "GET /Mokislabpage3.html HTTP/1.1" 200 3826 "https://www.savemoki.com/?C=S%3BO%3DA" "Mozilla/5.0 (Linux; Android 7.0;) AppleWebKit/537.36 (KHTML, like Gecko) Mobile Safari/537.36 (compatible; PetalBot;+https://webmaster.petalsearch.com/site/petalbot)" "www.savemoki.com"
185.97.121.197 - - [01/Oct/2022:20:15:59 -0700] "GET /contact_us.html HTTP/1.1" 200 18024 "http://savemoki.com/contact_us.html" "Mozilla/5.0 (Windows NT 6.1; WOW64) AppleWebKit/537.36 (KHTML, like Gecko) Chrome/90.0.4430.85 Safari/537.36" "savemoki.com"
114.119.139.185 - - [01/Oct/2022:20:19:15 -0700] "GET /clipart/pageHeaders?D=D HTTP/1.1" 301 1421 "https://savemoki.com/clipart/pageHeaders?D=A" "Mozilla/5.0 (Linux; Android 7.0;) AppleWebKit/537.36 (KHTML, like Gecko) Mobile Safari/537.36 (compatible; PetalBot;+https://webmaster.petalsearch.com/site/petalbot)" "savemoki.com"
114.119.139.185 - - [01/Oct/2022:20:19:17 -0700] "GET /clipart/pageHeaders/?D=D HTTP/1.1" 200 427 "https://savemoki.com/clipart/pageHeaders?D=A" "Mozilla/5.0 (Linux; Android 7.0;) AppleWebKit/537.36 (KHTML, like Gecko) Mobile Safari/537.36 (compatible; PetalBot;+https://webmaster.petalsearch.com/site/petalbot)" "savemoki.com"
114.119.139.167 - - [01/Oct/2022:20:25:19 -0700] "GET /clipart/pageHeaders?N=A HTTP/1.1" 301 1422 "https://www.savemoki.com/clipart/pageHeaders?S=D" "Mozilla/5.0 (Linux; Android 7.0;) AppleWebKit/537.36 (KHTML, like Gecko) Mobile Safari/537.36 (compatible; PetalBot;+https://webmaster.petalsearch.com/site/petalbot)" "www.savemoki.com"
114.119.139.167 - - [01/Oct/2022:20:25:20 -0700] "GET /clipart/pageHeaders/?N=A HTTP/1.1" 200 427 "https://www.savemoki.com/clipart/pageHeaders?S=D" "Mozilla/5.0 (Linux; Android 7.0;) AppleWebKit/537.36 (KHTML, like Gecko) Mobile Safari/537.36 (compatible; PetalBot;+https://webmaster.petalsearch.com/site/petalbot)" "www.savemoki.com"
114.119.139.167 - - [01/Oct/2022:20:31:24 -0700] "GET /sitebuilder/images?M=D HTTP/1.1" 301 1420 "https://savemoki.com/sitebuilder/images?M=A" "Mozilla/5.0 (Linux; Android 7.0;) AppleWebKit/537.36 (KHTML, like Gecko) Mobile Safari/537.36 (compatible; PetalBot;+https://webmaster.petalsearch.com/site/petalbot)" "savemoki.com"
114.119.139.167 - - [01/Oct/2022:20:31:25 -0700] "GET /sitebuilder/images/?M=D HTTP/1.1" 200 3814 "https://savemoki.com/sitebuilder/images?M=A" "Mozilla/5.0 (Linux; Android 7.0;) AppleWebKit/537.36 (KHTML, like Gecko) Mobile Safari/537.36 (compatible; PetalBot;+https://webmaster.petalsearch.com/site/petalbot)" "savemoki.com"
114.119.139.166 - - [01/Oct/2022:20:37:28 -0700] "GET /blog/wp-content/themes/themeforest-625914-ice-theme-powerful-wordpress-theme-1/sample%20content?M=A HTTP/1.1" 301 1466 "https://savemoki.com/blog/wp-content/themes/themeforest-625914-ice-theme-powerful-wordpress-theme-1/sample%20content?S=D" "Mozilla/5.0 (Linux; Android 7.0;) AppleWebKit/537.36 (KHTML, like Gecko) Mobile Safari/537.36 (compatible; PetalBot;+https://webmaster.petalsearch.com/site/petalbot)" "savemoki.com"
114.119.139.166 - - [01/Oct/2022:20:37:29 -0700] "GET /blog/wp-content/themes/themeforest-625914-ice-theme-powerful-wordpress-theme-1/sample%20content/?M=A HTTP/1.1" 200 576 "https://savemoki.com/blog/wp-content/themes/themeforest-625914-ice-theme-powerful-wordpress-theme-1/sample%20content?S=D" "Mozilla/5.0 (Linux; Android 7.0;) AppleWebKit/537.36 (KHTML, like Gecko) Mobile Safari/537.36 (compatible; PetalBot;+https://webmaster.petalsearch.com/site/petalbot)" "savemoki.com"
1.65.222.48 - - [01/Oct/2022:20:38:12 -0700] "GET /contact_us.html HTTP/1.1" 200 18024 "http://savemoki.com/contact_us.html" "Mozilla/5.0 (Windows NT 10.0; Win64; x64) AppleWebKit/537.36 (KHTML, like Gecko) Chrome/90.0.4430.72 Safari/537.36" "savemoki.com"
194.38.20.161 - - [01/Oct/2022:20:39:39 -0700] "GET /wp-content/themes/nuance/functions/jwpanel/scripts/valums_uploader/php.php HTTP/1.1" 404 73 "-" "ALittle Client" "savemoki.com"
114.119.139.167 - - [01/Oct/2022:20:43:33 -0700] "GET /clipart/buttons/themes/?C=N%3BO%3DD HTTP/1.1" 200 404 "https://www.savemoki.com/clipart/buttons/themes?C=S%3BO%3DA" "Mozilla/5.0 (Linux; Android 7.0;) AppleWebKit/537.36 (KHTML, like Gecko) Mobile Safari/537.36 (compatible; PetalBot;+https://webmaster.petalsearch.com/site/petalbot)" "www.savemoki.com"
132.145.9.189 - - [01/Oct/2022:20:46:41 -0700] "GET /wp-class.php HTTP/1.1" 404 73 "-" "-" "savemoki.com"
132.145.9.189 - - [01/Oct/2022:20:46:42 -0700] "GET /wp-ver.php HTTP/1.1" 404 73 "-" "-" "savemoki.com"
132.145.9.189 - - [01/Oct/2022:20:46:42 -0700] "GET /wso.php HTTP/1.1" 404 73 "-" "-" "savemoki.com"
132.145.9.189 - - [01/Oct/2022:20:46:42 -0700] "GET /wso2.php HTTP/1.1" 404 73 "-" "-" "savemoki.com"
132.145.9.189 - - [01/Oct/2022:20:46:42 -0700] "GET /w3llstore.php HTTP/1.1" 404 73 "-" "-" "savemoki.com"
132.145.9.189 - - [01/Oct/2022:20:46:43 -0700] "GET /wp-email.php HTTP/1.1" 404 73 "-" "-" "savemoki.com"
132.145.9.189 - - [01/Oct/2022:20:46:43 -0700] "GET /olux.php HTTP/1.1" 404 73 "-" "-" "savemoki.com"
132.145.9.189 - - [01/Oct/2022:20:46:43 -0700] "GET /wp-activate.php HTTP/1.1" 404 73 "-" "-" "savemoki.com"
132.145.9.189 - - [01/Oct/2022:20:46:44 -0700] "GET /shell.php HTTP/1.1" 404 73 "-" "-" "savemoki.com"
132.145.9.189 - - [01/Oct/2022:20:46:44 -0700] "GET /mini.php HTTP/1.1" 404 73 "-" "-" "savemoki.com"
132.145.9.189 - - [01/Oct/2022:20:46:44 -0700] "GET /wp-admin/wp-class.php HTTP/1.1" 404 73 "-" "-" "savemoki.com"
132.145.9.189 - - [01/Oct/2022:20:46:44 -0700] "GET /wp-admin/wp-ver.php HTTP/1.1" 404 73 "-" "-" "savemoki.com"
132.145.9.189 - - [01/Oct/2022:20:46:45 -0700] "GET /wp-admin/wso.php HTTP/1.1" 404 73 "-" "-" "savemoki.com"
132.145.9.189 - - [01/Oct/2022:20:46:45 -0700] "GET /wp-admin/wso2.php HTTP/1.1" 404 73 "-" "-" "savemoki.com"
132.145.9.189 - - [01/Oct/2022:20:46:45 -0700] "GET /wp-admin/w3llstore.php HTTP/1.1" 404 73 "-" "-" "savemoki.com"
132.145.9.189 - - [01/Oct/2022:20:46:46 -0700] "GET /wp-admin/wp-email.php HTTP/1.1" 404 73 "-" "-" "savemoki.com"
132.145.9.189 - - [01/Oct/2022:20:46:46 -0700] "GET /wp-admin/olux.php HTTP/1.1" 404 73 "-" "-" "savemoki.com"
132.145.9.189 - - [01/Oct/2022:20:46:46 -0700] "GET /wp-admin/wp-activate.php HTTP/1.1" 404 73 "-" "-" "savemoki.com"
132.145.9.189 - - [01/Oct/2022:20:46:47 -0700] "GET /wp-admin/shell.php HTTP/1.1" 404 73 "-" "-" "savemoki.com"
132.145.9.189 - - [01/Oct/2022:20:46:47 -0700] "GET /wp-adminmini.php HTTP/1.1" 404 73 "-" "-" "savemoki.com"
132.145.9.189 - - [01/Oct/2022:20:46:47 -0700] "GET /wp-content/wp-class.php HTTP/1.1" 404 73 "-" "-" "savemoki.com"
132.145.9.189 - - [01/Oct/2022:20:46:47 -0700] "GET /wp-content/wp-ver.php HTTP/1.1" 404 73 "-" "-" "savemoki.com"
132.145.9.189 - - [01/Oct/2022:20:46:48 -0700] "GET /wp-content/wso.php HTTP/1.1" 404 73 "-" "-" "savemoki.com"
132.145.9.189 - - [01/Oct/2022:20:46:58 -0700] "GET /wp-content/w3llstore.php HTTP/1.1" 404 73 "-" "-" "savemoki.com"
132.145.9.189 - - [01/Oct/2022:20:46:58 -0700] "GET /wp-content/wp-email.php HTTP/1.1" 404 73 "-" "-" "savemoki.com"
132.145.9.189 - - [01/Oct/2022:20:46:59 -0700] "GET /wp-content/olux.php HTTP/1.1" 404 73 "-" "-" "savemoki.com"
132.145.9.189 - - [01/Oct/2022:20:46:59 -0700] "GET /wp-content/wp-activate.php HTTP/1.1" 404 73 "-" "-" "savemoki.com"
132.145.9.189 - - [01/Oct/2022:20:46:59 -0700] "GET /wp-content/shell.php HTTP/1.1" 404 73 "-" "-" "savemoki.com"
132.145.9.189 - - [01/Oct/2022:20:47:00 -0700] "GET /wp-contentmini.php HTTP/1.1" 404 73 "-" "-" "savemoki.com"
132.145.9.189 - - [01/Oct/2022:20:47:00 -0700] "GET /wp-includes/wp-class.php HTTP/1.1" 404 73 "-" "-" "savemoki.com"
132.145.9.189 - - [01/Oct/2022:20:47:00 -0700] "GET /wp-includes/wp-ver.php HTTP/1.1" 404 73 "-" "-" "savemoki.com"
132.145.9.189 - - [01/Oct/2022:20:47:00 -0700] "GET /wp-includes/wso.php HTTP/1.1" 404 73 "-" "-" "savemoki.com"
132.145.9.189 - - [01/Oct/2022:20:47:01 -0700] "GET /wp-includes/wso2.php HTTP/1.1" 404 73 "-" "-" "savemoki.com"
132.145.9.189 - - [01/Oct/2022:20:47:01 -0700] "GET /wp-includes/w3llstore.php HTTP/1.1" 404 73 "-" "-" "savemoki.com"
132.145.9.189 - - [01/Oct/2022:20:47:11 -0700] "GET /wp-includes/olux.php HTTP/1.1" 404 73 "-" "-" "savemoki.com"
132.145.9.189 - - [01/Oct/2022:20:47:12 -0700] "GET /wp-includes/wp-activate.php HTTP/1.1" 404 73 "-" "-" "savemoki.com"
132.145.9.189 - - [01/Oct/2022:20:47:12 -0700] "GET /wp-includes/shell.php HTTP/1.1" 404 73 "-" "-" "savemoki.com"
132.145.9.189 - - [01/Oct/2022:20:47:22 -0700] "GET /wp-includes/css/wp-class.php HTTP/1.1" 404 73 "-" "-" "savemoki.com"
132.145.9.189 - - [01/Oct/2022:20:47:23 -0700] "GET /wp-includes/css/wp-ver.php HTTP/1.1" 404 73 "-" "-" "savemoki.com"
132.145.9.189 - - [01/Oct/2022:20:47:23 -0700] "GET /wp-includes/css/wso.php HTTP/1.1" 404 73 "-" "-" "savemoki.com"
132.145.9.189 - - [01/Oct/2022:20:47:23 -0700] "GET /wp-includes/css/wso2.php HTTP/1.1" 404 73 "-" "-" "savemoki.com"
132.145.9.189 - - [01/Oct/2022:20:47:24 -0700] "GET /wp-includes/css/w3llstore.php HTTP/1.1" 404 73 "-" "-" "savemoki.com"
132.145.9.189 - - [01/Oct/2022:20:47:24 -0700] "GET /wp-includes/css/wp-email.php HTTP/1.1" 404 73 "-" "-" "savemoki.com"
132.145.9.189 - - [01/Oct/2022:20:47:24 -0700] "GET /wp-includes/css/olux.php HTTP/1.1" 404 73 "-" "-" "savemoki.com"
132.145.9.189 - - [01/Oct/2022:20:47:24 -0700] "GET /wp-includes/css/wp-activate.php HTTP/1.1" 404 73 "-" "-" "savemoki.com"
132.145.9.189 - - [01/Oct/2022:20:47:35 -0700] "GET /wp-includes/cssmini.php HTTP/1.1" 404 73 "-" "-" "savemoki.com"
132.145.9.189 - - [01/Oct/2022:20:47:35 -0700] "GET /wp-content/plugins/wp-class.php HTTP/1.1" 404 73 "-" "-" "savemoki.com"
132.145.9.189 - - [01/Oct/2022:20:47:35 -0700] "GET /wp-content/plugins/wp-ver.php HTTP/1.1" 404 73 "-" "-" "savemoki.com"
132.145.9.189 - - [01/Oct/2022:20:47:36 -0700] "GET /wp-content/plugins/wso.php HTTP/1.1" 404 73 "-" "-" "savemoki.com"
132.145.9.189 - - [01/Oct/2022:20:47:36 -0700] "GET /wp-content/plugins/wso2.php HTTP/1.1" 404 73 "-" "-" "savemoki.com"
132.145.9.189 - - [01/Oct/2022:20:47:46 -0700] "GET /wp-content/plugins/wp-email.php HTTP/1.1" 404 73 "-" "-" "savemoki.com"
132.145.9.189 - - [01/Oct/2022:20:47:47 -0700] "GET /wp-content/plugins/olux.php HTTP/1.1" 404 73 "-" "-" "savemoki.com"
132.145.9.189 - - [01/Oct/2022:20:47:47 -0700] "GET /wp-content/plugins/wp-activate.php HTTP/1.1" 404 73 "-" "-" "savemoki.com"
132.145.9.189 - - [01/Oct/2022:20:47:47 -0700] "GET /wp-content/plugins/shell.php HTTP/1.1" 404 73 "-" "-" "savemoki.com"
132.145.9.189 - - [01/Oct/2022:20:47:48 -0700] "GET /wp-content/pluginsmini.php HTTP/1.1" 404 73 "-" "-" "savemoki.com"
132.145.9.189 - - [01/Oct/2022:20:47:48 -0700] "GET /wp-content/themes/wp-class.php HTTP/1.1" 404 73 "-" "-" "savemoki.com"
132.145.9.189 - - [01/Oct/2022:20:47:48 -0700] "GET /wp-content/themes/wp-ver.php HTTP/1.1" 404 73 "-" "-" "savemoki.com"
132.145.9.189 - - [01/Oct/2022:20:47:48 -0700] "GET /wp-content/themes/wso.php HTTP/1.1" 404 73 "-" "-" "savemoki.com"
132.145.9.189 - - [01/Oct/2022:20:47:49 -0700] "GET /wp-content/themes/wso2.php HTTP/1.1" 404 73 "-" "-" "savemoki.com"
132.145.9.189 - - [01/Oct/2022:20:47:49 -0700] "GET /wp-content/themes/w3llstore.php HTTP/1.1" 404 73 "-" "-" "savemoki.com"
132.145.9.189 - - [01/Oct/2022:20:47:49 -0700] "GET /wp-content/themes/wp-email.php HTTP/1.1" 404 73 "-" "-" "savemoki.com"
132.145.9.189 - - [01/Oct/2022:20:47:50 -0700] "GET /wp-content/themes/olux.php HTTP/1.1" 404 73 "-" "-" "savemoki.com"
132.145.9.189 - - [01/Oct/2022:20:47:50 -0700] "GET /wp-content/themes/wp-activate.php HTTP/1.1" 404 73 "-" "-" "savemoki.com"
132.145.9.189 - - [01/Oct/2022:20:47:50 -0700] "GET /wp-content/themes/shell.php HTTP/1.1" 404 73 "-" "-" "savemoki.com"
132.145.9.189 - - [01/Oct/2022:20:47:50 -0700] "GET /wp-content/themesmini.php HTTP/1.1" 404 73 "-" "-" "savemoki.com"
132.145.9.189 - - [01/Oct/2022:20:47:51 -0700] "GET /wp-content/uploads/wp-class.php HTTP/1.1" 404 73 "-" "-" "savemoki.com"
132.145.9.189 - - [01/Oct/2022:20:47:51 -0700] "GET /wp-content/uploads/wp-ver.php HTTP/1.1" 404 73 "-" "-" "savemoki.com"
132.145.9.189 - - [01/Oct/2022:20:47:51 -0700] "GET /wp-content/uploads/wso.php HTTP/1.1" 404 73 "-" "-" "savemoki.com"
132.145.9.189 - - [01/Oct/2022:20:47:52 -0700] "GET /wp-content/uploads/wso2.php HTTP/1.1" 404 73 "-" "-" "savemoki.com"
132.145.9.189 - - [01/Oct/2022:20:47:52 -0700] "GET /wp-content/uploads/w3llstore.php HTTP/1.1" 404 73 "-" "-" "savemoki.com"
132.145.9.189 - - [01/Oct/2022:20:47:52 -0700] "GET /wp-content/uploads/wp-email.php HTTP/1.1" 404 73 "-" "-" "savemoki.com"
132.145.9.189 - - [01/Oct/2022:20:47:52 -0700] "GET /wp-content/uploads/olux.php HTTP/1.1" 404 73 "-" "-" "savemoki.com"
132.145.9.189 - - [01/Oct/2022:20:47:53 -0700] "GET /wp-content/uploads/wp-activate.php HTTP/1.1" 404 73 "-" "-" "savemoki.com"
132.145.9.189 - - [01/Oct/2022:20:47:53 -0700] "GET /wp-content/uploads/shell.php HTTP/1.1" 404 73 "-" "-" "savemoki.com"
132.145.9.189 - - [01/Oct/2022:20:47:53 -0700] "GET /wp-content/uploadsmini.php HTTP/1.1" 404 73 "-" "-" "savemoki.com"
132.145.9.189 - - [01/Oct/2022:20:47:54 -0700] "GET /wp-content/plugins/contact/wp-class.php HTTP/1.1" 404 73 "-" "-" "savemoki.com"
132.145.9.189 - - [01/Oct/2022:20:47:54 -0700] "GET /wp-content/plugins/contact/wp-ver.php HTTP/1.1" 404 73 "-" "-" "savemoki.com"
132.145.9.189 - - [01/Oct/2022:20:47:54 -0700] "GET /wp-content/plugins/contact/wso.php HTTP/1.1" 404 73 "-" "-" "savemoki.com"
132.145.9.189 - - [01/Oct/2022:20:47:54 -0700] "GET /wp-content/plugins/contact/wso2.php HTTP/1.1" 404 73 "-" "-" "savemoki.com"
132.145.9.189 - - [01/Oct/2022:20:47:55 -0700] "GET /wp-content/plugins/contact/w3llstore.php HTTP/1.1" 404 73 "-" "-" "savemoki.com"
132.145.9.189 - - [01/Oct/2022:20:47:55 -0700] "GET /wp-content/plugins/contact/wp-email.php HTTP/1.1" 404 73 "-" "-" "savemoki.com"
132.145.9.189 - - [01/Oct/2022:20:47:55 -0700] "GET /wp-content/plugins/contact/olux.php HTTP/1.1" 404 73 "-" "-" "savemoki.com"
132.145.9.189 - - [01/Oct/2022:20:47:56 -0700] "GET /wp-content/plugins/contact/wp-activate.php HTTP/1.1" 404 73 "-" "-" "savemoki.com"
132.145.9.189 - - [01/Oct/2022:20:47:56 -0700] "GET /wp-content/plugins/contact/shell.php HTTP/1.1" 404 73 "-" "-" "savemoki.com"
132.145.9.189 - - [01/Oct/2022:20:47:56 -0700] "GET /wp-content/plugins/contactmini.php HTTP/1.1" 404 73 "-" "-" "savemoki.com"
114.119.139.148 - - [01/Oct/2022:20:49:36 -0700] "GET /clipart/bullets?D=D HTTP/1.1" 301 1416 "https://savemoki.com/clipart/bullets?D=A" "Mozilla/5.0 (Linux; Android 7.0;) AppleWebKit/537.36 (KHTML, like Gecko) Mobile Safari/537.36 (compatible; PetalBot;+https://webmaster.petalsearch.com/site/petalbot)" "savemoki.com"
114.119.139.148 - - [01/Oct/2022:20:49:39 -0700] "GET /clipart/bullets/?D=D HTTP/1.1" 200 429 "https://savemoki.com/clipart/bullets?D=A" "Mozilla/5.0 (Linux; Android 7.0;) AppleWebKit/537.36 (KHTML, like Gecko) Mobile Safari/537.36 (compatible; PetalBot;+https://webmaster.petalsearch.com/site/petalbot)" "savemoki.com"
114.119.139.167 - - [01/Oct/2022:20:56:06 -0700] "GET /navigation_bars HTTP/1.1" 301 1416 "https://www.savemoki.com/?C=N%3BO%3DD" "Mozilla/5.0 (Linux; Android 7.0;) AppleWebKit/537.36 (KHTML, like Gecko) Mobile Safari/537.36 (compatible; PetalBot;+https://webmaster.petalsearch.com/site/petalbot)" "www.savemoki.com"
114.119.139.167 - - [01/Oct/2022:20:56:07 -0700] "GET /navigation_bars/ HTTP/1.1" 200 408 "https://www.savemoki.com/?C=N%3BO%3DD" "Mozilla/5.0 (Linux; Android 7.0;) AppleWebKit/537.36 (KHTML, like Gecko) Mobile Safari/537.36 (compatible; PetalBot;+https://webmaster.petalsearch.com/site/petalbot)" "www.savemoki.com"
194.110.203.38 - - [01/Oct/2022:20:59:43 -0700] "GET /_db_.sql HTTP/1.1" 404 73 "-" "Firefox" "savemoki.com"
114.119.139.185 - - [01/Oct/2022:21:02:11 -0700] "GET /images HTTP/1.1" 301 1409 "https://www.savemoki.com/?C=N%3BO%3DD" "Mozilla/5.0 (Linux; Android 7.0;) AppleWebKit/537.36 (KHTML, like Gecko) Mobile Safari/537.36 (compatible; PetalBot;+https://webmaster.petalsearch.com/site/petalbot)" "www.savemoki.com"
114.119.139.185 - - [01/Oct/2022:21:02:12 -0700] "GET /images/ HTTP/1.1" 200 2158 "https://www.savemoki.com/?C=N%3BO%3DD" "Mozilla/5.0 (Linux; Android 7.0;) AppleWebKit/537.36 (KHTML, like Gecko) Mobile Safari/537.36 (compatible; PetalBot;+https://webmaster.petalsearch.com/site/petalbot)" "www.savemoki.com"
114.119.139.166 - - [01/Oct/2022:21:08:16 -0700] "GET /blog/wp-content/themes/themeforest-625914-ice-theme-powerful-wordpress-theme-1/ice HTTP/1.1" 301 1457 "https://www.savemoki.com/blog/wp-content/themes/themeforest-625914-ice-theme-powerful-wordpress-theme-1?C=M%3BO%3DA" "Mozilla/5.0 (Linux; Android 7.0;) AppleWebKit/537.36 (KHTML, like Gecko) Mobile Safari/537.36 (compatible; PetalBot;+https://webmaster.petalsearch.com/site/petalbot)" "www.savemoki.com"
114.119.139.166 - - [01/Oct/2022:21:08:17 -0700] "GET /blog/wp-content/themes/themeforest-625914-ice-theme-powerful-wordpress-theme-1/ice/ HTTP/1.1" 500 - "https://www.savemoki.com/blog/wp-content/themes/themeforest-625914-ice-theme-powerful-wordpress-theme-1?C=M%3BO%3DA" "Mozilla/5.0 (Linux; Android 7.0;) AppleWebKit/537.36 (KHTML, like Gecko) Mobile Safari/537.36 (compatible; PetalBot;+https://webmaster.petalsearch.com/site/petalbot)" "www.savemoki.com"
114.119.139.185 - - [01/Oct/2022:21:14:24 -0700] "GET /sitebuilder HTTP/1.1" 301 1411 "https://savemoki.com/sitebuilder/images?C=D%3BO%3DA" "Mozilla/5.0 (Linux; Android 7.0;) AppleWebKit/537.36 (KHTML, like Gecko) Mobile Safari/537.36 (compatible; PetalBot;+https://webmaster.petalsearch.com/site/petalbot)" "savemoki.com"
114.119.139.185 - - [01/Oct/2022:21:14:25 -0700] "GET /sitebuilder/ HTTP/1.1" 200 372 "https://savemoki.com/sitebuilder/images?C=D%3BO%3DA" "Mozilla/5.0 (Linux; Android 7.0;) AppleWebKit/537.36 (KHTML, like Gecko) Mobile Safari/537.36 (compatible; PetalBot;+https://webmaster.petalsearch.com/site/petalbot)" "savemoki.com"
115.152.30.46 - - [01/Oct/2022:21:16:04 -0700] "GET /contact_us.html HTTP/1.1" 200 18024 "http://savemoki.com/contact_us.html" "Mozilla/5.0 (Windows NT 10.0; Win64; x64) AppleWebKit/537.36 (KHTML, like Gecko) Chrome/90.0.4430.72 Safari/537.36" "savemoki.com"
159.203.31.171 - - [01/Oct/2022:21:19:14 -0700] "GET /wp-login.php HTTP/1.1" 404 88 "-" "Mozilla/5.0 (Windows NT 10.0; Win64; x64; rv:96.0) Gecko/20100101 Firefox/96" "savemoki.com"
114.119.139.166 - - [01/Oct/2022:21:20:31 -0700] "GET /clipart/images/sidebars HTTP/1.1" 301 1419 "https://savemoki.com/clipart/images?C=D%3BO%3DA" "Mozilla/5.0 (Linux; Android 7.0;) AppleWebKit/537.36 (KHTML, like Gecko) Mobile Safari/537.36 (compatible; PetalBot;+https://webmaster.petalsearch.com/site/petalbot)" "savemoki.com"
114.119.139.166 - - [01/Oct/2022:21:20:32 -0700] "GET /clipart/images/sidebars/ HTTP/1.1" 200 432 "https://savemoki.com/clipart/images?C=D%3BO%3DA" "Mozilla/5.0 (Linux; Android 7.0;) AppleWebKit/537.36 (KHTML, like Gecko) Mobile Safari/537.36 (compatible; PetalBot;+https://webmaster.petalsearch.com/site/petalbot)" "savemoki.com"
114.119.156.133 - - [01/Oct/2022:21:26:34 -0700] "GET /blog/wp-content?D=A HTTP/1.1" 301 1419 "https://savemoki.com/blog/wp-content?N=D" "Mozilla/5.0 (Linux; Android 7.0;) AppleWebKit/537.36 (KHTML, like Gecko) Mobile Safari/537.36 (compatible; PetalBot;+https://webmaster.petalsearch.com/site/petalbot)" "savemoki.com"
114.119.156.133 - - [01/Oct/2022:21:26:35 -0700] "GET /blog/wp-content/?D=A HTTP/1.1" 200 359 "https://savemoki.com/blog/wp-content?N=D" "Mozilla/5.0 (Linux; Android 7.0;) AppleWebKit/537.36 (KHTML, like Gecko) Mobile Safari/537.36 (compatible; PetalBot;+https://webmaster.petalsearch.com/site/petalbot)" "savemoki.com"
45.138.74.197 - - [01/Oct/2022:21:35:22 -0700] "GET /blog1/2015/05/07/test-post/ HTTP/1.1" 404 73 "https://komputers-best.ru/" "Mozilla/4.0 (compatible; MSIE 6.0; Windows NT 5.1; SV1; YPC 3.0.2; .NET CLR 1.1.4322; yplus 4.4.02b)" "savemoki.com"
45.138.74.197 - - [01/Oct/2022:21:35:23 -0700] "GET /blog1/2015/05/07/test-post/ HTTP/1.1" 404 73 "https://komputers-best.ru/" "Mozilla/4.0 (compatible; MSIE 6.0; Windows NT 5.1; SV1; YPC 3.0.2; .NET CLR 1.1.4322; yplus 4.4.02b)" "savemoki.com"
45.138.74.197 - - [01/Oct/2022:21:35:24 -0700] "GET /blog1/2015/05/07/test-post/ HTTP/1.1" 404 73 "https://komputers-best.ru/" "Mozilla/4.0 (compatible; MSIE 6.0; Windows NT 5.1; SV1; YPC 3.0.2; .NET CLR 1.1.4322; yplus 4.4.02b)" "savemoki.com"
