157.55.39.100 - - [05/Oct/2022:23:45:13 -0700] "GET /sitebuilder/images/Medical_Record_2-449x600.jpg HTTP/1.1" 200 40666 "-" "Mozilla/5.0 AppleWebKit/537.36 (KHTML, like Gecko; compatible; bingbot/2.0; +http://www.bing.com/bingbot.htm) Chrome/103.0.5060.134 Safari/537.36" "savemoki.com"
51.222.253.8 - - [05/Oct/2022:23:45:35 -0700] "GET /navigation_bars/?C=D;O=D HTTP/1.1" 200 405 "-" "Mozilla/5.0 (compatible; AhrefsBot/7.0; +http://ahrefs.com/robot/)" "savemoki.com"
89.185.85.245 - - [05/Oct/2022:23:46:08 -0700] "GET / HTTP/1.1" 200 7350 "https://twtalktw.info/" "Mozilla/4.0 (compatible; MSIE 6.0; Windows NT 5.1; SV1; Crazy Browser 2.0.0 Beta 1; .NET CLR 1.0.3705; .NET CLR 1.1.4322)" "www.savemoki.com"
89.185.85.245 - - [05/Oct/2022:23:46:09 -0700] "GET / HTTP/1.1" 200 7350 "https://twtalktw.info/" "Mozilla/4.0 (compatible; MSIE 6.0; Windows NT 5.1; SV1; Crazy Browser 2.0.0 Beta 1; .NET CLR 1.0.3705; .NET CLR 1.1.4322)" "www.savemoki.com"
89.185.85.245 - - [05/Oct/2022:23:46:09 -0700] "GET / HTTP/1.1" 200 7350 "https://twtalktw.info/" "Mozilla/4.0 (compatible; MSIE 6.0; Windows NT 5.1; SV1; Crazy Browser 2.0.0 Beta 1; .NET CLR 1.0.3705; .NET CLR 1.1.4322)" "www.savemoki.com"
114.119.139.167 - - [05/Oct/2022:23:47:21 -0700] "GET /sitebuilder/images?C=D%3BO%3DA HTTP/1.1" 301 1429 "https://savemoki.com/sitebuilder/images?C=S%3BO%3DA" "Mozilla/5.0 (Linux; Android 7.0;) AppleWebKit/537.36 (KHTML, like Gecko) Mobile Safari/537.36 (compatible; PetalBot;+https://webmaster.petalsearch.com/site/petalbot)" "savemoki.com"
114.119.139.167 - - [05/Oct/2022:23:47:23 -0700] "GET /sitebuilder/images/?C=D%3BO%3DA HTTP/1.1" 200 3814 "https://savemoki.com/sitebuilder/images?C=S%3BO%3DA" "Mozilla/5.0 (Linux; Android 7.0;) AppleWebKit/537.36 (KHTML, like Gecko) Mobile Safari/537.36 (compatible; PetalBot;+https://webmaster.petalsearch.com/site/petalbot)" "savemoki.com"
51.222.253.2 - - [05/Oct/2022:23:47:55 -0700] "GET /blog/wp-content/themes/themeforest-625914-ice-theme-powerful-wordpress-theme-1/ HTTP/1.1" 200 513 "-" "Mozilla/5.0 (compatible; AhrefsBot/7.0; +http://ahrefs.com/robot/)" "savemoki.com"
196.196.53.40 - - [05/Oct/2022:23:49:24 -0700] "GET /blog1/2015/05/07/test-post/ HTTP/1.1" 404 73 "http://savemoki.com/blog1/2015/05/07/test-post/" "Mozilla/5.0 (Windows NT 10.0) AppleWebKit/537.36 (KHTML, like Gecko) Chrome/90.0.4430.93 Safari/537.36" "savemoki.com"
196.196.53.40 - - [05/Oct/2022:23:49:25 -0700] "GET / HTTP/1.1" 200 7350 "http://savemoki.com/" "Mozilla/5.0 (Windows NT 10.0) AppleWebKit/537.36 (KHTML, like Gecko) Chrome/90.0.4430.93 Safari/537.36" "savemoki.com"
196.196.53.40 - - [05/Oct/2022:23:49:25 -0700] "GET /blog/ HTTP/1.1" 200 698 "http://savemoki.com/blog/" "Mozilla/5.0 (Windows NT 10.0) AppleWebKit/537.36 (KHTML, like Gecko) Chrome/90.0.4430.93 Safari/537.36" "savemoki.com"
196.196.53.40 - - [05/Oct/2022:23:49:26 -0700] "GET /blog/contact_us.html HTTP/1.1" 404 73 "http://savemoki.com/blog/contact_us.html" "Mozilla/5.0 (Windows NT 10.0) AppleWebKit/537.36 (KHTML, like Gecko) Chrome/90.0.4430.93 Safari/537.36" "savemoki.com"
196.196.53.40 - - [05/Oct/2022:23:49:26 -0700] "GET /contact_us.html HTTP/1.1" 200 18024 "http://savemoki.com/contact_us.html" "Mozilla/5.0 (Windows NT 10.0) AppleWebKit/537.36 (KHTML, like Gecko) Chrome/90.0.4430.93 Safari/537.36" "savemoki.com"
51.222.253.16 - - [05/Oct/2022:23:50:35 -0700] "GET /media/?C=M;O=A HTTP/1.1" 200 397 "-" "Mozilla/5.0 (compatible; AhrefsBot/7.0; +http://ahrefs.com/robot/)" "savemoki.com"
51.222.253.3 - - [05/Oct/2022:23:52:56 -0700] "GET /media/?C=D;O=A HTTP/1.1" 200 396 "-" "Mozilla/5.0 (compatible; AhrefsBot/7.0; +http://ahrefs.com/robot/)" "savemoki.com"
114.119.139.167 - - [05/Oct/2022:23:54:11 -0700] "GET /clipart/lines?M=A HTTP/1.1" 301 1417 "https://savemoki.com/clipart/lines?S=D" "Mozilla/5.0 (Linux; Android 7.0;) AppleWebKit/537.36 (KHTML, like Gecko) Mobile Safari/537.36 (compatible; PetalBot;+https://webmaster.petalsearch.com/site/petalbot)" "savemoki.com"
114.119.139.167 - - [05/Oct/2022:23:54:13 -0700] "GET /clipart/lines/?M=A HTTP/1.1" 200 361 "https://savemoki.com/clipart/lines?S=D" "Mozilla/5.0 (Linux; Android 7.0;) AppleWebKit/537.36 (KHTML, like Gecko) Mobile Safari/537.36 (compatible; PetalBot;+https://webmaster.petalsearch.com/site/petalbot)" "savemoki.com"
51.222.253.17 - - [05/Oct/2022:23:55:08 -0700] "GET /clipart/bullets/?C=S;O=D HTTP/1.1" 200 426 "-" "Mozilla/5.0 (compatible; AhrefsBot/7.0; +http://ahrefs.com/robot/)" "savemoki.com"
51.222.253.16 - - [05/Oct/2022:23:57:32 -0700] "GET /Links.html HTTP/1.1" 200 8682 "-" "Mozilla/5.0 (compatible; AhrefsBot/7.0; +http://ahrefs.com/robot/)" "www.savemoki.com"
51.222.253.8 - - [05/Oct/2022:23:57:42 -0700] "GET /sitebuilder/images/aGSM3_1_-273x162.jpg HTTP/1.1" 200 10270 "-" "Mozilla/5.0 (compatible; AhrefsBot/7.0; +http://ahrefs.com/robot/)" "www.savemoki.com"
51.222.253.17 - - [05/Oct/2022:23:57:42 -0700] "GET /sitebuilder/images/CloudMenu-3-active-64687.png HTTP/1.1" 200 737 "-" "Mozilla/5.0 (compatible; AhrefsBot/7.0; +http://ahrefs.com/robot/)" "www.savemoki.com"
51.222.253.11 - - [05/Oct/2022:23:57:43 -0700] "GET /sitebuilder/images/p_1_-205x144.jpg HTTP/1.1" 200 4376 "-" "Mozilla/5.0 (compatible; AhrefsBot/7.0; +http://ahrefs.com/robot/)" "www.savemoki.com"
51.222.253.5 - - [05/Oct/2022:23:57:43 -0700] "GET /sitebuilder/images/header_1-223x6053.jpg HTTP/1.1" 200 29362 "-" "Mozilla/5.0 (compatible; AhrefsBot/7.0; +http://ahrefs.com/robot/)" "www.savemoki.com"
51.222.253.7 - - [05/Oct/2022:23:57:44 -0700] "GET /sitebuilder/images/Good_to_be_home_2-519x297.jpg HTTP/1.1" 200 22154 "-" "Mozilla/5.0 (compatible; AhrefsBot/7.0; +http://ahrefs.com/robot/)" "www.savemoki.com"
51.222.253.18 - - [05/Oct/2022:23:57:44 -0700] "GET /images/Cat_Blogosphere.jpg HTTP/1.1" 200 6334 "-" "Mozilla/5.0 (compatible; AhrefsBot/7.0; +http://ahrefs.com/robot/)" "www.savemoki.com"
51.222.253.2 - - [05/Oct/2022:23:59:47 -0700] "GET /clipart/bullets/ HTTP/1.1" 200 429 "-" "Mozilla/5.0 (compatible; AhrefsBot/7.0; +http://ahrefs.com/robot/)" "savemoki.com"
114.119.139.167 - - [06/Oct/2022:00:00:58 -0700] "GET /clipart/images/ HTTP/1.1" 200 489 "https://savemoki.com/clipart?N=D" "Mozilla/5.0 (Linux; Android 7.0;) AppleWebKit/537.36 (KHTML, like Gecko) Mobile Safari/537.36 (compatible; PetalBot;+https://webmaster.petalsearch.com/site/petalbot)" "savemoki.com"
51.222.253.6 - - [06/Oct/2022:00:02:27 -0700] "GET /clipart/buttons/themes/swoosh_blue/?C=M;O=D HTTP/1.1" 200 413 "-" "Mozilla/5.0 (compatible; AhrefsBot/7.0; +http://ahrefs.com/robot/)" "savemoki.com"
51.222.253.7 - - [06/Oct/2022:00:05:13 -0700] "GET /clipart/images/sidebars/?C=S;O=D HTTP/1.1" 200 431 "-" "Mozilla/5.0 (compatible; AhrefsBot/7.0; +http://ahrefs.com/robot/)" "savemoki.com"
114.119.139.167 - - [06/Oct/2022:00:07:40 -0700] "GET /clipart/buttons?C=S%3BO%3DA HTTP/1.1" 301 1428 "https://savemoki.com/clipart/buttons?C=M%3BO%3DA" "Mozilla/5.0 (Linux; Android 7.0;) AppleWebKit/537.36 (KHTML, like Gecko) Mobile Safari/537.36 (compatible; PetalBot;+https://webmaster.petalsearch.com/site/petalbot)" "savemoki.com"
114.119.139.167 - - [06/Oct/2022:00:07:42 -0700] "GET /clipart/buttons/?C=S%3BO%3DA HTTP/1.1" 200 359 "https://savemoki.com/clipart/buttons?C=M%3BO%3DA" "Mozilla/5.0 (Linux; Android 7.0;) AppleWebKit/537.36 (KHTML, like Gecko) Mobile Safari/537.36 (compatible; PetalBot;+https://webmaster.petalsearch.com/site/petalbot)" "savemoki.com"
51.222.253.3 - - [06/Oct/2022:00:07:58 -0700] "GET /links HTTP/1.1" 200 3567 "-" "Mozilla/5.0 (compatible; AhrefsBot/7.0; +http://ahrefs.com/robot/)" "savemoki.com"
207.46.13.122 - - [06/Oct/2022:00:08:20 -0700] "GET /sitebuilder/images/UC_Davis_Estimate-449x600.jpg HTTP/1.1" 200 63801 "-" "Mozilla/5.0 (compatible; bingbot/2.0; +http://www.bing.com/bingbot.htm)" "savemoki.com"
51.222.253.8 - - [06/Oct/2022:00:10:30 -0700] "GET /?C=N;O=D HTTP/1.1" 200 1303 "-" "Mozilla/5.0 (compatible; AhrefsBot/7.0; +http://ahrefs.com/robot/)" "www.savemoki.com"
77.88.5.48 - - [06/Oct/2022:00:12:24 -0700] "GET /robots.txt HTTP/1.1" 200 39 "-" "Mozilla/5.0 (compatible; YandexBot/3.0; +http://yandex.com/bots)" "savemoki.com"
77.88.5.159 - - [06/Oct/2022:00:12:27 -0700] "GET /sitebuilder/scripts/?C=N;O=A HTTP/1.1" 200 373 "-" "Mozilla/5.0 (compatible; YandexBot/3.0; +http://yandex.com/bots)" "savemoki.com"
51.222.253.20 - - [06/Oct/2022:00:13:04 -0700] "GET /clipart/images/frames/?C=D;O=A HTTP/1.1" 200 379 "-" "Mozilla/5.0 (compatible; AhrefsBot/7.0; +http://ahrefs.com/robot/)" "www.savemoki.com"
114.119.139.167 - - [06/Oct/2022:00:14:27 -0700] "GET /clipart/bullets?M=D HTTP/1.1" 301 1416 "https://savemoki.com/clipart/bullets?M=A" "Mozilla/5.0 (Linux; Android 7.0;) AppleWebKit/537.36 (KHTML, like Gecko) Mobile Safari/537.36 (compatible; PetalBot;+https://webmaster.petalsearch.com/site/petalbot)" "savemoki.com"
114.119.139.167 - - [06/Oct/2022:00:14:30 -0700] "GET /clipart/bullets/?M=D HTTP/1.1" 200 429 "https://savemoki.com/clipart/bullets?M=A" "Mozilla/5.0 (Linux; Android 7.0;) AppleWebKit/537.36 (KHTML, like Gecko) Mobile Safari/537.36 (compatible; PetalBot;+https://webmaster.petalsearch.com/site/petalbot)" "savemoki.com"
51.222.253.8 - - [06/Oct/2022:00:15:26 -0700] "GET /clipart/images/frames/?C=M;O=A HTTP/1.1" 200 380 "-" "Mozilla/5.0 (compatible; AhrefsBot/7.0; +http://ahrefs.com/robot/)" "www.savemoki.com"
51.222.253.8 - - [06/Oct/2022:00:17:58 -0700] "GET /clipart/images/frames/?C=S;O=A HTTP/1.1" 200 380 "-" "Mozilla/5.0 (compatible; AhrefsBot/7.0; +http://ahrefs.com/robot/)" "www.savemoki.com"
51.222.253.1 - - [06/Oct/2022:00:21:07 -0700] "GET /clipart/pageHeaders/ HTTP/1.1" 200 427 "-" "Mozilla/5.0 (compatible; AhrefsBot/7.0; +http://ahrefs.com/robot/)" "savemoki.com"
114.119.139.166 - - [06/Oct/2022:00:21:20 -0700] "GET /blog?C=D%3BO%3DA HTTP/1.1" 301 1418 "https://www.savemoki.com/blog?C=N%3BO%3DD" "Mozilla/5.0 (Linux; Android 7.0;) AppleWebKit/537.36 (KHTML, like Gecko) Mobile Safari/537.36 (compatible; PetalBot;+https://webmaster.petalsearch.com/site/petalbot)" "www.savemoki.com"
114.119.139.166 - - [06/Oct/2022:00:21:22 -0700] "GET /blog/?C=D%3BO%3DA HTTP/1.1" 200 352 "https://www.savemoki.com/blog?C=N%3BO%3DD" "Mozilla/5.0 (Linux; Android 7.0;) AppleWebKit/537.36 (KHTML, like Gecko) Mobile Safari/537.36 (compatible; PetalBot;+https://webmaster.petalsearch.com/site/petalbot)" "www.savemoki.com"
51.222.253.9 - - [06/Oct/2022:00:23:33 -0700] "GET /clipart/lines/horizontal/?C=N;O=A HTTP/1.1" 200 408 "-" "Mozilla/5.0 (compatible; AhrefsBot/7.0; +http://ahrefs.com/robot/)" "www.savemoki.com"
51.222.253.8 - - [06/Oct/2022:00:26:00 -0700] "GET /clipart/buttons/themes/swoosh_blue/?C=S;O=D HTTP/1.1" 200 416 "-" "Mozilla/5.0 (compatible; AhrefsBot/7.0; +http://ahrefs.com/robot/)" "savemoki.com"
114.119.139.167 - - [06/Oct/2022:00:28:12 -0700] "GET /navigation_bars?N=A HTTP/1.1" 301 1421 "https://www.savemoki.com/navigation_bars?M=D" "Mozilla/5.0 (Linux; Android 7.0;) AppleWebKit/537.36 (KHTML, like Gecko) Mobile Safari/537.36 (compatible; PetalBot;+https://webmaster.petalsearch.com/site/petalbot)" "www.savemoki.com"
114.119.139.167 - - [06/Oct/2022:00:28:13 -0700] "GET /navigation_bars/?N=A HTTP/1.1" 200 408 "https://www.savemoki.com/navigation_bars?M=D" "Mozilla/5.0 (Linux; Android 7.0;) AppleWebKit/537.36 (KHTML, like Gecko) Mobile Safari/537.36 (compatible; PetalBot;+https://webmaster.petalsearch.com/site/petalbot)" "www.savemoki.com"
51.222.253.11 - - [06/Oct/2022:00:28:30 -0700] "GET /Mokis_friends.html HTTP/1.1" 200 5925 "-" "Mozilla/5.0 (compatible; AhrefsBot/7.0; +http://ahrefs.com/robot/)" "savemoki.com"
51.222.253.1 - - [06/Oct/2022:00:28:37 -0700] "GET /sitebuilder/images/Little_Kitty_adding_her_two_cents-329x248.jpg HTTP/1.1" 200 16240 "-" "Mozilla/5.0 (compatible; AhrefsBot/7.0; +http://ahrefs.com/robot/)" "savemoki.com"
51.222.253.11 - - [06/Oct/2022:00:28:38 -0700] "GET /sitebuilder/images/Smokey_and_the_hunt-314x243.jpg HTTP/1.1" 200 14840 "-" "Mozilla/5.0 (compatible; AhrefsBot/7.0; +http://ahrefs.com/robot/)" "savemoki.com"
51.222.253.3 - - [06/Oct/2022:00:28:39 -0700] "GET /sitebuilder/images/Together-492x235.jpg HTTP/1.1" 200 23705 "-" "Mozilla/5.0 (compatible; AhrefsBot/7.0; +http://ahrefs.com/robot/)" "savemoki.com"
51.222.253.10 - - [06/Oct/2022:00:28:40 -0700] "GET /sitebuilder/images/header_1-223x3112.jpg HTTP/1.1" 200 16606 "-" "Mozilla/5.0 (compatible; AhrefsBot/7.0; +http://ahrefs.com/robot/)" "savemoki.com"
51.222.253.19 - - [06/Oct/2022:00:28:40 -0700] "GET /images/winningattitudeaward1.gif HTTP/1.1" 200 10451 "-" "Mozilla/5.0 (compatible; AhrefsBot/7.0; +http://ahrefs.com/robot/)" "savemoki.com"
51.222.253.18 - - [06/Oct/2022:00:28:41 -0700] "GET /sitebuilder/images/P7120221-284x247.jpg HTTP/1.1" 200 13416 "-" "Mozilla/5.0 (compatible; AhrefsBot/7.0; +http://ahrefs.com/robot/)" "savemoki.com"
51.222.253.1 - - [06/Oct/2022:00:28:42 -0700] "GET /images/goldenpawaward.jpg HTTP/1.1" 200 12471 "-" "Mozilla/5.0 (compatible; AhrefsBot/7.0; +http://ahrefs.com/robot/)" "savemoki.com"
51.222.253.2 - - [06/Oct/2022:00:28:43 -0700] "GET /sitebuilder/images/The_Bandit_hard_at_play-312x257.jpg HTTP/1.1" 200 12022 "-" "Mozilla/5.0 (compatible; AhrefsBot/7.0; +http://ahrefs.com/robot/)" "savemoki.com"
51.222.253.7 - - [06/Oct/2022:00:28:43 -0700] "GET /sitebuilder/images/Cecil-342x322.png HTTP/1.1" 200 297650 "-" "Mozilla/5.0 (compatible; AhrefsBot/7.0; +http://ahrefs.com/robot/)" "savemoki.com"
51.222.253.6 - - [06/Oct/2022:00:28:45 -0700] "GET /sitebuilder/images/Sissy_and_Bandit-335x225.jpg HTTP/1.1" 200 13493 "-" "Mozilla/5.0 (compatible; AhrefsBot/7.0; +http://ahrefs.com/robot/)" "savemoki.com"
51.222.253.11 - - [06/Oct/2022:00:31:03 -0700] "GET /Mokislabpage1.html HTTP/1.1" 200 4020 "-" "Mozilla/5.0 (compatible; AhrefsBot/7.0; +http://ahrefs.com/robot/)" "savemoki.com"
51.222.253.13 - - [06/Oct/2022:00:34:00 -0700] "GET /Ways_U_Can_help.html HTTP/1.1" 200 4289 "-" "Mozilla/5.0 (compatible; AhrefsBot/7.0; +http://ahrefs.com/robot/)" "savemoki.com"
114.119.139.167 - - [06/Oct/2022:00:35:03 -0700] "GET /images?N=A HTTP/1.1" 301 1412 "https://savemoki.com/images?M=D" "Mozilla/5.0 (Linux; Android 7.0;) AppleWebKit/537.36 (KHTML, like Gecko) Mobile Safari/537.36 (compatible; PetalBot;+https://webmaster.petalsearch.com/site/petalbot)" "savemoki.com"
114.119.139.167 - - [06/Oct/2022:00:35:05 -0700] "GET /images/?N=A HTTP/1.1" 200 2158 "https://savemoki.com/images?M=D" "Mozilla/5.0 (Linux; Android 7.0;) AppleWebKit/537.36 (KHTML, like Gecko) Mobile Safari/537.36 (compatible; PetalBot;+https://webmaster.petalsearch.com/site/petalbot)" "savemoki.com"
20.110.214.83 - - [06/Oct/2022:00:35:27 -0700] "GET /blog1/2015/05/07/test-post/ HTTP/1.1" 404 73 "http://savemoki.com/blog1/2015/05/07/test-post/" "Mozilla/5.0 (Windows NT 6.3; Win64; x64) AppleWebKit/537.36 (KHTML, like Gecko) Chrome/90.0.4430.85 Safari/537.36" "savemoki.com"
20.110.214.83 - - [06/Oct/2022:00:35:28 -0700] "GET / HTTP/1.1" 200 7350 "http://savemoki.com/" "Mozilla/5.0 (Windows NT 6.3; Win64; x64) AppleWebKit/537.36 (KHTML, like Gecko) Chrome/90.0.4430.85 Safari/537.36" "savemoki.com"
176.48.187.28 - - [06/Oct/2022:00:35:28 -0700] "GET /blog/ HTTP/1.1" 200 698 "http://savemoki.com/blog/" "Mozilla/5.0 (Windows NT 6.3; Win64; x64) AppleWebKit/537.36 (KHTML, like Gecko) Chrome/90.0.4430.85 Safari/537.36" "savemoki.com"
176.48.187.28 - - [06/Oct/2022:00:35:29 -0700] "GET /blog/contact_us.html HTTP/1.1" 404 73 "http://savemoki.com/blog/contact_us.html" "Mozilla/5.0 (Windows NT 6.3; Win64; x64) AppleWebKit/537.36 (KHTML, like Gecko) Chrome/90.0.4430.85 Safari/537.36" "savemoki.com"
176.48.187.28 - - [06/Oct/2022:00:35:29 -0700] "GET /contact_us.html HTTP/1.1" 200 18024 "http://savemoki.com/contact_us.html" "Mozilla/5.0 (Windows NT 6.3; Win64; x64) AppleWebKit/537.36 (KHTML, like Gecko) Chrome/90.0.4430.85 Safari/537.36" "savemoki.com"
51.222.253.20 - - [06/Oct/2022:00:36:34 -0700] "GET /blog/wp-content/themes/themeforest-625914-ice-theme-powerful-wordpress-theme-1/PSD/ HTTP/1.1" 200 419 "-" "Mozilla/5.0 (compatible; AhrefsBot/7.0; +http://ahrefs.com/robot/)" "www.savemoki.com"
51.222.253.10 - - [06/Oct/2022:00:38:54 -0700] "GET /navigation_bars/?C=D;O=D HTTP/1.1" 200 405 "-" "Mozilla/5.0 (compatible; AhrefsBot/7.0; +http://ahrefs.com/robot/)" "savemoki.com"
51.222.253.7 - - [06/Oct/2022:00:41:24 -0700] "GET /Mokislabpage2.html HTTP/1.1" 200 4057 "-" "Mozilla/5.0 (compatible; AhrefsBot/7.0; +http://ahrefs.com/robot/)" "savemoki.com"
51.222.253.1 - - [06/Oct/2022:00:41:29 -0700] "GET /sitebuilder/images/inactive.gif HTTP/1.1" 200 714 "-" "Mozilla/5.0 (compatible; AhrefsBot/7.0; +http://ahrefs.com/robot/)" "savemoki.com"
51.222.253.3 - - [06/Oct/2022:00:41:29 -0700] "GET /sitebuilder/images/navbar-3-inactive-08187.png HTTP/1.1" 200 738 "-" "Mozilla/5.0 (compatible; AhrefsBot/7.0; +http://ahrefs.com/robot/)" "savemoki.com"
51.222.253.19 - - [06/Oct/2022:00:41:30 -0700] "GET /sitebuilder/images/navbar-8-inactive-08812.png HTTP/1.1" 200 630 "-" "Mozilla/5.0 (compatible; AhrefsBot/7.0; +http://ahrefs.com/robot/)" "savemoki.com"
51.222.253.7 - - [06/Oct/2022:00:41:30 -0700] "GET /clipart/images/sidebars/flower_blue_green.jpg HTTP/1.1" 200 9491 "-" "Mozilla/5.0 (compatible; AhrefsBot/7.0; +http://ahrefs.com/robot/)" "savemoki.com"
51.222.253.3 - - [06/Oct/2022:00:41:31 -0700] "GET /Mokislabpage2.html HTTP/1.1" 200 4057 "-" "Mozilla/5.0 (compatible; AhrefsBot/7.0; +http://ahrefs.com/robot/)" "savemoki.com"
51.222.253.2 - - [06/Oct/2022:00:41:31 -0700] "GET /sitebuilder/images/navbar-5-inactive-85500.png HTTP/1.1" 200 827 "-" "Mozilla/5.0 (compatible; AhrefsBot/7.0; +http://ahrefs.com/robot/)" "savemoki.com"
51.222.253.16 - - [06/Oct/2022:00:41:31 -0700] "GET /sitebuilder/images/Lab_7-450x600.jpg HTTP/1.1" 200 12802 "-" "Mozilla/5.0 (compatible; AhrefsBot/7.0; +http://ahrefs.com/robot/)" "savemoki.com"
51.222.253.7 - - [06/Oct/2022:00:41:32 -0700] "GET /sitebuilder/images/navbar-6-inactive-08687.png HTTP/1.1" 200 699 "-" "Mozilla/5.0 (compatible; AhrefsBot/7.0; +http://ahrefs.com/robot/)" "savemoki.com"
51.222.253.20 - - [06/Oct/2022:00:41:32 -0700] "GET /sitebuilder/images/Lab_9-450x600.jpg HTTP/1.1" 200 41140 "-" "Mozilla/5.0 (compatible; AhrefsBot/7.0; +http://ahrefs.com/robot/)" "savemoki.com"
51.222.253.8 - - [06/Oct/2022:00:41:33 -0700] "GET /sitebuilder/images/navbar-1-inactive-08062.png HTTP/1.1" 200 660 "-" "Mozilla/5.0 (compatible; AhrefsBot/7.0; +http://ahrefs.com/robot/)" "savemoki.com"
51.222.253.16 - - [06/Oct/2022:00:41:34 -0700] "GET /sitebuilder/images/navbar-6-inactive-43968.png HTTP/1.1" 200 568 "-" "Mozilla/5.0 (compatible; AhrefsBot/7.0; +http://ahrefs.com/robot/)" "savemoki.com"
51.222.253.9 - - [06/Oct/2022:00:41:35 -0700] "GET /sitebuilder/images/navbar-7-inactive-85656.png HTTP/1.1" 200 831 "-" "Mozilla/5.0 (compatible; AhrefsBot/7.0; +http://ahrefs.com/robot/)" "savemoki.com"
51.222.253.17 - - [06/Oct/2022:00:41:35 -0700] "GET /sitebuilder/images/navbar-2-inactive-08125.png HTTP/1.1" 200 660 "-" "Mozilla/5.0 (compatible; AhrefsBot/7.0; +http://ahrefs.com/robot/)" "savemoki.com"
51.222.253.18 - - [06/Oct/2022:00:41:35 -0700] "GET /sitebuilder/images/Lab_6-450x600.jpg HTTP/1.1" 200 29150 "-" "Mozilla/5.0 (compatible; AhrefsBot/7.0; +http://ahrefs.com/robot/)" "savemoki.com"
51.222.253.20 - - [06/Oct/2022:00:41:36 -0700] "GET /sitebuilder/images/Lab_8-449x600.jpg HTTP/1.1" 200 41430 "-" "Mozilla/5.0 (compatible; AhrefsBot/7.0; +http://ahrefs.com/robot/)" "savemoki.com"
51.222.253.4 - - [06/Oct/2022:00:41:37 -0700] "GET /sitebuilder/images/navbar-6-active-85609.png HTTP/1.1" 200 543 "-" "Mozilla/5.0 (compatible; AhrefsBot/7.0; +http://ahrefs.com/robot/)" "savemoki.com"
51.222.253.5 - - [06/Oct/2022:00:41:37 -0700] "GET /sitebuilder/images/navbar-0-inactive-07953.png HTTP/1.1" 200 558 "-" "Mozilla/5.0 (compatible; AhrefsBot/7.0; +http://ahrefs.com/robot/)" "savemoki.com"
51.222.253.16 - - [06/Oct/2022:00:41:38 -0700] "GET /clipart/pageHeaders/yellow_rose_on_blue.jpg HTTP/1.1" 200 16940 "-" "Mozilla/5.0 (compatible; AhrefsBot/7.0; +http://ahrefs.com/robot/)" "savemoki.com"
114.119.139.167 - - [06/Oct/2022:00:42:01 -0700] "GET /navigation_bars?C=N%3BO%3DD HTTP/1.1" 301 1430 "https://www.savemoki.com/navigation_bars?S=A" "Mozilla/5.0 (Linux; Android 7.0;) AppleWebKit/537.36 (KHTML, like Gecko) Mobile Safari/537.36 (compatible; PetalBot;+https://webmaster.petalsearch.com/site/petalbot)" "www.savemoki.com"
114.119.139.167 - - [06/Oct/2022:00:42:11 -0700] "GET /navigation_bars/?C=N%3BO%3DD HTTP/1.1" 200 408 "https://www.savemoki.com/navigation_bars?S=A" "Mozilla/5.0 (Linux; Android 7.0;) AppleWebKit/537.36 (KHTML, like Gecko) Mobile Safari/537.36 (compatible; PetalBot;+https://webmaster.petalsearch.com/site/petalbot)" "www.savemoki.com"
51.222.253.2 - - [06/Oct/2022:00:43:59 -0700] "GET /clipart/buttons/themes/ HTTP/1.1" 200 404 "-" "Mozilla/5.0 (compatible; AhrefsBot/7.0; +http://ahrefs.com/robot/)" "www.savemoki.com"
51.222.253.3 - - [06/Oct/2022:00:46:25 -0700] "GET /2test/index.php/comments/feed/ HTTP/1.1" 200 1850 "-" "Mozilla/5.0 (compatible; AhrefsBot/7.0; +http://ahrefs.com/robot/)" "savemoki.com"
10.213.116.62 - - [06/Oct/2022:00:46:31 -0700] "POST /2test/wp-cron.php?doing_wp_cron=1665042391.5506849288940429687500 HTTP/1.1" 200 - "https://savemoki.com/2test/wp-cron.php?doing_wp_cron=1665042391.5506849288940429687500" "WordPress/5.4.11; https://savemoki.com/2test" "savemoki.com"
114.119.139.167 - - [06/Oct/2022:00:48:29 -0700] "GET /blog HTTP/1.1" 301 1407 "https://savemoki.com/blog/wp-content?C=S%3BO%3DA" "Mozilla/5.0 (Linux; Android 7.0;) AppleWebKit/537.36 (KHTML, like Gecko) Mobile Safari/537.36 (compatible; PetalBot;+https://webmaster.petalsearch.com/site/petalbot)" "savemoki.com"
114.119.139.167 - - [06/Oct/2022:00:48:30 -0700] "GET /blog/ HTTP/1.1" 200 352 "https://savemoki.com/blog/wp-content?C=S%3BO%3DA" "Mozilla/5.0 (Linux; Android 7.0;) AppleWebKit/537.36 (KHTML, like Gecko) Mobile Safari/537.36 (compatible; PetalBot;+https://webmaster.petalsearch.com/site/petalbot)" "savemoki.com"
51.222.253.19 - - [06/Oct/2022:00:48:51 -0700] "GET /navigation_bars/?C=N;O=A HTTP/1.1" 200 408 "-" "Mozilla/5.0 (compatible; AhrefsBot/7.0; +http://ahrefs.com/robot/)" "savemoki.com"
51.222.253.16 - - [06/Oct/2022:00:51:37 -0700] "GET /clipart/lines/horizontal/?C=D;O=A HTTP/1.1" 200 408 "-" "Mozilla/5.0 (compatible; AhrefsBot/7.0; +http://ahrefs.com/robot/)" "www.savemoki.com"
51.222.253.14 - - [06/Oct/2022:00:54:12 -0700] "GET /clipart/lines/horizontal/?C=S;O=A HTTP/1.1" 200 408 "-" "Mozilla/5.0 (compatible; AhrefsBot/7.0; +http://ahrefs.com/robot/)" "www.savemoki.com"
185.191.171.26 - - [06/Oct/2022:00:54:14 -0700] "GET /robots.txt HTTP/1.1" 200 55 "-" "Mozilla/5.0 (compatible; SemrushBot/7~bl; +http://www.semrush.com/bot.html)" "savemoki.com"
185.191.171.45 - - [06/Oct/2022:00:54:15 -0700] "GET /?C=S%3BO%3DA HTTP/1.1" 200 1286 "-" "Mozilla/5.0 (compatible; SemrushBot/7~bl; +http://www.semrush.com/bot.html)" "savemoki.com"
114.119.139.167 - - [06/Oct/2022:00:55:18 -0700] "GET /media?C=S%3BO%3DA HTTP/1.1" 301 1422 "https://www.savemoki.com/media?M=A" "Mozilla/5.0 (Linux; Android 7.0;) AppleWebKit/537.36 (KHTML, like Gecko) Mobile Safari/537.36 (compatible; PetalBot;+https://webmaster.petalsearch.com/site/petalbot)" "www.savemoki.com"
194.233.96.21 - - [06/Oct/2022:00:55:22 -0700] "GET /blog1/2015/05/07/test-post/ HTTP/1.1" 404 73 "http://savemoki.com/blog1/2015/05/07/test-post/" "Mozilla/5.0 (Windows NT 6.3; Win64; x64) AppleWebKit/537.36 (KHTML, like Gecko) Chrome/90.0.4430.93 Safari/537.36" "savemoki.com"
194.233.96.21 - - [06/Oct/2022:00:55:22 -0700] "GET / HTTP/1.1" 200 7350 "http://savemoki.com/" "Mozilla/5.0 (Windows NT 6.3; Win64; x64) AppleWebKit/537.36 (KHTML, like Gecko) Chrome/90.0.4430.93 Safari/537.36" "savemoki.com"
194.233.96.21 - - [06/Oct/2022:00:55:26 -0700] "GET /blog/ HTTP/1.1" 200 698 "http://savemoki.com/blog/" "Mozilla/5.0 (Windows NT 6.3; Win64; x64) AppleWebKit/537.36 (KHTML, like Gecko) Chrome/90.0.4430.93 Safari/537.36" "savemoki.com"
114.119.139.167 - - [06/Oct/2022:00:55:26 -0700] "GET /media/?C=S%3BO%3DA HTTP/1.1" 200 396 "https://www.savemoki.com/media?M=A" "Mozilla/5.0 (Linux; Android 7.0;) AppleWebKit/537.36 (KHTML, like Gecko) Mobile Safari/537.36 (compatible; PetalBot;+https://webmaster.petalsearch.com/site/petalbot)" "www.savemoki.com"
51.222.253.2 - - [06/Oct/2022:00:56:55 -0700] "GET /clipart/lines/horizontal/?C=M;O=A HTTP/1.1" 200 408 "-" "Mozilla/5.0 (compatible; AhrefsBot/7.0; +http://ahrefs.com/robot/)" "www.savemoki.com"
51.222.253.14 - - [06/Oct/2022:00:59:40 -0700] "GET /blog/wp-content/?C=D;O=A HTTP/1.1" 200 359 "-" "Mozilla/5.0 (compatible; AhrefsBot/7.0; +http://ahrefs.com/robot/)" "www.savemoki.com"
114.119.139.166 - - [06/Oct/2022:01:02:03 -0700] "GET /clipart/images/frames/?C=S%3BO%3DA HTTP/1.1" 200 379 "https://savemoki.com/clipart/images/frames/?C=D%3BO%3DA" "Mozilla/5.0 (Linux; Android 7.0;) AppleWebKit/537.36 (KHTML, like Gecko) Mobile Safari/537.36 (compatible; PetalBot;+https://webmaster.petalsearch.com/site/petalbot)" "savemoki.com"
51.222.253.8 - - [06/Oct/2022:01:03:03 -0700] "GET /clipart/lines/horizontal/?C=S;O=A HTTP/1.1" 200 408 "-" "Mozilla/5.0 (compatible; AhrefsBot/7.0; +http://ahrefs.com/robot/)" "savemoki.com"
51.222.253.15 - - [06/Oct/2022:01:06:13 -0700] "GET /blog/wp-content/?C=M;O=A HTTP/1.1" 200 359 "-" "Mozilla/5.0 (compatible; AhrefsBot/7.0; +http://ahrefs.com/robot/)" "www.savemoki.com"
114.119.139.166 - - [06/Oct/2022:01:08:54 -0700] "GET /navigation_bars/ HTTP/1.1" 200 408 "https://savemoki.com/" "Mozilla/5.0 (Linux; Android 7.0;) AppleWebKit/537.36 (KHTML, like Gecko) Mobile Safari/537.36 (compatible; PetalBot;+https://webmaster.petalsearch.com/site/petalbot)" "savemoki.com"
51.222.253.19 - - [06/Oct/2022:01:11:17 -0700] "GET / HTTP/1.1" 200 1286 "-" "Mozilla/5.0 (compatible; AhrefsBot/7.0; +http://ahrefs.com/robot/)" "www.savemoki.com"
51.222.253.17 - - [06/Oct/2022:01:13:40 -0700] "GET / HTTP/1.1" 200 1286 "-" "Mozilla/5.0 (compatible; AhrefsBot/7.0; +http://ahrefs.com/robot/)" "savemoki.com"
114.119.139.148 - - [06/Oct/2022:01:15:39 -0700] "GET /blog/wp-content/themes/themeforest-625914-ice-theme-powerful-wordpress-theme-1/sample%20content/?C=D%3BO%3DA HTTP/1.1" 200 576 "https://savemoki.com/blog/wp-content/themes/themeforest-625914-ice-theme-powerful-wordpress-theme-1/sample%20content/?C=M%3BO%3DA" "Mozilla/5.0 (Linux; Android 7.0;) AppleWebKit/537.36 (KHTML, like Gecko) Mobile Safari/537.36 (compatible; PetalBot;+https://webmaster.petalsearch.com/site/petalbot)" "savemoki.com"
51.222.253.15 - - [06/Oct/2022:01:16:00 -0700] "GET /clipart/bullets/?C=N;O=D HTTP/1.1" 200 426 "-" "Mozilla/5.0 (compatible; AhrefsBot/7.0; +http://ahrefs.com/robot/)" "savemoki.com"
51.222.253.11 - - [06/Oct/2022:01:18:18 -0700] "GET /blog/wp-content/?C=S;O=A HTTP/1.1" 200 359 "-" "Mozilla/5.0 (compatible; AhrefsBot/7.0; +http://ahrefs.com/robot/)" "savemoki.com"
18.207.200.45 - - [06/Oct/2022:01:18:45 -0700] "GET /robots.txt HTTP/1.1" 200 39 "-" "Mozilla/5.0 (X11; Linux x86_64) AppleWebKit/537.36 (KHTML, like Gecko) Chrome/94.0.4606.81 Safari/537.36" "savemoki.com"
18.207.200.45 - - [06/Oct/2022:01:18:45 -0700] "GET / HTTP/1.1" 200 7350 "-" "Mozilla/5.0 (X11; Linux x86_64) AppleWebKit/537.36 (KHTML, like Gecko) Chrome/94.0.4606.81 Safari/537.36" "savemoki.com"
51.222.253.7 - - [06/Oct/2022:01:20:34 -0700] "GET /blog/wp-content/themes/themeforest-625914-ice-theme-powerful-wordpress-theme-1/?C=M;O=D HTTP/1.1" 200 510 "-" "Mozilla/5.0 (compatible; AhrefsBot/7.0; +http://ahrefs.com/robot/)" "savemoki.com"
114.119.139.166 - - [06/Oct/2022:01:22:19 -0700] "GET /clipart/bullets HTTP/1.1" 301 1412 "https://savemoki.com/clipart?N=A" "Mozilla/5.0 (Linux; Android 7.0;) AppleWebKit/537.36 (KHTML, like Gecko) Mobile Safari/537.36 (compatible; PetalBot;+https://webmaster.petalsearch.com/site/petalbot)" "savemoki.com"
114.119.139.166 - - [06/Oct/2022:01:22:21 -0700] "GET /clipart/bullets/ HTTP/1.1" 200 429 "https://savemoki.com/clipart?N=A" "Mozilla/5.0 (Linux; Android 7.0;) AppleWebKit/537.36 (KHTML, like Gecko) Mobile Safari/537.36 (compatible; PetalBot;+https://webmaster.petalsearch.com/site/petalbot)" "savemoki.com"
51.222.253.3 - - [06/Oct/2022:01:22:37 -0700] "GET /blog/wp-content/?C=D;O=A HTTP/1.1" 200 359 "-" "Mozilla/5.0 (compatible; AhrefsBot/7.0; +http://ahrefs.com/robot/)" "savemoki.com"
51.222.253.4 - - [06/Oct/2022:01:24:46 -0700] "GET /clipart/buttons/themes/?C=N;O=A HTTP/1.1" 200 404 "-" "Mozilla/5.0 (compatible; AhrefsBot/7.0; +http://ahrefs.com/robot/)" "savemoki.com"
207.46.13.52 - - [06/Oct/2022:01:25:02 -0700] "GET /2test/index.php/feed/ HTTP/1.1" 200 3636 "-" "Mozilla/5.0 (compatible; bingbot/2.0; +http://www.bing.com/bingbot.htm)" "savemoki.com"
10.213.116.63 - - [06/Oct/2022:01:25:05 -0700] "POST /2test/wp-cron.php?doing_wp_cron=1665044705.4250640869140625000000 HTTP/1.1" 200 - "https://savemoki.com/2test/wp-cron.php?doing_wp_cron=1665044705.4250640869140625000000" "WordPress/5.4.11; https://savemoki.com/2test" "savemoki.com"
51.222.253.6 - - [06/Oct/2022:01:26:53 -0700] "GET /blog/wp-content/?C=M;O=A HTTP/1.1" 200 359 "-" "Mozilla/5.0 (compatible; AhrefsBot/7.0; +http://ahrefs.com/robot/)" "savemoki.com"
114.119.139.166 - - [06/Oct/2022:01:28:53 -0700] "GET /blog HTTP/1.1" 301 1408 "https://www.savemoki.com/?C=N%3BO%3DD" "Mozilla/5.0 (Linux; Android 7.0;) AppleWebKit/537.36 (KHTML, like Gecko) Mobile Safari/537.36 (compatible; PetalBot;+https://webmaster.petalsearch.com/site/petalbot)" "www.savemoki.com"
114.119.139.166 - - [06/Oct/2022:01:28:54 -0700] "GET /blog/ HTTP/1.1" 200 352 "https://www.savemoki.com/?C=N%3BO%3DD" "Mozilla/5.0 (Linux; Android 7.0;) AppleWebKit/537.36 (KHTML, like Gecko) Mobile Safari/537.36 (compatible; PetalBot;+https://webmaster.petalsearch.com/site/petalbot)" "www.savemoki.com"
51.222.253.17 - - [06/Oct/2022:01:28:56 -0700] "GET /clipart/pageHeaders/ HTTP/1.1" 200 427 "-" "Mozilla/5.0 (compatible; AhrefsBot/7.0; +http://ahrefs.com/robot/)" "www.savemoki.com"
51.222.253.10 - - [06/Oct/2022:01:31:17 -0700] "GET /blog/wp-content/?C=S;O=A HTTP/1.1" 200 359 "-" "Mozilla/5.0 (compatible; AhrefsBot/7.0; +http://ahrefs.com/robot/)" "www.savemoki.com"
66.249.79.19 - - [06/Oct/2022:01:32:12 -0700] "GET /favicon.ico HTTP/1.1" 404 88 "-" "Googlebot-Image/1.0" "www.savemoki.com"
66.249.79.21 - - [06/Oct/2022:01:32:12 -0700] "GET /favicon.ico HTTP/1.1" 404 88 "-" "Googlebot-Image/1.0" "www.savemoki.com"
51.222.253.18 - - [06/Oct/2022:01:33:19 -0700] "GET /sitebuilder/images/?C=N;O=A HTTP/1.1" 200 3814 "-" "Mozilla/5.0 (compatible; AhrefsBot/7.0; +http://ahrefs.com/robot/)" "www.savemoki.com"
51.222.253.15 - - [06/Oct/2022:01:35:34 -0700] "GET /blog/wp-content/themes/ HTTP/1.1" 200 405 "-" "Mozilla/5.0 (compatible; AhrefsBot/7.0; +http://ahrefs.com/robot/)" "savemoki.com"
114.119.139.166 - - [06/Oct/2022:01:35:36 -0700] "GET /blog/wp-content/themes/themeforest-625914-ice-theme-powerful-wordpress-theme-1/PSD/ HTTP/1.1" 200 419 "https://www.savemoki.com/blog/wp-content/themes/themeforest-625914-ice-theme-powerful-wordpress-theme-1?C=N%3BO%3DD" "Mozilla/5.0 (Linux; Android 7.0;) AppleWebKit/537.36 (KHTML, like Gecko) Mobile Safari/537.36 (compatible; PetalBot;+https://webmaster.petalsearch.com/site/petalbot)" "www.savemoki.com"
51.222.253.9 - - [06/Oct/2022:01:37:34 -0700] "GET /clipart/pageHeaders/?C=D;O=D HTTP/1.1" 200 427 "-" "Mozilla/5.0 (compatible; AhrefsBot/7.0; +http://ahrefs.com/robot/)" "savemoki.com"
51.222.253.1 - - [06/Oct/2022:01:39:49 -0700] "GET /media/?C=N;O=A HTTP/1.1" 200 396 "-" "Mozilla/5.0 (compatible; AhrefsBot/7.0; +http://ahrefs.com/robot/)" "savemoki.com"
114.119.139.148 - - [06/Oct/2022:01:42:19 -0700] "GET /files/?C=N%3BO%3DD HTTP/1.1" 200 380 "http://www.savemoki.com/files?C=D%3BO%3DA" "Mozilla/5.0 (Linux; Android 7.0;) AppleWebKit/537.36 (KHTML, like Gecko) Mobile Safari/537.36 (compatible; PetalBot;+https://webmaster.petalsearch.com/site/petalbot)" "www.savemoki.com"
51.222.253.19 - - [06/Oct/2022:01:42:42 -0700] "GET /clipart/?C=D;O=A HTTP/1.1" 200 440 "-" "Mozilla/5.0 (compatible; AhrefsBot/7.0; +http://ahrefs.com/robot/)" "savemoki.com"
51.222.253.18 - - [06/Oct/2022:01:44:58 -0700] "GET /clipart/?C=M;O=D HTTP/1.1" 200 435 "-" "Mozilla/5.0 (compatible; AhrefsBot/7.0; +http://ahrefs.com/robot/)" "savemoki.com"
58.48.226.85 - - [06/Oct/2022:01:46:16 -0700] "HEAD / HTTP/1.1" 200 - "-" "curl/7.29.0" "savemoki.com"
51.222.253.4 - - [06/Oct/2022:01:47:15 -0700] "GET /clipart/?C=S;O=A HTTP/1.1" 200 440 "-" "Mozilla/5.0 (compatible; AhrefsBot/7.0; +http://ahrefs.com/robot/)" "savemoki.com"
114.119.139.167 - - [06/Oct/2022:01:49:02 -0700] "GET /blog/wp-content/themes?N=A HTTP/1.1" 301 1423 "https://savemoki.com/blog/wp-content/themes?S=D" "Mozilla/5.0 (Linux; Android 7.0;) AppleWebKit/537.36 (KHTML, like Gecko) Mobile Safari/537.36 (compatible; PetalBot;+https://webmaster.petalsearch.com/site/petalbot)" "savemoki.com"
114.119.139.167 - - [06/Oct/2022:01:49:04 -0700] "GET /blog/wp-content/themes/?N=A HTTP/1.1" 200 405 "https://savemoki.com/blog/wp-content/themes?S=D" "Mozilla/5.0 (Linux; Android 7.0;) AppleWebKit/537.36 (KHTML, like Gecko) Mobile Safari/537.36 (compatible; PetalBot;+https://webmaster.petalsearch.com/site/petalbot)" "savemoki.com"
51.222.253.3 - - [06/Oct/2022:01:49:48 -0700] "GET /clipart/?C=M;O=A HTTP/1.1" 200 443 "-" "Mozilla/5.0 (compatible; AhrefsBot/7.0; +http://ahrefs.com/robot/)" "savemoki.com"
51.222.253.5 - - [06/Oct/2022:01:52:06 -0700] "GET /mokis_medical_records HTTP/1.1" 200 3287 "-" "Mozilla/5.0 (compatible; AhrefsBot/7.0; +http://ahrefs.com/robot/)" "savemoki.com"
51.222.253.8 - - [06/Oct/2022:01:54:27 -0700] "GET /other_cats_in_need HTTP/1.1" 200 3395 "-" "Mozilla/5.0 (compatible; AhrefsBot/7.0; +http://ahrefs.com/robot/)" "www.savemoki.com"
171.113.246.6 - - [06/Oct/2022:01:54:57 -0700] "GET / HTTP/1.1" 200 1286 "-" "Mozilla/5.0" "savemoki.com"
114.119.139.166 - - [06/Oct/2022:01:55:51 -0700] "GET /clipart/bullets/?C=S%3BO%3DA HTTP/1.1" 200 429 "https://savemoki.com/clipart/bullets/?C=M%3BO%3DA" "Mozilla/5.0 (Linux; Android 7.0;) AppleWebKit/537.36 (KHTML, like Gecko) Mobile Safari/537.36 (compatible; PetalBot;+https://webmaster.petalsearch.com/site/petalbot)" "savemoki.com"
51.222.253.15 - - [06/Oct/2022:01:56:56 -0700] "GET /clipart/images/?C=N;O=D HTTP/1.1" 200 480 "-" "Mozilla/5.0 (compatible; AhrefsBot/7.0; +http://ahrefs.com/robot/)" "www.savemoki.com"
51.222.253.8 - - [06/Oct/2022:01:59:01 -0700] "GET /clipart/lines/?C=M;O=D HTTP/1.1" 200 359 "-" "Mozilla/5.0 (compatible; AhrefsBot/7.0; +http://ahrefs.com/robot/)" "savemoki.com"
51.222.253.20 - - [06/Oct/2022:02:01:22 -0700] "GET /contact_us HTTP/1.1" 200 7364 "-" "Mozilla/5.0 (compatible; AhrefsBot/7.0; +http://ahrefs.com/robot/)" "savemoki.com"
114.119.139.148 - - [06/Oct/2022:02:02:38 -0700] "GET /clipart/backgrounds?D=A HTTP/1.1" 301 1417 "https://savemoki.com/clipart/backgrounds?D=D" "Mozilla/5.0 (Linux; Android 7.0;) AppleWebKit/537.36 (KHTML, like Gecko) Mobile Safari/537.36 (compatible; PetalBot;+https://webmaster.petalsearch.com/site/petalbot)" "savemoki.com"
114.119.139.148 - - [06/Oct/2022:02:02:40 -0700] "GET /clipart/backgrounds/?D=A HTTP/1.1" 200 366 "https://savemoki.com/clipart/backgrounds?D=D" "Mozilla/5.0 (Linux; Android 7.0;) AppleWebKit/537.36 (KHTML, like Gecko) Mobile Safari/537.36 (compatible; PetalBot;+https://webmaster.petalsearch.com/site/petalbot)" "savemoki.com"
51.222.253.9 - - [06/Oct/2022:02:03:15 -0700] "GET /videos_of_moki HTTP/1.1" 200 3164 "-" "Mozilla/5.0 (compatible; AhrefsBot/7.0; +http://ahrefs.com/robot/)" "savemoki.com"
74.82.228.26 - - [06/Oct/2022:02:03:40 -0700] "GET /contact_us.html HTTP/1.1" 200 18024 "http://savemoki.com/contact_us.html" "Mozilla/5.0 (Windows NT 6.3; Win64; x64) AppleWebKit/537.36 (KHTML, like Gecko) Chrome/90.0.4430.72 Safari/537.36 Edg/90.0.818.42" "savemoki.com"
106.5.209.203 - - [06/Oct/2022:02:05:32 -0700] "GET /contact_us.html HTTP/1.1" 200 18024 "http://savemoki.com/contact_us.html" "Mozilla/5.0 (Windows NT 6.3; Win64; x64) AppleWebKit/537.36 (KHTML, like Gecko) Chrome/90.0.4430.72 Safari/537.36 Edg/90.0.818.42" "savemoki.com"
51.222.253.20 - - [06/Oct/2022:02:05:38 -0700] "GET /other_cats_in_need HTTP/1.1" 200 3395 "-" "Mozilla/5.0 (compatible; AhrefsBot/7.0; +http://ahrefs.com/robot/)" "savemoki.com"
51.222.253.9 - - [06/Oct/2022:02:07:47 -0700] "GET /clipart/lines/horizontal/ HTTP/1.1" 200 408 "-" "Mozilla/5.0 (compatible; AhrefsBot/7.0; +http://ahrefs.com/robot/)" "www.savemoki.com"
114.119.139.166 - - [06/Oct/2022:02:09:12 -0700] "GET /clipart/backgrounds?C=D%3BO%3DA HTTP/1.1" 301 1426 "https://savemoki.com/clipart/backgrounds?S=D" "Mozilla/5.0 (Linux; Android 7.0;) AppleWebKit/537.36 (KHTML, like Gecko) Mobile Safari/537.36 (compatible; PetalBot;+https://webmaster.petalsearch.com/site/petalbot)" "savemoki.com"
114.119.139.166 - - [06/Oct/2022:02:09:14 -0700] "GET /clipart/backgrounds/?C=D%3BO%3DA HTTP/1.1" 200 366 "https://savemoki.com/clipart/backgrounds?S=D" "Mozilla/5.0 (Linux; Android 7.0;) AppleWebKit/537.36 (KHTML, like Gecko) Mobile Safari/537.36 (compatible; PetalBot;+https://webmaster.petalsearch.com/site/petalbot)" "savemoki.com"
51.222.253.13 - - [06/Oct/2022:02:09:55 -0700] "GET /mokis_story HTTP/1.1" 200 9307 "-" "Mozilla/5.0 (compatible; AhrefsBot/7.0; +http://ahrefs.com/robot/)" "savemoki.com"
51.222.253.13 - - [06/Oct/2022:02:12:08 -0700] "GET /blog/wp-content/themes/themeforest-625914-ice-theme-powerful-wordpress-theme-1/PSD/?C=M;O=A HTTP/1.1" 200 420 "-" "Mozilla/5.0 (compatible; AhrefsBot/7.0; +http://ahrefs.com/robot/)" "savemoki.com"
207.46.13.237 - - [06/Oct/2022:02:12:34 -0700] "GET /robots.txt HTTP/1.1" 200 55 "-" "Mozilla/5.0 (compatible; bingbot/2.0; +http://www.bing.com/bingbot.htm)" "www.savemoki.com"
207.46.13.237 - - [06/Oct/2022:02:12:34 -0700] "GET /robots.txt HTTP/1.1" 200 55 "-" "Mozilla/5.0 (compatible; bingbot/2.0; +http://www.bing.com/bingbot.htm)" "www.savemoki.com"
207.46.13.209 - - [06/Oct/2022:02:12:43 -0700] "GET /Donate HTTP/1.1" 200 2982 "-" "Mozilla/5.0 (compatible; bingbot/2.0; +http://www.bing.com/bingbot.htm)" "www.savemoki.com"
51.222.253.17 - - [06/Oct/2022:02:14:25 -0700] "GET /clipart/buttons/?C=D;O=D HTTP/1.1" 200 358 "-" "Mozilla/5.0 (compatible; AhrefsBot/7.0; +http://ahrefs.com/robot/)" "www.savemoki.com"
114.119.139.148 - - [06/Oct/2022:02:16:03 -0700] "GET /yahoo_site_admin HTTP/1.1" 200 5367 "https://savemoki.com/" "Mozilla/5.0 (Linux; Android 7.0;) AppleWebKit/537.36 (KHTML, like Gecko) Mobile Safari/537.36 (compatible; PetalBot;+https://webmaster.petalsearch.com/site/petalbot)" "savemoki.com"
51.222.253.2 - - [06/Oct/2022:02:16:30 -0700] "GET /home HTTP/1.1" 200 5367 "-" "Mozilla/5.0 (compatible; AhrefsBot/7.0; +http://ahrefs.com/robot/)" "savemoki.com"
51.222.253.4 - - [06/Oct/2022:02:18:59 -0700] "GET /special_thanks HTTP/1.1" 200 3418 "-" "Mozilla/5.0 (compatible; AhrefsBot/7.0; +http://ahrefs.com/robot/)" "savemoki.com"
51.222.253.12 - - [06/Oct/2022:02:21:16 -0700] "GET /clipart/buttons/themes/swoosh_blue/ HTTP/1.1" 200 418 "-" "Mozilla/5.0 (compatible; AhrefsBot/7.0; +http://ahrefs.com/robot/)" "www.savemoki.com"
52.87.219.37 - - [06/Oct/2022:02:22:26 -0700] "GET /robots.txt HTTP/1.1" 200 39 "-" "Mozilla/5.0 (X11; Linux x86_64) AppleWebKit/537.36 (KHTML, like Gecko) Chrome/94.0.4606.81 Safari/537.36" "savemoki.com"
52.87.219.37 - - [06/Oct/2022:02:22:26 -0700] "GET /contact_us.html HTTP/1.1" 200 18024 "-" "Mozilla/5.0 (X11; Linux x86_64) AppleWebKit/537.36 (KHTML, like Gecko) Chrome/94.0.4606.81 Safari/537.36" "savemoki.com"
52.87.219.37 - - [06/Oct/2022:02:22:26 -0700] "GET /sitebuilder/scripts/layers.js HTTP/1.1" 200 4045 "http://savemoki.com/contact_us.html" "Mozilla/5.0 (X11; Linux x86_64) AppleWebKit/537.36 (KHTML, like Gecko) Chrome/94.0.4606.81 Safari/537.36" "savemoki.com"
114.119.139.166 - - [06/Oct/2022:02:22:54 -0700] "GET /logs HTTP/1.1" 403 170 "http://savemoki.com" "Mozilla/5.0 (Linux; Android 7.0;) AppleWebKit/537.36 (KHTML, like Gecko) Mobile Safari/537.36 (compatible; PetalBot;+https://webmaster.petalsearch.com/site/petalbot)" "savemoki.com"
51.222.253.5 - - [06/Oct/2022:02:23:18 -0700] "GET /clipart/buttons/?C=M;O=D HTTP/1.1" 200 358 "-" "Mozilla/5.0 (compatible; AhrefsBot/7.0; +http://ahrefs.com/robot/)" "www.savemoki.com"
185.191.171.26 - - [06/Oct/2022:02:24:32 -0700] "GET /robots.txt HTTP/1.1" 200 55 "-" "Mozilla/5.0 (compatible; SemrushBot/7~bl; +http://www.semrush.com/bot.html)" "www.savemoki.com"
185.191.171.4 - - [06/Oct/2022:02:24:33 -0700] "GET /clipart/images/frames/?C=D%3BO%3DA HTTP/1.1" 200 379 "-" "Mozilla/5.0 (compatible; SemrushBot/7~bl; +http://www.semrush.com/bot.html)" "www.savemoki.com"
123.183.224.80 - - [06/Oct/2022:02:24:38 -0700] "GET / HTTP/1.1" 200 1286 "-" "Sogou web spider/4.0(+http://www.sogou.com/docs/help/webmasters.htm#07)" "www.savemoki.com"
51.222.253.20 - - [06/Oct/2022:02:25:38 -0700] "GET /blog/?C=M;O=A HTTP/1.1" 200 352 "-" "Mozilla/5.0 (compatible; AhrefsBot/7.0; +http://ahrefs.com/robot/)" "www.savemoki.com"
51.222.253.13 - - [06/Oct/2022:02:27:46 -0700] "GET /blog/wp-content/themes/themeforest-625914-ice-theme-powerful-wordpress-theme-1/PSD/?C=S;O=A HTTP/1.1" 200 420 "-" "Mozilla/5.0 (compatible; AhrefsBot/7.0; +http://ahrefs.com/robot/)" "savemoki.com"
114.119.139.148 - - [06/Oct/2022:02:29:28 -0700] "GET /clipart/buttons?C=M%3BO%3DA HTTP/1.1" 301 1429 "https://www.savemoki.com/clipart/buttons?C=N%3BO%3DD" "Mozilla/5.0 (Linux; Android 7.0;) AppleWebKit/537.36 (KHTML, like Gecko) Mobile Safari/537.36 (compatible; PetalBot;+https://webmaster.petalsearch.com/site/petalbot)" "www.savemoki.com"
114.119.139.148 - - [06/Oct/2022:02:29:29 -0700] "GET /clipart/buttons/?C=M%3BO%3DA HTTP/1.1" 200 359 "https://www.savemoki.com/clipart/buttons?C=N%3BO%3DD" "Mozilla/5.0 (Linux; Android 7.0;) AppleWebKit/537.36 (KHTML, like Gecko) Mobile Safari/537.36 (compatible; PetalBot;+https://webmaster.petalsearch.com/site/petalbot)" "www.savemoki.com"
51.222.253.14 - - [06/Oct/2022:02:30:13 -0700] "GET /blog/wp-content/themes/themeforest-625914-ice-theme-powerful-wordpress-theme-1/PSD/?C=S;O=D HTTP/1.1" 200 418 "-" "Mozilla/5.0 (compatible; AhrefsBot/7.0; +http://ahrefs.com/robot/)" "savemoki.com"
137.226.113.44 - - [06/Oct/2022:02:31:01 -0700] "GET / HTTP/1.1" 200 1286 "-" "Mozilla/5.0 zgrab/0.x (compatible; Researchscan/http; +http://researchscan.comsys.rwth-aachen.de)" "www.savemoki.com"
51.222.253.8 - - [06/Oct/2022:02:34:21 -0700] "GET / HTTP/1.1" 200 1286 "-" "Mozilla/5.0 (compatible; AhrefsBot/7.0; +http://ahrefs.com/robot/)" "savemoki.com"
114.119.139.148 - - [06/Oct/2022:02:36:11 -0700] "GET /sitebuilder/scripts/?C=N%3BO%3DD HTTP/1.1" 200 373 "https://savemoki.com/sitebuilder/scripts/" "Mozilla/5.0 (Linux; Android 7.0;) AppleWebKit/537.36 (KHTML, like Gecko) Mobile Safari/537.36 (compatible; PetalBot;+https://webmaster.petalsearch.com/site/petalbot)" "savemoki.com"
51.222.253.9 - - [06/Oct/2022:02:36:21 -0700] "GET /clipart/buttons/themes/rectangle_yellow/?C=D;O=D HTTP/1.1" 200 422 "-" "Mozilla/5.0 (compatible; AhrefsBot/7.0; +http://ahrefs.com/robot/)" "savemoki.com"
51.222.253.8 - - [06/Oct/2022:02:38:22 -0700] "GET /sitebuilder/scripts/?C=S;O=D HTTP/1.1" 200 370 "-" "Mozilla/5.0 (compatible; AhrefsBot/7.0; +http://ahrefs.com/robot/)" "www.savemoki.com"
51.222.253.13 - - [06/Oct/2022:02:40:27 -0700] "GET /clipart/buttons/?C=S;O=D HTTP/1.1" 200 358 "-" "Mozilla/5.0 (compatible; AhrefsBot/7.0; +http://ahrefs.com/robot/)" "www.savemoki.com"
51.222.253.11 - - [06/Oct/2022:02:42:39 -0700] "GET /blog/wp-content/themes/themeforest-625914-ice-theme-powerful-wordpress-theme-1/sample%20content/?C=N;O=D HTTP/1.1" 200 570 "-" "Mozilla/5.0 (compatible; AhrefsBot/7.0; +http://ahrefs.com/robot/)" "savemoki.com"
114.119.139.166 - - [06/Oct/2022:02:43:03 -0700] "GET /clipart/pageHeaders?S=A HTTP/1.1" 301 1422 "https://www.savemoki.com/clipart/pageHeaders?S=D" "Mozilla/5.0 (Linux; Android 7.0;) AppleWebKit/537.36 (KHTML, like Gecko) Mobile Safari/537.36 (compatible; PetalBot;+https://webmaster.petalsearch.com/site/petalbot)" "www.savemoki.com"
114.119.139.166 - - [06/Oct/2022:02:43:05 -0700] "GET /clipart/pageHeaders/?S=A HTTP/1.1" 200 427 "https://www.savemoki.com/clipart/pageHeaders?S=D" "Mozilla/5.0 (Linux; Android 7.0;) AppleWebKit/537.36 (KHTML, like Gecko) Mobile Safari/537.36 (compatible; PetalBot;+https://webmaster.petalsearch.com/site/petalbot)" "www.savemoki.com"
51.222.253.5 - - [06/Oct/2022:02:44:43 -0700] "GET /clipart/?C=M;O=A HTTP/1.1" 200 443 "-" "Mozilla/5.0 (compatible; AhrefsBot/7.0; +http://ahrefs.com/robot/)" "www.savemoki.com"
51.222.253.12 - - [06/Oct/2022:02:46:51 -0700] "GET /blog/?C=S;O=A HTTP/1.1" 200 352 "-" "Mozilla/5.0 (compatible; AhrefsBot/7.0; +http://ahrefs.com/robot/)" "www.savemoki.com"
51.222.253.7 - - [06/Oct/2022:02:49:00 -0700] "GET /clipart/backgrounds/fullpage/?C=N;O=D HTTP/1.1" 200 387 "-" "Mozilla/5.0 (compatible; AhrefsBot/7.0; +http://ahrefs.com/robot/)" "savemoki.com"
114.119.139.166 - - [06/Oct/2022:02:49:50 -0700] "GET /blog/wp-content/themes?S=A HTTP/1.1" 301 1423 "https://savemoki.com/blog/wp-content/themes?S=D" "Mozilla/5.0 (Linux; Android 7.0;) AppleWebKit/537.36 (KHTML, like Gecko) Mobile Safari/537.36 (compatible; PetalBot;+https://webmaster.petalsearch.com/site/petalbot)" "savemoki.com"
114.119.139.166 - - [06/Oct/2022:02:49:51 -0700] "GET /blog/wp-content/themes/?S=A HTTP/1.1" 200 405 "https://savemoki.com/blog/wp-content/themes?S=D" "Mozilla/5.0 (Linux; Android 7.0;) AppleWebKit/537.36 (KHTML, like Gecko) Mobile Safari/537.36 (compatible; PetalBot;+https://webmaster.petalsearch.com/site/petalbot)" "savemoki.com"
51.222.253.3 - - [06/Oct/2022:02:50:54 -0700] "GET /clipart/images/?C=D;O=A HTTP/1.1" 200 489 "-" "Mozilla/5.0 (compatible; AhrefsBot/7.0; +http://ahrefs.com/robot/)" "www.savemoki.com"
77.75.72.26 - - [06/Oct/2022:02:51:21 -0700] "GET /robots.txt HTTP/1.1" 200 55 "-" "Mozilla/5.0 (compatible; SeznamBot/4.0-RC1; +http://napoveda.seznam.cz/seznambot-intro/)" "savemoki.com"
77.75.73.26 - - [06/Oct/2022:02:51:21 -0700] "GET /blog/wp-content/themes/ HTTP/1.1" 200 405 "-" "Mozilla/5.0 (compatible; SeznamBot/4.0-RC1; +http://napoveda.seznam.cz/seznambot-intro/)" "savemoki.com"
51.222.253.16 - - [06/Oct/2022:02:53:00 -0700] "GET /blog/wp-content/themes/themeforest-625914-ice-theme-powerful-wordpress-theme-1/licensing/?C=M;O=D HTTP/1.1" 200 417 "-" "Mozilla/5.0 (compatible; AhrefsBot/7.0; +http://ahrefs.com/robot/)" "savemoki.com"
51.222.253.1 - - [06/Oct/2022:02:55:03 -0700] "GET /blog/?C=D;O=A HTTP/1.1" 200 352 "-" "Mozilla/5.0 (compatible; AhrefsBot/7.0; +http://ahrefs.com/robot/)" "www.savemoki.com"
114.119.139.166 - - [06/Oct/2022:02:56:43 -0700] "GET /files?N=D HTTP/1.1" 301 1413 "https://www.savemoki.com/files?N=A" "Mozilla/5.0 (Linux; Android 7.0;) AppleWebKit/537.36 (KHTML, like Gecko) Mobile Safari/537.36 (compatible; PetalBot;+https://webmaster.petalsearch.com/site/petalbot)" "www.savemoki.com"
114.119.139.166 - - [06/Oct/2022:02:56:50 -0700] "GET /files/?N=D HTTP/1.1" 200 380 "https://www.savemoki.com/files?N=A" "Mozilla/5.0 (Linux; Android 7.0;) AppleWebKit/537.36 (KHTML, like Gecko) Mobile Safari/537.36 (compatible; PetalBot;+https://webmaster.petalsearch.com/site/petalbot)" "www.savemoki.com"
51.222.253.4 - - [06/Oct/2022:02:57:07 -0700] "GET /clipart/lines/horizontal/?C=D;O=A HTTP/1.1" 200 408 "-" "Mozilla/5.0 (compatible; AhrefsBot/7.0; +http://ahrefs.com/robot/)" "savemoki.com"
51.222.253.9 - - [06/Oct/2022:02:59:18 -0700] "GET /clipart/buttons/themes/rectangle_yellow/ HTTP/1.1" 200 427 "-" "Mozilla/5.0 (compatible; AhrefsBot/7.0; +http://ahrefs.com/robot/)" "www.savemoki.com"
51.222.253.19 - - [06/Oct/2022:03:01:25 -0700] "GET /blog/wp-content/themes/themeforest-625914-ice-theme-powerful-wordpress-theme-1/licensing/?C=D;O=D HTTP/1.1" 200 417 "-" "Mozilla/5.0 (compatible; AhrefsBot/7.0; +http://ahrefs.com/robot/)" "savemoki.com"
114.119.139.167 - - [06/Oct/2022:03:03:17 -0700] "GET /clipart/backgrounds/fullpage?S=A HTTP/1.1" 301 1423 "https://www.savemoki.com/clipart/backgrounds/fullpage?N=A" "Mozilla/5.0 (Linux; Android 7.0;) AppleWebKit/537.36 (KHTML, like Gecko) Mobile Safari/537.36 (compatible; PetalBot;+https://webmaster.petalsearch.com/site/petalbot)" "www.savemoki.com"
114.119.139.167 - - [06/Oct/2022:03:03:18 -0700] "GET /clipart/backgrounds/fullpage/?S=A HTTP/1.1" 200 389 "https://www.savemoki.com/clipart/backgrounds/fullpage?N=A" "Mozilla/5.0 (Linux; Android 7.0;) AppleWebKit/537.36 (KHTML, like Gecko) Mobile Safari/537.36 (compatible; PetalBot;+https://webmaster.petalsearch.com/site/petalbot)" "www.savemoki.com"
51.222.253.13 - - [06/Oct/2022:03:03:33 -0700] "GET /clipart/lines/?C=S;O=D HTTP/1.1" 200 359 "-" "Mozilla/5.0 (compatible; AhrefsBot/7.0; +http://ahrefs.com/robot/)" "savemoki.com"
51.222.253.16 - - [06/Oct/2022:03:05:39 -0700] "GET /clipart/buttons/?C=N;O=A HTTP/1.1" 200 359 "-" "Mozilla/5.0 (compatible; AhrefsBot/7.0; +http://ahrefs.com/robot/)" "savemoki.com"
51.222.253.12 - - [06/Oct/2022:03:08:03 -0700] "GET /robots.txt HTTP/1.1" 200 55 "-" "Mozilla/5.0 (compatible; AhrefsBot/7.0; +http://ahrefs.com/robot/)" "www.savemoki.com"
51.222.253.4 - - [06/Oct/2022:03:08:04 -0700] "GET /images/?C=S;O=D HTTP/1.1" 200 2162 "-" "Mozilla/5.0 (compatible; AhrefsBot/7.0; +http://ahrefs.com/robot/)" "www.savemoki.com"
51.222.253.19 - - [06/Oct/2022:03:10:06 -0700] "GET /navigation_bars/?C=S;O=A HTTP/1.1" 200 408 "-" "Mozilla/5.0 (compatible; AhrefsBot/7.0; +http://ahrefs.com/robot/)" "www.savemoki.com"
114.119.139.148 - - [06/Oct/2022:03:10:12 -0700] "GET /robots.txt HTTP/1.1" 200 55 "http://www.savemoki.com/" "Mozilla/5.0 (Linux; Android 7.0;) AppleWebKit/537.36 (KHTML, like Gecko) Mobile Safari/537.36 (compatible; PetalBot;+https://webmaster.petalsearch.com/site/petalbot)" "www.savemoki.com"
