147.78.47.32 - - [03/Oct/2022:06:05:01 -0700] "GET /?C=-7991%27%20UNION%20ALL%20SELECT%2093%2C93%2CCONCAT%280x717a6a7a71%2C0x7658667253584a50536253676b4b74574841634e64477446666a5654426b6e737364566d546b496b%2C0x7176717671%29%2C93%2C93%2C93%2C93%2C93%23 HTTP/1.1" 200 1283 "-" "Mozilla/5.0 (X11; U; Linux i686; en-US; rv:1.9.2.7) Gecko/20100726 CentOS/3.6-3.el5.centos Firefox/3.6.7" "savemoki.com"
147.78.47.32 - - [03/Oct/2022:06:05:01 -0700] "GET /?C=-3594%27%20UNION%20ALL%20SELECT%2093%2C93%2C93%2C93%2C93%2C93%2CCONCAT%280x717a6a7a71%2C0x42434f6c73446e784a5a%2C0x7176717671%29%2C93%23 HTTP/1.1" 200 1283 "-" "Mozilla/5.0 (X11; U; Linux i686; en-US; rv:1.9.2.7) Gecko/20100726 CentOS/3.6-3.el5.centos Firefox/3.6.7" "savemoki.com"
147.78.47.32 - - [03/Oct/2022:06:05:02 -0700] "GET /?C=-4986%27%20UNION%20ALL%20SELECT%2093%2C93%2C93%2CCONCAT%280x717a6a7a71%2C0x66557351574a424b786f%2C0x7176717671%29%2C93%2C93%2C93%2C93%23 HTTP/1.1" 200 1283 "-" "Mozilla/5.0 (X11; U; Linux i686; en-US; rv:1.9.2.7) Gecko/20100726 CentOS/3.6-3.el5.centos Firefox/3.6.7" "savemoki.com"
147.78.47.32 - - [03/Oct/2022:06:05:02 -0700] "GET /?C=-1423%27%20UNION%20ALL%20SELECT%2093%2C93%2C93%2C93%2CCONCAT%280x717a6a7a71%2C0x68616b687472725a536c%2C0x7176717671%29%2C93%2C93%2C93%23 HTTP/1.1" 200 1283 "-" "Mozilla/5.0 (X11; U; Linux i686; en-US; rv:1.9.2.7) Gecko/20100726 CentOS/3.6-3.el5.centos Firefox/3.6.7" "savemoki.com"
147.78.47.32 - - [03/Oct/2022:06:05:03 -0700] "GET /?C=-1140%27%20UNION%20ALL%20SELECT%2093%2CCONCAT%280x717a6a7a71%2C0x4d576f6579646b476654%2C0x7176717671%29%2C93%2C93%2C93%2C93%2C93%2C93%23 HTTP/1.1" 200 1283 "-" "Mozilla/5.0 (X11; U; Linux i686; en-US; rv:1.9.2.7) Gecko/20100726 CentOS/3.6-3.el5.centos Firefox/3.6.7" "savemoki.com"
147.78.47.32 - - [03/Oct/2022:06:05:03 -0700] "GET /?C=-8898%27%20UNION%20ALL%20SELECT%20CONCAT%280x717a6a7a71%2C0x59756156526a46634e46%2C0x7176717671%29%2C93%2C93%2C93%2C93%2C93%2C93%2C93%23 HTTP/1.1" 200 1283 "-" "Mozilla/5.0 (X11; U; Linux i686; en-US; rv:1.9.2.7) Gecko/20100726 CentOS/3.6-3.el5.centos Firefox/3.6.7" "savemoki.com"
147.78.47.32 - - [03/Oct/2022:06:05:04 -0700] "GET /?C=-1633%27%20UNION%20ALL%20SELECT%2093%2C93%2C93%2C93%2C93%2C93%2C93%2CCONCAT%280x717a6a7a71%2C0x4471687777417844416a%2C0x7176717671%29%23 HTTP/1.1" 200 1283 "-" "Mozilla/5.0 (X11; U; Linux i686; en-US; rv:1.9.2.7) Gecko/20100726 CentOS/3.6-3.el5.centos Firefox/3.6.7" "savemoki.com"
147.78.47.32 - - [03/Oct/2022:06:05:04 -0700] "GET /?C=-3028%27%20UNION%20ALL%20SELECT%2093%2C93%2C93%2C93%2C93%2CCONCAT%280x717a6a7a71%2C0x544855794d59415a7943%2C0x7176717671%29%2C93%2C93%23 HTTP/1.1" 200 1283 "-" "Mozilla/5.0 (X11; U; Linux i686; en-US; rv:1.9.2.7) Gecko/20100726 CentOS/3.6-3.el5.centos Firefox/3.6.7" "savemoki.com"
147.78.47.32 - - [03/Oct/2022:06:05:05 -0700] "GET /?C=-5675%27%20UNION%20ALL%20SELECT%2093%2C93%2CCONCAT%280x717a6a7a71%2C0x47706541495a68497748%2C0x7176717671%29%2C93%2C93%2C93%2C93%2C93%23 HTTP/1.1" 200 1308 "-" "Mozilla/5.0 (X11; U; Linux i686; en-US; rv:1.9.2.7) Gecko/20100726 CentOS/3.6-3.el5.centos Firefox/3.6.7" "savemoki.com"
147.78.47.32 - - [03/Oct/2022:06:05:05 -0700] "GET /?C=N%3BO%3DA%25%27%20ORDER%20BY%201%23 HTTP/1.1" 200 1283 "-" "Mozilla/5.0 (X11; U; Linux i686; en-US; rv:1.9.2.7) Gecko/20100726 CentOS/3.6-3.el5.centos Firefox/3.6.7" "savemoki.com"
147.78.47.32 - - [03/Oct/2022:06:05:25 -0700] "GET /?C=N%3BO%3DA%25%27%20ORDER%20BY%2010%23 HTTP/1.1" 200 1283 "-" "Mozilla/5.0 (X11; U; Linux i686; en-US; rv:1.9.2.7) Gecko/20100726 CentOS/3.6-3.el5.centos Firefox/3.6.7" "savemoki.com"
147.78.47.32 - - [03/Oct/2022:06:05:26 -0700] "GET /?C=N%3BO%3DA%25%27%20ORDER%20BY%2020%23 HTTP/1.1" 200 1283 "-" "Mozilla/5.0 (X11; U; Linux i686; en-US; rv:1.9.2.7) Gecko/20100726 CentOS/3.6-3.el5.centos Firefox/3.6.7" "savemoki.com"
147.78.47.32 - - [03/Oct/2022:06:05:26 -0700] "GET /?C=N%3BO%3DA%25%27%20ORDER%20BY%2030%23 HTTP/1.1" 200 1283 "-" "Mozilla/5.0 (X11; U; Linux i686; en-US; rv:1.9.2.7) Gecko/20100726 CentOS/3.6-3.el5.centos Firefox/3.6.7" "savemoki.com"
147.78.47.32 - - [03/Oct/2022:06:05:27 -0700] "GET /?C=N%3BO%3DA%25%27%20ORDER%20BY%2040%23 HTTP/1.1" 200 1283 "-" "Mozilla/5.0 (X11; U; Linux i686; en-US; rv:1.9.2.7) Gecko/20100726 CentOS/3.6-3.el5.centos Firefox/3.6.7" "savemoki.com"
147.78.47.32 - - [03/Oct/2022:06:05:58 -0700] "GET /?C=N%3BO%3DA%25%27%20ORDER%20BY%2050%23 HTTP/1.1" 200 1283 "-" "Mozilla/5.0 (X11; U; Linux i686; en-US; rv:1.9.2.7) Gecko/20100726 CentOS/3.6-3.el5.centos Firefox/3.6.7" "savemoki.com"
147.78.47.32 - - [03/Oct/2022:06:05:58 -0700] "GET /?C=N%3BO%3DA%25%27%20ORDER%20BY%2060%23 HTTP/1.1" 200 1283 "-" "Mozilla/5.0 (X11; U; Linux i686; en-US; rv:1.9.2.7) Gecko/20100726 CentOS/3.6-3.el5.centos Firefox/3.6.7" "savemoki.com"
147.78.47.32 - - [03/Oct/2022:06:05:59 -0700] "GET /?C=N%3BO%3DA%25%27%20ORDER%20BY%2070%23 HTTP/1.1" 200 1283 "-" "Mozilla/5.0 (X11; U; Linux i686; en-US; rv:1.9.2.7) Gecko/20100726 CentOS/3.6-3.el5.centos Firefox/3.6.7" "savemoki.com"
147.78.47.32 - - [03/Oct/2022:06:05:59 -0700] "GET /?C=N%3BO%3DA%25%27%20ORDER%20BY%2080%23 HTTP/1.1" 200 1283 "-" "Mozilla/5.0 (X11; U; Linux i686; en-US; rv:1.9.2.7) Gecko/20100726 CentOS/3.6-3.el5.centos Firefox/3.6.7" "savemoki.com"
147.78.47.32 - - [03/Oct/2022:06:06:00 -0700] "GET /?C=N%3BO%3DA%25%27%20ORDER%20BY%2090%23 HTTP/1.1" 200 1283 "-" "Mozilla/5.0 (X11; U; Linux i686; en-US; rv:1.9.2.7) Gecko/20100726 CentOS/3.6-3.el5.centos Firefox/3.6.7" "savemoki.com"
147.78.47.32 - - [03/Oct/2022:06:06:01 -0700] "GET /?C=N%3BO%3DA%25%27%20ORDER%20BY%20100%23 HTTP/1.1" 200 1283 "-" "Mozilla/5.0 (X11; U; Linux i686; en-US; rv:1.9.2.7) Gecko/20100726 CentOS/3.6-3.el5.centos Firefox/3.6.7" "savemoki.com"
147.78.47.32 - - [03/Oct/2022:06:06:01 -0700] "GET /?C=N%3BO%3DA%25%27%20ORDER%20BY%20110%23 HTTP/1.1" 200 1283 "-" "Mozilla/5.0 (X11; U; Linux i686; en-US; rv:1.9.2.7) Gecko/20100726 CentOS/3.6-3.el5.centos Firefox/3.6.7" "savemoki.com"
147.78.47.32 - - [03/Oct/2022:06:06:02 -0700] "GET /?C=N%3BO%3DA%25%27%20ORDER%20BY%20120%23 HTTP/1.1" 200 1283 "-" "Mozilla/5.0 (X11; U; Linux i686; en-US; rv:1.9.2.7) Gecko/20100726 CentOS/3.6-3.el5.centos Firefox/3.6.7" "savemoki.com"
147.78.47.32 - - [03/Oct/2022:06:06:02 -0700] "GET /?C=N%3BO%3DA%25%27%20ORDER%20BY%20130%23 HTTP/1.1" 200 1283 "-" "Mozilla/5.0 (X11; U; Linux i686; en-US; rv:1.9.2.7) Gecko/20100726 CentOS/3.6-3.el5.centos Firefox/3.6.7" "savemoki.com"
147.78.47.32 - - [03/Oct/2022:06:06:03 -0700] "GET /?C=N%3BO%3DA%25%27%20ORDER%20BY%20140%23 HTTP/1.1" 200 1283 "-" "Mozilla/5.0 (X11; U; Linux i686; en-US; rv:1.9.2.7) Gecko/20100726 CentOS/3.6-3.el5.centos Firefox/3.6.7" "savemoki.com"
147.78.47.32 - - [03/Oct/2022:06:06:04 -0700] "GET /?C=N%3BO%3DA%25%27%20ORDER%20BY%20150%23 HTTP/1.1" 200 1283 "-" "Mozilla/5.0 (X11; U; Linux i686; en-US; rv:1.9.2.7) Gecko/20100726 CentOS/3.6-3.el5.centos Firefox/3.6.7" "savemoki.com"
147.78.47.32 - - [03/Oct/2022:06:06:04 -0700] "GET /?C=N%3BO%3DA%25%27%20ORDER%20BY%20160%23 HTTP/1.1" 200 1283 "-" "Mozilla/5.0 (X11; U; Linux i686; en-US; rv:1.9.2.7) Gecko/20100726 CentOS/3.6-3.el5.centos Firefox/3.6.7" "savemoki.com"
147.78.47.32 - - [03/Oct/2022:06:06:05 -0700] "GET /?C=N%3BO%3DA%25%27%20ORDER%20BY%20170%23 HTTP/1.1" 200 1283 "-" "Mozilla/5.0 (X11; U; Linux i686; en-US; rv:1.9.2.7) Gecko/20100726 CentOS/3.6-3.el5.centos Firefox/3.6.7" "savemoki.com"
147.78.47.32 - - [03/Oct/2022:06:06:05 -0700] "GET /?C=N%3BO%3DA%25%27%20ORDER%20BY%20180%23 HTTP/1.1" 200 1283 "-" "Mozilla/5.0 (X11; U; Linux i686; en-US; rv:1.9.2.7) Gecko/20100726 CentOS/3.6-3.el5.centos Firefox/3.6.7" "savemoki.com"
147.78.47.32 - - [03/Oct/2022:06:06:36 -0700] "GET /?C=N%3BO%3DA%25%27%20ORDER%20BY%20190%23 HTTP/1.1" 200 1283 "-" "Mozilla/5.0 (X11; U; Linux i686; en-US; rv:1.9.2.7) Gecko/20100726 CentOS/3.6-3.el5.centos Firefox/3.6.7" "savemoki.com"
147.78.47.32 - - [03/Oct/2022:06:06:36 -0700] "GET /?C=N%3BO%3DA%25%27%20ORDER%20BY%20200%23 HTTP/1.1" 200 1283 "-" "Mozilla/5.0 (X11; U; Linux i686; en-US; rv:1.9.2.7) Gecko/20100726 CentOS/3.6-3.el5.centos Firefox/3.6.7" "savemoki.com"
147.78.47.32 - - [03/Oct/2022:06:06:37 -0700] "GET /?C=N%3BO%3DA%25%27%20ORDER%20BY%20210%23 HTTP/1.1" 200 1283 "-" "Mozilla/5.0 (X11; U; Linux i686; en-US; rv:1.9.2.7) Gecko/20100726 CentOS/3.6-3.el5.centos Firefox/3.6.7" "savemoki.com"
147.78.47.32 - - [03/Oct/2022:06:07:08 -0700] "GET /?C=N%3BO%3DA%25%27%20ORDER%20BY%20220%23 HTTP/1.1" 200 1283 "-" "Mozilla/5.0 (X11; U; Linux i686; en-US; rv:1.9.2.7) Gecko/20100726 CentOS/3.6-3.el5.centos Firefox/3.6.7" "savemoki.com"
147.78.47.32 - - [03/Oct/2022:06:07:08 -0700] "GET /?C=N%3BO%3DA%25%27%20ORDER%20BY%20230%23 HTTP/1.1" 200 1283 "-" "Mozilla/5.0 (X11; U; Linux i686; en-US; rv:1.9.2.7) Gecko/20100726 CentOS/3.6-3.el5.centos Firefox/3.6.7" "savemoki.com"
147.78.47.32 - - [03/Oct/2022:06:07:09 -0700] "GET /?C=N%3BO%3DA%25%27%20ORDER%20BY%20240%23 HTTP/1.1" 200 1283 "-" "Mozilla/5.0 (X11; U; Linux i686; en-US; rv:1.9.2.7) Gecko/20100726 CentOS/3.6-3.el5.centos Firefox/3.6.7" "savemoki.com"
147.78.47.32 - - [03/Oct/2022:06:07:39 -0700] "GET /?C=N%3BO%3DA%25%27%20ORDER%20BY%20250%23 HTTP/1.1" 200 1283 "-" "Mozilla/5.0 (X11; U; Linux i686; en-US; rv:1.9.2.7) Gecko/20100726 CentOS/3.6-3.el5.centos Firefox/3.6.7" "savemoki.com"
147.78.47.32 - - [03/Oct/2022:06:07:40 -0700] "GET /?C=N%3BO%3DA%25%27%20ORDER%20BY%20260%23 HTTP/1.1" 200 1283 "-" "Mozilla/5.0 (X11; U; Linux i686; en-US; rv:1.9.2.7) Gecko/20100726 CentOS/3.6-3.el5.centos Firefox/3.6.7" "savemoki.com"
147.78.47.32 - - [03/Oct/2022:06:07:40 -0700] "GET /?C=N%3BO%3DA%25%27%20ORDER%20BY%20270%23 HTTP/1.1" 200 1283 "-" "Mozilla/5.0 (X11; U; Linux i686; en-US; rv:1.9.2.7) Gecko/20100726 CentOS/3.6-3.el5.centos Firefox/3.6.7" "savemoki.com"
147.78.47.32 - - [03/Oct/2022:06:07:41 -0700] "GET /?C=N%3BO%3DA%25%27%20ORDER%20BY%20280%23 HTTP/1.1" 200 1283 "-" "Mozilla/5.0 (X11; U; Linux i686; en-US; rv:1.9.2.7) Gecko/20100726 CentOS/3.6-3.el5.centos Firefox/3.6.7" "savemoki.com"
147.78.47.32 - - [03/Oct/2022:06:07:41 -0700] "GET /?C=N%3BO%3DA%25%27%20ORDER%20BY%20290%23 HTTP/1.1" 200 1283 "-" "Mozilla/5.0 (X11; U; Linux i686; en-US; rv:1.9.2.7) Gecko/20100726 CentOS/3.6-3.el5.centos Firefox/3.6.7" "savemoki.com"
147.78.47.32 - - [03/Oct/2022:06:07:42 -0700] "GET /?C=N%3BO%3DA%25%27%20ORDER%20BY%20300%23 HTTP/1.1" 200 1283 "-" "Mozilla/5.0 (X11; U; Linux i686; en-US; rv:1.9.2.7) Gecko/20100726 CentOS/3.6-3.el5.centos Firefox/3.6.7" "savemoki.com"
147.78.47.32 - - [03/Oct/2022:06:08:13 -0700] "GET /?C=N%3BO%3DA%25%27%20ORDER%20BY%20310%23 HTTP/1.1" 200 1283 "-" "Mozilla/5.0 (X11; U; Linux i686; en-US; rv:1.9.2.7) Gecko/20100726 CentOS/3.6-3.el5.centos Firefox/3.6.7" "savemoki.com"
147.78.47.32 - - [03/Oct/2022:06:08:43 -0700] "GET /?C=N%3BO%3DA%25%27%20ORDER%20BY%20320%23 HTTP/1.1" 200 1283 "-" "Mozilla/5.0 (X11; U; Linux i686; en-US; rv:1.9.2.7) Gecko/20100726 CentOS/3.6-3.el5.centos Firefox/3.6.7" "savemoki.com"
147.78.47.32 - - [03/Oct/2022:06:08:44 -0700] "GET /?C=N%3BO%3DA%25%27%20ORDER%20BY%20330%23 HTTP/1.1" 200 1283 "-" "Mozilla/5.0 (X11; U; Linux i686; en-US; rv:1.9.2.7) Gecko/20100726 CentOS/3.6-3.el5.centos Firefox/3.6.7" "savemoki.com"
147.78.47.32 - - [03/Oct/2022:06:09:57 -0700] "POST / HTTP/1.1" 404 88 "-" "Mozilla/5.0 (X11; U; NetBSD i386; en-US; rv:1.9.2.12) Gecko/20101030 Firefox/3.6.12" "savemoki.com"
114.119.156.133 - - [03/Oct/2022:06:11:01 -0700] "GET /clipart/backgrounds/fullpage/ HTTP/1.1" 200 389 "https://www.savemoki.com/clipart/backgrounds?S=D" "Mozilla/5.0 (Linux; Android 7.0;) AppleWebKit/537.36 (KHTML, like Gecko) Mobile Safari/537.36 (compatible; PetalBot;+https://webmaster.petalsearch.com/site/petalbot)" "www.savemoki.com"
185.191.171.26 - - [03/Oct/2022:06:11:05 -0700] "GET /robots.txt HTTP/1.1" 200 55 "-" "Mozilla/5.0 (compatible; SemrushBot/7~bl; +http://www.semrush.com/bot.html)" "savemoki.com"
185.191.171.15 - - [03/Oct/2022:06:11:06 -0700] "GET /sitebuilder/images/?C=D%3BO%3DA HTTP/1.1" 200 3814 "-" "Mozilla/5.0 (compatible; SemrushBot/7~bl; +http://www.semrush.com/bot.html)" "savemoki.com"
59.152.61.81 - - [03/Oct/2022:06:24:37 -0700] "GET /contact_us.html HTTP/1.1" 200 18024 "http://savemoki.com/contact_us.html" "Mozilla/5.0 (Windows NT 10.0) AppleWebKit/537.36 (KHTML, like Gecko) Chrome/90.0.4430.72 Safari/537.36" "savemoki.com"
114.119.139.167 - - [03/Oct/2022:06:26:28 -0700] "GET /clipart/backgrounds/fullpage/ HTTP/1.1" 200 389 "https://savemoki.com/clipart/backgrounds?N=A" "Mozilla/5.0 (Linux; Android 7.0;) AppleWebKit/537.36 (KHTML, like Gecko) Mobile Safari/537.36 (compatible; PetalBot;+https://webmaster.petalsearch.com/site/petalbot)" "savemoki.com"
114.119.139.148 - - [03/Oct/2022:06:32:21 -0700] "GET /socialenginetrial?M=D HTTP/1.1" 301 1421 "https://savemoki.com/socialenginetrial?M=A" "Mozilla/5.0 (Linux; Android 7.0;) AppleWebKit/537.36 (KHTML, like Gecko) Mobile Safari/537.36 (compatible; PetalBot;+https://webmaster.petalsearch.com/site/petalbot)" "savemoki.com"
114.119.139.148 - - [03/Oct/2022:06:32:23 -0700] "GET /socialenginetrial/?M=D HTTP/1.1" 200 318 "https://savemoki.com/socialenginetrial?M=A" "Mozilla/5.0 (Linux; Android 7.0;) AppleWebKit/537.36 (KHTML, like Gecko) Mobile Safari/537.36 (compatible; PetalBot;+https://webmaster.petalsearch.com/site/petalbot)" "savemoki.com"
185.191.171.19 - - [03/Oct/2022:06:43:10 -0700] "GET /clipart/images/sidebars/?C=N%3BO%3DD HTTP/1.1" 200 432 "-" "Mozilla/5.0 (compatible; SemrushBot/7~bl; +http://www.semrush.com/bot.html)" "savemoki.com"
114.119.156.133 - - [03/Oct/2022:06:48:16 -0700] "GET /clipart/backgrounds HTTP/1.1" 301 1414 "https://www.savemoki.com/clipart/backgrounds/fullpage?S=A" "Mozilla/5.0 (Linux; Android 7.0;) AppleWebKit/537.36 (KHTML, like Gecko) Mobile Safari/537.36 (compatible; PetalBot;+https://webmaster.petalsearch.com/site/petalbot)" "www.savemoki.com"
114.119.156.133 - - [03/Oct/2022:06:48:16 -0700] "GET /clipart/backgrounds/ HTTP/1.1" 200 366 "https://www.savemoki.com/clipart/backgrounds/fullpage?S=A" "Mozilla/5.0 (Linux; Android 7.0;) AppleWebKit/537.36 (KHTML, like Gecko) Mobile Safari/537.36 (compatible; PetalBot;+https://webmaster.petalsearch.com/site/petalbot)" "www.savemoki.com"
114.119.139.166 - - [03/Oct/2022:06:54:04 -0700] "GET /sitebuilder?C=S%3BO%3DA HTTP/1.1" 301 1426 "https://www.savemoki.com/sitebuilder?D=D" "Mozilla/5.0 (Linux; Android 7.0;) AppleWebKit/537.36 (KHTML, like Gecko) Mobile Safari/537.36 (compatible; PetalBot;+https://webmaster.petalsearch.com/site/petalbot)" "www.savemoki.com"
114.119.139.166 - - [03/Oct/2022:06:54:05 -0700] "GET /sitebuilder/?C=S%3BO%3DA HTTP/1.1" 200 372 "https://www.savemoki.com/sitebuilder?D=D" "Mozilla/5.0 (Linux; Android 7.0;) AppleWebKit/537.36 (KHTML, like Gecko) Mobile Safari/537.36 (compatible; PetalBot;+https://webmaster.petalsearch.com/site/petalbot)" "www.savemoki.com"
114.119.156.133 - - [03/Oct/2022:06:59:56 -0700] "GET /clipart/lines/horizontal?C=S%3BO%3DA HTTP/1.1" 301 1435 "https://www.savemoki.com/clipart/lines/horizontal?C=M%3BO%3DA" "Mozilla/5.0 (Linux; Android 7.0;) AppleWebKit/537.36 (KHTML, like Gecko) Mobile Safari/537.36 (compatible; PetalBot;+https://webmaster.petalsearch.com/site/petalbot)" "www.savemoki.com"
114.119.156.133 - - [03/Oct/2022:06:59:57 -0700] "GET /clipart/lines/horizontal/?C=S%3BO%3DA HTTP/1.1" 200 408 "https://www.savemoki.com/clipart/lines/horizontal?C=M%3BO%3DA" "Mozilla/5.0 (Linux; Android 7.0;) AppleWebKit/537.36 (KHTML, like Gecko) Mobile Safari/537.36 (compatible; PetalBot;+https://webmaster.petalsearch.com/site/petalbot)" "www.savemoki.com"
185.191.171.2 - - [03/Oct/2022:07:11:33 -0700] "GET /robots.txt HTTP/1.1" 200 55 "-" "Mozilla/5.0 (compatible; SemrushBot/7~bl; +http://www.semrush.com/bot.html)" "savemoki.com"
185.191.171.35 - - [03/Oct/2022:07:11:33 -0700] "GET /clipart/backgrounds/fullpage/?C=D%3BO%3DA HTTP/1.1" 200 389 "-" "Mozilla/5.0 (compatible; SemrushBot/7~bl; +http://www.semrush.com/bot.html)" "savemoki.com"
114.119.139.148 - - [03/Oct/2022:07:11:41 -0700] "GET /clipart/buttons?M=D HTTP/1.1" 301 1419 "https://savemoki.com/clipart/buttons?M=A" "Mozilla/5.0 (Linux; Android 7.0;) AppleWebKit/537.36 (KHTML, like Gecko) Mobile Safari/537.36 (compatible; PetalBot;+https://webmaster.petalsearch.com/site/petalbot)" "savemoki.com"
114.119.139.148 - - [03/Oct/2022:07:11:42 -0700] "GET /clipart/buttons/?M=D HTTP/1.1" 200 359 "https://savemoki.com/clipart/buttons?M=A" "Mozilla/5.0 (Linux; Android 7.0;) AppleWebKit/537.36 (KHTML, like Gecko) Mobile Safari/537.36 (compatible; PetalBot;+https://webmaster.petalsearch.com/site/petalbot)" "savemoki.com"
114.119.139.167 - - [03/Oct/2022:07:22:10 -0700] "GET /clipart/images/frames HTTP/1.1" 301 1419 "https://www.savemoki.com/clipart/images?M=D" "Mozilla/5.0 (Linux; Android 7.0;) AppleWebKit/537.36 (KHTML, like Gecko) Mobile Safari/537.36 (compatible; PetalBot;+https://webmaster.petalsearch.com/site/petalbot)" "www.savemoki.com"
114.119.139.167 - - [03/Oct/2022:07:22:16 -0700] "GET /clipart/images/frames/ HTTP/1.1" 200 379 "https://www.savemoki.com/clipart/images?M=D" "Mozilla/5.0 (Linux; Android 7.0;) AppleWebKit/537.36 (KHTML, like Gecko) Mobile Safari/537.36 (compatible; PetalBot;+https://webmaster.petalsearch.com/site/petalbot)" "www.savemoki.com"
114.119.139.167 - - [03/Oct/2022:07:28:03 -0700] "GET /clipart HTTP/1.1" 301 1410 "https://www.savemoki.com/clipart/images?M=D" "Mozilla/5.0 (Linux; Android 7.0;) AppleWebKit/537.36 (KHTML, like Gecko) Mobile Safari/537.36 (compatible; PetalBot;+https://webmaster.petalsearch.com/site/petalbot)" "www.savemoki.com"
114.119.139.167 - - [03/Oct/2022:07:28:04 -0700] "GET /clipart/ HTTP/1.1" 200 440 "https://www.savemoki.com/clipart/images?M=D" "Mozilla/5.0 (Linux; Android 7.0;) AppleWebKit/537.36 (KHTML, like Gecko) Mobile Safari/537.36 (compatible; PetalBot;+https://webmaster.petalsearch.com/site/petalbot)" "www.savemoki.com"
114.119.139.167 - - [03/Oct/2022:07:36:12 -0700] "GET /blog/wp-content/?C=D%3BO%3DA HTTP/1.1" 200 359 "http://www.savemoki.com/blog/wp-content/?C=S%3BO%3DA" "Mozilla/5.0 (Linux; Android 7.0;) AppleWebKit/537.36 (KHTML, like Gecko) Mobile Safari/537.36 (compatible; PetalBot;+https://webmaster.petalsearch.com/site/petalbot)" "www.savemoki.com"
114.119.156.133 - - [03/Oct/2022:07:42:09 -0700] "GET /blog/wp-content/themes/themeforest-625914-ice-theme-powerful-wordpress-theme-1/licensing/?C=M%3BO%3DA HTTP/1.1" 200 419 "https://savemoki.com/blog/wp-content/themes/themeforest-625914-ice-theme-powerful-wordpress-theme-1/licensing?C=N%3BO%3DD" "Mozilla/5.0 (Linux; Android 7.0;) AppleWebKit/537.36 (KHTML, like Gecko) Mobile Safari/537.36 (compatible; PetalBot;+https://webmaster.petalsearch.com/site/petalbot)" "savemoki.com"
114.119.156.133 - - [03/Oct/2022:07:47:58 -0700] "GET /clipart/backgrounds/fullpage?N=A HTTP/1.1" 301 1422 "https://savemoki.com/clipart/backgrounds/fullpage?M=D" "Mozilla/5.0 (Linux; Android 7.0;) AppleWebKit/537.36 (KHTML, like Gecko) Mobile Safari/537.36 (compatible; PetalBot;+https://webmaster.petalsearch.com/site/petalbot)" "savemoki.com"
114.119.156.133 - - [03/Oct/2022:07:47:58 -0700] "GET /clipart/backgrounds/fullpage/?N=A HTTP/1.1" 200 389 "https://savemoki.com/clipart/backgrounds/fullpage?M=D" "Mozilla/5.0 (Linux; Android 7.0;) AppleWebKit/537.36 (KHTML, like Gecko) Mobile Safari/537.36 (compatible; PetalBot;+https://webmaster.petalsearch.com/site/petalbot)" "savemoki.com"
37.139.53.81 - - [03/Oct/2022:07:55:43 -0700] "GET /contact_us.html HTTP/1.1" 200 18024 "http://savemoki.com/contact_us.html" "Mozilla/5.0 (Windows NT 10.0; Win64; x64) AppleWebKit/537.36 (KHTML, like Gecko) Chrome/83.0.4086.0 Safari/537.36" "savemoki.com"
185.191.171.44 - - [03/Oct/2022:07:55:55 -0700] "GET /Videos.html HTTP/1.1" 200 5182 "-" "Mozilla/5.0 (compatible; SemrushBot/7~bl; +http://www.semrush.com/bot.html)" "savemoki.com"
207.46.13.209 - - [03/Oct/2022:07:56:23 -0700] "GET /Special_Thanks.html HTTP/1.1" 200 3182 "-" "Mozilla/5.0 (compatible; bingbot/2.0; +http://www.bing.com/bingbot.htm)" "www.savemoki.com"
185.191.171.23 - - [03/Oct/2022:07:59:27 -0700] "GET /Special_Thanks.html HTTP/1.1" 200 3182 "-" "Mozilla/5.0 (compatible; SemrushBot/7~bl; +http://www.semrush.com/bot.html)" "savemoki.com"
114.119.139.167 - - [03/Oct/2022:07:59:46 -0700] "GET /clipart/lines/?C=D%3BO%3DA HTTP/1.1" 200 361 "https://savemoki.com/clipart/lines?C=S%3BO%3DA" "Mozilla/5.0 (Linux; Android 7.0;) AppleWebKit/537.36 (KHTML, like Gecko) Mobile Safari/537.36 (compatible; PetalBot;+https://webmaster.petalsearch.com/site/petalbot)" "savemoki.com"
114.119.139.166 - - [03/Oct/2022:08:06:55 -0700] "GET /socialenginetrial/?C=N%3BO%3DD HTTP/1.1" 200 318 "http://www.savemoki.com/socialenginetrial/?C=D%3BO%3DA" "Mozilla/5.0 (Linux; Android 7.0;) AppleWebKit/537.36 (KHTML, like Gecko) Mobile Safari/537.36 (compatible; PetalBot;+https://webmaster.petalsearch.com/site/petalbot)" "www.savemoki.com"
114.119.139.148 - - [03/Oct/2022:08:12:44 -0700] "GET /blog?N=D HTTP/1.1" 301 1411 "https://savemoki.com/blog?N=A" "Mozilla/5.0 (Linux; Android 7.0;) AppleWebKit/537.36 (KHTML, like Gecko) Mobile Safari/537.36 (compatible; PetalBot;+https://webmaster.petalsearch.com/site/petalbot)" "savemoki.com"
114.119.139.148 - - [03/Oct/2022:08:12:48 -0700] "GET /blog/?N=D HTTP/1.1" 200 352 "https://savemoki.com/blog?N=A" "Mozilla/5.0 (Linux; Android 7.0;) AppleWebKit/537.36 (KHTML, like Gecko) Mobile Safari/537.36 (compatible; PetalBot;+https://webmaster.petalsearch.com/site/petalbot)" "savemoki.com"
114.119.139.166 - - [03/Oct/2022:08:18:21 -0700] "GET /navigation_bars/?C=D%3BO%3DA HTTP/1.1" 200 408 "https://www.savemoki.com/navigation_bars?C=D%3BO%3DA" "Mozilla/5.0 (Linux; Android 7.0;) AppleWebKit/537.36 (KHTML, like Gecko) Mobile Safari/537.36 (compatible; PetalBot;+https://webmaster.petalsearch.com/site/petalbot)" "www.savemoki.com"
114.119.139.167 - - [03/Oct/2022:08:23:56 -0700] "GET /2test/wp-admin HTTP/1.1" 301 1411 "https://savemoki.com/2test/index.php/2020/04/03/sample-page" "Mozilla/5.0 (Linux; Android 7.0;) AppleWebKit/537.36 (KHTML, like Gecko) Mobile Safari/537.36 (compatible; PetalBot;+https://webmaster.petalsearch.com/site/petalbot)" "savemoki.com"
114.119.139.167 - - [03/Oct/2022:08:23:56 -0700] "GET /2test/wp-admin/ HTTP/1.1" 302 - "https://savemoki.com/2test/index.php/2020/04/03/sample-page" "Mozilla/5.0 (Linux; Android 7.0;) AppleWebKit/537.36 (KHTML, like Gecko) Mobile Safari/537.36 (compatible; PetalBot;+https://webmaster.petalsearch.com/site/petalbot)" "savemoki.com"
10.213.116.64 - - [03/Oct/2022:08:24:00 -0700] "POST /2test/wp-cron.php?doing_wp_cron=1664810639.9756999015808105468750 HTTP/1.1" 200 - "http://savemoki.com/2test/wp-cron.php?doing_wp_cron=1664810639.9756999015808105468750" "WordPress/5.4.11; http://savemoki.com/2test" "savemoki.com"
114.119.139.167 - - [03/Oct/2022:08:24:01 -0700] "GET /2test/wp-login.php?redirect_to=http://savemoki.com/2test/wp-admin/&reauth=1 HTTP/1.1" 200 6053 "https://savemoki.com/2test/index.php/2020/04/03/sample-page" "Mozilla/5.0 (Linux; Android 7.0;) AppleWebKit/537.36 (KHTML, like Gecko) Mobile Safari/537.36 (compatible; PetalBot;+https://webmaster.petalsearch.com/site/petalbot)" "savemoki.com"
66.249.79.78 - - [03/Oct/2022:08:30:55 -0700] "GET /images/owner_permssion_required_for_use_1_.gif HTTP/1.1" 200 43 "-" "Googlebot-Image/1.0" "savemoki.com"
207.244.241.132 - - [03/Oct/2022:08:56:26 -0700] "GET / HTTP/1.1" 200 7350 "-" "Mozilla/5.0 (Windows NT 10.0; Win64; x64) AppleWebKit/537.36 (KHTML, like Gecko) Chrome/91.0.4472.124 Safari/537.36" "www.savemoki.com"
82.118.29.135 - - [03/Oct/2022:09:20:00 -0700] "GET /blog1/2015/05/07/test-post/ HTTP/1.1" 404 73 "http://savemoki.com/blog1/2015/05/07/test-post/" "Mozilla/5.0 (Windows NT 6.1; Win64; x64) AppleWebKit/537.36 (KHTML, like Gecko) Chrome/90.0.4430.85 Safari/537.36 Edg/90.0.818.49" "savemoki.com"
82.118.29.135 - - [03/Oct/2022:09:20:01 -0700] "GET / HTTP/1.1" 200 7350 "http://savemoki.com/" "Mozilla/5.0 (Windows NT 6.1; Win64; x64) AppleWebKit/537.36 (KHTML, like Gecko) Chrome/90.0.4430.85 Safari/537.36 Edg/90.0.818.49" "savemoki.com"
82.118.29.135 - - [03/Oct/2022:09:20:02 -0700] "GET /blog/ HTTP/1.1" 200 698 "http://savemoki.com/blog/" "Mozilla/5.0 (Windows NT 6.1; Win64; x64) AppleWebKit/537.36 (KHTML, like Gecko) Chrome/90.0.4430.85 Safari/537.36 Edg/90.0.818.49" "savemoki.com"
38.242.221.235 - - [03/Oct/2022:09:50:07 -0700] "GET /wp-login.php HTTP/1.1" 404 88 "-" "Mozilla/5.0 (Windows NT 10.0; Win64; x64; rv:96.0) Gecko/20100101 Firefox/96" "savemoki.com"
45.91.21.8 - - [03/Oct/2022:09:59:32 -0700] "GET /blog1/2015/05/07/test-post/ HTTP/1.1" 404 73 "http://savemoki.com/blog1/2015/05/07/test-post/" "Mozilla/5.0 (Windows NT 6.1; Win64; x64) AppleWebKit/537.36 (KHTML, like Gecko) Chrome/90.0.4427.0 Safari/537.36" "savemoki.com"
45.91.21.8 - - [03/Oct/2022:09:59:32 -0700] "GET / HTTP/1.1" 200 7350 "http://savemoki.com/" "Mozilla/5.0 (Windows NT 6.1; Win64; x64) AppleWebKit/537.36 (KHTML, like Gecko) Chrome/90.0.4427.0 Safari/537.36" "savemoki.com"
45.91.21.8 - - [03/Oct/2022:09:59:33 -0700] "GET /blog/ HTTP/1.1" 200 698 "http://savemoki.com/blog/" "Mozilla/5.0 (Windows NT 6.1; Win64; x64) AppleWebKit/537.36 (KHTML, like Gecko) Chrome/90.0.4427.0 Safari/537.36" "savemoki.com"
5.255.96.183 - - [03/Oct/2022:10:09:43 -0700] "GET /blog1/2015/05/07/test-post/ HTTP/1.1" 404 73 "http://savemoki.com/blog1/2015/05/07/test-post/" "Mozilla/5.0 (Windows NT 10.0; Win64; x64) AppleWebKit/537.36 (KHTML, like Gecko) Chrome/90.0.4430.93 Safari/537.36" "savemoki.com"
185.207.106.222 - - [03/Oct/2022:10:09:45 -0700] "GET / HTTP/1.1" 200 7350 "http://savemoki.com/" "Mozilla/5.0 (Windows NT 10.0; Win64; x64) AppleWebKit/537.36 (KHTML, like Gecko) Chrome/90.0.4430.93 Safari/537.36" "savemoki.com"
185.220.101.60 - - [03/Oct/2022:10:09:53 -0700] "GET /blog/ HTTP/1.1" 200 698 "http://savemoki.com/blog/" "Mozilla/5.0 (Windows NT 10.0; Win64; x64) AppleWebKit/537.36 (KHTML, like Gecko) Chrome/90.0.4430.93 Safari/537.36" "savemoki.com"
185.191.171.3 - - [03/Oct/2022:10:16:40 -0700] "GET /robots.txt HTTP/1.1" 200 55 "-" "Mozilla/5.0 (compatible; SemrushBot/7~bl; +http://www.semrush.com/bot.html)" "savemoki.com"
185.191.171.10 - - [03/Oct/2022:10:16:41 -0700] "GET /navigation_bars/ HTTP/1.1" 200 408 "-" "Mozilla/5.0 (compatible; SemrushBot/7~bl; +http://www.semrush.com/bot.html)" "savemoki.com"
180.76.102.66 - - [03/Oct/2022:10:17:41 -0700] "GET /feed/ HTTP/1.1" 404 88 "http://www.savemoki.com/feed/" "Mozilla/4.0 (compatible; MSIE 7.0; Windows NT 6.1; WOW64; Trident/7.0; SLCC2; .NET CLR 2.0.50727; .NET CLR 3.5.30729; .NET CLR 3.0.30729; Media Center PC 6.0; .NET4.0C; .NET4.0E)" "www.savemoki.com"
185.191.171.25 - - [03/Oct/2022:10:40:24 -0700] "GET /blog/wp-content/themes/themeforest-625914-ice-theme-powerful-wordpress-theme-1/PSD/?C=N%3BO%3DD HTTP/1.1" 200 419 "-" "Mozilla/5.0 (compatible; SemrushBot/7~bl; +http://www.semrush.com/bot.html)" "savemoki.com"
89.185.85.245 - - [03/Oct/2022:11:28:58 -0700] "GET /blog1/2015/05/07/test-post/ HTTP/1.1" 404 73 "https://twtalk080.info/" "Mozilla/4.0 (compatible; MSIE 6.0; Windows NT 5.1; SV1; .NET CLR 1.1.4322; XMPP Tiscali Communicator v.10.0.2; .NET CLR 2.0.50727)" "savemoki.com"
89.185.85.245 - - [03/Oct/2022:11:28:59 -0700] "GET /blog1/2015/05/07/test-post/ HTTP/1.1" 404 73 "https://twtalk080.info/" "Mozilla/4.0 (compatible; MSIE 6.0; Windows NT 5.1; SV1; .NET CLR 1.1.4322; XMPP Tiscali Communicator v.10.0.2; .NET CLR 2.0.50727)" "savemoki.com"
89.185.85.245 - - [03/Oct/2022:11:29:00 -0700] "GET /blog1/2015/05/07/test-post/ HTTP/1.1" 404 73 "https://twtalk080.info/" "Mozilla/4.0 (compatible; MSIE 6.0; Windows NT 5.1; SV1; .NET CLR 1.1.4322; XMPP Tiscali Communicator v.10.0.2; .NET CLR 2.0.50727)" "savemoki.com"
114.119.139.148 - - [03/Oct/2022:11:57:39 -0700] "GET /blog/wp-content/themes/themeforest-625914-ice-theme-powerful-wordpress-theme-1/sample%20content/?C=N%3BO%3DD HTTP/1.1" 200 576 "https://savemoki.com/blog/wp-content/themes/themeforest-625914-ice-theme-powerful-wordpress-theme-1/sample%20content?D=D" "Mozilla/5.0 (Linux; Android 7.0;) AppleWebKit/537.36 (KHTML, like Gecko) Mobile Safari/537.36 (compatible; PetalBot;+https://webmaster.petalsearch.com/site/petalbot)" "savemoki.com"
114.119.139.166 - - [03/Oct/2022:12:03:14 -0700] "GET /clipart/backgrounds/fullpage?S=D HTTP/1.1" 301 1422 "https://savemoki.com/clipart/backgrounds/fullpage?S=A" "Mozilla/5.0 (Linux; Android 7.0;) AppleWebKit/537.36 (KHTML, like Gecko) Mobile Safari/537.36 (compatible; PetalBot;+https://webmaster.petalsearch.com/site/petalbot)" "savemoki.com"
114.119.139.166 - - [03/Oct/2022:12:03:15 -0700] "GET /clipart/backgrounds/fullpage/?S=D HTTP/1.1" 200 389 "https://savemoki.com/clipart/backgrounds/fullpage?S=A" "Mozilla/5.0 (Linux; Android 7.0;) AppleWebKit/537.36 (KHTML, like Gecko) Mobile Safari/537.36 (compatible; PetalBot;+https://webmaster.petalsearch.com/site/petalbot)" "savemoki.com"
114.119.139.167 - - [03/Oct/2022:12:08:50 -0700] "GET /2test/wp-login.php HTTP/1.1" 200 6072 "https://savemoki.com/2test/index.php/courses/sample-course?tab=tab-curriculum" "Mozilla/5.0 (Linux; Android 7.0;) AppleWebKit/537.36 (KHTML, like Gecko) Mobile Safari/537.36 (compatible; PetalBot;+https://webmaster.petalsearch.com/site/petalbot)" "savemoki.com"
10.213.116.64 - - [03/Oct/2022:12:08:53 -0700] "POST /2test/wp-cron.php?doing_wp_cron=1664824133.6387920379638671875000 HTTP/1.1" 200 - "https://savemoki.com/2test/wp-cron.php?doing_wp_cron=1664824133.6387920379638671875000" "WordPress/5.4.11; http://savemoki.com/2test" "savemoki.com"
185.191.171.37 - - [03/Oct/2022:12:20:06 -0700] "GET /robots.txt HTTP/1.1" 200 55 "-" "Mozilla/5.0 (compatible; SemrushBot/7~bl; +http://www.semrush.com/bot.html)" "www.savemoki.com"
185.191.171.33 - - [03/Oct/2022:12:20:06 -0700] "GET /Updates_On_Special_Friends.html HTTP/1.1" 200 2469 "-" "Mozilla/5.0 (compatible; SemrushBot/7~bl; +http://www.semrush.com/bot.html)" "www.savemoki.com"
114.119.139.148 - - [03/Oct/2022:12:21:41 -0700] "GET /blog/wp-content/themes/themeforest-625914-ice-theme-powerful-wordpress-theme-1 HTTP/1.1" 301 1453 "https://savemoki.com/blog/wp-content/themes/themeforest-625914-ice-theme-powerful-wordpress-theme-1/sample%20content" "Mozilla/5.0 (Linux; Android 7.0;) AppleWebKit/537.36 (KHTML, like Gecko) Mobile Safari/537.36 (compatible; PetalBot;+https://webmaster.petalsearch.com/site/petalbot)" "savemoki.com"
114.119.139.148 - - [03/Oct/2022:12:21:42 -0700] "GET /blog/wp-content/themes/themeforest-625914-ice-theme-powerful-wordpress-theme-1/ HTTP/1.1" 200 513 "https://savemoki.com/blog/wp-content/themes/themeforest-625914-ice-theme-powerful-wordpress-theme-1/sample%20content" "Mozilla/5.0 (Linux; Android 7.0;) AppleWebKit/537.36 (KHTML, like Gecko) Mobile Safari/537.36 (compatible; PetalBot;+https://webmaster.petalsearch.com/site/petalbot)" "savemoki.com"
114.119.139.167 - - [03/Oct/2022:12:27:13 -0700] "GET /media?N=A HTTP/1.1" 301 1412 "https://savemoki.com/media?D=D" "Mozilla/5.0 (Linux; Android 7.0;) AppleWebKit/537.36 (KHTML, like Gecko) Mobile Safari/537.36 (compatible; PetalBot;+https://webmaster.petalsearch.com/site/petalbot)" "savemoki.com"
114.119.139.167 - - [03/Oct/2022:12:27:14 -0700] "GET /media/?N=A HTTP/1.1" 200 396 "https://savemoki.com/media?D=D" "Mozilla/5.0 (Linux; Android 7.0;) AppleWebKit/537.36 (KHTML, like Gecko) Mobile Safari/537.36 (compatible; PetalBot;+https://webmaster.petalsearch.com/site/petalbot)" "savemoki.com"
114.119.139.166 - - [03/Oct/2022:12:32:51 -0700] "GET /clipart/pageHeaders?C=M%3BO%3DA HTTP/1.1" 301 1430 "https://savemoki.com/clipart/pageHeaders?M=A" "Mozilla/5.0 (Linux; Android 7.0;) AppleWebKit/537.36 (KHTML, like Gecko) Mobile Safari/537.36 (compatible; PetalBot;+https://webmaster.petalsearch.com/site/petalbot)" "savemoki.com"
114.119.139.166 - - [03/Oct/2022:12:32:51 -0700] "GET /clipart/pageHeaders/?C=M%3BO%3DA HTTP/1.1" 200 427 "https://savemoki.com/clipart/pageHeaders?M=A" "Mozilla/5.0 (Linux; Android 7.0;) AppleWebKit/537.36 (KHTML, like Gecko) Mobile Safari/537.36 (compatible; PetalBot;+https://webmaster.petalsearch.com/site/petalbot)" "savemoki.com"
114.119.156.133 - - [03/Oct/2022:12:38:23 -0700] "GET /clipart/images/sidebars?S=A HTTP/1.1" 301 1425 "https://www.savemoki.com/clipart/images/sidebars?S=D" "Mozilla/5.0 (Linux; Android 7.0;) AppleWebKit/537.36 (KHTML, like Gecko) Mobile Safari/537.36 (compatible; PetalBot;+https://webmaster.petalsearch.com/site/petalbot)" "www.savemoki.com"
114.119.156.133 - - [03/Oct/2022:12:38:23 -0700] "GET /clipart/images/sidebars/?S=A HTTP/1.1" 200 432 "https://www.savemoki.com/clipart/images/sidebars?S=D" "Mozilla/5.0 (Linux; Android 7.0;) AppleWebKit/537.36 (KHTML, like Gecko) Mobile Safari/537.36 (compatible; PetalBot;+https://webmaster.petalsearch.com/site/petalbot)" "www.savemoki.com"
114.119.154.189 - - [03/Oct/2022:12:40:31 -0700] "GET /?C=D%3BO%3DA HTTP/1.1" 200 1283 "http://www.savemoki.com?C=S%3BO%3DA" "Mozilla/5.0 (Linux; Android 7.0;) AppleWebKit/537.36 (KHTML, like Gecko) Mobile Safari/537.36 (compatible; PetalBot;+https://webmaster.petalsearch.com/site/petalbot)" "www.savemoki.com"
114.119.139.148 - - [03/Oct/2022:12:43:55 -0700] "GET /clipart/backgrounds/fullpage?N=A HTTP/1.1" 301 1422 "https://savemoki.com/clipart/backgrounds/fullpage?M=D" "Mozilla/5.0 (Linux; Android 7.0;) AppleWebKit/537.36 (KHTML, like Gecko) Mobile Safari/537.36 (compatible; PetalBot;+https://webmaster.petalsearch.com/site/petalbot)" "savemoki.com"
114.119.139.148 - - [03/Oct/2022:12:43:56 -0700] "GET /clipart/backgrounds/fullpage/?N=A HTTP/1.1" 200 389 "https://savemoki.com/clipart/backgrounds/fullpage?M=D" "Mozilla/5.0 (Linux; Android 7.0;) AppleWebKit/537.36 (KHTML, like Gecko) Mobile Safari/537.36 (compatible; PetalBot;+https://webmaster.petalsearch.com/site/petalbot)" "savemoki.com"
51.222.253.5 - - [03/Oct/2022:12:46:19 -0700] "GET /robots.txt HTTP/1.1" 200 55 "-" "Mozilla/5.0 (compatible; AhrefsBot/7.0; +http://ahrefs.com/robot/)" "savemoki.com"
51.222.253.8 - - [03/Oct/2022:12:46:20 -0700] "GET /?C=S;O=A HTTP/1.1" 200 1256 "-" "Mozilla/5.0 (compatible; AhrefsBot/7.0; +http://ahrefs.com/robot/)" "savemoki.com"
114.119.156.133 - - [03/Oct/2022:12:49:30 -0700] "GET /blog/wp-content/themes/themeforest-625914-ice-theme-powerful-wordpress-theme-1/licensing?C=D%3BO%3DA HTTP/1.1" 301 1473 "https://savemoki.com/blog/wp-content/themes/themeforest-625914-ice-theme-powerful-wordpress-theme-1/licensing" "Mozilla/5.0 (Linux; Android 7.0;) AppleWebKit/537.36 (KHTML, like Gecko) Mobile Safari/537.36 (compatible; PetalBot;+https://webmaster.petalsearch.com/site/petalbot)" "savemoki.com"
114.119.156.133 - - [03/Oct/2022:12:49:31 -0700] "GET /blog/wp-content/themes/themeforest-625914-ice-theme-powerful-wordpress-theme-1/licensing/?C=D%3BO%3DA HTTP/1.1" 200 419 "https://savemoki.com/blog/wp-content/themes/themeforest-625914-ice-theme-powerful-wordpress-theme-1/licensing" "Mozilla/5.0 (Linux; Android 7.0;) AppleWebKit/537.36 (KHTML, like Gecko) Mobile Safari/537.36 (compatible; PetalBot;+https://webmaster.petalsearch.com/site/petalbot)" "savemoki.com"
114.119.156.133 - - [03/Oct/2022:12:55:04 -0700] "GET /clipart/backgrounds?M=A HTTP/1.1" 301 1417 "https://savemoki.com/clipart/backgrounds?D=D" "Mozilla/5.0 (Linux; Android 7.0;) AppleWebKit/537.36 (KHTML, like Gecko) Mobile Safari/537.36 (compatible; PetalBot;+https://webmaster.petalsearch.com/site/petalbot)" "savemoki.com"
114.119.156.133 - - [03/Oct/2022:12:55:05 -0700] "GET /clipart/backgrounds/?M=A HTTP/1.1" 200 366 "https://savemoki.com/clipart/backgrounds?D=D" "Mozilla/5.0 (Linux; Android 7.0;) AppleWebKit/537.36 (KHTML, like Gecko) Mobile Safari/537.36 (compatible; PetalBot;+https://webmaster.petalsearch.com/site/petalbot)" "savemoki.com"
114.119.139.148 - - [03/Oct/2022:13:00:35 -0700] "GET /blog/wp-content/ HTTP/1.1" 200 359 "http://www.savemoki.com/blog?C=N%3BO%3DD" "Mozilla/5.0 (Linux; Android 7.0;) AppleWebKit/537.36 (KHTML, like Gecko) Mobile Safari/537.36 (compatible; PetalBot;+https://webmaster.petalsearch.com/site/petalbot)" "www.savemoki.com"
114.119.139.167 - - [03/Oct/2022:13:06:11 -0700] "GET /Shop.html HTTP/1.1" 200 2842 "https://savemoki.com/?C=S%3BO%3DA" "Mozilla/5.0 (Linux; Android 7.0;) AppleWebKit/537.36 (KHTML, like Gecko) Mobile Safari/537.36 (compatible; PetalBot;+https://webmaster.petalsearch.com/site/petalbot)" "savemoki.com"
54.36.148.105 - - [03/Oct/2022:13:06:53 -0700] "GET /robots.txt HTTP/1.1" 200 55 "-" "Mozilla/5.0 (compatible; AhrefsBot/7.0; +http://ahrefs.com/robot/)" "savemoki.com"
54.36.148.206 - - [03/Oct/2022:13:06:54 -0700] "GET /Announcements.html HTTP/1.1" 200 5728 "-" "Mozilla/5.0 (compatible; AhrefsBot/7.0; +http://ahrefs.com/robot/)" "savemoki.com"
54.36.148.204 - - [03/Oct/2022:13:07:03 -0700] "GET /sitebuilder/images/recyclefundraiser_1_-198x208.jpg HTTP/1.1" 200 10675 "-" "Mozilla/5.0 (compatible; AhrefsBot/7.0; +http://ahrefs.com/robot/)" "savemoki.com"
54.36.148.158 - - [03/Oct/2022:13:07:04 -0700] "GET /sitebuilder/images/CloudMenu-2-inactive-64531.png HTTP/1.1" 200 836 "-" "Mozilla/5.0 (compatible; AhrefsBot/7.0; +http://ahrefs.com/robot/)" "savemoki.com"
54.36.148.107 - - [03/Oct/2022:13:07:04 -0700] "GET /sitebuilder/images/CloudMenu-1-inactive-64437.png HTTP/1.1" 200 751 "-" "Mozilla/5.0 (compatible; AhrefsBot/7.0; +http://ahrefs.com/robot/)" "savemoki.com"
54.36.148.123 - - [03/Oct/2022:13:07:05 -0700] "GET /sitebuilder/images/header_1-223x1841.jpg HTTP/1.1" 200 10993 "-" "Mozilla/5.0 (compatible; AhrefsBot/7.0; +http://ahrefs.com/robot/)" "savemoki.com"
54.36.148.154 - - [03/Oct/2022:13:07:06 -0700] "GET /sitebuilder/images/CloudMenu-3-inactive-64656.png HTTP/1.1" 200 737 "-" "Mozilla/5.0 (compatible; AhrefsBot/7.0; +http://ahrefs.com/robot/)" "savemoki.com"
54.36.148.12 - - [03/Oct/2022:13:07:06 -0700] "GET /sitebuilder/images/header_4-818x136.jpg HTTP/1.1" 200 11072 "-" "Mozilla/5.0 (compatible; AhrefsBot/7.0; +http://ahrefs.com/robot/)" "savemoki.com"
54.36.148.101 - - [03/Oct/2022:13:07:07 -0700] "GET /images/phithetacecil.jpg HTTP/1.1" 200 13530 "-" "Mozilla/5.0 (compatible; AhrefsBot/7.0; +http://ahrefs.com/robot/)" "savemoki.com"
54.36.148.217 - - [03/Oct/2022:13:07:08 -0700] "GET /sitebuilder/images/CloudMenu-0-inactive-64343.png HTTP/1.1" 200 654 "-" "Mozilla/5.0 (compatible; AhrefsBot/7.0; +http://ahrefs.com/robot/)" "savemoki.com"
54.36.148.77 - - [03/Oct/2022:13:09:33 -0700] "GET /robots.txt HTTP/1.1" 200 55 "-" "Mozilla/5.0 (compatible; AhrefsBot/7.0; +http://ahrefs.com/robot/)" "www.savemoki.com"
114.119.139.166 - - [03/Oct/2022:13:11:45 -0700] "GET /clipart/lines/horizontal/?C=D%3BO%3DA HTTP/1.1" 200 408 "https://savemoki.com/clipart/lines/horizontal/?C=S%3BO%3DA" "Mozilla/5.0 (Linux; Android 7.0;) AppleWebKit/537.36 (KHTML, like Gecko) Mobile Safari/537.36 (compatible; PetalBot;+https://webmaster.petalsearch.com/site/petalbot)" "savemoki.com"
114.119.139.185 - - [03/Oct/2022:13:17:23 -0700] "GET /navigation_bars/?C=M%3BO%3DA HTTP/1.1" 200 408 "https://www.savemoki.com/navigation_bars?C=D%3BO%3DA" "Mozilla/5.0 (Linux; Android 7.0;) AppleWebKit/537.36 (KHTML, like Gecko) Mobile Safari/537.36 (compatible; PetalBot;+https://webmaster.petalsearch.com/site/petalbot)" "www.savemoki.com"
59.152.63.98 - - [03/Oct/2022:13:22:30 -0700] "GET /contact_us.html HTTP/1.1" 200 18024 "http://savemoki.com/contact_us.html" "Mozilla/5.0 (Windows NT 10.0; WOW64) AppleWebKit/537.36 (KHTML, like Gecko) Chrome/90.0.4400.8 Safari/537.36" "savemoki.com"
114.119.139.166 - - [03/Oct/2022:13:22:58 -0700] "GET /sitebuilder/images?M=A HTTP/1.1" 301 1420 "https://savemoki.com/sitebuilder/images?S=D" "Mozilla/5.0 (Linux; Android 7.0;) AppleWebKit/537.36 (KHTML, like Gecko) Mobile Safari/537.36 (compatible; PetalBot;+https://webmaster.petalsearch.com/site/petalbot)" "savemoki.com"
114.119.139.166 - - [03/Oct/2022:13:22:58 -0700] "GET /sitebuilder/images/?M=A HTTP/1.1" 200 3814 "https://savemoki.com/sitebuilder/images?S=D" "Mozilla/5.0 (Linux; Android 7.0;) AppleWebKit/537.36 (KHTML, like Gecko) Mobile Safari/537.36 (compatible; PetalBot;+https://webmaster.petalsearch.com/site/petalbot)" "savemoki.com"
54.36.148.171 - - [03/Oct/2022:13:25:36 -0700] "GET /mokis_story.html HTTP/1.1" 200 12029 "-" "Mozilla/5.0 (compatible; AhrefsBot/7.0; +http://ahrefs.com/robot/)" "savemoki.com"
114.119.139.185 - - [03/Oct/2022:13:28:31 -0700] "GET /clipart/?C=D%3BO%3DA HTTP/1.1" 200 440 "https://savemoki.com/clipart?C=D%3BO%3DA" "Mozilla/5.0 (Linux; Android 7.0;) AppleWebKit/537.36 (KHTML, like Gecko) Mobile Safari/537.36 (compatible; PetalBot;+https://webmaster.petalsearch.com/site/petalbot)" "savemoki.com"
114.119.139.166 - - [03/Oct/2022:13:34:05 -0700] "GET /clipart/backgrounds/fullpage?C=S%3BO%3DA HTTP/1.1" 301 1432 "https://www.savemoki.com/clipart/backgrounds/fullpage?M=A" "Mozilla/5.0 (Linux; Android 7.0;) AppleWebKit/537.36 (KHTML, like Gecko) Mobile Safari/537.36 (compatible; PetalBot;+https://webmaster.petalsearch.com/site/petalbot)" "www.savemoki.com"
114.119.139.166 - - [03/Oct/2022:13:34:06 -0700] "GET /clipart/backgrounds/fullpage/?C=S%3BO%3DA HTTP/1.1" 200 389 "https://www.savemoki.com/clipart/backgrounds/fullpage?M=A" "Mozilla/5.0 (Linux; Android 7.0;) AppleWebKit/537.36 (KHTML, like Gecko) Mobile Safari/537.36 (compatible; PetalBot;+https://webmaster.petalsearch.com/site/petalbot)" "www.savemoki.com"
114.119.156.133 - - [03/Oct/2022:13:39:40 -0700] "GET /Cartoon_Pet_Pills.html HTTP/1.1" 200 598 "http://www.savemoki.com/" "Mozilla/5.0 (Linux; Android 7.0;) AppleWebKit/537.36 (KHTML, like Gecko) Mobile Safari/537.36 (compatible; PetalBot;+https://webmaster.petalsearch.com/site/petalbot)" "www.savemoki.com"
54.36.148.38 - - [03/Oct/2022:13:43:45 -0700] "GET /MedicalRecord.html HTTP/1.1" 200 4796 "-" "Mozilla/5.0 (compatible; AhrefsBot/7.0; +http://ahrefs.com/robot/)" "savemoki.com"
45.91.21.8 - - [03/Oct/2022:13:44:06 -0700] "GET /blog1/2015/05/07/test-post/ HTTP/1.1" 404 73 "http://savemoki.com/blog1/2015/05/07/test-post/" "Mozilla/5.0 (Windows NT 10.0; WOW64) AppleWebKit/537.36 (KHTML, like Gecko) Chrome/90.0.4430.93 Safari/537.36" "savemoki.com"
45.91.21.8 - - [03/Oct/2022:13:44:07 -0700] "GET / HTTP/1.1" 200 7350 "http://savemoki.com/" "Mozilla/5.0 (Windows NT 10.0; WOW64) AppleWebKit/537.36 (KHTML, like Gecko) Chrome/90.0.4430.93 Safari/537.36" "savemoki.com"
45.91.21.8 - - [03/Oct/2022:13:44:08 -0700] "GET /blog/ HTTP/1.1" 200 698 "http://savemoki.com/blog/" "Mozilla/5.0 (Windows NT 10.0; WOW64) AppleWebKit/537.36 (KHTML, like Gecko) Chrome/90.0.4430.93 Safari/537.36" "savemoki.com"
114.119.139.185 - - [03/Oct/2022:13:45:17 -0700] "GET /clipart/pageHeaders?C=N%3BO%3DD HTTP/1.1" 301 1430 "https://savemoki.com/clipart/pageHeaders?M=A" "Mozilla/5.0 (Linux; Android 7.0;) AppleWebKit/537.36 (KHTML, like Gecko) Mobile Safari/537.36 (compatible; PetalBot;+https://webmaster.petalsearch.com/site/petalbot)" "savemoki.com"
114.119.139.185 - - [03/Oct/2022:13:45:19 -0700] "GET /clipart/pageHeaders/?C=N%3BO%3DD HTTP/1.1" 200 427 "https://savemoki.com/clipart/pageHeaders?M=A" "Mozilla/5.0 (Linux; Android 7.0;) AppleWebKit/537.36 (KHTML, like Gecko) Mobile Safari/537.36 (compatible; PetalBot;+https://webmaster.petalsearch.com/site/petalbot)" "savemoki.com"
194.71.217.73 - - [03/Oct/2022:13:47:18 -0700] "HEAD / HTTP/1.1" 200 - "-" "-" "savemoki.com"
194.71.217.73 - - [03/Oct/2022:13:47:18 -0700] "GET / HTTP/1.1" 200 7350 "-" "-" "savemoki.com"
114.119.139.167 - - [03/Oct/2022:13:50:51 -0700] "GET /clipart/lines?S=A HTTP/1.1" 301 1417 "https://savemoki.com/clipart/lines?S=D" "Mozilla/5.0 (Linux; Android 7.0;) AppleWebKit/537.36 (KHTML, like Gecko) Mobile Safari/537.36 (compatible; PetalBot;+https://webmaster.petalsearch.com/site/petalbot)" "savemoki.com"
114.119.139.167 - - [03/Oct/2022:13:50:53 -0700] "GET /clipart/lines/?S=A HTTP/1.1" 200 361 "https://savemoki.com/clipart/lines?S=D" "Mozilla/5.0 (Linux; Android 7.0;) AppleWebKit/537.36 (KHTML, like Gecko) Mobile Safari/537.36 (compatible; PetalBot;+https://webmaster.petalsearch.com/site/petalbot)" "savemoki.com"
40.77.167.98 - - [03/Oct/2022:13:56:04 -0700] "GET /robots.txt HTTP/1.1" 200 55 "-" "Mozilla/5.0 (compatible; bingbot/2.0; +http://www.bing.com/bingbot.htm)" "savemoki.com"
207.46.13.143 - - [03/Oct/2022:13:56:10 -0700] "GET /contact_us HTTP/1.1" 200 7366 "-" "Mozilla/5.0 (compatible; bingbot/2.0; +http://www.bing.com/bingbot.htm)" "savemoki.com"
114.119.139.185 - - [03/Oct/2022:13:56:26 -0700] "GET /2test/index.php/2020/04/03/hello-world HTTP/1.1" 200 22651 "https://savemoki.com/2test/index.php/2020/04/03/sample-page" "Mozilla/5.0 (Linux; Android 7.0;) AppleWebKit/537.36 (KHTML, like Gecko) Mobile Safari/537.36 (compatible; PetalBot;+https://webmaster.petalsearch.com/site/petalbot)" "savemoki.com"
10.213.116.62 - - [03/Oct/2022:13:56:28 -0700] "POST /2test/wp-cron.php?doing_wp_cron=1664830588.6401209831237792968750 HTTP/1.1" 200 - "https://savemoki.com/2test/wp-cron.php?doing_wp_cron=1664830588.6401209831237792968750" "WordPress/5.4.11; https://savemoki.com/2test" "savemoki.com"
114.119.139.148 - - [03/Oct/2022:14:02:02 -0700] "GET /clipart/buttons/themes/swoosh_blue?N=A HTTP/1.1" 301 1435 "https://savemoki.com/clipart/buttons/themes/swoosh_blue?N=D" "Mozilla/5.0 (Linux; Android 7.0;) AppleWebKit/537.36 (KHTML, like Gecko) Mobile Safari/537.36 (compatible; PetalBot;+https://webmaster.petalsearch.com/site/petalbot)" "savemoki.com"
114.119.139.148 - - [03/Oct/2022:14:02:07 -0700] "GET /clipart/buttons/themes/swoosh_blue/?N=A HTTP/1.1" 200 418 "https://savemoki.com/clipart/buttons/themes/swoosh_blue?N=D" "Mozilla/5.0 (Linux; Android 7.0;) AppleWebKit/537.36 (KHTML, like Gecko) Mobile Safari/537.36 (compatible; PetalBot;+https://webmaster.petalsearch.com/site/petalbot)" "savemoki.com"
114.119.156.133 - - [03/Oct/2022:14:07:35 -0700] "GET /blog/wp-content/themes/themeforest-625914-ice-theme-powerful-wordpress-theme-1/sample%20content/?C=M%3BO%3DA HTTP/1.1" 200 576 "https://savemoki.com/blog/wp-content/themes/themeforest-625914-ice-theme-powerful-wordpress-theme-1/sample%20content?D=D" "Mozilla/5.0 (Linux; Android 7.0;) AppleWebKit/537.36 (KHTML, like Gecko) Mobile Safari/537.36 (compatible; PetalBot;+https://webmaster.petalsearch.com/site/petalbot)" "savemoki.com"
114.119.139.167 - - [03/Oct/2022:14:13:12 -0700] "GET /clipart/buttons?D=A HTTP/1.1" 301 1419 "https://savemoki.com/clipart/buttons?M=D" "Mozilla/5.0 (Linux; Android 7.0;) AppleWebKit/537.36 (KHTML, like Gecko) Mobile Safari/537.36 (compatible; PetalBot;+https://webmaster.petalsearch.com/site/petalbot)" "savemoki.com"
114.119.139.167 - - [03/Oct/2022:14:13:13 -0700] "GET /clipart/buttons/?D=A HTTP/1.1" 200 359 "https://savemoki.com/clipart/buttons?M=D" "Mozilla/5.0 (Linux; Android 7.0;) AppleWebKit/537.36 (KHTML, like Gecko) Mobile Safari/537.36 (compatible; PetalBot;+https://webmaster.petalsearch.com/site/petalbot)" "savemoki.com"
54.36.148.128 - - [03/Oct/2022:14:17:51 -0700] "GET /Mokis_Videos.html HTTP/1.1" 200 5528 "-" "Mozilla/5.0 (compatible; AhrefsBot/7.0; +http://ahrefs.com/robot/)" "savemoki.com"
114.119.139.166 - - [03/Oct/2022:14:18:46 -0700] "GET /sitebuilder/images/?C=D%3BO%3DA HTTP/1.1" 200 3814 "https://savemoki.com/sitebuilder/images?M=D" "Mozilla/5.0 (Linux; Android 7.0;) AppleWebKit/537.36 (KHTML, like Gecko) Mobile Safari/537.36 (compatible; PetalBot;+https://webmaster.petalsearch.com/site/petalbot)" "savemoki.com"
207.46.13.143 - - [03/Oct/2022:14:22:32 -0700] "GET /temporarypreviewfile.html HTTP/1.1" 200 309 "-" "Mozilla/5.0 (compatible; bingbot/2.0; +http://www.bing.com/bingbot.htm)" "savemoki.com"
114.119.156.133 - - [03/Oct/2022:14:24:20 -0700] "GET /clipart/bullets?C=S%3BO%3DA HTTP/1.1" 301 1427 "https://www.savemoki.com/clipart/bullets?C=M%3BO%3DA" "Mozilla/5.0 (Linux; Android 7.0;) AppleWebKit/537.36 (KHTML, like Gecko) Mobile Safari/537.36 (compatible; PetalBot;+https://webmaster.petalsearch.com/site/petalbot)" "www.savemoki.com"
114.119.156.133 - - [03/Oct/2022:14:24:21 -0700] "GET /clipart/bullets/?C=S%3BO%3DA HTTP/1.1" 200 429 "https://www.savemoki.com/clipart/bullets?C=M%3BO%3DA" "Mozilla/5.0 (Linux; Android 7.0;) AppleWebKit/537.36 (KHTML, like Gecko) Mobile Safari/537.36 (compatible; PetalBot;+https://webmaster.petalsearch.com/site/petalbot)" "www.savemoki.com"
114.119.156.133 - - [03/Oct/2022:14:29:57 -0700] "GET /clipart/buttons/themes/swoosh_blue?C=M%3BO%3DA HTTP/1.1" 301 1445 "https://savemoki.com/clipart/buttons/themes/swoosh_blue?C=S%3BO%3DA" "Mozilla/5.0 (Linux; Android 7.0;) AppleWebKit/537.36 (KHTML, like Gecko) Mobile Safari/537.36 (compatible; PetalBot;+https://webmaster.petalsearch.com/site/petalbot)" "savemoki.com"
114.119.156.133 - - [03/Oct/2022:14:29:59 -0700] "GET /clipart/buttons/themes/swoosh_blue/?C=M%3BO%3DA HTTP/1.1" 200 418 "https://savemoki.com/clipart/buttons/themes/swoosh_blue?C=S%3BO%3DA" "Mozilla/5.0 (Linux; Android 7.0;) AppleWebKit/537.36 (KHTML, like Gecko) Mobile Safari/537.36 (compatible; PetalBot;+https://webmaster.petalsearch.com/site/petalbot)" "savemoki.com"
114.119.139.185 - - [03/Oct/2022:14:35:32 -0700] "GET /clipart/buttons/themes/swoosh_blue?M=A HTTP/1.1" 301 1435 "https://savemoki.com/clipart/buttons/themes/swoosh_blue?N=A" "Mozilla/5.0 (Linux; Android 7.0;) AppleWebKit/537.36 (KHTML, like Gecko) Mobile Safari/537.36 (compatible; PetalBot;+https://webmaster.petalsearch.com/site/petalbot)" "savemoki.com"
114.119.139.185 - - [03/Oct/2022:14:35:32 -0700] "GET /clipart/buttons/themes/swoosh_blue/?M=A HTTP/1.1" 200 418 "https://savemoki.com/clipart/buttons/themes/swoosh_blue?N=A" "Mozilla/5.0 (Linux; Android 7.0;) AppleWebKit/537.36 (KHTML, like Gecko) Mobile Safari/537.36 (compatible; PetalBot;+https://webmaster.petalsearch.com/site/petalbot)" "savemoki.com"
185.191.171.6 - - [03/Oct/2022:14:35:45 -0700] "GET /robots.txt HTTP/1.1" 200 55 "-" "Mozilla/5.0 (compatible; SemrushBot/7~bl; +http://www.semrush.com/bot.html)" "savemoki.com"
