114.119.156.133 - - [02/Oct/2022:09:18:19 -0700] "GET /clipart/lines/horizontal/?S=A HTTP/1.1" 200 408 "https://savemoki.com/clipart/lines/horizontal?M=D" "Mozilla/5.0 (Linux; Android 7.0;) AppleWebKit/537.36 (KHTML, like Gecko) Mobile Safari/537.36 (compatible; PetalBot;+https://webmaster.petalsearch.com/site/petalbot)" "savemoki.com"
3.215.190.193 - - [02/Oct/2022:09:18:31 -0700] "GET /?C=M;O=A HTTP/1.1" 200 1285 "-" "CCBot/2.0 (https://commoncrawl.org/faq/)" "www.savemoki.com"
114.119.139.148 - - [02/Oct/2022:09:23:37 -0700] "GET /clipart/backgrounds/fullpage?C=S%3BO%3DA HTTP/1.1" 301 1431 "https://savemoki.com/clipart/backgrounds/fullpage?M=D" "Mozilla/5.0 (Linux; Android 7.0;) AppleWebKit/537.36 (KHTML, like Gecko) Mobile Safari/537.36 (compatible; PetalBot;+https://webmaster.petalsearch.com/site/petalbot)" "savemoki.com"
114.119.139.148 - - [02/Oct/2022:09:23:37 -0700] "GET /clipart/backgrounds/fullpage/?C=S%3BO%3DA HTTP/1.1" 200 389 "https://savemoki.com/clipart/backgrounds/fullpage?M=D" "Mozilla/5.0 (Linux; Android 7.0;) AppleWebKit/537.36 (KHTML, like Gecko) Mobile Safari/537.36 (compatible; PetalBot;+https://webmaster.petalsearch.com/site/petalbot)" "savemoki.com"
3.215.190.193 - - [02/Oct/2022:09:23:41 -0700] "GET /Mokislabpage1.html HTTP/1.1" 200 4020 "-" "CCBot/2.0 (https://commoncrawl.org/faq/)" "www.savemoki.com"
3.215.190.193 - - [02/Oct/2022:09:25:26 -0700] "GET /Links.html HTTP/1.1" 200 8682 "-" "CCBot/2.0 (https://commoncrawl.org/faq/)" "www.savemoki.com"
3.215.190.193 - - [02/Oct/2022:09:28:44 -0700] "GET /Cartoon_Pet_Pills.html HTTP/1.1" 200 598 "-" "CCBot/2.0 (https://commoncrawl.org/faq/)" "www.savemoki.com"
114.119.139.167 - - [02/Oct/2022:09:29:00 -0700] "GET /blog/wp-content/themes/?C=D%3BO%3DA HTTP/1.1" 200 405 "https://savemoki.com/blog/wp-content/themes?C=D%3BO%3DA" "Mozilla/5.0 (Linux; Android 7.0;) AppleWebKit/537.36 (KHTML, like Gecko) Mobile Safari/537.36 (compatible; PetalBot;+https://webmaster.petalsearch.com/site/petalbot)" "savemoki.com"
3.215.190.193 - - [02/Oct/2022:09:31:04 -0700] "GET /mokis_story.html HTTP/1.1" 200 12029 "-" "CCBot/2.0 (https://commoncrawl.org/faq/)" "www.savemoki.com"
3.215.190.193 - - [02/Oct/2022:09:33:48 -0700] "GET /Mokislabpage2.html HTTP/1.1" 200 4057 "-" "CCBot/2.0 (https://commoncrawl.org/faq/)" "www.savemoki.com"
150.158.135.139 - - [02/Oct/2022:09:34:08 -0700] "GET /xmlrpc.php HTTP/1.1" 404 88 "-" "Mozilla/5.0 (Windows NT 6.1; WOW64; rv:45.0) Gecko/20100101 Firefox/45.0" "www.savemoki.com"
114.119.139.167 - - [02/Oct/2022:09:34:24 -0700] "GET /clipart/lines/horizontal/?C=S%3BO%3DA HTTP/1.1" 200 408 "https://savemoki.com/clipart/lines/horizontal?N=A" "Mozilla/5.0 (Linux; Android 7.0;) AppleWebKit/537.36 (KHTML, like Gecko) Mobile Safari/537.36 (compatible; PetalBot;+https://webmaster.petalsearch.com/site/petalbot)" "savemoki.com"
192.71.172.51 - - [02/Oct/2022:09:34:38 -0700] "GET /blog1/2015/05/07/test-post/ HTTP/1.1" 404 73 "http://savemoki.com/blog1/2015/05/07/test-post/" "Mozilla/5.0 (Windows NT 6.1) AppleWebKit/537.36 (KHTML, like Gecko) Chrome/90.0.4430.85 Safari/537.36" "savemoki.com"
192.71.172.51 - - [02/Oct/2022:09:34:38 -0700] "GET / HTTP/1.1" 200 7350 "http://savemoki.com/" "Mozilla/5.0 (Windows NT 6.1) AppleWebKit/537.36 (KHTML, like Gecko) Chrome/90.0.4430.85 Safari/537.36" "savemoki.com"
192.71.172.51 - - [02/Oct/2022:09:34:39 -0700] "GET /blog/ HTTP/1.1" 200 698 "http://savemoki.com/blog/" "Mozilla/5.0 (Windows NT 6.1) AppleWebKit/537.36 (KHTML, like Gecko) Chrome/90.0.4430.85 Safari/537.36" "savemoki.com"
192.71.172.51 - - [02/Oct/2022:09:34:40 -0700] "GET /blog/contact_us.html HTTP/1.1" 404 73 "http://savemoki.com/blog/contact_us.html" "Mozilla/5.0 (Windows NT 6.1) AppleWebKit/537.36 (KHTML, like Gecko) Chrome/90.0.4430.85 Safari/537.36" "savemoki.com"
192.71.172.51 - - [02/Oct/2022:09:34:40 -0700] "GET /contact_us.html HTTP/1.1" 200 18024 "http://savemoki.com/contact_us.html" "Mozilla/5.0 (Windows NT 6.1) AppleWebKit/537.36 (KHTML, like Gecko) Chrome/90.0.4430.85 Safari/537.36" "savemoki.com"
3.215.190.193 - - [02/Oct/2022:09:36:59 -0700] "GET /navigation_bars/ HTTP/1.1" 200 408 "-" "CCBot/2.0 (https://commoncrawl.org/faq/)" "www.savemoki.com"
3.215.190.193 - - [02/Oct/2022:09:38:30 -0700] "GET /media/ HTTP/1.1" 200 396 "-" "CCBot/2.0 (https://commoncrawl.org/faq/)" "www.savemoki.com"
114.119.139.166 - - [02/Oct/2022:09:39:51 -0700] "GET /clipart/lines?C=S%3BO%3DA HTTP/1.1" 301 1426 "https://savemoki.com/clipart/lines?C=D%3BO%3DA" "Mozilla/5.0 (Linux; Android 7.0;) AppleWebKit/537.36 (KHTML, like Gecko) Mobile Safari/537.36 (compatible; PetalBot;+https://webmaster.petalsearch.com/site/petalbot)" "savemoki.com"
114.119.139.166 - - [02/Oct/2022:09:40:02 -0700] "GET /clipart/lines/?C=S%3BO%3DA HTTP/1.1" 200 361 "https://savemoki.com/clipart/lines?C=D%3BO%3DA" "Mozilla/5.0 (Linux; Android 7.0;) AppleWebKit/537.36 (KHTML, like Gecko) Mobile Safari/537.36 (compatible; PetalBot;+https://webmaster.petalsearch.com/site/petalbot)" "savemoki.com"
103.205.5.196 - - [02/Oct/2022:09:40:55 -0700] "GET / HTTP/1.1" 200 1286 "-" "Mozilla/4.0 (compatible; MSIE 7.0; Windows NT 5.1; TencentTraveler ; EmbeddedWB 14.52 from: http://www.bsalsa.com/ EmbeddedWB 14.52; .NET CLR 2.0.50727; InfoPath.2; .NET CLR 3.0.04506.30; .NET CLR 3.0.04506.590; .NET CLR 3.0.04506.648; .NET CLR 3.5.21022)" "www.savemoki.com"
103.205.5.196 - - [02/Oct/2022:09:40:56 -0700] "GET / HTTP/1.1" 200 1286 "-" "Mozilla/5.0 (Windows NT 6.1; WOW64) AppleWebKit/537.36 (KHTML, like Gecko) Chrome/50.0.2661.102 Safari/537.36" "www.savemoki.com"
103.205.5.196 - - [02/Oct/2022:09:40:56 -0700] "GET / HTTP/1.1" 200 1286 "-" "Mozilla/5.0 (Windows NT 6.1; WOW64) AppleWebKit/537.36 (KHTML, like Gecko) Chrome/50.0.2661.102 Safari/537.36" "www.savemoki.com"
3.215.190.193 - - [02/Oct/2022:09:40:59 -0700] "GET /New4.html HTTP/1.1" 200 1117 "-" "CCBot/2.0 (https://commoncrawl.org/faq/)" "www.savemoki.com"
3.215.190.193 - - [02/Oct/2022:09:42:30 -0700] "GET /specialthanks.html HTTP/1.1" 200 2923 "-" "CCBot/2.0 (https://commoncrawl.org/faq/)" "www.savemoki.com"
3.215.190.193 - - [02/Oct/2022:09:43:15 -0700] "GET /Mokislabpage3.html HTTP/1.1" 200 3826 "-" "CCBot/2.0 (https://commoncrawl.org/faq/)" "www.savemoki.com"
114.119.156.133 - - [02/Oct/2022:09:45:08 -0700] "GET /clipart/lines/horizontal?C=N%3BO%3DD HTTP/1.1" 301 1434 "https://savemoki.com/clipart/lines/horizontal?N=D" "Mozilla/5.0 (Linux; Android 7.0;) AppleWebKit/537.36 (KHTML, like Gecko) Mobile Safari/537.36 (compatible; PetalBot;+https://webmaster.petalsearch.com/site/petalbot)" "savemoki.com"
114.119.156.133 - - [02/Oct/2022:09:45:09 -0700] "GET /clipart/lines/horizontal/?C=N%3BO%3DD HTTP/1.1" 200 408 "https://savemoki.com/clipart/lines/horizontal?N=D" "Mozilla/5.0 (Linux; Android 7.0;) AppleWebKit/537.36 (KHTML, like Gecko) Mobile Safari/537.36 (compatible; PetalBot;+https://webmaster.petalsearch.com/site/petalbot)" "savemoki.com"
3.215.190.193 - - [02/Oct/2022:09:47:52 -0700] "GET /New3.html HTTP/1.1" 200 425 "-" "CCBot/2.0 (https://commoncrawl.org/faq/)" "www.savemoki.com"
46.161.27.155 - - [02/Oct/2022:09:48:59 -0700] "GET /wp-login.php HTTP/1.1" 404 88 "-" "Mozilla/5.0 (Windows NT 10.0; Win64; x64) AppleWebKit/537.36 (KHTML, like Gecko) Chrome/64.0.3282.140 Safari/537.36 Edge/18.17763" "savemoki.com"
114.119.139.166 - - [02/Oct/2022:09:50:31 -0700] "GET /clipart/backgrounds/fullpage/?C=D%3BO%3DA HTTP/1.1" 200 389 "https://savemoki.com/clipart/backgrounds/fullpage/?C=M%3BO%3DA" "Mozilla/5.0 (Linux; Android 7.0;) AppleWebKit/537.36 (KHTML, like Gecko) Mobile Safari/537.36 (compatible; PetalBot;+https://webmaster.petalsearch.com/site/petalbot)" "savemoki.com"
64.124.8.32 - - [02/Oct/2022:09:51:01 -0700] "GET /robots.txt HTTP/1.1" 200 55 "-" "Mozilla/5.0 (X11; Linux x86_64) AppleWebKit/537.36 (KHTML, like Gecko) Chrome/61.0.3163.79 Safari/537.36" "www.savemoki.com"
64.124.8.32 - - [02/Oct/2022:09:51:01 -0700] "GET / HTTP/1.1" 200 1286 "-" "Mozilla/5.0 (X11; Linux x86_64) AppleWebKit/537.36 (KHTML, like Gecko) Chrome/61.0.3163.79 Safari/537.36" "www.savemoki.com"
3.215.190.193 - - [02/Oct/2022:09:54:41 -0700] "GET /MedicalRecord.html HTTP/1.1" 200 4796 "-" "CCBot/2.0 (https://commoncrawl.org/faq/)" "www.savemoki.com"
3.215.190.193 - - [02/Oct/2022:09:55:16 -0700] "GET /New2.html HTTP/1.1" 200 561 "-" "CCBot/2.0 (https://commoncrawl.org/faq/)" "www.savemoki.com"
114.119.139.148 - - [02/Oct/2022:09:55:55 -0700] "GET /blog/wp-content/themes/themeforest-625914-ice-theme-powerful-wordpress-theme-1/licensing/?C=D%3BO%3DA HTTP/1.1" 200 419 "https://www.savemoki.com/blog/wp-content/themes/themeforest-625914-ice-theme-powerful-wordpress-theme-1/licensing/?C=S%3BO%3DA" "Mozilla/5.0 (Linux; Android 7.0;) AppleWebKit/537.36 (KHTML, like Gecko) Mobile Safari/537.36 (compatible; PetalBot;+https://webmaster.petalsearch.com/site/petalbot)" "www.savemoki.com"
3.215.190.193 - - [02/Oct/2022:09:57:58 -0700] "GET /Other_Cats_In_Need.html HTTP/1.1" 200 6033 "-" "CCBot/2.0 (https://commoncrawl.org/faq/)" "www.savemoki.com"
207.46.13.237 - - [02/Oct/2022:09:59:38 -0700] "GET /robots.txt HTTP/1.1" 200 55 "-" "Mozilla/5.0 (compatible; bingbot/2.0; +http://www.bing.com/bingbot.htm)" "savemoki.com"
207.46.13.237 - - [02/Oct/2022:09:59:38 -0700] "GET /robots.txt HTTP/1.1" 200 55 "-" "Mozilla/5.0 (compatible; bingbot/2.0; +http://www.bing.com/bingbot.htm)" "savemoki.com"
207.46.13.209 - - [02/Oct/2022:09:59:48 -0700] "GET /contact_us HTTP/1.1" 200 7366 "-" "Mozilla/5.0 AppleWebKit/537.36 (KHTML, like Gecko; compatible; bingbot/2.0; +http://www.bing.com/bingbot.htm) Chrome/103.0.5060.134 Safari/537.36" "savemoki.com"
114.119.139.166 - - [02/Oct/2022:10:01:18 -0700] "GET /clipart/bullets?D=A HTTP/1.1" 301 1416 "https://savemoki.com/clipart/bullets?S=D" "Mozilla/5.0 (Linux; Android 7.0;) AppleWebKit/537.36 (KHTML, like Gecko) Mobile Safari/537.36 (compatible; PetalBot;+https://webmaster.petalsearch.com/site/petalbot)" "savemoki.com"
114.119.139.166 - - [02/Oct/2022:10:01:18 -0700] "GET /clipart/bullets/?D=A HTTP/1.1" 200 429 "https://savemoki.com/clipart/bullets?S=D" "Mozilla/5.0 (Linux; Android 7.0;) AppleWebKit/537.36 (KHTML, like Gecko) Mobile Safari/537.36 (compatible; PetalBot;+https://webmaster.petalsearch.com/site/petalbot)" "savemoki.com"
3.215.190.193 - - [02/Oct/2022:10:03:05 -0700] "GET /New1.html HTTP/1.1" 200 425 "-" "CCBot/2.0 (https://commoncrawl.org/faq/)" "www.savemoki.com"
3.215.190.193 - - [02/Oct/2022:10:03:34 -0700] "GET /temporarypreviewfile.html HTTP/1.1" 200 309 "-" "CCBot/2.0 (https://commoncrawl.org/faq/)" "www.savemoki.com"
3.215.190.193 - - [02/Oct/2022:10:05:30 -0700] "GET /Updates_On_Special_Friends.html HTTP/1.1" 200 2469 "-" "CCBot/2.0 (https://commoncrawl.org/faq/)" "www.savemoki.com"
114.119.139.148 - - [02/Oct/2022:10:06:38 -0700] "GET /media/?C=S%3BO%3DA HTTP/1.1" 200 396 "https://savemoki.com/media?D=D" "Mozilla/5.0 (Linux; Android 7.0;) AppleWebKit/537.36 (KHTML, like Gecko) Mobile Safari/537.36 (compatible; PetalBot;+https://webmaster.petalsearch.com/site/petalbot)" "savemoki.com"
3.215.190.193 - - [02/Oct/2022:10:11:45 -0700] "GET /Announcements.html HTTP/1.1" 200 5728 "-" "CCBot/2.0 (https://commoncrawl.org/faq/)" "www.savemoki.com"
114.119.139.185 - - [02/Oct/2022:10:12:00 -0700] "GET /clipart/lines?C=D%3BO%3DA HTTP/1.1" 301 1427 "https://www.savemoki.com/clipart/lines?C=S%3BO%3DA" "Mozilla/5.0 (Linux; Android 7.0;) AppleWebKit/537.36 (KHTML, like Gecko) Mobile Safari/537.36 (compatible; PetalBot;+https://webmaster.petalsearch.com/site/petalbot)" "www.savemoki.com"
114.119.139.185 - - [02/Oct/2022:10:12:01 -0700] "GET /clipart/lines/?C=D%3BO%3DA HTTP/1.1" 200 361 "https://www.savemoki.com/clipart/lines?C=S%3BO%3DA" "Mozilla/5.0 (Linux; Android 7.0;) AppleWebKit/537.36 (KHTML, like Gecko) Mobile Safari/537.36 (compatible; PetalBot;+https://webmaster.petalsearch.com/site/petalbot)" "www.savemoki.com"
3.215.190.193 - - [02/Oct/2022:10:12:07 -0700] "GET /Feline_health.html HTTP/1.1" 200 8098 "-" "CCBot/2.0 (https://commoncrawl.org/faq/)" "www.savemoki.com"
3.215.190.193 - - [02/Oct/2022:10:12:51 -0700] "GET /Shop.html HTTP/1.1" 200 2842 "-" "CCBot/2.0 (https://commoncrawl.org/faq/)" "www.savemoki.com"
65.108.0.150 - - [02/Oct/2022:10:15:35 -0700] "GET /robots.txt HTTP/1.1" 200 55 "-" "Mozilla/5.0 (compatible; SEOkicks; +https://www.seokicks.de/robot.html)" "www.savemoki.com"
65.108.0.150 - - [02/Oct/2022:10:15:37 -0700] "GET / HTTP/1.1" 200 1286 "-" "Mozilla/5.0 (compatible; SEOkicks; +https://www.seokicks.de/robot.html)" "www.savemoki.com"
65.108.0.150 - - [02/Oct/2022:10:15:38 -0700] "GET /?C=N;O=D HTTP/1.1" 200 1304 "http://www.savemoki.com/" "Mozilla/5.0 (compatible; SEOkicks; +https://www.seokicks.de/robot.html)" "www.savemoki.com"
65.108.0.150 - - [02/Oct/2022:10:15:40 -0700] "GET /?C=M;O=A HTTP/1.1" 200 1285 "http://www.savemoki.com/" "Mozilla/5.0 (compatible; SEOkicks; +https://www.seokicks.de/robot.html)" "www.savemoki.com"
65.108.0.150 - - [02/Oct/2022:10:15:42 -0700] "GET /?C=S;O=A HTTP/1.1" 200 1259 "http://www.savemoki.com/" "Mozilla/5.0 (compatible; SEOkicks; +https://www.seokicks.de/robot.html)" "www.savemoki.com"
156.146.63.136 - - [02/Oct/2022:10:15:47 -0700] "GET /contact_us.html HTTP/1.1" 200 18024 "http://savemoki.com/contact_us.html" "Mozilla/5.0 (Windows NT 6.1) AppleWebKit/537.36 (KHTML, like Gecko) Chrome/90.0.4430.85 Safari/537.36" "savemoki.com"
65.108.0.150 - - [02/Oct/2022:10:16:03 -0700] "GET /?C=D;O=A HTTP/1.1" 200 1286 "http://www.savemoki.com/" "Mozilla/5.0 (compatible; SEOkicks; +https://www.seokicks.de/robot.html)" "www.savemoki.com"
10.213.116.64 - - [02/Oct/2022:10:16:12 -0700] "POST /2test/wp-cron.php?doing_wp_cron=1664730972.6222229003906250000000 HTTP/1.1" 200 - "http://savemoki.com/2test/wp-cron.php?doing_wp_cron=1664730972.6222229003906250000000" "WordPress/5.4.11; http://savemoki.com/2test" "savemoki.com"
65.108.0.150 - - [02/Oct/2022:10:16:05 -0700] "GET /2test/ HTTP/1.1" 200 20545 "http://www.savemoki.com/" "Mozilla/5.0 (compatible; SEOkicks; +https://www.seokicks.de/robot.html)" "www.savemoki.com"
65.108.0.150 - - [02/Oct/2022:10:16:25 -0700] "GET /2test/ HTTP/1.1" 200 20545 "http://www.savemoki.com/" "Mozilla/5.0 (compatible; SEOkicks; +https://www.seokicks.de/robot.html)" "www.savemoki.com"
65.108.0.150 - - [02/Oct/2022:10:16:30 -0700] "GET /2test/index.php/)%20no-repeat HTTP/1.1" 404 18296 "http://www.savemoki.com/2test/" "Mozilla/5.0 (compatible; SEOkicks; +https://www.seokicks.de/robot.html)" "www.savemoki.com"
114.119.156.133 - - [02/Oct/2022:10:17:22 -0700] "GET /blog/wp-content?N=A HTTP/1.1" 301 1418 "https://savemoki.com/blog/wp-content?N=D" "Mozilla/5.0 (Linux; Android 7.0;) AppleWebKit/537.36 (KHTML, like Gecko) Mobile Safari/537.36 (compatible; PetalBot;+https://webmaster.petalsearch.com/site/petalbot)" "savemoki.com"
114.119.156.133 - - [02/Oct/2022:10:17:23 -0700] "GET /blog/wp-content/?N=A HTTP/1.1" 200 359 "https://savemoki.com/blog/wp-content?N=D" "Mozilla/5.0 (Linux; Android 7.0;) AppleWebKit/537.36 (KHTML, like Gecko) Mobile Safari/537.36 (compatible; PetalBot;+https://webmaster.petalsearch.com/site/petalbot)" "savemoki.com"
114.119.139.167 - - [02/Oct/2022:10:28:08 -0700] "GET /blog?N=A HTTP/1.1" 301 1411 "https://savemoki.com/blog?S=D" "Mozilla/5.0 (Linux; Android 7.0;) AppleWebKit/537.36 (KHTML, like Gecko) Mobile Safari/537.36 (compatible; PetalBot;+https://webmaster.petalsearch.com/site/petalbot)" "savemoki.com"
114.119.139.167 - - [02/Oct/2022:10:28:09 -0700] "GET /blog/?N=A HTTP/1.1" 200 352 "https://savemoki.com/blog?S=D" "Mozilla/5.0 (Linux; Android 7.0;) AppleWebKit/537.36 (KHTML, like Gecko) Mobile Safari/537.36 (compatible; PetalBot;+https://webmaster.petalsearch.com/site/petalbot)" "savemoki.com"
54.209.159.63 - - [02/Oct/2022:10:29:01 -0700] "GET / HTTP/1.1" 200 1286 "-" "Mozilla/5.0 (Macintosh; Intel Mac OS X 10_9_2) AppleWebKit/537.36 (KHTML, like Gecko) Chrome/34.0.1847.131 Safari/537.36" "savemoki.com"
54.209.159.63 - - [02/Oct/2022:10:30:32 -0700] "GET /contact_us.html HTTP/1.1" 200 4002 "-" "Mozilla/5.0 (Macintosh; Intel Mac OS X 10_9_2) AppleWebKit/537.36 (KHTML, like Gecko) Chrome/34.0.1847.131 Safari/537.36" "savemoki.com"
114.119.139.148 - - [02/Oct/2022:10:33:28 -0700] "GET /clipart/buttons/themes?C=M%3BO%3DA HTTP/1.1" 301 1436 "https://www.savemoki.com/clipart/buttons/themes?C=D%3BO%3DA" "Mozilla/5.0 (Linux; Android 7.0;) AppleWebKit/537.36 (KHTML, like Gecko) Mobile Safari/537.36 (compatible; PetalBot;+https://webmaster.petalsearch.com/site/petalbot)" "www.savemoki.com"
114.119.139.148 - - [02/Oct/2022:10:33:29 -0700] "GET /clipart/buttons/themes/?C=M%3BO%3DA HTTP/1.1" 200 404 "https://www.savemoki.com/clipart/buttons/themes?C=D%3BO%3DA" "Mozilla/5.0 (Linux; Android 7.0;) AppleWebKit/537.36 (KHTML, like Gecko) Mobile Safari/537.36 (compatible; PetalBot;+https://webmaster.petalsearch.com/site/petalbot)" "www.savemoki.com"
185.129.61.129 - - [02/Oct/2022:10:41:10 -0700] "GET /blog1/2015/05/07/test-post/ HTTP/1.1" 404 73 "http://savemoki.com/blog1/2015/05/07/test-post/" "Mozilla/5.0 (Windows NT 6.1) AppleWebKit/537.36 (KHTML, like Gecko) Chrome/90.0.4430.72 Safari/537.36" "savemoki.com"
185.220.100.240 - - [02/Oct/2022:10:42:12 -0700] "GET /blog1/2015/05/07/test-post/ HTTP/1.1" 404 73 "http://savemoki.com/blog1/2015/05/07/test-post/" "Mozilla/5.0 (Windows NT 6.1) AppleWebKit/537.36 (KHTML, like Gecko) Chrome/90.0.4430.72 Safari/537.36" "savemoki.com"
45.154.255.138 - - [02/Oct/2022:10:42:33 -0700] "GET / HTTP/1.1" 200 7350 "http://savemoki.com/" "Mozilla/5.0 (Windows NT 6.1) AppleWebKit/537.36 (KHTML, like Gecko) Chrome/90.0.4430.72 Safari/537.36" "savemoki.com"
45.154.255.140 - - [02/Oct/2022:10:42:38 -0700] "GET /blog/ HTTP/1.1" 200 698 "http://savemoki.com/blog/" "Mozilla/5.0 (Windows NT 6.1) AppleWebKit/537.36 (KHTML, like Gecko) Chrome/90.0.4430.72 Safari/537.36" "savemoki.com"
114.119.139.167 - - [02/Oct/2022:10:44:14 -0700] "GET /clipart/lines/horizontal?D=D HTTP/1.1" 301 1425 "https://savemoki.com/clipart/lines/horizontal?D=A" "Mozilla/5.0 (Linux; Android 7.0;) AppleWebKit/537.36 (KHTML, like Gecko) Mobile Safari/537.36 (compatible; PetalBot;+https://webmaster.petalsearch.com/site/petalbot)" "savemoki.com"
114.119.139.167 - - [02/Oct/2022:10:44:15 -0700] "GET /clipart/lines/horizontal/?D=D HTTP/1.1" 200 408 "https://savemoki.com/clipart/lines/horizontal?D=A" "Mozilla/5.0 (Linux; Android 7.0;) AppleWebKit/537.36 (KHTML, like Gecko) Mobile Safari/537.36 (compatible; PetalBot;+https://webmaster.petalsearch.com/site/petalbot)" "savemoki.com"
114.119.139.185 - - [02/Oct/2022:10:49:38 -0700] "GET /blog/wp-content/themes/themeforest-625914-ice-theme-powerful-wordpress-theme-1/sample%20content/?C=S%3BO%3DA HTTP/1.1" 200 576 "https://www.savemoki.com/blog/wp-content/themes/themeforest-625914-ice-theme-powerful-wordpress-theme-1/sample%20content?C=N%3BO%3DD" "Mozilla/5.0 (Linux; Android 7.0;) AppleWebKit/537.36 (KHTML, like Gecko) Mobile Safari/537.36 (compatible; PetalBot;+https://webmaster.petalsearch.com/site/petalbot)" "www.savemoki.com"
79.137.194.75 - - [02/Oct/2022:10:53:53 -0700] "GET /blog1/2015/05/07/test-post/ HTTP/1.1" 404 73 "https://cheapcarinsurancema.info/" "Mozilla/4.0 (compatible; MSIE 6.0; Windows NT 5.1; SV1; Media Center PC" "savemoki.com"
79.137.194.75 - - [02/Oct/2022:10:53:54 -0700] "GET /blog1/2015/05/07/test-post/ HTTP/1.1" 404 73 "https://cheapcarinsurancema.info/" "Mozilla/4.0 (compatible; MSIE 6.0; Windows NT 5.1; SV1; Media Center PC" "savemoki.com"
79.137.194.75 - - [02/Oct/2022:10:53:54 -0700] "GET /blog1/2015/05/07/test-post/ HTTP/1.1" 404 73 "https://cheapcarinsurancema.info/" "Mozilla/4.0 (compatible; MSIE 6.0; Windows NT 5.1; SV1; Media Center PC" "savemoki.com"
114.119.139.185 - - [02/Oct/2022:10:55:00 -0700] "GET /clipart/buttons/themes/rectangle_yellow/?C=S%3BO%3DA HTTP/1.1" 200 427 "https://savemoki.com/clipart/buttons/themes/rectangle_yellow?C=D%3BO%3DA" "Mozilla/5.0 (Linux; Android 7.0;) AppleWebKit/537.36 (KHTML, like Gecko) Mobile Safari/537.36 (compatible; PetalBot;+https://webmaster.petalsearch.com/site/petalbot)" "savemoki.com"
114.119.139.185 - - [02/Oct/2022:11:00:22 -0700] "GET /sitebuilder/images/?C=N%3BO%3DD HTTP/1.1" 200 3814 "https://savemoki.com/sitebuilder/images/?C=S%3BO%3DA" "Mozilla/5.0 (Linux; Android 7.0;) AppleWebKit/537.36 (KHTML, like Gecko) Mobile Safari/537.36 (compatible; PetalBot;+https://webmaster.petalsearch.com/site/petalbot)" "savemoki.com"
114.119.156.133 - - [02/Oct/2022:11:05:45 -0700] "GET /clipart/backgrounds/?C=S%3BO%3DA HTTP/1.1" 200 366 "https://savemoki.com/clipart/backgrounds?S=A" "Mozilla/5.0 (Linux; Android 7.0;) AppleWebKit/537.36 (KHTML, like Gecko) Mobile Safari/537.36 (compatible; PetalBot;+https://webmaster.petalsearch.com/site/petalbot)" "savemoki.com"
65.108.0.150 - - [02/Oct/2022:11:10:23 -0700] "GET /Announcements.html HTTP/1.1" 200 5728 "http://www.savemoki.com/" "Mozilla/5.0 (compatible; SEOkicks; +https://www.seokicks.de/robot.html)" "www.savemoki.com"
65.108.0.150 - - [02/Oct/2022:11:10:25 -0700] "GET /Bud.html HTTP/1.1" 200 1820 "http://www.savemoki.com/" "Mozilla/5.0 (compatible; SEOkicks; +https://www.seokicks.de/robot.html)" "www.savemoki.com"
65.108.0.150 - - [02/Oct/2022:11:10:26 -0700] "GET /Cartoon_Pet_Pills.html HTTP/1.1" 200 598 "http://www.savemoki.com/" "Mozilla/5.0 (compatible; SEOkicks; +https://www.seokicks.de/robot.html)" "www.savemoki.com"
65.108.0.150 - - [02/Oct/2022:11:10:27 -0700] "GET /Donate HTTP/1.1" 200 2982 "http://www.savemoki.com/" "Mozilla/5.0 (compatible; SEOkicks; +https://www.seokicks.de/robot.html)" "www.savemoki.com"
65.108.0.150 - - [02/Oct/2022:11:10:29 -0700] "GET /Feline_health.html HTTP/1.1" 200 8098 "http://www.savemoki.com/" "Mozilla/5.0 (compatible; SEOkicks; +https://www.seokicks.de/robot.html)" "www.savemoki.com"
65.108.0.150 - - [02/Oct/2022:11:10:30 -0700] "GET /Links.html HTTP/1.1" 200 8682 "http://www.savemoki.com/" "Mozilla/5.0 (compatible; SEOkicks; +https://www.seokicks.de/robot.html)" "www.savemoki.com"
65.108.0.150 - - [02/Oct/2022:11:10:32 -0700] "GET /Links_Feline_Health.html HTTP/1.1" 200 10246 "http://www.savemoki.com/" "Mozilla/5.0 (compatible; SEOkicks; +https://www.seokicks.de/robot.html)" "www.savemoki.com"
65.108.0.150 - - [02/Oct/2022:11:10:33 -0700] "GET /MedicalRecord.html HTTP/1.1" 200 4796 "http://www.savemoki.com/" "Mozilla/5.0 (compatible; SEOkicks; +https://www.seokicks.de/robot.html)" "www.savemoki.com"
65.108.0.150 - - [02/Oct/2022:11:10:34 -0700] "GET /Mokis_Labwork.html HTTP/1.1" 200 4943 "http://www.savemoki.com/" "Mozilla/5.0 (compatible; SEOkicks; +https://www.seokicks.de/robot.html)" "www.savemoki.com"
65.108.0.150 - - [02/Oct/2022:11:10:36 -0700] "GET /Mokis_Medical_Records.html HTTP/1.1" 200 5014 "http://www.savemoki.com/" "Mozilla/5.0 (compatible; SEOkicks; +https://www.seokicks.de/robot.html)" "www.savemoki.com"
65.108.0.150 - - [02/Oct/2022:11:10:37 -0700] "GET /Mokis_Story.html HTTP/1.1" 200 11607 "http://www.savemoki.com/" "Mozilla/5.0 (compatible; SEOkicks; +https://www.seokicks.de/robot.html)" "www.savemoki.com"
114.119.139.167 - - [02/Oct/2022:11:11:04 -0700] "GET /clipart/images HTTP/1.1" 301 1415 "https://www.savemoki.com/clipart/images/sidebars?N=D" "Mozilla/5.0 (Linux; Android 7.0;) AppleWebKit/537.36 (KHTML, like Gecko) Mobile Safari/537.36 (compatible; PetalBot;+https://webmaster.petalsearch.com/site/petalbot)" "www.savemoki.com"
114.119.139.167 - - [02/Oct/2022:11:11:07 -0700] "GET /clipart/images/ HTTP/1.1" 200 489 "https://www.savemoki.com/clipart/images/sidebars?N=D" "Mozilla/5.0 (Linux; Android 7.0;) AppleWebKit/537.36 (KHTML, like Gecko) Mobile Safari/537.36 (compatible; PetalBot;+https://webmaster.petalsearch.com/site/petalbot)" "www.savemoki.com"
114.119.139.148 - - [02/Oct/2022:11:16:28 -0700] "GET /media/?C=M%3BO%3DA HTTP/1.1" 200 396 "https://www.savemoki.com/media?C=S%3BO%3DA" "Mozilla/5.0 (Linux; Android 7.0;) AppleWebKit/537.36 (KHTML, like Gecko) Mobile Safari/537.36 (compatible; PetalBot;+https://webmaster.petalsearch.com/site/petalbot)" "www.savemoki.com"
114.119.139.166 - - [02/Oct/2022:11:21:50 -0700] "GET /blog/wp-content/themes/themeforest-625914-ice-theme-powerful-wordpress-theme-1/?C=D%3BO%3DA HTTP/1.1" 200 513 "https://savemoki.com/blog/wp-content/themes/themeforest-625914-ice-theme-powerful-wordpress-theme-1?M=D" "Mozilla/5.0 (Linux; Android 7.0;) AppleWebKit/537.36 (KHTML, like Gecko) Mobile Safari/537.36 (compatible; PetalBot;+https://webmaster.petalsearch.com/site/petalbot)" "savemoki.com"
65.108.0.150 - - [02/Oct/2022:11:22:10 -0700] "GET /Mokis_Videos.html HTTP/1.1" 200 5528 "http://www.savemoki.com/" "Mozilla/5.0 (compatible; SEOkicks; +https://www.seokicks.de/robot.html)" "www.savemoki.com"
65.108.0.150 - - [02/Oct/2022:11:22:12 -0700] "GET /Mokis_friends.html HTTP/1.1" 200 5925 "http://www.savemoki.com/" "Mozilla/5.0 (compatible; SEOkicks; +https://www.seokicks.de/robot.html)" "www.savemoki.com"
65.108.0.150 - - [02/Oct/2022:11:22:13 -0700] "GET /Mokislabpage1.html HTTP/1.1" 200 4020 "http://www.savemoki.com/" "Mozilla/5.0 (compatible; SEOkicks; +https://www.seokicks.de/robot.html)" "www.savemoki.com"
65.108.0.150 - - [02/Oct/2022:11:22:15 -0700] "GET /Mokislabpage2.html HTTP/1.1" 200 4057 "http://www.savemoki.com/" "Mozilla/5.0 (compatible; SEOkicks; +https://www.seokicks.de/robot.html)" "www.savemoki.com"
65.108.0.150 - - [02/Oct/2022:11:22:16 -0700] "GET /Mokislabpage3.html HTTP/1.1" 200 3826 "http://www.savemoki.com/" "Mozilla/5.0 (compatible; SEOkicks; +https://www.seokicks.de/robot.html)" "www.savemoki.com"
65.108.0.150 - - [02/Oct/2022:11:22:38 -0700] "GET /Mokismedicalsec.html HTTP/1.1" 200 3973 "http://www.savemoki.com/" "Mozilla/5.0 (compatible; SEOkicks; +https://www.seokicks.de/robot.html)" "www.savemoki.com"
65.108.0.150 - - [02/Oct/2022:11:22:39 -0700] "GET /New1.html HTTP/1.1" 200 425 "http://www.savemoki.com/" "Mozilla/5.0 (compatible; SEOkicks; +https://www.seokicks.de/robot.html)" "www.savemoki.com"
65.108.0.150 - - [02/Oct/2022:11:22:40 -0700] "GET /New2.html HTTP/1.1" 200 561 "http://www.savemoki.com/" "Mozilla/5.0 (compatible; SEOkicks; +https://www.seokicks.de/robot.html)" "www.savemoki.com"
65.108.0.150 - - [02/Oct/2022:11:22:42 -0700] "GET /New3.html HTTP/1.1" 200 425 "http://www.savemoki.com/" "Mozilla/5.0 (compatible; SEOkicks; +https://www.seokicks.de/robot.html)" "www.savemoki.com"
65.108.0.150 - - [02/Oct/2022:11:22:43 -0700] "GET /New4.html HTTP/1.1" 200 1117 "http://www.savemoki.com/" "Mozilla/5.0 (compatible; SEOkicks; +https://www.seokicks.de/robot.html)" "www.savemoki.com"
114.119.139.167 - - [02/Oct/2022:11:27:12 -0700] "GET /clipart/images/sidebars/?C=D%3BO%3DA HTTP/1.1" 200 432 "https://savemoki.com/clipart/images/sidebars/?C=N%3BO%3DD" "Mozilla/5.0 (Linux; Android 7.0;) AppleWebKit/537.36 (KHTML, like Gecko) Mobile Safari/537.36 (compatible; PetalBot;+https://webmaster.petalsearch.com/site/petalbot)" "savemoki.com"
65.108.0.150 - - [02/Oct/2022:11:32:07 -0700] "GET /Other_Cats_In_Need.html HTTP/1.1" 200 6033 "http://www.savemoki.com/" "Mozilla/5.0 (compatible; SEOkicks; +https://www.seokicks.de/robot.html)" "www.savemoki.com"
65.108.0.150 - - [02/Oct/2022:11:32:09 -0700] "GET /Shop.html HTTP/1.1" 200 2842 "http://www.savemoki.com/" "Mozilla/5.0 (compatible; SEOkicks; +https://www.seokicks.de/robot.html)" "www.savemoki.com"
65.108.0.150 - - [02/Oct/2022:11:32:10 -0700] "GET /Special_Thanks.html HTTP/1.1" 200 3182 "http://www.savemoki.com/" "Mozilla/5.0 (compatible; SEOkicks; +https://www.seokicks.de/robot.html)" "www.savemoki.com"
65.108.0.150 - - [02/Oct/2022:11:32:11 -0700] "GET /Updates_On_Special_Friends.html HTTP/1.1" 200 2469 "http://www.savemoki.com/" "Mozilla/5.0 (compatible; SEOkicks; +https://www.seokicks.de/robot.html)" "www.savemoki.com"
65.108.0.150 - - [02/Oct/2022:11:32:13 -0700] "GET /Videos.html HTTP/1.1" 200 5182 "http://www.savemoki.com/" "Mozilla/5.0 (compatible; SEOkicks; +https://www.seokicks.de/robot.html)" "www.savemoki.com"
65.108.0.150 - - [02/Oct/2022:11:32:14 -0700] "GET /Ways_U_Can_help.html HTTP/1.1" 200 4289 "http://www.savemoki.com/" "Mozilla/5.0 (compatible; SEOkicks; +https://www.seokicks.de/robot.html)" "www.savemoki.com"
114.119.139.167 - - [02/Oct/2022:11:32:37 -0700] "GET /blog/wp-content/themes/ HTTP/1.1" 200 405 "https://savemoki.com/blog/wp-content/?C=S%3BO%3DA" "Mozilla/5.0 (Linux; Android 7.0;) AppleWebKit/537.36 (KHTML, like Gecko) Mobile Safari/537.36 (compatible; PetalBot;+https://webmaster.petalsearch.com/site/petalbot)" "savemoki.com"
65.108.0.150 - - [02/Oct/2022:11:32:56 -0700] "GET /blog/ HTTP/1.1" 200 352 "http://www.savemoki.com/" "Mozilla/5.0 (compatible; SEOkicks; +https://www.seokicks.de/robot.html)" "www.savemoki.com"
65.108.0.150 - - [02/Oct/2022:11:32:58 -0700] "GET /clipart/ HTTP/1.1" 200 440 "http://www.savemoki.com/" "Mozilla/5.0 (compatible; SEOkicks; +https://www.seokicks.de/robot.html)" "www.savemoki.com"
65.108.0.150 - - [02/Oct/2022:11:32:59 -0700] "GET /contact_us.html HTTP/1.1" 200 4002 "http://www.savemoki.com/" "Mozilla/5.0 (compatible; SEOkicks; +https://www.seokicks.de/robot.html)" "www.savemoki.com"
114.119.139.185 - - [02/Oct/2022:11:37:58 -0700] "GET /blog/wp-content/themes HTTP/1.1" 301 1418 "https://savemoki.com/blog/wp-content/themes/themeforest-625914-ice-theme-powerful-wordpress-theme-1?S=D" "Mozilla/5.0 (Linux; Android 7.0;) AppleWebKit/537.36 (KHTML, like Gecko) Mobile Safari/537.36 (compatible; PetalBot;+https://webmaster.petalsearch.com/site/petalbot)" "savemoki.com"
114.119.139.185 - - [02/Oct/2022:11:38:00 -0700] "GET /blog/wp-content/themes/ HTTP/1.1" 200 405 "https://savemoki.com/blog/wp-content/themes/themeforest-625914-ice-theme-powerful-wordpress-theme-1?S=D" "Mozilla/5.0 (Linux; Android 7.0;) AppleWebKit/537.36 (KHTML, like Gecko) Mobile Safari/537.36 (compatible; PetalBot;+https://webmaster.petalsearch.com/site/petalbot)" "savemoki.com"
65.108.0.150 - - [02/Oct/2022:11:40:06 -0700] "GET /files/ HTTP/1.1" 200 380 "http://www.savemoki.com/" "Mozilla/5.0 (compatible; SEOkicks; +https://www.seokicks.de/robot.html)" "www.savemoki.com"
65.108.0.150 - - [02/Oct/2022:11:40:08 -0700] "GET /images/ HTTP/1.1" 200 2158 "http://www.savemoki.com/" "Mozilla/5.0 (compatible; SEOkicks; +https://www.seokicks.de/robot.html)" "www.savemoki.com"
65.108.0.150 - - [02/Oct/2022:11:40:09 -0700] "GET /index.html.bak HTTP/1.1" 200 5368 "http://www.savemoki.com/" "Mozilla/5.0 (compatible; SEOkicks; +https://www.seokicks.de/robot.html)" "www.savemoki.com"
65.108.0.150 - - [02/Oct/2022:11:40:11 -0700] "GET /media/ HTTP/1.1" 200 396 "http://www.savemoki.com/" "Mozilla/5.0 (compatible; SEOkicks; +https://www.seokicks.de/robot.html)" "www.savemoki.com"
65.108.0.150 - - [02/Oct/2022:11:40:12 -0700] "GET /mokis_story.html HTTP/1.1" 200 12029 "http://www.savemoki.com/" "Mozilla/5.0 (compatible; SEOkicks; +https://www.seokicks.de/robot.html)" "www.savemoki.com"
65.108.0.150 - - [02/Oct/2022:11:40:14 -0700] "GET /navigation_bars/ HTTP/1.1" 200 408 "http://www.savemoki.com/" "Mozilla/5.0 (compatible; SEOkicks; +https://www.seokicks.de/robot.html)" "www.savemoki.com"
65.108.0.150 - - [02/Oct/2022:11:40:15 -0700] "GET /photo_album.html HTTP/1.1" 200 6353 "http://www.savemoki.com/" "Mozilla/5.0 (compatible; SEOkicks; +https://www.seokicks.de/robot.html)" "www.savemoki.com"
65.108.0.150 - - [02/Oct/2022:11:40:16 -0700] "GET /sitebuilder/ HTTP/1.1" 200 372 "http://www.savemoki.com/" "Mozilla/5.0 (compatible; SEOkicks; +https://www.seokicks.de/robot.html)" "www.savemoki.com"
65.108.0.150 - - [02/Oct/2022:11:40:18 -0700] "GET /sitemap.xml HTTP/1.1" 200 251 "http://www.savemoki.com/" "Mozilla/5.0 (compatible; SEOkicks; +https://www.seokicks.de/robot.html)" "www.savemoki.com"
65.108.0.150 - - [02/Oct/2022:11:40:19 -0700] "GET /socialenginetrial/ HTTP/1.1" 200 318 "http://www.savemoki.com/" "Mozilla/5.0 (compatible; SEOkicks; +https://www.seokicks.de/robot.html)" "www.savemoki.com"
65.108.0.150 - - [02/Oct/2022:11:40:21 -0700] "GET /specialthanks.html HTTP/1.1" 200 2923 "http://www.savemoki.com/" "Mozilla/5.0 (compatible; SEOkicks; +https://www.seokicks.de/robot.html)" "www.savemoki.com"
37.139.53.81 - - [02/Oct/2022:11:40:44 -0700] "GET /contact_us.html HTTP/1.1" 200 18024 "http://savemoki.com/contact_us.html" "Mozilla/5.0 (Windows NT 10.0; Win64; x64) AppleWebKit/537.36 (KHTML, like Gecko) Chrome/83.0.4103.34 Safari/537.36" "savemoki.com"
114.119.139.166 - - [02/Oct/2022:11:43:25 -0700] "GET /Links_Feline_Health.html HTTP/1.1" 200 10246 "https://www.savemoki.com/?C=N%3BO%3DD" "Mozilla/5.0 (Linux; Android 7.0;) AppleWebKit/537.36 (KHTML, like Gecko) Mobile Safari/537.36 (compatible; PetalBot;+https://webmaster.petalsearch.com/site/petalbot)" "www.savemoki.com"
65.108.0.150 - - [02/Oct/2022:11:45:42 -0700] "GET /temporarypreviewfile.html HTTP/1.1" 200 309 "http://www.savemoki.com/" "Mozilla/5.0 (compatible; SEOkicks; +https://www.seokicks.de/robot.html)" "www.savemoki.com"
65.108.0.150 - - [02/Oct/2022:11:45:44 -0700] "GET /title.html HTTP/1.1" 200 582 "http://www.savemoki.com/" "Mozilla/5.0 (compatible; SEOkicks; +https://www.seokicks.de/robot.html)" "www.savemoki.com"
65.108.0.150 - - [02/Oct/2022:11:45:45 -0700] "GET /?C=N;O=A HTTP/1.1" 200 1286 "http://www.savemoki.com/?C=N;O=D" "Mozilla/5.0 (compatible; SEOkicks; +https://www.seokicks.de/robot.html)" "www.savemoki.com"
65.108.0.150 - - [02/Oct/2022:11:45:47 -0700] "GET /?C=M;O=D HTTP/1.1" 200 1291 "http://www.savemoki.com/?C=M;O=A" "Mozilla/5.0 (compatible; SEOkicks; +https://www.seokicks.de/robot.html)" "www.savemoki.com"
65.108.0.150 - - [02/Oct/2022:11:45:48 -0700] "GET /?C=S;O=D HTTP/1.1" 200 1266 "http://www.savemoki.com/?C=S;O=A" "Mozilla/5.0 (compatible; SEOkicks; +https://www.seokicks.de/robot.html)" "www.savemoki.com"
65.108.0.150 - - [02/Oct/2022:11:45:50 -0700] "GET /?C=D;O=D HTTP/1.1" 200 1304 "http://www.savemoki.com/?C=D;O=A" "Mozilla/5.0 (compatible; SEOkicks; +https://www.seokicks.de/robot.html)" "www.savemoki.com"
65.108.0.150 - - [02/Oct/2022:11:45:51 -0700] "GET /index.html HTTP/1.1" 404 88 "http://www.savemoki.com/Announcements.html" "Mozilla/5.0 (compatible; SEOkicks; +https://www.seokicks.de/robot.html)" "www.savemoki.com"
65.108.0.150 - - [02/Oct/2022:11:46:13 -0700] "GET /blog/?C=N;O=D HTTP/1.1" 200 350 "http://www.savemoki.com/blog/" "Mozilla/5.0 (compatible; SEOkicks; +https://www.seokicks.de/robot.html)" "www.savemoki.com"
65.108.0.150 - - [02/Oct/2022:11:46:14 -0700] "GET /blog/?C=M;O=A HTTP/1.1" 200 352 "http://www.savemoki.com/blog/" "Mozilla/5.0 (compatible; SEOkicks; +https://www.seokicks.de/robot.html)" "www.savemoki.com"
65.108.0.150 - - [02/Oct/2022:11:46:16 -0700] "GET /blog/?C=S;O=A HTTP/1.1" 200 352 "http://www.savemoki.com/blog/" "Mozilla/5.0 (compatible; SEOkicks; +https://www.seokicks.de/robot.html)" "www.savemoki.com"
10.213.116.62 - - [02/Oct/2022:11:48:50 -0700] "POST /2test/wp-cron.php?doing_wp_cron=1664736530.0822200775146484375000 HTTP/1.1" 200 - "https://savemoki.com/2test/wp-cron.php?doing_wp_cron=1664736530.0822200775146484375000" "WordPress/5.4.11; https://savemoki.com/2test" "savemoki.com"
114.119.139.148 - - [02/Oct/2022:11:48:46 -0700] "GET /2test/index.php/category/uncategorized/ HTTP/1.1" 200 19855 "https://savemoki.com/2test/index.php/heritage-flex-academy" "Mozilla/5.0 (Linux; Android 7.0;) AppleWebKit/537.36 (KHTML, like Gecko) Mobile Safari/537.36 (compatible; PetalBot;+https://webmaster.petalsearch.com/site/petalbot)" "savemoki.com"
65.108.0.150 - - [02/Oct/2022:11:51:12 -0700] "GET /blog/?C=D;O=A HTTP/1.1" 200 352 "http://www.savemoki.com/blog/" "Mozilla/5.0 (compatible; SEOkicks; +https://www.seokicks.de/robot.html)" "www.savemoki.com"
65.108.0.150 - - [02/Oct/2022:11:51:13 -0700] "GET /blog/wp-content/ HTTP/1.1" 200 359 "http://www.savemoki.com/blog/" "Mozilla/5.0 (compatible; SEOkicks; +https://www.seokicks.de/robot.html)" "www.savemoki.com"
65.108.0.150 - - [02/Oct/2022:11:51:14 -0700] "GET /clipart/?C=N;O=D HTTP/1.1" 200 438 "http://www.savemoki.com/clipart/" "Mozilla/5.0 (compatible; SEOkicks; +https://www.seokicks.de/robot.html)" "www.savemoki.com"
65.108.0.150 - - [02/Oct/2022:11:51:16 -0700] "GET /clipart/?C=M;O=A HTTP/1.1" 200 443 "http://www.savemoki.com/clipart/" "Mozilla/5.0 (compatible; SEOkicks; +https://www.seokicks.de/robot.html)" "www.savemoki.com"
65.108.0.150 - - [02/Oct/2022:11:51:17 -0700] "GET /clipart/?C=S;O=A HTTP/1.1" 200 440 "http://www.savemoki.com/clipart/" "Mozilla/5.0 (compatible; SEOkicks; +https://www.seokicks.de/robot.html)" "www.savemoki.com"
65.108.0.150 - - [02/Oct/2022:11:51:19 -0700] "GET /clipart/?C=D;O=A HTTP/1.1" 200 440 "http://www.savemoki.com/clipart/" "Mozilla/5.0 (compatible; SEOkicks; +https://www.seokicks.de/robot.html)" "www.savemoki.com"
65.108.0.150 - - [02/Oct/2022:11:51:21 -0700] "GET /clipart/backgrounds/ HTTP/1.1" 200 366 "http://www.savemoki.com/clipart/" "Mozilla/5.0 (compatible; SEOkicks; +https://www.seokicks.de/robot.html)" "www.savemoki.com"
65.108.0.150 - - [02/Oct/2022:11:51:22 -0700] "GET /clipart/bullets/ HTTP/1.1" 200 429 "http://www.savemoki.com/clipart/" "Mozilla/5.0 (compatible; SEOkicks; +https://www.seokicks.de/robot.html)" "www.savemoki.com"
65.108.0.150 - - [02/Oct/2022:11:51:23 -0700] "GET /clipart/buttons/ HTTP/1.1" 200 359 "http://www.savemoki.com/clipart/" "Mozilla/5.0 (compatible; SEOkicks; +https://www.seokicks.de/robot.html)" "www.savemoki.com"
65.108.0.150 - - [02/Oct/2022:11:51:25 -0700] "GET /clipart/images/ HTTP/1.1" 200 489 "http://www.savemoki.com/clipart/" "Mozilla/5.0 (compatible; SEOkicks; +https://www.seokicks.de/robot.html)" "www.savemoki.com"
65.108.0.150 - - [02/Oct/2022:11:51:26 -0700] "GET /clipart/lines/ HTTP/1.1" 200 361 "http://www.savemoki.com/clipart/" "Mozilla/5.0 (compatible; SEOkicks; +https://www.seokicks.de/robot.html)" "www.savemoki.com"
114.119.139.185 - - [02/Oct/2022:11:54:11 -0700] "GET /sitebuilder/ HTTP/1.1" 200 372 "http://savemoki.com?C=S%3BO%3DA" "Mozilla/5.0 (Linux; Android 7.0;) AppleWebKit/537.36 (KHTML, like Gecko) Mobile Safari/537.36 (compatible; PetalBot;+https://webmaster.petalsearch.com/site/petalbot)" "savemoki.com"
65.108.0.150 - - [02/Oct/2022:11:55:57 -0700] "GET /clipart/pageHeaders/ HTTP/1.1" 200 427 "http://www.savemoki.com/clipart/" "Mozilla/5.0 (compatible; SEOkicks; +https://www.seokicks.de/robot.html)" "www.savemoki.com"
65.108.0.150 - - [02/Oct/2022:11:55:58 -0700] "GET /files/?C=N;O=D HTTP/1.1" 200 377 "http://www.savemoki.com/files/" "Mozilla/5.0 (compatible; SEOkicks; +https://www.seokicks.de/robot.html)" "www.savemoki.com"
65.108.0.150 - - [02/Oct/2022:11:56:00 -0700] "GET /files/?C=M;O=A HTTP/1.1" 200 380 "http://www.savemoki.com/files/" "Mozilla/5.0 (compatible; SEOkicks; +https://www.seokicks.de/robot.html)" "www.savemoki.com"
65.108.0.150 - - [02/Oct/2022:11:56:01 -0700] "GET /files/?C=S;O=A HTTP/1.1" 200 380 "http://www.savemoki.com/files/" "Mozilla/5.0 (compatible; SEOkicks; +https://www.seokicks.de/robot.html)" "www.savemoki.com"
65.108.0.150 - - [02/Oct/2022:11:56:03 -0700] "GET /files/?C=D;O=A HTTP/1.1" 200 380 "http://www.savemoki.com/files/" "Mozilla/5.0 (compatible; SEOkicks; +https://www.seokicks.de/robot.html)" "www.savemoki.com"
65.108.0.150 - - [02/Oct/2022:11:56:04 -0700] "GET /images/?C=N;O=D HTTP/1.1" 200 2155 "http://www.savemoki.com/images/" "Mozilla/5.0 (compatible; SEOkicks; +https://www.seokicks.de/robot.html)" "www.savemoki.com"
65.108.0.150 - - [02/Oct/2022:11:56:06 -0700] "GET /images/?C=M;O=A HTTP/1.1" 200 2170 "http://www.savemoki.com/images/" "Mozilla/5.0 (compatible; SEOkicks; +https://www.seokicks.de/robot.html)" "www.savemoki.com"
65.108.0.150 - - [02/Oct/2022:11:56:07 -0700] "GET /images/?C=S;O=A HTTP/1.1" 200 2154 "http://www.savemoki.com/images/" "Mozilla/5.0 (compatible; SEOkicks; +https://www.seokicks.de/robot.html)" "www.savemoki.com"
65.108.0.150 - - [02/Oct/2022:11:56:09 -0700] "GET /images/?C=D;O=A HTTP/1.1" 200 2158 "http://www.savemoki.com/images/" "Mozilla/5.0 (compatible; SEOkicks; +https://www.seokicks.de/robot.html)" "www.savemoki.com"
65.108.0.150 - - [02/Oct/2022:11:56:11 -0700] "GET /home HTTP/1.1" 200 5367 "http://www.savemoki.com/index.html.bak" "Mozilla/5.0 (compatible; SEOkicks; +https://www.seokicks.de/robot.html)" "www.savemoki.com"
65.108.0.150 - - [02/Oct/2022:11:56:12 -0700] "GET /mokis_story HTTP/1.1" 200 9307 "http://www.savemoki.com/index.html.bak" "Mozilla/5.0 (compatible; SEOkicks; +https://www.seokicks.de/robot.html)" "www.savemoki.com"
114.119.139.185 - - [02/Oct/2022:11:59:34 -0700] "GET /clipart/images/sidebars HTTP/1.1" 301 1421 "https://www.savemoki.com/clipart/images?M=D" "Mozilla/5.0 (Linux; Android 7.0;) AppleWebKit/537.36 (KHTML, like Gecko) Mobile Safari/537.36 (compatible; PetalBot;+https://webmaster.petalsearch.com/site/petalbot)" "www.savemoki.com"
114.119.139.185 - - [02/Oct/2022:11:59:35 -0700] "GET /clipart/images/sidebars/ HTTP/1.1" 200 432 "https://www.savemoki.com/clipart/images?M=D" "Mozilla/5.0 (Linux; Android 7.0;) AppleWebKit/537.36 (KHTML, like Gecko) Mobile Safari/537.36 (compatible; PetalBot;+https://webmaster.petalsearch.com/site/petalbot)" "www.savemoki.com"
65.108.0.150 - - [02/Oct/2022:12:00:18 -0700] "GET /mokis_medical_records HTTP/1.1" 200 3287 "http://www.savemoki.com/index.html.bak" "Mozilla/5.0 (compatible; SEOkicks; +https://www.seokicks.de/robot.html)" "www.savemoki.com"
65.108.0.150 - - [02/Oct/2022:12:00:19 -0700] "GET /videos_of_moki HTTP/1.1" 200 3164 "http://www.savemoki.com/index.html.bak" "Mozilla/5.0 (compatible; SEOkicks; +https://www.seokicks.de/robot.html)" "www.savemoki.com"
65.108.0.150 - - [02/Oct/2022:12:00:20 -0700] "GET /other_cats_in_need HTTP/1.1" 200 3395 "http://www.savemoki.com/index.html.bak" "Mozilla/5.0 (compatible; SEOkicks; +https://www.seokicks.de/robot.html)" "www.savemoki.com"
65.108.0.150 - - [02/Oct/2022:12:00:22 -0700] "GET /special_thanks HTTP/1.1" 200 3418 "http://www.savemoki.com/index.html.bak" "Mozilla/5.0 (compatible; SEOkicks; +https://www.seokicks.de/robot.html)" "www.savemoki.com"
65.108.0.150 - - [02/Oct/2022:12:00:23 -0700] "GET /links HTTP/1.1" 200 3567 "http://www.savemoki.com/index.html.bak" "Mozilla/5.0 (compatible; SEOkicks; +https://www.seokicks.de/robot.html)" "www.savemoki.com"
65.108.0.150 - - [02/Oct/2022:12:00:25 -0700] "GET /contact_us HTTP/1.1" 200 7366 "http://www.savemoki.com/index.html.bak" "Mozilla/5.0 (compatible; SEOkicks; +https://www.seokicks.de/robot.html)" "www.savemoki.com"
65.108.0.150 - - [02/Oct/2022:12:00:26 -0700] "GET /media/?C=N;O=D HTTP/1.1" 200 395 "http://www.savemoki.com/media/" "Mozilla/5.0 (compatible; SEOkicks; +https://www.seokicks.de/robot.html)" "www.savemoki.com"
65.108.0.150 - - [02/Oct/2022:12:00:28 -0700] "GET /media/?C=M;O=A HTTP/1.1" 200 397 "http://www.savemoki.com/media/" "Mozilla/5.0 (compatible; SEOkicks; +https://www.seokicks.de/robot.html)" "www.savemoki.com"
65.108.0.150 - - [02/Oct/2022:12:00:29 -0700] "GET /media/?C=S;O=A HTTP/1.1" 200 397 "http://www.savemoki.com/media/" "Mozilla/5.0 (compatible; SEOkicks; +https://www.seokicks.de/robot.html)" "www.savemoki.com"
65.108.0.150 - - [02/Oct/2022:12:00:31 -0700] "GET /media/?C=D;O=A HTTP/1.1" 200 396 "http://www.savemoki.com/media/" "Mozilla/5.0 (compatible; SEOkicks; +https://www.seokicks.de/robot.html)" "www.savemoki.com"
65.108.0.150 - - [02/Oct/2022:12:00:32 -0700] "GET /media/Moki_in_July.MOV HTTP/1.1" 200 33147196 "http://www.savemoki.com/media/" "Mozilla/5.0 (compatible; SEOkicks; +https://www.seokicks.de/robot.html)" "www.savemoki.com"
65.108.0.150 - - [02/Oct/2022:12:03:05 -0700] "GET /media/Moki_walking_in_July.MOV HTTP/1.1" 200 23871092 "http://www.savemoki.com/media/" "Mozilla/5.0 (compatible; SEOkicks; +https://www.seokicks.de/robot.html)" "www.savemoki.com"
114.119.156.133 - - [02/Oct/2022:12:04:59 -0700] "GET /clipart/lines/horizontal HTTP/1.1" 301 1420 "https://savemoki.com/clipart/lines?C=N%3BO%3DD" "Mozilla/5.0 (Linux; Android 7.0;) AppleWebKit/537.36 (KHTML, like Gecko) Mobile Safari/537.36 (compatible; PetalBot;+https://webmaster.petalsearch.com/site/petalbot)" "savemoki.com"
114.119.156.133 - - [02/Oct/2022:12:05:01 -0700] "GET /clipart/lines/horizontal/ HTTP/1.1" 200 408 "https://savemoki.com/clipart/lines?C=N%3BO%3DD" "Mozilla/5.0 (Linux; Android 7.0;) AppleWebKit/537.36 (KHTML, like Gecko) Mobile Safari/537.36 (compatible; PetalBot;+https://webmaster.petalsearch.com/site/petalbot)" "savemoki.com"
114.119.139.166 - - [02/Oct/2022:12:10:23 -0700] "GET /clipart/bullets?S=D HTTP/1.1" 301 1416 "https://savemoki.com/clipart/bullets?S=A" "Mozilla/5.0 (Linux; Android 7.0;) AppleWebKit/537.36 (KHTML, like Gecko) Mobile Safari/537.36 (compatible; PetalBot;+https://webmaster.petalsearch.com/site/petalbot)" "savemoki.com"
114.119.139.166 - - [02/Oct/2022:12:10:24 -0700] "GET /clipart/bullets/?S=D HTTP/1.1" 200 429 "https://savemoki.com/clipart/bullets?S=A" "Mozilla/5.0 (Linux; Android 7.0;) AppleWebKit/537.36 (KHTML, like Gecko) Mobile Safari/537.36 (compatible; PetalBot;+https://webmaster.petalsearch.com/site/petalbot)" "savemoki.com"
114.119.139.167 - - [02/Oct/2022:12:15:47 -0700] "GET /clipart/buttons/themes/swoosh_blue/?C=D%3BO%3DA HTTP/1.1" 200 418 "https://www.savemoki.com/clipart/buttons/themes/swoosh_blue?C=N%3BO%3DD" "Mozilla/5.0 (Linux; Android 7.0;) AppleWebKit/537.36 (KHTML, like Gecko) Mobile Safari/537.36 (compatible; PetalBot;+https://webmaster.petalsearch.com/site/petalbot)" "www.savemoki.com"
10.213.116.62 - - [02/Oct/2022:12:21:14 -0700] "POST /2test/wp-cron.php?doing_wp_cron=1664738474.2015109062194824218750 HTTP/1.1" 200 - "https://savemoki.com/2test/wp-cron.php?doing_wp_cron=1664738474.2015109062194824218750" "WordPress/5.4.11; https://savemoki.com/2test" "savemoki.com"
114.119.156.133 - - [02/Oct/2022:12:21:11 -0700] "GET /2test/index.php/courses/sample-course?tab=tab-curriculum HTTP/1.1" 200 64439 "https://savemoki.com/2test/index.php/courses/sample-course" "Mozilla/5.0 (Linux; Android 7.0;) AppleWebKit/537.36 (KHTML, like Gecko) Mobile Safari/537.36 (compatible; PetalBot;+https://webmaster.petalsearch.com/site/petalbot)" "savemoki.com"
194.110.203.38 - - [02/Oct/2022:12:23:05 -0700] "GET /database.sql HTTP/1.1" 404 73 "-" "Firefox" "savemoki.com"
207.46.13.143 - - [02/Oct/2022:12:29:41 -0700] "GET /sitebuilder/images/Good_to_be_home_2-519x297.jpg HTTP/1.1" 200 22154 "-" "Mozilla/5.0 (compatible; bingbot/2.0; +http://www.bing.com/bingbot.htm)" "savemoki.com"
176.124.206.137 - - [02/Oct/2022:13:07:05 -0700] "GET /blog1/2015/05/07/test-post/ HTTP/1.1" 404 73 "http://savemoki.com/blog1/2015/05/07/test-post/" "Mozilla/5.0 (Windows NT 6.3; Win64; x64) AppleWebKit/537.36 (KHTML, like Gecko) Chrome/90.0.4430.85 Safari/537.36 Edg/90.0.818.49" "savemoki.com"
176.124.206.137 - - [02/Oct/2022:13:07:06 -0700] "GET / HTTP/1.1" 200 7350 "http://savemoki.com/" "Mozilla/5.0 (Windows NT 6.3; Win64; x64) AppleWebKit/537.36 (KHTML, like Gecko) Chrome/90.0.4430.85 Safari/537.36 Edg/90.0.818.49" "savemoki.com"
77.75.72.26 - - [02/Oct/2022:13:15:12 -0700] "GET /robots.txt HTTP/1.1" 200 55 "-" "Mozilla/5.0 (compatible; SeznamBot/4.0-RC1; +http://napoveda.seznam.cz/seznambot-intro/)" "savemoki.com"
77.75.79.31 - - [02/Oct/2022:13:15:12 -0700] "GET /Mokislabpage3.html HTTP/1.1" 304 - "-" "Mozilla/5.0 (compatible; SeznamBot/4.0-RC1; +http://napoveda.seznam.cz/seznambot-intro/)" "savemoki.com"
207.46.13.52 - - [02/Oct/2022:13:33:50 -0700] "GET /mokis_medical_records HTTP/1.1" 200 3287 "-" "Mozilla/5.0 (compatible; bingbot/2.0; +http://www.bing.com/bingbot.htm)" "savemoki.com"
5.188.62.134 - - [02/Oct/2022:14:04:24 -0700] "GET /wp-content/themes/churchope/lib/downloadlink.php?file=../../../../wp-config.php HTTP/1.1" 404 73 "-" "Mozilla/4.0 (compatible; MSIE 6.0; Windows NT 5.2; .NET CLR 1.0.3705;)" "savemoki.com"
20.163.65.151 - - [02/Oct/2022:14:13:16 -0700] "GET / HTTP/1.1" 200 7350 "-" "Mozilla/5.0 (Windows NT 10.0; Win64; x64) AppleWebKit/537.36 (KHTML, like Gecko) Chrome/95.0.4638.69 Safari/537.36" "savemoki.com"
20.163.65.151 - - [02/Oct/2022:14:13:16 -0700] "GET /wp-includes/ID3/license.txt HTTP/1.1" 404 73 "-" "Mozilla/5.0 (Windows NT 10.0; Win64; x64) AppleWebKit/537.36 (KHTML, like Gecko) Chrome/95.0.4638.69 Safari/537.36" "savemoki.com"
20.163.65.151 - - [02/Oct/2022:14:13:16 -0700] "GET /feed/ HTTP/1.1" 404 73 "-" "Mozilla/5.0 (Windows NT 10.0; Win64; x64) AppleWebKit/537.36 (KHTML, like Gecko) Chrome/95.0.4638.69 Safari/537.36" "savemoki.com"
20.163.65.151 - - [02/Oct/2022:14:13:16 -0700] "GET /xmlrpc.php?rsd HTTP/1.1" 500 5619 "-" "Mozilla/5.0 (Windows NT 10.0; Win64; x64) AppleWebKit/537.36 (KHTML, like Gecko) Chrome/95.0.4638.69 Safari/537.36" "savemoki.com"
20.163.65.151 - - [02/Oct/2022:14:13:16 -0700] "GET /blog/wp-includes/wlwmanifest.xml HTTP/1.1" 404 73 "-" "Mozilla/5.0 (Windows NT 10.0; Win64; x64) AppleWebKit/537.36 (KHTML, like Gecko) Chrome/95.0.4638.69 Safari/537.36" "savemoki.com"
20.163.65.151 - - [02/Oct/2022:14:13:16 -0700] "GET /web/wp-includes/wlwmanifest.xml HTTP/1.1" 404 73 "-" "Mozilla/5.0 (Windows NT 10.0; Win64; x64) AppleWebKit/537.36 (KHTML, like Gecko) Chrome/95.0.4638.69 Safari/537.36" "savemoki.com"
20.163.65.151 - - [02/Oct/2022:14:14:17 -0700] "GET /wp/wp-includes/wlwmanifest.xml HTTP/1.1" 404 73 "-" "Mozilla/5.0 (Windows NT 10.0; Win64; x64) AppleWebKit/537.36 (KHTML, like Gecko) Chrome/95.0.4638.69 Safari/537.36" "savemoki.com"
20.163.65.151 - - [02/Oct/2022:14:14:17 -0700] "GET /2020/wp-includes/wlwmanifest.xml HTTP/1.1" 404 73 "-" "Mozilla/5.0 (Windows NT 10.0; Win64; x64) AppleWebKit/537.36 (KHTML, like Gecko) Chrome/95.0.4638.69 Safari/537.36" "savemoki.com"
20.163.65.151 - - [02/Oct/2022:14:14:17 -0700] "GET /2019/wp-includes/wlwmanifest.xml HTTP/1.1" 404 73 "-" "Mozilla/5.0 (Windows NT 10.0; Win64; x64) AppleWebKit/537.36 (KHTML, like Gecko) Chrome/95.0.4638.69 Safari/537.36" "savemoki.com"
