51.222.253.3 - - [08/Oct/2022:05:32:47 -0700] "GET /2test/wp-content/themes/kids-campus/css/nivo-slider.css?ver=5.4.11 HTTP/1.1" 200 1136 "-" "Mozilla/5.0 (compatible; AhrefsBot/7.0; +http://ahrefs.com/robot/)" "savemoki.com"
51.222.253.6 - - [08/Oct/2022:05:32:48 -0700] "GET /2test/wp-content/themes/kids-campus/css/responsive.css?ver=5.4.11 HTTP/1.1" 200 1780 "-" "Mozilla/5.0 (compatible; AhrefsBot/7.0; +http://ahrefs.com/robot/)" "savemoki.com"
51.222.253.5 - - [08/Oct/2022:05:32:48 -0700] "GET /2test/wp-includes/css/dist/block-library/style.min.css?ver=5.4.11 HTTP/1.1" 200 7642 "-" "Mozilla/5.0 (compatible; AhrefsBot/7.0; +http://ahrefs.com/robot/)" "savemoki.com"
51.222.253.13 - - [08/Oct/2022:05:32:49 -0700] "GET /2test/wp-content/plugins/learnpress/assets/css/learnpress.css?ver=3.2.6.7 HTTP/1.1" 200 9747 "-" "Mozilla/5.0 (compatible; AhrefsBot/7.0; +http://ahrefs.com/robot/)" "savemoki.com"
51.222.253.12 - - [08/Oct/2022:05:32:49 -0700] "GET /2test/wp-content/plugins/learnpress/assets/js/utils.min.js?ver=3.2.6.7 HTTP/1.1" 200 7630 "-" "Mozilla/5.0 (compatible; AhrefsBot/7.0; +http://ahrefs.com/robot/)" "savemoki.com"
51.222.253.15 - - [08/Oct/2022:05:32:50 -0700] "GET /2test/wp-content/themes/kids-campus/fontsawesome/css/fontawesome-all.css?ver=5.4.11 HTTP/1.1" 200 9485 "-" "Mozilla/5.0 (compatible; AhrefsBot/7.0; +http://ahrefs.com/robot/)" "savemoki.com"
51.222.253.15 - - [08/Oct/2022:05:32:50 -0700] "GET /2test/wp-content/themes/kids-campus/js/editable.js?ver=5.4.11 HTTP/1.1" 200 746 "-" "Mozilla/5.0 (compatible; AhrefsBot/7.0; +http://ahrefs.com/robot/)" "savemoki.com"
51.222.253.1 - - [08/Oct/2022:05:32:51 -0700] "GET /2test/wp-content/plugins/learnpress/assets/css/bundle.min.css?ver=3.2.6.7 HTTP/1.1" 200 8649 "-" "Mozilla/5.0 (compatible; AhrefsBot/7.0; +http://ahrefs.com/robot/)" "savemoki.com"
51.222.253.16 - - [08/Oct/2022:05:32:51 -0700] "GET /2test/wp-content/plugins/learnpress/assets/js/vendor/plugins.all.min.js?ver=3.2.6.7 HTTP/1.1" 200 50121 "-" "Mozilla/5.0 (compatible; AhrefsBot/7.0; +http://ahrefs.com/robot/)" "savemoki.com"
51.222.253.17 - - [08/Oct/2022:05:32:52 -0700] "GET /2test/wp-includes/js/wp-embed.min.js?ver=5.4.11 HTTP/1.1" 200 765 "-" "Mozilla/5.0 (compatible; AhrefsBot/7.0; +http://ahrefs.com/robot/)" "savemoki.com"
51.222.253.5 - - [08/Oct/2022:05:32:52 -0700] "GET /2test/wp-content/themes/kids-campus/js/jquery.nivo.slider.js?ver=5.4.11 HTTP/1.1" 200 4886 "-" "Mozilla/5.0 (compatible; AhrefsBot/7.0; +http://ahrefs.com/robot/)" "savemoki.com"
51.222.253.1 - - [08/Oct/2022:05:32:53 -0700] "GET /2test/wp-includes/js/underscore.min.js?ver=1.8.3 HTTP/1.1" 200 5663 "-" "Mozilla/5.0 (compatible; AhrefsBot/7.0; +http://ahrefs.com/robot/)" "savemoki.com"
51.222.253.12 - - [08/Oct/2022:05:32:53 -0700] "GET /2test/wp-content/plugins/learnpress/assets/js/frontend/course.js?ver=3.2.6.7 HTTP/1.1" 200 3955 "-" "Mozilla/5.0 (compatible; AhrefsBot/7.0; +http://ahrefs.com/robot/)" "savemoki.com"
51.222.253.6 - - [08/Oct/2022:05:32:54 -0700] "GET /2test/wp-content/plugins/learnpress/assets/js/frontend/become-teacher.js?ver=3.2.6.7 HTTP/1.1" 200 929 "-" "Mozilla/5.0 (compatible; AhrefsBot/7.0; +http://ahrefs.com/robot/)" "savemoki.com"
51.222.253.15 - - [08/Oct/2022:05:32:54 -0700] "GET /2test/wp-content/plugins/learnpress/assets/js/frontend/learnpress.min.js?ver=3.2.6.7 HTTP/1.1" 200 506 "-" "Mozilla/5.0 (compatible; AhrefsBot/7.0; +http://ahrefs.com/robot/)" "savemoki.com"
51.222.253.9 - - [08/Oct/2022:05:32:55 -0700] "GET /2test/wp-content/plugins/learnpress/assets/js/global.min.js?ver=3.2.6.7 HTTP/1.1" 200 454 "-" "Mozilla/5.0 (compatible; AhrefsBot/7.0; +http://ahrefs.com/robot/)" "savemoki.com"
51.222.253.13 - - [08/Oct/2022:05:32:56 -0700] "GET /2test/wp-includes/js/jquery/jquery-migrate.min.js?ver=1.4.1 HTTP/1.1" 200 4014 "-" "Mozilla/5.0 (compatible; AhrefsBot/7.0; +http://ahrefs.com/robot/)" "savemoki.com"
51.222.253.7 - - [08/Oct/2022:05:32:56 -0700] "GET /2test/wp-includes/js/jquery/jquery.js?ver=1.12.4-wp HTTP/1.1" 200 33776 "-" "Mozilla/5.0 (compatible; AhrefsBot/7.0; +http://ahrefs.com/robot/)" "savemoki.com"
51.222.253.20 - - [08/Oct/2022:05:32:57 -0700] "GET /2test/wp-content/themes/kids-campus/style.css?ver=5.4.11 HTTP/1.1" 200 6660 "-" "Mozilla/5.0 (compatible; AhrefsBot/7.0; +http://ahrefs.com/robot/)" "savemoki.com"
51.222.253.7 - - [08/Oct/2022:05:35:42 -0700] "GET /2test/index.php/home/ HTTP/1.1" 200 19052 "-" "Mozilla/5.0 (compatible; AhrefsBot/7.0; +http://ahrefs.com/robot/)" "savemoki.com"
10.213.116.64 - - [08/Oct/2022:05:35:45 -0700] "POST /2test/wp-cron.php?doing_wp_cron=1665232545.4258511066436767578125 HTTP/1.1" 200 - "https://savemoki.com/2test/wp-cron.php?doing_wp_cron=1665232545.4258511066436767578125" "WordPress/5.4.11; https://savemoki.com/2test" "savemoki.com"
51.222.253.8 - - [08/Oct/2022:05:38:47 -0700] "GET /blog/wp-content/?C=S;O=A HTTP/1.1" 200 359 "-" "Mozilla/5.0 (compatible; AhrefsBot/7.0; +http://ahrefs.com/robot/)" "www.savemoki.com"
216.244.66.249 - - [08/Oct/2022:05:39:25 -0700] "GET /robots.txt HTTP/1.1" 200 39 "-" "Mozilla/5.0 (compatible; DotBot/1.2; +https://opensiteexplorer.org/dotbot; help@moz.com)" "savemoki.com"
51.222.253.8 - - [08/Oct/2022:05:42:28 -0700] "GET /clipart/buttons/?C=D;O=A HTTP/1.1" 200 359 "-" "Mozilla/5.0 (compatible; AhrefsBot/7.0; +http://ahrefs.com/robot/)" "savemoki.com"
51.222.253.14 - - [08/Oct/2022:05:45:41 -0700] "GET /clipart/buttons/?C=M;O=A HTTP/1.1" 200 360 "-" "Mozilla/5.0 (compatible; AhrefsBot/7.0; +http://ahrefs.com/robot/)" "savemoki.com"
185.119.81.100 - - [08/Oct/2022:05:46:26 -0700] "GET /2test/wp-login.php HTTP/1.1" 200 6061 "-" "Mozilla/5.0 (Windows NT 6.1; WOW64) AppleWebKit/537.36 (KHTML, like Gecko) Chrome/50.0.2661.102 Safari/537.36" "savemoki.com"
10.213.116.62 - - [08/Oct/2022:05:46:29 -0700] "POST /2test/wp-cron.php?doing_wp_cron=1665233189.6246728897094726562500 HTTP/1.1" 200 - "http://savemoki.com/2test/wp-cron.php?doing_wp_cron=1665233189.6246728897094726562500" "WordPress/5.4.11; http://savemoki.com/2test" "savemoki.com"
185.119.81.100 - - [08/Oct/2022:05:46:31 -0700] "POST /2test/wp-login.php HTTP/1.1" 200 6339 "http://savemoki.com/2test/wp-login.php" "Mozilla/5.0 (Windows NT 6.1; WOW64) AppleWebKit/537.36 (KHTML, like Gecko) Chrome/50.0.2661.102 Safari/537.36" "savemoki.com"
51.222.253.13 - - [08/Oct/2022:05:48:51 -0700] "GET /clipart/pageHeaders/ HTTP/1.1" 200 427 "-" "Mozilla/5.0 (compatible; AhrefsBot/7.0; +http://ahrefs.com/robot/)" "savemoki.com"
51.222.253.1 - - [08/Oct/2022:05:51:52 -0700] "GET /2test/index.php/courses/first-grade/ HTTP/1.1" 200 20519 "-" "Mozilla/5.0 (compatible; AhrefsBot/7.0; +http://ahrefs.com/robot/)" "savemoki.com"
51.222.253.13 - - [08/Oct/2022:05:55:09 -0700] "GET /clipart/pageHeaders/?C=M;O=D HTTP/1.1" 200 426 "-" "Mozilla/5.0 (compatible; AhrefsBot/7.0; +http://ahrefs.com/robot/)" "savemoki.com"
51.222.253.6 - - [08/Oct/2022:05:58:09 -0700] "GET /blog/?C=S;O=A HTTP/1.1" 200 352 "-" "Mozilla/5.0 (compatible; AhrefsBot/7.0; +http://ahrefs.com/robot/)" "www.savemoki.com"
5.9.6.51 - - [08/Oct/2022:06:00:11 -0700] "GET / HTTP/1.1" 200 1286 "-" "Mozilla/5.0 (compatible; MegaIndex.ru/2.0; +http://megaindex.com/crawler)" "savemoki.com"
5.9.6.51 - - [08/Oct/2022:06:00:16 -0700] "GET /robots.txt HTTP/1.1" 200 55 "-" "Mozilla/5.0 (compatible; MegaIndex.ru/2.0; +http://megaindex.com/crawler)" "savemoki.com"
5.9.6.51 - - [08/Oct/2022:06:00:17 -0700] "GET /?C=N;O=D HTTP/1.1" 200 1302 "-" "Mozilla/5.0 (compatible; MegaIndex.ru/2.0; +http://megaindex.com/crawler)" "savemoki.com"
5.9.6.51 - - [08/Oct/2022:06:00:21 -0700] "GET /?C=M;O=A HTTP/1.1" 200 1285 "-" "Mozilla/5.0 (compatible; MegaIndex.ru/2.0; +http://megaindex.com/crawler)" "savemoki.com"
51.222.253.2 - - [08/Oct/2022:06:01:46 -0700] "GET /sitebuilder/images/?C=M;O=D HTTP/1.1" 200 3951 "-" "Mozilla/5.0 (compatible; AhrefsBot/7.0; +http://ahrefs.com/robot/)" "savemoki.com"
5.9.6.51 - - [08/Oct/2022:06:03:17 -0700] "GET /?C=D;O=A HTTP/1.1" 200 1286 "-" "Mozilla/5.0 (compatible; MegaIndex.ru/2.0; +http://megaindex.com/crawler)" "savemoki.com"
5.9.6.51 - - [08/Oct/2022:06:03:21 -0700] "GET /2test/ HTTP/1.1" 200 20491 "-" "Mozilla/5.0 (compatible; MegaIndex.ru/2.0; +http://megaindex.com/crawler)" "savemoki.com"
5.9.6.51 - - [08/Oct/2022:06:03:32 -0700] "GET /Announcements.html HTTP/1.1" 200 5728 "-" "Mozilla/5.0 (compatible; MegaIndex.ru/2.0; +http://megaindex.com/crawler)" "savemoki.com"
5.9.6.51 - - [08/Oct/2022:06:03:37 -0700] "GET /Bud.html HTTP/1.1" 200 1820 "-" "Mozilla/5.0 (compatible; MegaIndex.ru/2.0; +http://megaindex.com/crawler)" "savemoki.com"
5.9.6.51 - - [08/Oct/2022:06:03:41 -0700] "GET /Cartoon_Pet_Pills.html HTTP/1.1" 200 598 "-" "Mozilla/5.0 (compatible; MegaIndex.ru/2.0; +http://megaindex.com/crawler)" "savemoki.com"
5.9.6.51 - - [08/Oct/2022:06:03:46 -0700] "GET /Donate HTTP/1.1" 200 2982 "-" "Mozilla/5.0 (compatible; MegaIndex.ru/2.0; +http://megaindex.com/crawler)" "savemoki.com"
5.9.6.51 - - [08/Oct/2022:06:03:50 -0700] "GET /Feline_health.html HTTP/1.1" 200 8098 "-" "Mozilla/5.0 (compatible; MegaIndex.ru/2.0; +http://megaindex.com/crawler)" "savemoki.com"
5.9.6.51 - - [08/Oct/2022:06:03:54 -0700] "GET /Links.html HTTP/1.1" 200 8682 "-" "Mozilla/5.0 (compatible; MegaIndex.ru/2.0; +http://megaindex.com/crawler)" "savemoki.com"
5.9.6.51 - - [08/Oct/2022:06:03:57 -0700] "GET /Links_Feline_Health.html HTTP/1.1" 200 10246 "-" "Mozilla/5.0 (compatible; MegaIndex.ru/2.0; +http://megaindex.com/crawler)" "savemoki.com"
5.9.6.51 - - [08/Oct/2022:06:04:03 -0700] "GET /MedicalRecord.html HTTP/1.1" 200 4796 "-" "Mozilla/5.0 (compatible; MegaIndex.ru/2.0; +http://megaindex.com/crawler)" "savemoki.com"
5.9.6.51 - - [08/Oct/2022:06:04:08 -0700] "GET /Mokis_Labwork.html HTTP/1.1" 200 4943 "-" "Mozilla/5.0 (compatible; MegaIndex.ru/2.0; +http://megaindex.com/crawler)" "savemoki.com"
5.9.6.51 - - [08/Oct/2022:06:04:12 -0700] "GET /Mokis_Medical_Records.html HTTP/1.1" 200 5014 "-" "Mozilla/5.0 (compatible; MegaIndex.ru/2.0; +http://megaindex.com/crawler)" "savemoki.com"
5.9.6.51 - - [08/Oct/2022:06:04:17 -0700] "GET /Mokis_Story.html HTTP/1.1" 200 11607 "-" "Mozilla/5.0 (compatible; MegaIndex.ru/2.0; +http://megaindex.com/crawler)" "savemoki.com"
5.9.6.51 - - [08/Oct/2022:06:04:21 -0700] "GET /Mokis_Videos.html HTTP/1.1" 200 5528 "-" "Mozilla/5.0 (compatible; MegaIndex.ru/2.0; +http://megaindex.com/crawler)" "savemoki.com"
5.9.6.51 - - [08/Oct/2022:06:04:25 -0700] "GET /Mokis_friends.html HTTP/1.1" 200 5925 "-" "Mozilla/5.0 (compatible; MegaIndex.ru/2.0; +http://megaindex.com/crawler)" "savemoki.com"
5.9.6.51 - - [08/Oct/2022:06:04:29 -0700] "GET /Mokislabpage1.html HTTP/1.1" 200 4020 "-" "Mozilla/5.0 (compatible; MegaIndex.ru/2.0; +http://megaindex.com/crawler)" "savemoki.com"
5.9.6.51 - - [08/Oct/2022:06:04:34 -0700] "GET /Mokislabpage2.html HTTP/1.1" 200 4057 "-" "Mozilla/5.0 (compatible; MegaIndex.ru/2.0; +http://megaindex.com/crawler)" "savemoki.com"
5.9.6.51 - - [08/Oct/2022:06:04:39 -0700] "GET /Mokislabpage3.html HTTP/1.1" 200 3826 "-" "Mozilla/5.0 (compatible; MegaIndex.ru/2.0; +http://megaindex.com/crawler)" "savemoki.com"
5.9.6.51 - - [08/Oct/2022:06:04:43 -0700] "GET /Mokismedicalsec.html HTTP/1.1" 200 3973 "-" "Mozilla/5.0 (compatible; MegaIndex.ru/2.0; +http://megaindex.com/crawler)" "savemoki.com"
5.9.6.51 - - [08/Oct/2022:06:04:46 -0700] "GET /New1.html HTTP/1.1" 200 425 "-" "Mozilla/5.0 (compatible; MegaIndex.ru/2.0; +http://megaindex.com/crawler)" "savemoki.com"
5.9.6.51 - - [08/Oct/2022:06:04:53 -0700] "GET /New2.html HTTP/1.1" 200 561 "-" "Mozilla/5.0 (compatible; MegaIndex.ru/2.0; +http://megaindex.com/crawler)" "savemoki.com"
51.222.253.3 - - [08/Oct/2022:06:04:53 -0700] "GET /blog/?C=D;O=A HTTP/1.1" 200 352 "-" "Mozilla/5.0 (compatible; AhrefsBot/7.0; +http://ahrefs.com/robot/)" "www.savemoki.com"
5.9.6.51 - - [08/Oct/2022:06:04:57 -0700] "GET /New3.html HTTP/1.1" 200 425 "-" "Mozilla/5.0 (compatible; MegaIndex.ru/2.0; +http://megaindex.com/crawler)" "savemoki.com"
5.9.6.51 - - [08/Oct/2022:06:05:02 -0700] "GET /New4.html HTTP/1.1" 200 1117 "-" "Mozilla/5.0 (compatible; MegaIndex.ru/2.0; +http://megaindex.com/crawler)" "savemoki.com"
5.9.6.51 - - [08/Oct/2022:06:05:06 -0700] "GET /Other_Cats_In_Need.html HTTP/1.1" 200 6033 "-" "Mozilla/5.0 (compatible; MegaIndex.ru/2.0; +http://megaindex.com/crawler)" "savemoki.com"
51.222.253.8 - - [08/Oct/2022:06:08:01 -0700] "GET /media/?C=M;O=A HTTP/1.1" 200 397 "-" "Mozilla/5.0 (compatible; AhrefsBot/7.0; +http://ahrefs.com/robot/)" "savemoki.com"
5.9.6.51 - - [08/Oct/2022:06:08:06 -0700] "GET /Special_Thanks.html HTTP/1.1" 200 3182 "-" "Mozilla/5.0 (compatible; MegaIndex.ru/2.0; +http://megaindex.com/crawler)" "savemoki.com"
5.9.6.51 - - [08/Oct/2022:06:08:10 -0700] "GET /Updates_On_Special_Friends.html HTTP/1.1" 200 2469 "-" "Mozilla/5.0 (compatible; MegaIndex.ru/2.0; +http://megaindex.com/crawler)" "savemoki.com"
5.9.6.51 - - [08/Oct/2022:06:08:14 -0700] "GET /Videos.html HTTP/1.1" 200 5182 "-" "Mozilla/5.0 (compatible; MegaIndex.ru/2.0; +http://megaindex.com/crawler)" "savemoki.com"
5.9.6.51 - - [08/Oct/2022:06:08:18 -0700] "GET /Ways_U_Can_help.html HTTP/1.1" 200 4289 "-" "Mozilla/5.0 (compatible; MegaIndex.ru/2.0; +http://megaindex.com/crawler)" "savemoki.com"
5.9.6.51 - - [08/Oct/2022:06:08:24 -0700] "GET /blog/ HTTP/1.1" 200 352 "-" "Mozilla/5.0 (compatible; MegaIndex.ru/2.0; +http://megaindex.com/crawler)" "savemoki.com"
5.9.6.51 - - [08/Oct/2022:06:08:29 -0700] "GET /clipart/ HTTP/1.1" 200 440 "-" "Mozilla/5.0 (compatible; MegaIndex.ru/2.0; +http://megaindex.com/crawler)" "savemoki.com"
5.9.6.51 - - [08/Oct/2022:06:08:34 -0700] "GET /contact_us.html HTTP/1.1" 200 4002 "-" "Mozilla/5.0 (compatible; MegaIndex.ru/2.0; +http://megaindex.com/crawler)" "savemoki.com"
5.9.6.51 - - [08/Oct/2022:06:08:40 -0700] "GET /files/ HTTP/1.1" 200 380 "-" "Mozilla/5.0 (compatible; MegaIndex.ru/2.0; +http://megaindex.com/crawler)" "savemoki.com"
5.9.6.51 - - [08/Oct/2022:06:08:45 -0700] "GET /images/ HTTP/1.1" 200 2158 "-" "Mozilla/5.0 (compatible; MegaIndex.ru/2.0; +http://megaindex.com/crawler)" "savemoki.com"
5.9.6.51 - - [08/Oct/2022:06:08:50 -0700] "GET /media/ HTTP/1.1" 200 396 "-" "Mozilla/5.0 (compatible; MegaIndex.ru/2.0; +http://megaindex.com/crawler)" "savemoki.com"
5.9.6.51 - - [08/Oct/2022:06:09:03 -0700] "GET /mokis_story.html HTTP/1.1" 200 12029 "-" "Mozilla/5.0 (compatible; MegaIndex.ru/2.0; +http://megaindex.com/crawler)" "savemoki.com"
5.9.6.51 - - [08/Oct/2022:06:09:06 -0700] "GET /navigation_bars/ HTTP/1.1" 200 408 "-" "Mozilla/5.0 (compatible; MegaIndex.ru/2.0; +http://megaindex.com/crawler)" "savemoki.com"
5.9.6.51 - - [08/Oct/2022:06:09:12 -0700] "GET /photo_album.html HTTP/1.1" 200 6353 "-" "Mozilla/5.0 (compatible; MegaIndex.ru/2.0; +http://megaindex.com/crawler)" "savemoki.com"
5.9.6.51 - - [08/Oct/2022:06:09:18 -0700] "GET /sitebuilder/ HTTP/1.1" 200 372 "-" "Mozilla/5.0 (compatible; MegaIndex.ru/2.0; +http://megaindex.com/crawler)" "savemoki.com"
5.9.6.51 - - [08/Oct/2022:06:09:22 -0700] "GET /socialenginetrial/ HTTP/1.1" 200 318 "-" "Mozilla/5.0 (compatible; MegaIndex.ru/2.0; +http://megaindex.com/crawler)" "savemoki.com"
5.9.6.51 - - [08/Oct/2022:06:09:25 -0700] "GET /specialthanks.html HTTP/1.1" 200 2923 "-" "Mozilla/5.0 (compatible; MegaIndex.ru/2.0; +http://megaindex.com/crawler)" "savemoki.com"
5.9.6.51 - - [08/Oct/2022:06:09:30 -0700] "GET /temporarypreviewfile.html HTTP/1.1" 200 309 "-" "Mozilla/5.0 (compatible; MegaIndex.ru/2.0; +http://megaindex.com/crawler)" "savemoki.com"
5.9.6.51 - - [08/Oct/2022:06:09:35 -0700] "GET /title.html HTTP/1.1" 200 582 "-" "Mozilla/5.0 (compatible; MegaIndex.ru/2.0; +http://megaindex.com/crawler)" "savemoki.com"
5.9.6.51 - - [08/Oct/2022:06:09:38 -0700] "GET /?C=N;O=A HTTP/1.1" 200 1286 "-" "Mozilla/5.0 (compatible; MegaIndex.ru/2.0; +http://megaindex.com/crawler)" "savemoki.com"
5.9.6.51 - - [08/Oct/2022:06:09:43 -0700] "GET /?C=M;O=D HTTP/1.1" 200 1291 "-" "Mozilla/5.0 (compatible; MegaIndex.ru/2.0; +http://megaindex.com/crawler)" "savemoki.com"
5.9.6.51 - - [08/Oct/2022:06:09:46 -0700] "GET /?C=D;O=D HTTP/1.1" 200 1302 "-" "Mozilla/5.0 (compatible; MegaIndex.ru/2.0; +http://megaindex.com/crawler)" "savemoki.com"
5.9.6.51 - - [08/Oct/2022:06:09:50 -0700] "GET /2test/index.php/home/ HTTP/1.1" 200 18997 "-" "Mozilla/5.0 (compatible; MegaIndex.ru/2.0; +http://megaindex.com/crawler)" "savemoki.com"
5.9.6.51 - - [08/Oct/2022:06:10:01 -0700] "GET /2test/index.php/heritage-junior-high-school/ HTTP/1.1" 200 19135 "-" "Mozilla/5.0 (compatible; MegaIndex.ru/2.0; +http://megaindex.com/crawler)" "savemoki.com"
5.9.6.51 - - [08/Oct/2022:06:10:12 -0700] "GET /2test/index.php/heritage-flex-academy/ HTTP/1.1" 200 19099 "-" "Mozilla/5.0 (compatible; MegaIndex.ru/2.0; +http://megaindex.com/crawler)" "savemoki.com"
5.9.6.51 - - [08/Oct/2022:06:10:22 -0700] "GET /2test/index.php/courses/kindergarten/ HTTP/1.1" 200 22451 "-" "Mozilla/5.0 (compatible; MegaIndex.ru/2.0; +http://megaindex.com/crawler)" "savemoki.com"
5.9.6.51 - - [08/Oct/2022:06:10:31 -0700] "GET /2test/index.php/courses/first-grade/ HTTP/1.1" 200 20457 "-" "Mozilla/5.0 (compatible; MegaIndex.ru/2.0; +http://megaindex.com/crawler)" "savemoki.com"
5.9.6.51 - - [08/Oct/2022:06:10:41 -0700] "GET /2test/index.php/courses/third-grade/ HTTP/1.1" 200 20466 "-" "Mozilla/5.0 (compatible; MegaIndex.ru/2.0; +http://megaindex.com/crawler)" "savemoki.com"
5.9.6.51 - - [08/Oct/2022:06:10:52 -0700] "GET /2test/index.php/courses/fifth-grade/ HTTP/1.1" 200 20466 "-" "Mozilla/5.0 (compatible; MegaIndex.ru/2.0; +http://megaindex.com/crawler)" "savemoki.com"
5.9.6.51 - - [08/Oct/2022:06:11:00 -0700] "GET /2test/index.php/courses/sixth-grade/ HTTP/1.1" 200 20470 "-" "Mozilla/5.0 (compatible; MegaIndex.ru/2.0; +http://megaindex.com/crawler)" "savemoki.com"
5.9.6.51 - - [08/Oct/2022:06:11:09 -0700] "GET /2test/index.php/courses/seventh-grade/ HTTP/1.1" 200 20365 "-" "Mozilla/5.0 (compatible; MegaIndex.ru/2.0; +http://megaindex.com/crawler)" "savemoki.com"
5.9.6.51 - - [08/Oct/2022:06:11:17 -0700] "GET /2test/index.php/2020/04/03/sample-page/ HTTP/1.1" 200 21003 "-" "Mozilla/5.0 (compatible; MegaIndex.ru/2.0; +http://megaindex.com/crawler)" "savemoki.com"
5.9.6.51 - - [08/Oct/2022:06:11:26 -0700] "GET /2test/index.php/2020/04/03/hello-world/ HTTP/1.1" 200 22576 "-" "Mozilla/5.0 (compatible; MegaIndex.ru/2.0; +http://megaindex.com/crawler)" "savemoki.com"
51.222.253.17 - - [08/Oct/2022:06:11:33 -0700] "GET /media/?C=D;O=A HTTP/1.1" 200 396 "-" "Mozilla/5.0 (compatible; AhrefsBot/7.0; +http://ahrefs.com/robot/)" "savemoki.com"
5.9.6.51 - - [08/Oct/2022:06:11:34 -0700] "GET /2test/index.php/category/uncategorized/ HTTP/1.1" 200 19802 "-" "Mozilla/5.0 (compatible; MegaIndex.ru/2.0; +http://megaindex.com/crawler)" "savemoki.com"
5.9.6.51 - - [08/Oct/2022:06:11:44 -0700] "GET /2test/index.php/2020/04/ HTTP/1.1" 200 20832 "-" "Mozilla/5.0 (compatible; MegaIndex.ru/2.0; +http://megaindex.com/crawler)" "savemoki.com"
5.9.6.51 - - [08/Oct/2022:06:11:51 -0700] "GET /2test/index.php/feed/ HTTP/1.1" 200 3630 "-" "Mozilla/5.0 (compatible; MegaIndex.ru/2.0; +http://megaindex.com/crawler)" "savemoki.com"
5.9.6.51 - - [08/Oct/2022:06:11:59 -0700] "GET /2test/index.php/comments/feed/ HTTP/1.1" 200 1847 "-" "Mozilla/5.0 (compatible; MegaIndex.ru/2.0; +http://megaindex.com/crawler)" "savemoki.com"
5.9.6.51 - - [08/Oct/2022:06:12:05 -0700] "GET /index.html HTTP/1.1" 404 88 "-" "Mozilla/5.0 (compatible; MegaIndex.ru/2.0; +http://megaindex.com/crawler)" "savemoki.com"
5.9.6.51 - - [08/Oct/2022:06:12:10 -0700] "GET /blog/?C=N;O=D HTTP/1.1" 200 350 "-" "Mozilla/5.0 (compatible; MegaIndex.ru/2.0; +http://megaindex.com/crawler)" "savemoki.com"
5.9.6.51 - - [08/Oct/2022:06:12:14 -0700] "GET /blog/?C=M;O=A HTTP/1.1" 200 352 "-" "Mozilla/5.0 (compatible; MegaIndex.ru/2.0; +http://megaindex.com/crawler)" "savemoki.com"
5.9.6.51 - - [08/Oct/2022:06:12:18 -0700] "GET /blog/?C=S;O=A HTTP/1.1" 200 352 "-" "Mozilla/5.0 (compatible; MegaIndex.ru/2.0; +http://megaindex.com/crawler)" "savemoki.com"
5.9.6.51 - - [08/Oct/2022:06:12:22 -0700] "GET /blog/?C=D;O=A HTTP/1.1" 200 352 "-" "Mozilla/5.0 (compatible; MegaIndex.ru/2.0; +http://megaindex.com/crawler)" "savemoki.com"
5.9.6.51 - - [08/Oct/2022:06:12:26 -0700] "GET /blog/wp-content/ HTTP/1.1" 200 359 "-" "Mozilla/5.0 (compatible; MegaIndex.ru/2.0; +http://megaindex.com/crawler)" "savemoki.com"
5.9.6.51 - - [08/Oct/2022:06:12:31 -0700] "GET /clipart/?C=N;O=D HTTP/1.1" 200 438 "-" "Mozilla/5.0 (compatible; MegaIndex.ru/2.0; +http://megaindex.com/crawler)" "savemoki.com"
5.9.6.51 - - [08/Oct/2022:06:12:36 -0700] "GET /clipart/?C=M;O=A HTTP/1.1" 200 443 "-" "Mozilla/5.0 (compatible; MegaIndex.ru/2.0; +http://megaindex.com/crawler)" "savemoki.com"
5.9.6.51 - - [08/Oct/2022:06:12:40 -0700] "GET /clipart/?C=S;O=A HTTP/1.1" 200 440 "-" "Mozilla/5.0 (compatible; MegaIndex.ru/2.0; +http://megaindex.com/crawler)" "savemoki.com"
5.9.6.51 - - [08/Oct/2022:06:12:43 -0700] "GET /clipart/?C=D;O=A HTTP/1.1" 200 440 "-" "Mozilla/5.0 (compatible; MegaIndex.ru/2.0; +http://megaindex.com/crawler)" "savemoki.com"
5.9.6.51 - - [08/Oct/2022:06:12:47 -0700] "GET /clipart/backgrounds/ HTTP/1.1" 200 366 "-" "Mozilla/5.0 (compatible; MegaIndex.ru/2.0; +http://megaindex.com/crawler)" "savemoki.com"
5.9.6.51 - - [08/Oct/2022:06:12:50 -0700] "GET /clipart/bullets/ HTTP/1.1" 200 429 "-" "Mozilla/5.0 (compatible; MegaIndex.ru/2.0; +http://megaindex.com/crawler)" "savemoki.com"
5.9.6.51 - - [08/Oct/2022:06:12:54 -0700] "GET /clipart/buttons/ HTTP/1.1" 200 359 "-" "Mozilla/5.0 (compatible; MegaIndex.ru/2.0; +http://megaindex.com/crawler)" "savemoki.com"
51.222.253.3 - - [08/Oct/2022:06:14:39 -0700] "GET /clipart/backgrounds/ HTTP/1.1" 200 366 "-" "Mozilla/5.0 (compatible; AhrefsBot/7.0; +http://ahrefs.com/robot/)" "www.savemoki.com"
5.9.6.51 - - [08/Oct/2022:06:15:53 -0700] "GET /clipart/lines/ HTTP/1.1" 200 361 "-" "Mozilla/5.0 (compatible; MegaIndex.ru/2.0; +http://megaindex.com/crawler)" "savemoki.com"
5.9.6.51 - - [08/Oct/2022:06:15:54 -0700] "GET /clipart/pageHeaders/ HTTP/1.1" 200 427 "-" "Mozilla/5.0 (compatible; MegaIndex.ru/2.0; +http://megaindex.com/crawler)" "savemoki.com"
5.9.6.51 - - [08/Oct/2022:06:16:00 -0700] "GET /files/?C=N;O=D HTTP/1.1" 200 377 "-" "Mozilla/5.0 (compatible; MegaIndex.ru/2.0; +http://megaindex.com/crawler)" "savemoki.com"
5.9.6.51 - - [08/Oct/2022:06:16:04 -0700] "GET /files/?C=M;O=A HTTP/1.1" 200 380 "-" "Mozilla/5.0 (compatible; MegaIndex.ru/2.0; +http://megaindex.com/crawler)" "savemoki.com"
5.9.6.51 - - [08/Oct/2022:06:16:08 -0700] "GET /files/?C=S;O=A HTTP/1.1" 200 380 "-" "Mozilla/5.0 (compatible; MegaIndex.ru/2.0; +http://megaindex.com/crawler)" "savemoki.com"
5.9.6.51 - - [08/Oct/2022:06:16:13 -0700] "GET /files/?C=D;O=A HTTP/1.1" 200 380 "-" "Mozilla/5.0 (compatible; MegaIndex.ru/2.0; +http://megaindex.com/crawler)" "savemoki.com"
5.9.6.51 - - [08/Oct/2022:06:16:16 -0700] "GET /images/?C=N;O=D HTTP/1.1" 200 2155 "-" "Mozilla/5.0 (compatible; MegaIndex.ru/2.0; +http://megaindex.com/crawler)" "savemoki.com"
5.9.6.51 - - [08/Oct/2022:06:16:22 -0700] "GET /images/?C=M;O=A HTTP/1.1" 200 2170 "-" "Mozilla/5.0 (compatible; MegaIndex.ru/2.0; +http://megaindex.com/crawler)" "savemoki.com"
5.9.6.51 - - [08/Oct/2022:06:16:26 -0700] "GET /images/?C=S;O=A HTTP/1.1" 200 2154 "-" "Mozilla/5.0 (compatible; MegaIndex.ru/2.0; +http://megaindex.com/crawler)" "savemoki.com"
185.119.81.109 - - [08/Oct/2022:06:16:56 -0700] "GET /2test/wp-login.php HTTP/1.1" 200 6052 "-" "Mozilla/5.0 (Windows NT 6.1; Win64; x64) AppleWebKit/537.36 (KHTML, like Gecko) Chrome/80.0.3987.106 Safari/537.36" "savemoki.com"
51.222.253.17 - - [08/Oct/2022:06:17:42 -0700] "GET /sitebuilder/?C=M;O=D HTTP/1.1" 200 370 "-" "Mozilla/5.0 (compatible; AhrefsBot/7.0; +http://ahrefs.com/robot/)" "savemoki.com"
5.9.6.51 - - [08/Oct/2022:06:19:26 -0700] "GET /media/?C=N;O=D HTTP/1.1" 200 395 "-" "Mozilla/5.0 (compatible; MegaIndex.ru/2.0; +http://megaindex.com/crawler)" "savemoki.com"
5.9.6.51 - - [08/Oct/2022:06:19:29 -0700] "GET /media/?C=M;O=A HTTP/1.1" 200 397 "-" "Mozilla/5.0 (compatible; MegaIndex.ru/2.0; +http://megaindex.com/crawler)" "savemoki.com"
5.9.6.51 - - [08/Oct/2022:06:19:34 -0700] "GET /media/?C=S;O=A HTTP/1.1" 200 397 "-" "Mozilla/5.0 (compatible; MegaIndex.ru/2.0; +http://megaindex.com/crawler)" "savemoki.com"
5.9.6.51 - - [08/Oct/2022:06:19:39 -0700] "GET /media/?C=D;O=A HTTP/1.1" 200 396 "-" "Mozilla/5.0 (compatible; MegaIndex.ru/2.0; +http://megaindex.com/crawler)" "savemoki.com"
5.9.6.51 - - [08/Oct/2022:06:19:43 -0700] "GET /navigation_bars/?C=N;O=D HTTP/1.1" 200 405 "-" "Mozilla/5.0 (compatible; MegaIndex.ru/2.0; +http://megaindex.com/crawler)" "savemoki.com"
5.9.6.51 - - [08/Oct/2022:06:19:47 -0700] "GET /navigation_bars/?C=M;O=A HTTP/1.1" 200 408 "-" "Mozilla/5.0 (compatible; MegaIndex.ru/2.0; +http://megaindex.com/crawler)" "savemoki.com"
5.9.6.51 - - [08/Oct/2022:06:19:51 -0700] "GET /navigation_bars/?C=S;O=A HTTP/1.1" 200 408 "-" "Mozilla/5.0 (compatible; MegaIndex.ru/2.0; +http://megaindex.com/crawler)" "savemoki.com"
5.9.6.51 - - [08/Oct/2022:06:19:55 -0700] "GET /navigation_bars/?C=D;O=A HTTP/1.1" 200 408 "-" "Mozilla/5.0 (compatible; MegaIndex.ru/2.0; +http://megaindex.com/crawler)" "savemoki.com"
5.9.6.51 - - [08/Oct/2022:06:20:00 -0700] "GET /navigation_bars/CloudMenu.nav HTTP/1.1" 200 4340 "-" "Mozilla/5.0 (compatible; MegaIndex.ru/2.0; +http://megaindex.com/crawler)" "savemoki.com"
5.9.6.51 - - [08/Oct/2022:06:20:05 -0700] "GET /navigation_bars/navbar.nav HTTP/1.1" 200 7594 "-" "Mozilla/5.0 (compatible; MegaIndex.ru/2.0; +http://megaindex.com/crawler)" "savemoki.com"
5.9.6.51 - - [08/Oct/2022:06:20:10 -0700] "GET /sitebuilder/?C=N;O=D HTTP/1.1" 200 370 "-" "Mozilla/5.0 (compatible; MegaIndex.ru/2.0; +http://megaindex.com/crawler)" "savemoki.com"
5.9.6.51 - - [08/Oct/2022:06:20:15 -0700] "GET /sitebuilder/?C=M;O=A HTTP/1.1" 200 372 "-" "Mozilla/5.0 (compatible; MegaIndex.ru/2.0; +http://megaindex.com/crawler)" "savemoki.com"
5.9.6.51 - - [08/Oct/2022:06:20:18 -0700] "GET /sitebuilder/?C=S;O=A HTTP/1.1" 200 372 "-" "Mozilla/5.0 (compatible; MegaIndex.ru/2.0; +http://megaindex.com/crawler)" "savemoki.com"
5.9.6.51 - - [08/Oct/2022:06:20:27 -0700] "GET /sitebuilder/?C=D;O=A HTTP/1.1" 200 372 "-" "Mozilla/5.0 (compatible; MegaIndex.ru/2.0; +http://megaindex.com/crawler)" "savemoki.com"
5.9.6.51 - - [08/Oct/2022:06:20:33 -0700] "GET /sitebuilder/images/ HTTP/1.1" 200 3814 "-" "Mozilla/5.0 (compatible; MegaIndex.ru/2.0; +http://megaindex.com/crawler)" "savemoki.com"
5.9.6.51 - - [08/Oct/2022:06:20:37 -0700] "GET /sitebuilder/scripts/ HTTP/1.1" 200 373 "-" "Mozilla/5.0 (compatible; MegaIndex.ru/2.0; +http://megaindex.com/crawler)" "savemoki.com"
5.9.6.51 - - [08/Oct/2022:06:20:40 -0700] "GET /socialenginetrial/?C=N;O=D HTTP/1.1" 200 316 "-" "Mozilla/5.0 (compatible; MegaIndex.ru/2.0; +http://megaindex.com/crawler)" "savemoki.com"
51.222.253.4 - - [08/Oct/2022:06:20:41 -0700] "GET /blog/wp-content/themes/themeforest-625914-ice-theme-powerful-wordpress-theme-1/ HTTP/1.1" 200 513 "-" "Mozilla/5.0 (compatible; AhrefsBot/7.0; +http://ahrefs.com/robot/)" "savemoki.com"
5.9.6.51 - - [08/Oct/2022:06:20:44 -0700] "GET /socialenginetrial/?C=M;O=A HTTP/1.1" 200 317 "-" "Mozilla/5.0 (compatible; MegaIndex.ru/2.0; +http://megaindex.com/crawler)" "savemoki.com"
51.222.253.7 - - [08/Oct/2022:06:23:28 -0700] "GET /2test/wp-login.php?redirect_to=http%3A%2F%2Fsavemoki.com%2F2test%2Findex.php%2F2020%2F04%2F03%2Fhello-world%2F HTTP/1.1" 200 6076 "-" "Mozilla/5.0 (compatible; AhrefsBot/7.0; +http://ahrefs.com/robot/)" "savemoki.com"
10.213.116.63 - - [08/Oct/2022:06:23:31 -0700] "POST /2test/wp-cron.php?doing_wp_cron=1665235411.4832589626312255859375 HTTP/1.1" 200 - "http://savemoki.com/2test/wp-cron.php?doing_wp_cron=1665235411.4832589626312255859375" "WordPress/5.4.11; http://savemoki.com/2test" "savemoki.com"
5.9.6.51 - - [08/Oct/2022:06:23:43 -0700] "GET /socialenginetrial/?C=D;O=A HTTP/1.1" 200 318 "-" "Mozilla/5.0 (compatible; MegaIndex.ru/2.0; +http://megaindex.com/crawler)" "savemoki.com"
5.9.6.51 - - [08/Oct/2022:06:23:44 -0700] "GET /2test HTTP/1.1" 301 1404 "-" "Mozilla/5.0 (compatible; MegaIndex.ru/2.0; +http://megaindex.com/crawler)" "savemoki.com"
5.9.6.51 - - [08/Oct/2022:06:23:49 -0700] "GET /2test/index.php/courses/kindergarten/?tab=tab-curriculum HTTP/1.1" 200 22470 "-" "Mozilla/5.0 (compatible; MegaIndex.ru/2.0; +http://megaindex.com/crawler)" "savemoki.com"
5.9.6.51 - - [08/Oct/2022:06:23:58 -0700] "GET /2test/index.php/courses/kindergarten/?tab=tab-instructor HTTP/1.1" 200 22470 "-" "Mozilla/5.0 (compatible; MegaIndex.ru/2.0; +http://megaindex.com/crawler)" "savemoki.com"
5.9.6.51 - - [08/Oct/2022:06:24:07 -0700] "GET /2test/index.php/profile/admin/ HTTP/1.1" 404 18243 "-" "Mozilla/5.0 (compatible; MegaIndex.ru/2.0; +http://megaindex.com/crawler)" "savemoki.com"
40.77.167.98 - - [08/Oct/2022:06:25:03 -0700] "GET /robots.txt HTTP/1.1" 200 55 "-" "Mozilla/5.0 (compatible; bingbot/2.0; +http://www.bing.com/bingbot.htm)" "savemoki.com"
207.46.13.143 - - [08/Oct/2022:06:25:13 -0700] "GET /sitebuilder/images/Good_to_be_home_2-519x297.jpg HTTP/1.1" 200 22154 "-" "Mozilla/5.0 (compatible; bingbot/2.0; +http://www.bing.com/bingbot.htm)" "savemoki.com"
51.222.253.13 - - [08/Oct/2022:06:26:20 -0700] "GET /blog/wp-content/?C=M;O=A HTTP/1.1" 200 359 "-" "Mozilla/5.0 (compatible; AhrefsBot/7.0; +http://ahrefs.com/robot/)" "savemoki.com"
185.119.81.101 - - [08/Oct/2022:06:26:35 -0700] "GET /2test/wp-login.php HTTP/1.1" 200 6054 "-" "Mozilla/5.0 (Windows NT 10.0; WOW64) AppleWebKit/537.36 (KHTML, like Gecko) Chrome/96.0.4664.45 Safari/537.36" "savemoki.com"
5.9.6.51 - - [08/Oct/2022:06:27:14 -0700] "GET /blog/?C=N;O=A HTTP/1.1" 200 352 "-" "Mozilla/5.0 (compatible; MegaIndex.ru/2.0; +http://megaindex.com/crawler)" "savemoki.com"
185.119.81.96 - - [08/Oct/2022:06:27:14 -0700] "GET /2test/wp-login.php HTTP/1.1" 200 6055 "-" "Mozilla/5.0 (Windows NT 10.0; Win64; x64) AppleWebKit/537.36 (KHTML, like Gecko) Chrome/86.0.4240.183 Safari/537.36" "savemoki.com"
185.119.81.96 - - [08/Oct/2022:06:27:15 -0700] "POST /2test/wp-login.php HTTP/1.1" 200 6342 "http://savemoki.com/2test/wp-login.php" "Mozilla/5.0 (Windows NT 10.0; Win64; x64) AppleWebKit/537.36 (KHTML, like Gecko) Chrome/86.0.4240.183 Safari/537.36" "savemoki.com"
5.9.6.51 - - [08/Oct/2022:06:27:18 -0700] "GET /blog/?C=M;O=D HTTP/1.1" 200 350 "-" "Mozilla/5.0 (compatible; MegaIndex.ru/2.0; +http://megaindex.com/crawler)" "savemoki.com"
5.9.6.51 - - [08/Oct/2022:06:27:22 -0700] "GET /blog/?C=S;O=D HTTP/1.1" 200 350 "-" "Mozilla/5.0 (compatible; MegaIndex.ru/2.0; +http://megaindex.com/crawler)" "savemoki.com"
5.9.6.51 - - [08/Oct/2022:06:27:27 -0700] "GET /blog/?C=D;O=D HTTP/1.1" 200 350 "-" "Mozilla/5.0 (compatible; MegaIndex.ru/2.0; +http://megaindex.com/crawler)" "savemoki.com"
5.9.6.51 - - [08/Oct/2022:06:27:30 -0700] "GET /blog/wp-content/?C=N;O=D HTTP/1.1" 200 357 "-" "Mozilla/5.0 (compatible; MegaIndex.ru/2.0; +http://megaindex.com/crawler)" "savemoki.com"
5.9.6.51 - - [08/Oct/2022:06:27:35 -0700] "GET /blog/wp-content/?C=M;O=A HTTP/1.1" 200 359 "-" "Mozilla/5.0 (compatible; MegaIndex.ru/2.0; +http://megaindex.com/crawler)" "savemoki.com"
5.9.6.51 - - [08/Oct/2022:06:27:39 -0700] "GET /blog/wp-content/?C=S;O=A HTTP/1.1" 200 359 "-" "Mozilla/5.0 (compatible; MegaIndex.ru/2.0; +http://megaindex.com/crawler)" "savemoki.com"
5.9.6.51 - - [08/Oct/2022:06:27:45 -0700] "GET /blog/wp-content/?C=D;O=A HTTP/1.1" 200 359 "-" "Mozilla/5.0 (compatible; MegaIndex.ru/2.0; +http://megaindex.com/crawler)" "savemoki.com"
5.9.6.51 - - [08/Oct/2022:06:27:48 -0700] "GET /blog/wp-content/themes/ HTTP/1.1" 200 405 "-" "Mozilla/5.0 (compatible; MegaIndex.ru/2.0; +http://megaindex.com/crawler)" "savemoki.com"
5.9.6.51 - - [08/Oct/2022:06:27:52 -0700] "GET /clipart/?C=N;O=A HTTP/1.1" 200 440 "-" "Mozilla/5.0 (compatible; MegaIndex.ru/2.0; +http://megaindex.com/crawler)" "savemoki.com"
5.9.6.51 - - [08/Oct/2022:06:27:56 -0700] "GET /clipart/?C=M;O=D HTTP/1.1" 200 435 "-" "Mozilla/5.0 (compatible; MegaIndex.ru/2.0; +http://megaindex.com/crawler)" "savemoki.com"
5.9.6.51 - - [08/Oct/2022:06:28:01 -0700] "GET /clipart/?C=S;O=D HTTP/1.1" 200 438 "-" "Mozilla/5.0 (compatible; MegaIndex.ru/2.0; +http://megaindex.com/crawler)" "savemoki.com"
5.9.6.51 - - [08/Oct/2022:06:28:06 -0700] "GET /clipart/?C=D;O=D HTTP/1.1" 200 438 "-" "Mozilla/5.0 (compatible; MegaIndex.ru/2.0; +http://megaindex.com/crawler)" "savemoki.com"
5.9.6.51 - - [08/Oct/2022:06:28:10 -0700] "GET /clipart/backgrounds/?C=N;O=D HTTP/1.1" 200 364 "-" "Mozilla/5.0 (compatible; MegaIndex.ru/2.0; +http://megaindex.com/crawler)" "savemoki.com"
5.9.6.51 - - [08/Oct/2022:06:28:13 -0700] "GET /clipart/backgrounds/?C=M;O=A HTTP/1.1" 200 366 "-" "Mozilla/5.0 (compatible; MegaIndex.ru/2.0; +http://megaindex.com/crawler)" "savemoki.com"
5.9.6.51 - - [08/Oct/2022:06:28:18 -0700] "GET /clipart/backgrounds/?C=S;O=A HTTP/1.1" 200 366 "-" "Mozilla/5.0 (compatible; MegaIndex.ru/2.0; +http://megaindex.com/crawler)" "savemoki.com"
5.9.6.51 - - [08/Oct/2022:06:28:22 -0700] "GET /clipart/backgrounds/?C=D;O=A HTTP/1.1" 200 366 "-" "Mozilla/5.0 (compatible; MegaIndex.ru/2.0; +http://megaindex.com/crawler)" "savemoki.com"
5.9.6.51 - - [08/Oct/2022:06:28:27 -0700] "GET /clipart/backgrounds/fullpage/ HTTP/1.1" 200 389 "-" "Mozilla/5.0 (compatible; MegaIndex.ru/2.0; +http://megaindex.com/crawler)" "savemoki.com"
5.9.6.51 - - [08/Oct/2022:06:28:30 -0700] "GET /clipart/bullets/?C=N;O=D HTTP/1.1" 200 426 "-" "Mozilla/5.0 (compatible; MegaIndex.ru/2.0; +http://megaindex.com/crawler)" "savemoki.com"
5.9.6.51 - - [08/Oct/2022:06:28:33 -0700] "GET /clipart/bullets/?C=M;O=A HTTP/1.1" 200 429 "-" "Mozilla/5.0 (compatible; MegaIndex.ru/2.0; +http://megaindex.com/crawler)" "savemoki.com"
51.222.253.11 - - [08/Oct/2022:06:29:28 -0700] "GET /?C=M;O=D HTTP/1.1" 200 1291 "-" "Mozilla/5.0 (compatible; AhrefsBot/7.0; +http://ahrefs.com/robot/)" "www.savemoki.com"
216.244.66.249 - - [08/Oct/2022:06:31:20 -0700] "GET /robots.txt HTTP/1.1" 200 39 "-" "Mozilla/5.0 (compatible; DotBot/1.2; +https://opensiteexplorer.org/dotbot; help@moz.com)" "savemoki.com"
5.9.6.51 - - [08/Oct/2022:06:31:31 -0700] "GET /clipart/bullets/?C=D;O=A HTTP/1.1" 200 429 "-" "Mozilla/5.0 (compatible; MegaIndex.ru/2.0; +http://megaindex.com/crawler)" "savemoki.com"
5.9.6.51 - - [08/Oct/2022:06:31:35 -0700] "GET /clipart/buttons/?C=N;O=D HTTP/1.1" 200 358 "-" "Mozilla/5.0 (compatible; MegaIndex.ru/2.0; +http://megaindex.com/crawler)" "savemoki.com"
5.9.6.51 - - [08/Oct/2022:06:31:41 -0700] "GET /clipart/buttons/?C=M;O=A HTTP/1.1" 200 360 "-" "Mozilla/5.0 (compatible; MegaIndex.ru/2.0; +http://megaindex.com/crawler)" "savemoki.com"
5.9.6.51 - - [08/Oct/2022:06:31:45 -0700] "GET /clipart/buttons/?C=S;O=A HTTP/1.1" 200 360 "-" "Mozilla/5.0 (compatible; MegaIndex.ru/2.0; +http://megaindex.com/crawler)" "savemoki.com"
5.9.6.51 - - [08/Oct/2022:06:31:50 -0700] "GET /clipart/buttons/?C=D;O=A HTTP/1.1" 200 359 "-" "Mozilla/5.0 (compatible; MegaIndex.ru/2.0; +http://megaindex.com/crawler)" "savemoki.com"
5.9.6.51 - - [08/Oct/2022:06:31:54 -0700] "GET /clipart/buttons/themes/ HTTP/1.1" 200 404 "-" "Mozilla/5.0 (compatible; MegaIndex.ru/2.0; +http://megaindex.com/crawler)" "savemoki.com"
5.9.6.51 - - [08/Oct/2022:06:31:58 -0700] "GET /clipart/lines/?C=N;O=D HTTP/1.1" 200 359 "-" "Mozilla/5.0 (compatible; MegaIndex.ru/2.0; +http://megaindex.com/crawler)" "savemoki.com"
5.9.6.51 - - [08/Oct/2022:06:32:03 -0700] "GET /clipart/lines/?C=M;O=A HTTP/1.1" 200 361 "-" "Mozilla/5.0 (compatible; MegaIndex.ru/2.0; +http://megaindex.com/crawler)" "savemoki.com"
5.9.6.51 - - [08/Oct/2022:06:32:08 -0700] "GET /clipart/lines/?C=S;O=A HTTP/1.1" 200 361 "-" "Mozilla/5.0 (compatible; MegaIndex.ru/2.0; +http://megaindex.com/crawler)" "savemoki.com"
5.9.6.51 - - [08/Oct/2022:06:32:12 -0700] "GET /clipart/lines/?C=D;O=A HTTP/1.1" 200 361 "-" "Mozilla/5.0 (compatible; MegaIndex.ru/2.0; +http://megaindex.com/crawler)" "savemoki.com"
5.9.6.51 - - [08/Oct/2022:06:32:16 -0700] "GET /clipart/lines/horizontal/ HTTP/1.1" 200 408 "-" "Mozilla/5.0 (compatible; MegaIndex.ru/2.0; +http://megaindex.com/crawler)" "savemoki.com"
5.9.6.51 - - [08/Oct/2022:06:32:21 -0700] "GET /clipart/pageHeaders/?C=N;O=D HTTP/1.1" 200 427 "-" "Mozilla/5.0 (compatible; MegaIndex.ru/2.0; +http://megaindex.com/crawler)" "savemoki.com"
5.9.6.51 - - [08/Oct/2022:06:32:25 -0700] "GET /clipart/pageHeaders/?C=M;O=A HTTP/1.1" 200 430 "-" "Mozilla/5.0 (compatible; MegaIndex.ru/2.0; +http://megaindex.com/crawler)" "savemoki.com"
51.222.253.2 - - [08/Oct/2022:06:32:29 -0700] "GET /blog/wp-content/?C=S;O=A HTTP/1.1" 200 359 "-" "Mozilla/5.0 (compatible; AhrefsBot/7.0; +http://ahrefs.com/robot/)" "savemoki.com"
5.9.6.51 - - [08/Oct/2022:06:32:31 -0700] "GET /clipart/pageHeaders/?C=S;O=A HTTP/1.1" 200 430 "-" "Mozilla/5.0 (compatible; MegaIndex.ru/2.0; +http://megaindex.com/crawler)" "savemoki.com"
5.9.6.51 - - [08/Oct/2022:06:32:35 -0700] "GET /clipart/pageHeaders/?C=D;O=A HTTP/1.1" 200 427 "-" "Mozilla/5.0 (compatible; MegaIndex.ru/2.0; +http://megaindex.com/crawler)" "savemoki.com"
5.9.6.51 - - [08/Oct/2022:06:32:39 -0700] "GET /files/?C=N;O=A HTTP/1.1" 200 380 "-" "Mozilla/5.0 (compatible; MegaIndex.ru/2.0; +http://megaindex.com/crawler)" "savemoki.com"
5.9.6.51 - - [08/Oct/2022:06:32:42 -0700] "GET /files/?C=M;O=D HTTP/1.1" 200 377 "-" "Mozilla/5.0 (compatible; MegaIndex.ru/2.0; +http://megaindex.com/crawler)" "savemoki.com"
5.9.6.51 - - [08/Oct/2022:06:32:48 -0700] "GET /files/?C=S;O=D HTTP/1.1" 200 377 "-" "Mozilla/5.0 (compatible; MegaIndex.ru/2.0; +http://megaindex.com/crawler)" "savemoki.com"
5.9.6.51 - - [08/Oct/2022:06:32:52 -0700] "GET /files/?C=D;O=D HTTP/1.1" 200 377 "-" "Mozilla/5.0 (compatible; MegaIndex.ru/2.0; +http://megaindex.com/crawler)" "savemoki.com"
5.9.6.51 - - [08/Oct/2022:06:32:56 -0700] "GET /images/?C=N;O=A HTTP/1.1" 200 2158 "-" "Mozilla/5.0 (compatible; MegaIndex.ru/2.0; +http://megaindex.com/crawler)" "savemoki.com"
5.9.6.51 - - [08/Oct/2022:06:33:01 -0700] "GET /images/?C=M;O=D HTTP/1.1" 200 2174 "-" "Mozilla/5.0 (compatible; MegaIndex.ru/2.0; +http://megaindex.com/crawler)" "savemoki.com"
5.9.6.51 - - [08/Oct/2022:06:33:05 -0700] "GET /images/?C=S;O=D HTTP/1.1" 200 2162 "-" "Mozilla/5.0 (compatible; MegaIndex.ru/2.0; +http://megaindex.com/crawler)" "savemoki.com"
5.9.6.51 - - [08/Oct/2022:06:33:09 -0700] "GET /media/?C=N;O=A HTTP/1.1" 200 396 "-" "Mozilla/5.0 (compatible; MegaIndex.ru/2.0; +http://megaindex.com/crawler)" "savemoki.com"
5.9.6.51 - - [08/Oct/2022:06:33:14 -0700] "GET /media/?C=M;O=D HTTP/1.1" 200 393 "-" "Mozilla/5.0 (compatible; MegaIndex.ru/2.0; +http://megaindex.com/crawler)" "savemoki.com"
5.9.6.51 - - [08/Oct/2022:06:33:18 -0700] "GET /media/?C=S;O=D HTTP/1.1" 200 393 "-" "Mozilla/5.0 (compatible; MegaIndex.ru/2.0; +http://megaindex.com/crawler)" "savemoki.com"
5.9.6.51 - - [08/Oct/2022:06:33:21 -0700] "GET /media/?C=D;O=D HTTP/1.1" 200 395 "-" "Mozilla/5.0 (compatible; MegaIndex.ru/2.0; +http://megaindex.com/crawler)" "savemoki.com"
5.9.6.51 - - [08/Oct/2022:06:33:26 -0700] "GET /navigation_bars/?C=N;O=A HTTP/1.1" 200 408 "-" "Mozilla/5.0 (compatible; MegaIndex.ru/2.0; +http://megaindex.com/crawler)" "savemoki.com"
5.9.6.51 - - [08/Oct/2022:06:33:30 -0700] "GET /navigation_bars/?C=M;O=D HTTP/1.1" 200 405 "-" "Mozilla/5.0 (compatible; MegaIndex.ru/2.0; +http://megaindex.com/crawler)" "savemoki.com"
5.9.6.51 - - [08/Oct/2022:06:33:35 -0700] "GET /navigation_bars/?C=S;O=D HTTP/1.1" 200 405 "-" "Mozilla/5.0 (compatible; MegaIndex.ru/2.0; +http://megaindex.com/crawler)" "savemoki.com"
5.9.6.51 - - [08/Oct/2022:06:33:39 -0700] "GET /navigation_bars/?C=D;O=D HTTP/1.1" 200 405 "-" "Mozilla/5.0 (compatible; MegaIndex.ru/2.0; +http://megaindex.com/crawler)" "savemoki.com"
5.9.6.51 - - [08/Oct/2022:06:33:44 -0700] "GET /sitebuilder/?C=N;O=A HTTP/1.1" 200 372 "-" "Mozilla/5.0 (compatible; MegaIndex.ru/2.0; +http://megaindex.com/crawler)" "savemoki.com"
5.9.6.51 - - [08/Oct/2022:06:33:48 -0700] "GET /sitebuilder/?C=M;O=D HTTP/1.1" 200 370 "-" "Mozilla/5.0 (compatible; MegaIndex.ru/2.0; +http://megaindex.com/crawler)" "savemoki.com"
5.9.6.51 - - [08/Oct/2022:06:33:52 -0700] "GET /sitebuilder/?C=S;O=D HTTP/1.1" 200 370 "-" "Mozilla/5.0 (compatible; MegaIndex.ru/2.0; +http://megaindex.com/crawler)" "savemoki.com"
5.9.6.51 - - [08/Oct/2022:06:33:57 -0700] "GET /sitebuilder/?C=D;O=D HTTP/1.1" 200 370 "-" "Mozilla/5.0 (compatible; MegaIndex.ru/2.0; +http://megaindex.com/crawler)" "savemoki.com"
5.9.6.51 - - [08/Oct/2022:06:34:01 -0700] "GET /sitebuilder/images/?C=N;O=D HTTP/1.1" 200 3798 "-" "Mozilla/5.0 (compatible; MegaIndex.ru/2.0; +http://megaindex.com/crawler)" "savemoki.com"
5.9.6.51 - - [08/Oct/2022:06:34:06 -0700] "GET /sitebuilder/images/?C=M;O=A HTTP/1.1" 200 3958 "-" "Mozilla/5.0 (compatible; MegaIndex.ru/2.0; +http://megaindex.com/crawler)" "savemoki.com"
5.9.6.51 - - [08/Oct/2022:06:34:11 -0700] "GET /sitebuilder/images/?C=S;O=A HTTP/1.1" 200 3874 "-" "Mozilla/5.0 (compatible; MegaIndex.ru/2.0; +http://megaindex.com/crawler)" "savemoki.com"
5.9.6.51 - - [08/Oct/2022:06:34:19 -0700] "GET /sitebuilder/images/?C=D;O=A HTTP/1.1" 200 3814 "-" "Mozilla/5.0 (compatible; MegaIndex.ru/2.0; +http://megaindex.com/crawler)" "savemoki.com"
5.9.6.51 - - [08/Oct/2022:06:34:24 -0700] "GET /sitebuilder/scripts/?C=N;O=D HTTP/1.1" 200 370 "-" "Mozilla/5.0 (compatible; MegaIndex.ru/2.0; +http://megaindex.com/crawler)" "savemoki.com"
5.9.6.51 - - [08/Oct/2022:06:34:28 -0700] "GET /sitebuilder/scripts/?C=M;O=A HTTP/1.1" 200 373 "-" "Mozilla/5.0 (compatible; MegaIndex.ru/2.0; +http://megaindex.com/crawler)" "savemoki.com"
5.9.6.51 - - [08/Oct/2022:06:34:31 -0700] "GET /sitebuilder/scripts/?C=S;O=A HTTP/1.1" 200 373 "-" "Mozilla/5.0 (compatible; MegaIndex.ru/2.0; +http://megaindex.com/crawler)" "savemoki.com"
5.9.6.51 - - [08/Oct/2022:06:34:36 -0700] "GET /sitebuilder/scripts/?C=D;O=A HTTP/1.1" 200 373 "-" "Mozilla/5.0 (compatible; MegaIndex.ru/2.0; +http://megaindex.com/crawler)" "savemoki.com"
5.9.6.51 - - [08/Oct/2022:06:34:41 -0700] "GET /socialenginetrial/?C=N;O=A HTTP/1.1" 200 318 "-" "Mozilla/5.0 (compatible; MegaIndex.ru/2.0; +http://megaindex.com/crawler)" "savemoki.com"
5.9.6.51 - - [08/Oct/2022:06:34:46 -0700] "GET /socialenginetrial/?C=M;O=D HTTP/1.1" 200 316 "-" "Mozilla/5.0 (compatible; MegaIndex.ru/2.0; +http://megaindex.com/crawler)" "savemoki.com"
5.9.6.51 - - [08/Oct/2022:06:34:50 -0700] "GET /socialenginetrial/?C=D;O=D HTTP/1.1" 200 316 "-" "Mozilla/5.0 (compatible; MegaIndex.ru/2.0; +http://megaindex.com/crawler)" "savemoki.com"
5.9.6.51 - - [08/Oct/2022:06:34:54 -0700] "GET /blog/wp-content/?C=N;O=A HTTP/1.1" 200 359 "-" "Mozilla/5.0 (compatible; MegaIndex.ru/2.0; +http://megaindex.com/crawler)" "savemoki.com"
5.9.6.51 - - [08/Oct/2022:06:34:57 -0700] "GET /blog/wp-content/?C=M;O=D HTTP/1.1" 200 357 "-" "Mozilla/5.0 (compatible; MegaIndex.ru/2.0; +http://megaindex.com/crawler)" "savemoki.com"
5.9.6.51 - - [08/Oct/2022:06:35:02 -0700] "GET /blog/wp-content/?C=S;O=D HTTP/1.1" 200 357 "-" "Mozilla/5.0 (compatible; MegaIndex.ru/2.0; +http://megaindex.com/crawler)" "savemoki.com"
5.9.6.51 - - [08/Oct/2022:06:35:07 -0700] "GET /blog/wp-content/?C=D;O=D HTTP/1.1" 200 357 "-" "Mozilla/5.0 (compatible; MegaIndex.ru/2.0; +http://megaindex.com/crawler)" "savemoki.com"
5.9.6.51 - - [08/Oct/2022:06:35:11 -0700] "GET /blog/wp-content/themes/?C=N;O=D HTTP/1.1" 200 403 "-" "Mozilla/5.0 (compatible; MegaIndex.ru/2.0; +http://megaindex.com/crawler)" "savemoki.com"
5.9.6.51 - - [08/Oct/2022:06:35:15 -0700] "GET /blog/wp-content/themes/?C=M;O=A HTTP/1.1" 200 405 "-" "Mozilla/5.0 (compatible; MegaIndex.ru/2.0; +http://megaindex.com/crawler)" "savemoki.com"
5.9.6.51 - - [08/Oct/2022:06:35:19 -0700] "GET /blog/wp-content/themes/?C=S;O=A HTTP/1.1" 200 405 "-" "Mozilla/5.0 (compatible; MegaIndex.ru/2.0; +http://megaindex.com/crawler)" "savemoki.com"
5.9.6.51 - - [08/Oct/2022:06:35:22 -0700] "GET /blog/wp-content/themes/?C=D;O=A HTTP/1.1" 200 405 "-" "Mozilla/5.0 (compatible; MegaIndex.ru/2.0; +http://megaindex.com/crawler)" "savemoki.com"
5.9.6.51 - - [08/Oct/2022:06:35:26 -0700] "GET /blog/wp-content/themes/themeforest-625914-ice-theme-powerful-wordpress-theme-1/ HTTP/1.1" 200 513 "-" "Mozilla/5.0 (compatible; MegaIndex.ru/2.0; +http://megaindex.com/crawler)" "savemoki.com"
5.9.6.51 - - [08/Oct/2022:06:35:30 -0700] "GET /clipart/backgrounds/?C=N;O=A HTTP/1.1" 200 366 "-" "Mozilla/5.0 (compatible; MegaIndex.ru/2.0; +http://megaindex.com/crawler)" "savemoki.com"
5.9.6.51 - - [08/Oct/2022:06:35:34 -0700] "GET /clipart/backgrounds/?C=M;O=D HTTP/1.1" 200 364 "-" "Mozilla/5.0 (compatible; MegaIndex.ru/2.0; +http://megaindex.com/crawler)" "savemoki.com"
5.9.6.51 - - [08/Oct/2022:06:35:38 -0700] "GET /clipart/backgrounds/?C=S;O=D HTTP/1.1" 200 364 "-" "Mozilla/5.0 (compatible; MegaIndex.ru/2.0; +http://megaindex.com/crawler)" "savemoki.com"
51.222.253.14 - - [08/Oct/2022:06:35:40 -0700] "GET /blog/wp-content/?C=D;O=A HTTP/1.1" 200 359 "-" "Mozilla/5.0 (compatible; AhrefsBot/7.0; +http://ahrefs.com/robot/)" "savemoki.com"
5.9.6.51 - - [08/Oct/2022:06:35:43 -0700] "GET /clipart/backgrounds/?C=D;O=D HTTP/1.1" 200 364 "-" "Mozilla/5.0 (compatible; MegaIndex.ru/2.0; +http://megaindex.com/crawler)" "savemoki.com"
5.9.6.51 - - [08/Oct/2022:06:35:47 -0700] "GET /clipart/backgrounds/fullpage/?C=N;O=D HTTP/1.1" 200 387 "-" "Mozilla/5.0 (compatible; MegaIndex.ru/2.0; +http://megaindex.com/crawler)" "savemoki.com"
5.9.6.51 - - [08/Oct/2022:06:35:51 -0700] "GET /clipart/backgrounds/fullpage/?C=M;O=A HTTP/1.1" 200 389 "-" "Mozilla/5.0 (compatible; MegaIndex.ru/2.0; +http://megaindex.com/crawler)" "savemoki.com"
5.9.6.51 - - [08/Oct/2022:06:35:55 -0700] "GET /clipart/backgrounds/fullpage/?C=S;O=A HTTP/1.1" 200 389 "-" "Mozilla/5.0 (compatible; MegaIndex.ru/2.0; +http://megaindex.com/crawler)" "savemoki.com"
5.9.6.51 - - [08/Oct/2022:06:35:58 -0700] "GET /clipart/backgrounds/fullpage/?C=D;O=A HTTP/1.1" 200 389 "-" "Mozilla/5.0 (compatible; MegaIndex.ru/2.0; +http://megaindex.com/crawler)" "savemoki.com"
5.9.6.51 - - [08/Oct/2022:06:36:03 -0700] "GET /clipart/bullets/?C=N;O=A HTTP/1.1" 200 429 "-" "Mozilla/5.0 (compatible; MegaIndex.ru/2.0; +http://megaindex.com/crawler)" "savemoki.com"
5.9.6.51 - - [08/Oct/2022:06:36:08 -0700] "GET /clipart/bullets/?C=M;O=D HTTP/1.1" 200 426 "-" "Mozilla/5.0 (compatible; MegaIndex.ru/2.0; +http://megaindex.com/crawler)" "savemoki.com"
5.9.6.51 - - [08/Oct/2022:06:36:11 -0700] "GET /clipart/bullets/?C=D;O=D HTTP/1.1" 200 426 "-" "Mozilla/5.0 (compatible; MegaIndex.ru/2.0; +http://megaindex.com/crawler)" "savemoki.com"
5.9.6.51 - - [08/Oct/2022:06:36:15 -0700] "GET /clipart/buttons/?C=N;O=A HTTP/1.1" 200 359 "-" "Mozilla/5.0 (compatible; MegaIndex.ru/2.0; +http://megaindex.com/crawler)" "savemoki.com"
5.9.6.51 - - [08/Oct/2022:06:36:19 -0700] "GET /clipart/buttons/?C=M;O=D HTTP/1.1" 200 358 "-" "Mozilla/5.0 (compatible; MegaIndex.ru/2.0; +http://megaindex.com/crawler)" "savemoki.com"
5.9.6.51 - - [08/Oct/2022:06:36:22 -0700] "GET /clipart/buttons/?C=S;O=D HTTP/1.1" 200 358 "-" "Mozilla/5.0 (compatible; MegaIndex.ru/2.0; +http://megaindex.com/crawler)" "savemoki.com"
5.9.6.51 - - [08/Oct/2022:06:36:27 -0700] "GET /clipart/buttons/?C=D;O=D HTTP/1.1" 200 358 "-" "Mozilla/5.0 (compatible; MegaIndex.ru/2.0; +http://megaindex.com/crawler)" "savemoki.com"
5.9.6.51 - - [08/Oct/2022:06:36:32 -0700] "GET /clipart/buttons/themes/?C=N;O=D HTTP/1.1" 200 397 "-" "Mozilla/5.0 (compatible; MegaIndex.ru/2.0; +http://megaindex.com/crawler)" "savemoki.com"
5.9.6.51 - - [08/Oct/2022:06:36:36 -0700] "GET /clipart/buttons/themes/?C=M;O=A HTTP/1.1" 200 404 "-" "Mozilla/5.0 (compatible; MegaIndex.ru/2.0; +http://megaindex.com/crawler)" "savemoki.com"
5.9.6.51 - - [08/Oct/2022:06:36:44 -0700] "GET /clipart/buttons/themes/?C=S;O=A HTTP/1.1" 200 404 "-" "Mozilla/5.0 (compatible; MegaIndex.ru/2.0; +http://megaindex.com/crawler)" "savemoki.com"
5.9.6.51 - - [08/Oct/2022:06:36:49 -0700] "GET /clipart/buttons/themes/?C=D;O=A HTTP/1.1" 200 404 "-" "Mozilla/5.0 (compatible; MegaIndex.ru/2.0; +http://megaindex.com/crawler)" "savemoki.com"
5.9.6.51 - - [08/Oct/2022:06:36:53 -0700] "GET /clipart/buttons/themes/rectangle_yellow/ HTTP/1.1" 200 427 "-" "Mozilla/5.0 (compatible; MegaIndex.ru/2.0; +http://megaindex.com/crawler)" "savemoki.com"
5.9.6.51 - - [08/Oct/2022:06:36:57 -0700] "GET /clipart/buttons/themes/swoosh_blue/ HTTP/1.1" 200 418 "-" "Mozilla/5.0 (compatible; MegaIndex.ru/2.0; +http://megaindex.com/crawler)" "savemoki.com"
5.9.6.51 - - [08/Oct/2022:06:37:00 -0700] "GET /clipart/lines/?C=N;O=A HTTP/1.1" 200 361 "-" "Mozilla/5.0 (compatible; MegaIndex.ru/2.0; +http://megaindex.com/crawler)" "savemoki.com"
5.9.6.51 - - [08/Oct/2022:06:37:04 -0700] "GET /clipart/lines/?C=M;O=D HTTP/1.1" 200 359 "-" "Mozilla/5.0 (compatible; MegaIndex.ru/2.0; +http://megaindex.com/crawler)" "savemoki.com"
5.9.6.51 - - [08/Oct/2022:06:37:07 -0700] "GET /clipart/lines/?C=S;O=D HTTP/1.1" 200 359 "-" "Mozilla/5.0 (compatible; MegaIndex.ru/2.0; +http://megaindex.com/crawler)" "savemoki.com"
5.9.6.51 - - [08/Oct/2022:06:37:12 -0700] "GET /clipart/lines/?C=D;O=D HTTP/1.1" 200 359 "-" "Mozilla/5.0 (compatible; MegaIndex.ru/2.0; +http://megaindex.com/crawler)" "savemoki.com"
51.222.253.19 - - [08/Oct/2022:06:38:35 -0700] "GET /clipart/lines/horizontal/?C=N;O=A HTTP/1.1" 200 408 "-" "Mozilla/5.0 (compatible; AhrefsBot/7.0; +http://ahrefs.com/robot/)" "www.savemoki.com"
5.9.6.51 - - [08/Oct/2022:06:40:07 -0700] "GET /clipart/lines/horizontal/?C=M;O=A HTTP/1.1" 200 408 "-" "Mozilla/5.0 (compatible; MegaIndex.ru/2.0; +http://megaindex.com/crawler)" "savemoki.com"
