20.163.65.151 - - [02/Oct/2022:14:14:17 -0700] "GET /2021/wp-includes/wlwmanifest.xml HTTP/1.1" 404 73 "-" "Mozilla/5.0 (Windows NT 10.0; Win64; x64) AppleWebKit/537.36 (KHTML, like Gecko) Chrome/95.0.4638.69 Safari/537.36" "savemoki.com"
20.163.65.151 - - [02/Oct/2022:14:14:17 -0700] "GET /shop/wp-includes/wlwmanifest.xml HTTP/1.1" 404 73 "-" "Mozilla/5.0 (Windows NT 10.0; Win64; x64) AppleWebKit/537.36 (KHTML, like Gecko) Chrome/95.0.4638.69 Safari/537.36" "savemoki.com"
20.163.65.151 - - [02/Oct/2022:14:14:17 -0700] "GET /wp1/wp-includes/wlwmanifest.xml HTTP/1.1" 404 73 "-" "Mozilla/5.0 (Windows NT 10.0; Win64; x64) AppleWebKit/537.36 (KHTML, like Gecko) Chrome/95.0.4638.69 Safari/537.36" "savemoki.com"
20.163.65.151 - - [02/Oct/2022:14:14:17 -0700] "GET /test/wp-includes/wlwmanifest.xml HTTP/1.1" 404 73 "-" "Mozilla/5.0 (Windows NT 10.0; Win64; x64) AppleWebKit/537.36 (KHTML, like Gecko) Chrome/95.0.4638.69 Safari/537.36" "savemoki.com"
20.163.65.151 - - [02/Oct/2022:14:14:17 -0700] "GET /site/wp-includes/wlwmanifest.xml HTTP/1.1" 404 73 "-" "Mozilla/5.0 (Windows NT 10.0; Win64; x64) AppleWebKit/537.36 (KHTML, like Gecko) Chrome/95.0.4638.69 Safari/537.36" "savemoki.com"
20.163.65.151 - - [02/Oct/2022:14:14:17 -0700] "GET /cms/wp-includes/wlwmanifest.xml HTTP/1.1" 404 73 "-" "Mozilla/5.0 (Windows NT 10.0; Win64; x64) AppleWebKit/537.36 (KHTML, like Gecko) Chrome/95.0.4638.69 Safari/537.36" "savemoki.com"
114.119.136.13 - - [02/Oct/2022:14:16:03 -0700] "GET /robots.txt HTTP/1.1" 200 55 "-" "Mozilla/5.0 (compatible;PetalBot;+https://webmaster.petalsearch.com/site/petalbot)" "savemoki.com"
93.73.179.112 - - [02/Oct/2022:14:50:01 -0700] "GET /blog1/2015/05/07/test-post/ HTTP/1.1" 404 73 "http://savemoki.com/blog1/2015/05/07/test-post/" "Mozilla/5.0 (Windows NT 6.1; Win64; x64) AppleWebKit/537.36 (KHTML, like Gecko) Chrome/90.0.4430.72 Safari/537.36" "savemoki.com"
93.73.179.112 - - [02/Oct/2022:14:50:02 -0700] "GET / HTTP/1.1" 200 7350 "http://savemoki.com/" "Mozilla/5.0 (Windows NT 6.1; Win64; x64) AppleWebKit/537.36 (KHTML, like Gecko) Chrome/90.0.4430.72 Safari/537.36" "savemoki.com"
93.73.179.112 - - [02/Oct/2022:14:50:02 -0700] "GET /blog/ HTTP/1.1" 200 698 "http://savemoki.com/blog/" "Mozilla/5.0 (Windows NT 6.1; Win64; x64) AppleWebKit/537.36 (KHTML, like Gecko) Chrome/90.0.4430.72 Safari/537.36" "savemoki.com"
93.73.179.112 - - [02/Oct/2022:14:50:03 -0700] "GET /blog/contact_us.html HTTP/1.1" 404 73 "http://savemoki.com/blog/contact_us.html" "Mozilla/5.0 (Windows NT 6.1; Win64; x64) AppleWebKit/537.36 (KHTML, like Gecko) Chrome/90.0.4430.72 Safari/537.36" "savemoki.com"
93.73.179.112 - - [02/Oct/2022:14:50:03 -0700] "GET /contact_us.html HTTP/1.1" 200 18024 "http://savemoki.com/contact_us.html" "Mozilla/5.0 (Windows NT 6.1; Win64; x64) AppleWebKit/537.36 (KHTML, like Gecko) Chrome/90.0.4430.72 Safari/537.36" "savemoki.com"
124.221.186.82 - - [02/Oct/2022:15:04:29 -0700] "GET / HTTP/1.1" 200 1286 "-" "Mozilla/5.0 (Linux; Android 6.0; Nexus 5 Build/MRA58N) AppleWebKit/537.36 (KHTML, like Gecko) Chrome/81.0.4044.138 Mobile Safari/537.36" "www.savemoki.com"
114.119.156.133 - - [02/Oct/2022:15:11:34 -0700] "GET /clipart/lines/horizontal/?C=N%3BO%3DD HTTP/1.1" 200 408 "https://www.savemoki.com/clipart/lines/horizontal/?C=M%3BO%3DA" "Mozilla/5.0 (Linux; Android 7.0;) AppleWebKit/537.36 (KHTML, like Gecko) Mobile Safari/537.36 (compatible; PetalBot;+https://webmaster.petalsearch.com/site/petalbot)" "www.savemoki.com"
114.119.139.148 - - [02/Oct/2022:15:17:10 -0700] "GET /clipart/buttons/themes?N=A HTTP/1.1" 301 1423 "https://savemoki.com/clipart/buttons/themes?D=D" "Mozilla/5.0 (Linux; Android 7.0;) AppleWebKit/537.36 (KHTML, like Gecko) Mobile Safari/537.36 (compatible; PetalBot;+https://webmaster.petalsearch.com/site/petalbot)" "savemoki.com"
114.119.139.148 - - [02/Oct/2022:15:17:10 -0700] "GET /clipart/buttons/themes/?N=A HTTP/1.1" 200 404 "https://savemoki.com/clipart/buttons/themes?D=D" "Mozilla/5.0 (Linux; Android 7.0;) AppleWebKit/537.36 (KHTML, like Gecko) Mobile Safari/537.36 (compatible; PetalBot;+https://webmaster.petalsearch.com/site/petalbot)" "savemoki.com"
114.119.139.167 - - [02/Oct/2022:15:22:49 -0700] "GET /clipart/buttons/themes/?C=S%3BO%3DA HTTP/1.1" 200 404 "https://www.savemoki.com/clipart/buttons/themes?C=S%3BO%3DA" "Mozilla/5.0 (Linux; Android 7.0;) AppleWebKit/537.36 (KHTML, like Gecko) Mobile Safari/537.36 (compatible; PetalBot;+https://webmaster.petalsearch.com/site/petalbot)" "www.savemoki.com"
114.119.139.148 - - [02/Oct/2022:15:28:30 -0700] "GET /sitebuilder/images?D=D HTTP/1.1" 301 1420 "https://savemoki.com/sitebuilder/images?D=A" "Mozilla/5.0 (Linux; Android 7.0;) AppleWebKit/537.36 (KHTML, like Gecko) Mobile Safari/537.36 (compatible; PetalBot;+https://webmaster.petalsearch.com/site/petalbot)" "savemoki.com"
114.119.139.148 - - [02/Oct/2022:15:28:31 -0700] "GET /sitebuilder/images/?D=D HTTP/1.1" 200 3814 "https://savemoki.com/sitebuilder/images?D=A" "Mozilla/5.0 (Linux; Android 7.0;) AppleWebKit/537.36 (KHTML, like Gecko) Mobile Safari/537.36 (compatible; PetalBot;+https://webmaster.petalsearch.com/site/petalbot)" "savemoki.com"
114.119.156.133 - - [02/Oct/2022:15:35:44 -0700] "GET /images/ HTTP/1.1" 200 2158 "http://savemoki.com?C=S%3BO%3DA" "Mozilla/5.0 (Linux; Android 7.0;) AppleWebKit/537.36 (KHTML, like Gecko) Mobile Safari/537.36 (compatible; PetalBot;+https://webmaster.petalsearch.com/site/petalbot)" "savemoki.com"
114.119.139.167 - - [02/Oct/2022:15:41:24 -0700] "GET /sitebuilder?C=M%3BO%3DA HTTP/1.1" 301 1426 "https://www.savemoki.com/sitebuilder?D=D" "Mozilla/5.0 (Linux; Android 7.0;) AppleWebKit/537.36 (KHTML, like Gecko) Mobile Safari/537.36 (compatible; PetalBot;+https://webmaster.petalsearch.com/site/petalbot)" "www.savemoki.com"
114.119.139.167 - - [02/Oct/2022:15:41:25 -0700] "GET /sitebuilder/?C=M%3BO%3DA HTTP/1.1" 200 372 "https://www.savemoki.com/sitebuilder?D=D" "Mozilla/5.0 (Linux; Android 7.0;) AppleWebKit/537.36 (KHTML, like Gecko) Mobile Safari/537.36 (compatible; PetalBot;+https://webmaster.petalsearch.com/site/petalbot)" "www.savemoki.com"
114.119.139.148 - - [02/Oct/2022:15:52:20 -0700] "GET /clipart/images/frames?N=D HTTP/1.1" 301 1423 "https://www.savemoki.com/clipart/images/frames?N=A" "Mozilla/5.0 (Linux; Android 7.0;) AppleWebKit/537.36 (KHTML, like Gecko) Mobile Safari/537.36 (compatible; PetalBot;+https://webmaster.petalsearch.com/site/petalbot)" "www.savemoki.com"
114.119.139.148 - - [02/Oct/2022:15:52:21 -0700] "GET /clipart/images/frames/?N=D HTTP/1.1" 200 379 "https://www.savemoki.com/clipart/images/frames?N=A" "Mozilla/5.0 (Linux; Android 7.0;) AppleWebKit/537.36 (KHTML, like Gecko) Mobile Safari/537.36 (compatible; PetalBot;+https://webmaster.petalsearch.com/site/petalbot)" "www.savemoki.com"
114.119.156.133 - - [02/Oct/2022:15:57:59 -0700] "GET /clipart/pageHeaders/ HTTP/1.1" 200 427 "https://savemoki.com/clipart?S=A" "Mozilla/5.0 (Linux; Android 7.0;) AppleWebKit/537.36 (KHTML, like Gecko) Mobile Safari/537.36 (compatible; PetalBot;+https://webmaster.petalsearch.com/site/petalbot)" "savemoki.com"
114.119.139.185 - - [02/Oct/2022:16:03:40 -0700] "GET /blog/wp-content/themes/themeforest-625914-ice-theme-powerful-wordpress-theme-1/sample%20content/services_page.txt HTTP/1.1" 200 1258 "https://savemoki.com/blog/wp-content/themes/themeforest-625914-ice-theme-powerful-wordpress-theme-1/sample%20content/?C=D%3BO%3DA" "Mozilla/5.0 (Linux; Android 7.0;) AppleWebKit/537.36 (KHTML, like Gecko) Mobile Safari/537.36 (compatible; PetalBot;+https://webmaster.petalsearch.com/site/petalbot)" "savemoki.com"
114.119.139.185 - - [02/Oct/2022:16:09:26 -0700] "GET /navigation_bars/?C=S%3BO%3DA HTTP/1.1" 200 408 "https://www.savemoki.com/navigation_bars?C=N%3BO%3DD" "Mozilla/5.0 (Linux; Android 7.0;) AppleWebKit/537.36 (KHTML, like Gecko) Mobile Safari/537.36 (compatible; PetalBot;+https://webmaster.petalsearch.com/site/petalbot)" "www.savemoki.com"
114.119.139.148 - - [02/Oct/2022:16:15:09 -0700] "GET /clipart/buttons/themes/rectangle_yellow?S=A HTTP/1.1" 301 1437 "https://savemoki.com/clipart/buttons/themes/rectangle_yellow?D=D" "Mozilla/5.0 (Linux; Android 7.0;) AppleWebKit/537.36 (KHTML, like Gecko) Mobile Safari/537.36 (compatible; PetalBot;+https://webmaster.petalsearch.com/site/petalbot)" "savemoki.com"
114.119.139.148 - - [02/Oct/2022:16:15:10 -0700] "GET /clipart/buttons/themes/rectangle_yellow/?S=A HTTP/1.1" 200 427 "https://savemoki.com/clipart/buttons/themes/rectangle_yellow?D=D" "Mozilla/5.0 (Linux; Android 7.0;) AppleWebKit/537.36 (KHTML, like Gecko) Mobile Safari/537.36 (compatible; PetalBot;+https://webmaster.petalsearch.com/site/petalbot)" "savemoki.com"
114.119.139.167 - - [02/Oct/2022:16:20:47 -0700] "GET /blog/wp-content/themes/themeforest-625914-ice-theme-powerful-wordpress-theme-1/licensing/?C=N%3BO%3DD HTTP/1.1" 200 419 "https://savemoki.com/blog/wp-content/themes/themeforest-625914-ice-theme-powerful-wordpress-theme-1/licensing?C=M%3BO%3DA" "Mozilla/5.0 (Linux; Android 7.0;) AppleWebKit/537.36 (KHTML, like Gecko) Mobile Safari/537.36 (compatible; PetalBot;+https://webmaster.petalsearch.com/site/petalbot)" "savemoki.com"
114.119.139.166 - - [02/Oct/2022:16:26:24 -0700] "GET /sitebuilder/images?C=S%3BO%3DA HTTP/1.1" 301 1431 "https://www.savemoki.com/sitebuilder/images?N=A" "Mozilla/5.0 (Linux; Android 7.0;) AppleWebKit/537.36 (KHTML, like Gecko) Mobile Safari/537.36 (compatible; PetalBot;+https://webmaster.petalsearch.com/site/petalbot)" "www.savemoki.com"
114.119.139.166 - - [02/Oct/2022:16:26:26 -0700] "GET /sitebuilder/images/?C=S%3BO%3DA HTTP/1.1" 200 3814 "https://www.savemoki.com/sitebuilder/images?N=A" "Mozilla/5.0 (Linux; Android 7.0;) AppleWebKit/537.36 (KHTML, like Gecko) Mobile Safari/537.36 (compatible; PetalBot;+https://webmaster.petalsearch.com/site/petalbot)" "www.savemoki.com"
207.46.13.5 - - [02/Oct/2022:16:29:29 -0700] "GET /?C=D;O=A HTTP/1.1" 200 1286 "-" "Mozilla/5.0 (compatible; bingbot/2.0; +http://www.bing.com/bingbot.htm)" "savemoki.com"
114.119.139.167 - - [02/Oct/2022:16:32:06 -0700] "GET /sitebuilder?S=D HTTP/1.1" 301 1416 "https://savemoki.com/sitebuilder?S=A" "Mozilla/5.0 (Linux; Android 7.0;) AppleWebKit/537.36 (KHTML, like Gecko) Mobile Safari/537.36 (compatible; PetalBot;+https://webmaster.petalsearch.com/site/petalbot)" "savemoki.com"
114.119.139.167 - - [02/Oct/2022:16:32:07 -0700] "GET /sitebuilder/?S=D HTTP/1.1" 200 372 "https://savemoki.com/sitebuilder?S=A" "Mozilla/5.0 (Linux; Android 7.0;) AppleWebKit/537.36 (KHTML, like Gecko) Mobile Safari/537.36 (compatible; PetalBot;+https://webmaster.petalsearch.com/site/petalbot)" "savemoki.com"
114.119.138.98 - - [02/Oct/2022:16:39:24 -0700] "GET /robots.txt HTTP/1.1" 200 55 "-" "Mozilla/5.0 (compatible;PetalBot;+https://webmaster.petalsearch.com/site/petalbot)" "www.savemoki.com"
185.191.171.16 - - [02/Oct/2022:16:39:58 -0700] "GET /robots.txt HTTP/1.1" 200 55 "-" "Mozilla/5.0 (compatible; SemrushBot/7~bl; +http://www.semrush.com/bot.html)" "www.savemoki.com"
185.191.171.35 - - [02/Oct/2022:16:39:58 -0700] "GET /clipart/buttons/themes/rectangle_yellow/ HTTP/1.1" 200 427 "-" "Mozilla/5.0 (compatible; SemrushBot/7~bl; +http://www.semrush.com/bot.html)" "www.savemoki.com"
114.119.139.185 - - [02/Oct/2022:16:40:47 -0700] "GET /2test/index.php/2020/04 HTTP/1.1" 200 20886 "-" "Mozilla/5.0 (Linux; Android 7.0;) AppleWebKit/537.36 (KHTML, like Gecko) Mobile Safari/537.36 (compatible; PetalBot;+https://webmaster.petalsearch.com/site/petalbot)" "savemoki.com"
114.119.139.185 - - [02/Oct/2022:16:40:55 -0700] "GET /2test/wp-includes/css/dist/block-library/style.min.css?ver=5.4.11 HTTP/1.1" 200 7642 "https://savemoki.com/2test/index.php/2020/04" "Mozilla/5.0 (Linux; Android 7.0;) AppleWebKit/537.36 (KHTML, like Gecko) Mobile Safari/537.36 (compatible; PetalBot;+https://webmaster.petalsearch.com/site/petalbot)" "savemoki.com"
114.119.139.185 - - [02/Oct/2022:16:40:55 -0700] "GET /2test/wp-content/themes/kids-campus/style.css?ver=5.4.11 HTTP/1.1" 200 6660 "https://savemoki.com/2test/index.php/2020/04" "Mozilla/5.0 (Linux; Android 7.0;) AppleWebKit/537.36 (KHTML, like Gecko) Mobile Safari/537.36 (compatible; PetalBot;+https://webmaster.petalsearch.com/site/petalbot)" "savemoki.com"
114.119.139.185 - - [02/Oct/2022:16:40:55 -0700] "GET /2test/wp-content/themes/kids-campus/css/nivo-slider.css?ver=5.4.11 HTTP/1.1" 200 1136 "https://savemoki.com/2test/index.php/2020/04" "Mozilla/5.0 (Linux; Android 7.0;) AppleWebKit/537.36 (KHTML, like Gecko) Mobile Safari/537.36 (compatible; PetalBot;+https://webmaster.petalsearch.com/site/petalbot)" "savemoki.com"
114.119.139.185 - - [02/Oct/2022:16:40:55 -0700] "GET /2test/wp-content/themes/kids-campus/css/responsive.css?ver=5.4.11 HTTP/1.1" 200 1780 "https://savemoki.com/2test/index.php/2020/04" "Mozilla/5.0 (Linux; Android 7.0;) AppleWebKit/537.36 (KHTML, like Gecko) Mobile Safari/537.36 (compatible; PetalBot;+https://webmaster.petalsearch.com/site/petalbot)" "savemoki.com"
114.119.139.185 - - [02/Oct/2022:16:40:55 -0700] "GET /2test/wp-content/themes/kids-campus/fontsawesome/css/fontawesome-all.css?ver=5.4.11 HTTP/1.1" 200 9485 "https://savemoki.com/2test/index.php/2020/04" "Mozilla/5.0 (Linux; Android 7.0;) AppleWebKit/537.36 (KHTML, like Gecko) Mobile Safari/537.36 (compatible; PetalBot;+https://webmaster.petalsearch.com/site/petalbot)" "savemoki.com"
114.119.139.185 - - [02/Oct/2022:16:40:55 -0700] "GET /2test/wp-content/plugins/learnpress/assets/css/bundle.min.css?ver=3.2.6.7 HTTP/1.1" 200 8649 "https://savemoki.com/2test/index.php/2020/04" "Mozilla/5.0 (Linux; Android 7.0;) AppleWebKit/537.36 (KHTML, like Gecko) Mobile Safari/537.36 (compatible; PetalBot;+https://webmaster.petalsearch.com/site/petalbot)" "savemoki.com"
114.119.139.185 - - [02/Oct/2022:16:40:55 -0700] "GET /2test/wp-content/plugins/learnpress/assets/css/learnpress.css?ver=3.2.6.7 HTTP/1.1" 200 9747 "https://savemoki.com/2test/index.php/2020/04" "Mozilla/5.0 (Linux; Android 7.0;) AppleWebKit/537.36 (KHTML, like Gecko) Mobile Safari/537.36 (compatible; PetalBot;+https://webmaster.petalsearch.com/site/petalbot)" "savemoki.com"
114.119.139.185 - - [02/Oct/2022:16:40:55 -0700] "GET /2test/wp-content/themes/kids-campus/js/jquery.nivo.slider.js?ver=5.4.11 HTTP/1.1" 200 4886 "https://savemoki.com/2test/index.php/2020/04" "Mozilla/5.0 (Linux; Android 7.0;) AppleWebKit/537.36 (KHTML, like Gecko) Mobile Safari/537.36 (compatible; PetalBot;+https://webmaster.petalsearch.com/site/petalbot)" "savemoki.com"
114.119.139.185 - - [02/Oct/2022:16:40:55 -0700] "GET /2test/wp-includes/js/jquery/jquery-migrate.min.js?ver=1.4.1 HTTP/1.1" 200 4014 "https://savemoki.com/2test/index.php/2020/04" "Mozilla/5.0 (Linux; Android 7.0;) AppleWebKit/537.36 (KHTML, like Gecko) Mobile Safari/537.36 (compatible; PetalBot;+https://webmaster.petalsearch.com/site/petalbot)" "savemoki.com"
114.119.139.185 - - [02/Oct/2022:16:40:55 -0700] "GET /2test/wp-includes/js/jquery/jquery.js?ver=1.12.4-wp HTTP/1.1" 200 33776 "https://savemoki.com/2test/index.php/2020/04" "Mozilla/5.0 (Linux; Android 7.0;) AppleWebKit/537.36 (KHTML, like Gecko) Mobile Safari/537.36 (compatible; PetalBot;+https://webmaster.petalsearch.com/site/petalbot)" "savemoki.com"
114.119.139.185 - - [02/Oct/2022:16:40:55 -0700] "GET /2test/wp-content/themes/kids-campus/js/editable.js?ver=5.4.11 HTTP/1.1" 200 746 "https://savemoki.com/2test/index.php/2020/04" "Mozilla/5.0 (Linux; Android 7.0;) AppleWebKit/537.36 (KHTML, like Gecko) Mobile Safari/537.36 (compatible; PetalBot;+https://webmaster.petalsearch.com/site/petalbot)" "savemoki.com"
114.119.139.185 - - [02/Oct/2022:16:40:55 -0700] "GET /2test/wp-includes/js/underscore.min.js?ver=1.8.3 HTTP/1.1" 200 5663 "https://savemoki.com/2test/index.php/2020/04" "Mozilla/5.0 (Linux; Android 7.0;) AppleWebKit/537.36 (KHTML, like Gecko) Mobile Safari/537.36 (compatible; PetalBot;+https://webmaster.petalsearch.com/site/petalbot)" "savemoki.com"
114.119.139.185 - - [02/Oct/2022:16:40:55 -0700] "GET /2test/wp-content/plugins/learnpress/assets/js/vendor/plugins.all.min.js?ver=3.2.6.7 HTTP/1.1" 200 50121 "https://savemoki.com/2test/index.php/2020/04" "Mozilla/5.0 (Linux; Android 7.0;) AppleWebKit/537.36 (KHTML, like Gecko) Mobile Safari/537.36 (compatible; PetalBot;+https://webmaster.petalsearch.com/site/petalbot)" "savemoki.com"
114.119.139.185 - - [02/Oct/2022:16:40:55 -0700] "GET /2test/wp-includes/js/utils.min.js?ver=5.4.11 HTTP/1.1" 200 828 "https://savemoki.com/2test/index.php/2020/04" "Mozilla/5.0 (Linux; Android 7.0;) AppleWebKit/537.36 (KHTML, like Gecko) Mobile Safari/537.36 (compatible; PetalBot;+https://webmaster.petalsearch.com/site/petalbot)" "savemoki.com"
114.119.139.185 - - [02/Oct/2022:16:40:55 -0700] "GET /2test/wp-content/plugins/learnpress/assets/js/global.min.js?ver=3.2.6.7 HTTP/1.1" 200 454 "https://savemoki.com/2test/index.php/2020/04" "Mozilla/5.0 (Linux; Android 7.0;) AppleWebKit/537.36 (KHTML, like Gecko) Mobile Safari/537.36 (compatible; PetalBot;+https://webmaster.petalsearch.com/site/petalbot)" "savemoki.com"
114.119.139.185 - - [02/Oct/2022:16:40:55 -0700] "GET /2test/wp-content/plugins/learnpress/assets/js/utils.min.js?ver=3.2.6.7 HTTP/1.1" 200 7630 "https://savemoki.com/2test/index.php/2020/04" "Mozilla/5.0 (Linux; Android 7.0;) AppleWebKit/537.36 (KHTML, like Gecko) Mobile Safari/537.36 (compatible; PetalBot;+https://webmaster.petalsearch.com/site/petalbot)" "savemoki.com"
114.119.139.185 - - [02/Oct/2022:16:40:55 -0700] "GET /2test/wp-content/plugins/learnpress/assets/js/frontend/course.js?ver=3.2.6.7 HTTP/1.1" 200 3955 "https://savemoki.com/2test/index.php/2020/04" "Mozilla/5.0 (Linux; Android 7.0;) AppleWebKit/537.36 (KHTML, like Gecko) Mobile Safari/537.36 (compatible; PetalBot;+https://webmaster.petalsearch.com/site/petalbot)" "savemoki.com"
114.119.139.185 - - [02/Oct/2022:16:40:55 -0700] "GET /2test/wp-content/plugins/learnpress/assets/js/frontend/learnpress.min.js?ver=3.2.6.7 HTTP/1.1" 200 506 "https://savemoki.com/2test/index.php/2020/04" "Mozilla/5.0 (Linux; Android 7.0;) AppleWebKit/537.36 (KHTML, like Gecko) Mobile Safari/537.36 (compatible; PetalBot;+https://webmaster.petalsearch.com/site/petalbot)" "savemoki.com"
114.119.139.185 - - [02/Oct/2022:16:40:55 -0700] "GET /2test/wp-content/plugins/learnpress/assets/js/frontend/become-teacher.js?ver=3.2.6.7 HTTP/1.1" 200 929 "https://savemoki.com/2test/index.php/2020/04" "Mozilla/5.0 (Linux; Android 7.0;) AppleWebKit/537.36 (KHTML, like Gecko) Mobile Safari/537.36 (compatible; PetalBot;+https://webmaster.petalsearch.com/site/petalbot)" "savemoki.com"
114.119.139.185 - - [02/Oct/2022:16:40:58 -0700] "GET /2test/wp-includes/js/wp-embed.min.js?ver=5.4.11 HTTP/1.1" 200 765 "https://savemoki.com/2test/index.php/2020/04" "Mozilla/5.0 (Linux; Android 7.0;) AppleWebKit/537.36 (KHTML, like Gecko) Mobile Safari/537.36 (compatible; PetalBot;+https://webmaster.petalsearch.com/site/petalbot)" "savemoki.com"
114.119.139.185 - - [02/Oct/2022:16:40:58 -0700] "GET /2test/wp-includes/js/wp-emoji-release.min.js?ver=5.4.11 HTTP/1.1" 200 4646 "https://savemoki.com/2test/index.php/2020/04" "Mozilla/5.0 (Linux; Android 7.0;) AppleWebKit/537.36 (KHTML, like Gecko) Mobile Safari/537.36 (compatible; PetalBot;+https://webmaster.petalsearch.com/site/petalbot)" "savemoki.com"
10.213.116.64 - - [02/Oct/2022:16:40:51 -0700] "POST /2test/wp-cron.php?doing_wp_cron=1664754051.1507759094238281250000 HTTP/1.1" 200 - "https://savemoki.com/2test/wp-cron.php?doing_wp_cron=1664754051.1507759094238281250000" "WordPress/5.4.11; https://savemoki.com/2test" "savemoki.com"
114.119.139.167 - - [02/Oct/2022:16:43:28 -0700] "GET /clipart/backgrounds/?C=D%3BO%3DA HTTP/1.1" 200 366 "https://www.savemoki.com/clipart/backgrounds?S=D" "Mozilla/5.0 (Linux; Android 7.0;) AppleWebKit/537.36 (KHTML, like Gecko) Mobile Safari/537.36 (compatible; PetalBot;+https://webmaster.petalsearch.com/site/petalbot)" "www.savemoki.com"
114.119.139.185 - - [02/Oct/2022:16:49:04 -0700] "GET /clipart/lines/?C=N%3BO%3DD HTTP/1.1" 200 361 "https://savemoki.com/clipart/lines/" "Mozilla/5.0 (Linux; Android 7.0;) AppleWebKit/537.36 (KHTML, like Gecko) Mobile Safari/537.36 (compatible; PetalBot;+https://webmaster.petalsearch.com/site/petalbot)" "savemoki.com"
114.119.156.133 - - [02/Oct/2022:16:54:47 -0700] "GET /media HTTP/1.1" 301 1407 "http://savemoki.com?C=N%3BO%3DD" "Mozilla/5.0 (Linux; Android 7.0;) AppleWebKit/537.36 (KHTML, like Gecko) Mobile Safari/537.36 (compatible; PetalBot;+https://webmaster.petalsearch.com/site/petalbot)" "savemoki.com"
114.119.156.133 - - [02/Oct/2022:16:54:48 -0700] "GET /media/ HTTP/1.1" 200 396 "http://savemoki.com?C=N%3BO%3DD" "Mozilla/5.0 (Linux; Android 7.0;) AppleWebKit/537.36 (KHTML, like Gecko) Mobile Safari/537.36 (compatible; PetalBot;+https://webmaster.petalsearch.com/site/petalbot)" "savemoki.com"
114.119.139.185 - - [02/Oct/2022:17:00:26 -0700] "GET /media/?C=D%3BO%3DA HTTP/1.1" 200 396 "https://www.savemoki.com/media?D=A" "Mozilla/5.0 (Linux; Android 7.0;) AppleWebKit/537.36 (KHTML, like Gecko) Mobile Safari/537.36 (compatible; PetalBot;+https://webmaster.petalsearch.com/site/petalbot)" "www.savemoki.com"
114.119.139.166 - - [02/Oct/2022:17:06:08 -0700] "GET /clipart/lines/?C=M%3BO%3DA HTTP/1.1" 200 361 "https://savemoki.com/clipart/lines?N=D" "Mozilla/5.0 (Linux; Android 7.0;) AppleWebKit/537.36 (KHTML, like Gecko) Mobile Safari/537.36 (compatible; PetalBot;+https://webmaster.petalsearch.com/site/petalbot)" "savemoki.com"
114.119.139.166 - - [02/Oct/2022:17:11:46 -0700] "GET /clipart/buttons/themes/swoosh_blue/?C=M%3BO%3DA HTTP/1.1" 200 418 "https://www.savemoki.com/clipart/buttons/themes/swoosh_blue?C=N%3BO%3DD" "Mozilla/5.0 (Linux; Android 7.0;) AppleWebKit/537.36 (KHTML, like Gecko) Mobile Safari/537.36 (compatible; PetalBot;+https://webmaster.petalsearch.com/site/petalbot)" "www.savemoki.com"
114.119.139.148 - - [02/Oct/2022:17:17:25 -0700] "GET /clipart?C=M%3BO%3DA HTTP/1.1" 301 1424 "https://www.savemoki.com/clipart?D=D" "Mozilla/5.0 (Linux; Android 7.0;) AppleWebKit/537.36 (KHTML, like Gecko) Mobile Safari/537.36 (compatible; PetalBot;+https://webmaster.petalsearch.com/site/petalbot)" "www.savemoki.com"
114.119.139.148 - - [02/Oct/2022:17:17:27 -0700] "GET /clipart/?C=M%3BO%3DA HTTP/1.1" 200 440 "https://www.savemoki.com/clipart?D=D" "Mozilla/5.0 (Linux; Android 7.0;) AppleWebKit/537.36 (KHTML, like Gecko) Mobile Safari/537.36 (compatible; PetalBot;+https://webmaster.petalsearch.com/site/petalbot)" "www.savemoki.com"
114.119.139.166 - - [02/Oct/2022:17:23:01 -0700] "GET /clipart/bullets/?C=N%3BO%3DD HTTP/1.1" 200 429 "https://www.savemoki.com/clipart/bullets?C=M%3BO%3DA" "Mozilla/5.0 (Linux; Android 7.0;) AppleWebKit/537.36 (KHTML, like Gecko) Mobile Safari/537.36 (compatible; PetalBot;+https://webmaster.petalsearch.com/site/petalbot)" "www.savemoki.com"
20.163.65.151 - - [02/Oct/2022:17:24:11 -0700] "GET / HTTP/1.1" 200 7350 "-" "Mozilla/5.0 (Windows NT 10.0; Win64; x64) AppleWebKit/537.36 (KHTML, like Gecko) Chrome/95.0.4638.69 Safari/537.36" "savemoki.com"
20.163.65.151 - - [02/Oct/2022:17:24:11 -0700] "GET /wp-includes/ID3/license.txt HTTP/1.1" 404 73 "-" "Mozilla/5.0 (Windows NT 10.0; Win64; x64) AppleWebKit/537.36 (KHTML, like Gecko) Chrome/95.0.4638.69 Safari/537.36" "savemoki.com"
20.163.65.151 - - [02/Oct/2022:17:24:11 -0700] "GET /xmlrpc.php?rsd HTTP/1.1" 500 4931 "-" "Mozilla/5.0 (Windows NT 10.0; Win64; x64) AppleWebKit/537.36 (KHTML, like Gecko) Chrome/95.0.4638.69 Safari/537.36" "savemoki.com"
20.163.65.151 - - [02/Oct/2022:17:24:12 -0700] "GET /blog/wp-includes/wlwmanifest.xml HTTP/1.1" 404 73 "-" "Mozilla/5.0 (Windows NT 10.0; Win64; x64) AppleWebKit/537.36 (KHTML, like Gecko) Chrome/95.0.4638.69 Safari/537.36" "savemoki.com"
20.163.65.151 - - [02/Oct/2022:17:25:12 -0700] "GET /wp/wp-includes/wlwmanifest.xml HTTP/1.1" 404 73 "-" "Mozilla/5.0 (Windows NT 10.0; Win64; x64) AppleWebKit/537.36 (KHTML, like Gecko) Chrome/95.0.4638.69 Safari/537.36" "savemoki.com"
20.163.65.151 - - [02/Oct/2022:17:25:12 -0700] "GET /2020/wp-includes/wlwmanifest.xml HTTP/1.1" 404 73 "-" "Mozilla/5.0 (Windows NT 10.0; Win64; x64) AppleWebKit/537.36 (KHTML, like Gecko) Chrome/95.0.4638.69 Safari/537.36" "savemoki.com"
20.163.65.151 - - [02/Oct/2022:17:25:12 -0700] "GET /2019/wp-includes/wlwmanifest.xml HTTP/1.1" 404 73 "-" "Mozilla/5.0 (Windows NT 10.0; Win64; x64) AppleWebKit/537.36 (KHTML, like Gecko) Chrome/95.0.4638.69 Safari/537.36" "savemoki.com"
20.163.65.151 - - [02/Oct/2022:17:25:12 -0700] "GET /2021/wp-includes/wlwmanifest.xml HTTP/1.1" 404 73 "-" "Mozilla/5.0 (Windows NT 10.0; Win64; x64) AppleWebKit/537.36 (KHTML, like Gecko) Chrome/95.0.4638.69 Safari/537.36" "savemoki.com"
20.163.65.151 - - [02/Oct/2022:17:25:12 -0700] "GET /shop/wp-includes/wlwmanifest.xml HTTP/1.1" 404 73 "-" "Mozilla/5.0 (Windows NT 10.0; Win64; x64) AppleWebKit/537.36 (KHTML, like Gecko) Chrome/95.0.4638.69 Safari/537.36" "savemoki.com"
20.163.65.151 - - [02/Oct/2022:17:25:12 -0700] "GET /wp1/wp-includes/wlwmanifest.xml HTTP/1.1" 404 73 "-" "Mozilla/5.0 (Windows NT 10.0; Win64; x64) AppleWebKit/537.36 (KHTML, like Gecko) Chrome/95.0.4638.69 Safari/537.36" "savemoki.com"
20.163.65.151 - - [02/Oct/2022:17:25:12 -0700] "GET /test/wp-includes/wlwmanifest.xml HTTP/1.1" 404 73 "-" "Mozilla/5.0 (Windows NT 10.0; Win64; x64) AppleWebKit/537.36 (KHTML, like Gecko) Chrome/95.0.4638.69 Safari/537.36" "savemoki.com"
20.163.65.151 - - [02/Oct/2022:17:25:12 -0700] "GET /site/wp-includes/wlwmanifest.xml HTTP/1.1" 404 73 "-" "Mozilla/5.0 (Windows NT 10.0; Win64; x64) AppleWebKit/537.36 (KHTML, like Gecko) Chrome/95.0.4638.69 Safari/537.36" "savemoki.com"
20.163.65.151 - - [02/Oct/2022:17:25:12 -0700] "GET /cms/wp-includes/wlwmanifest.xml HTTP/1.1" 404 73 "-" "Mozilla/5.0 (Windows NT 10.0; Win64; x64) AppleWebKit/537.36 (KHTML, like Gecko) Chrome/95.0.4638.69 Safari/537.36" "savemoki.com"
114.232.110.100 - - [02/Oct/2022:17:27:04 -0700] "GET /contact_us.html HTTP/1.1" 200 18024 "http://savemoki.com/contact_us.html" "Mozilla/5.0 (Windows NT 6.3; Win64; x64) AppleWebKit/537.36 (KHTML, like Gecko) Chrome/90.0.4430.85 Safari/537.36" "savemoki.com"
114.119.139.167 - - [02/Oct/2022:17:28:39 -0700] "GET /clipart/buttons?D=D HTTP/1.1" 301 1419 "https://savemoki.com/clipart/buttons?D=A" "Mozilla/5.0 (Linux; Android 7.0;) AppleWebKit/537.36 (KHTML, like Gecko) Mobile Safari/537.36 (compatible; PetalBot;+https://webmaster.petalsearch.com/site/petalbot)" "savemoki.com"
114.119.139.167 - - [02/Oct/2022:17:28:40 -0700] "GET /clipart/buttons/?D=D HTTP/1.1" 200 359 "https://savemoki.com/clipart/buttons?D=A" "Mozilla/5.0 (Linux; Android 7.0;) AppleWebKit/537.36 (KHTML, like Gecko) Mobile Safari/537.36 (compatible; PetalBot;+https://webmaster.petalsearch.com/site/petalbot)" "savemoki.com"
61.147.15.65 - - [02/Oct/2022:17:31:07 -0700] "GET /favicon.ico HTTP/1.1" 404 88 "-" "Dalvik/2.1.0 (Linux; U; Android 9.0; ZTE BA520 Build/MRA58K)" "savemoki.com"
61.147.15.67 - - [02/Oct/2022:17:31:30 -0700] "GET / HTTP/1.1" 200 1286 "-" "Dalvik/2.1.0 (Linux; U; Android 9.0; ZTE BA520 Build/MRA58K)" "savemoki.com"
61.147.15.67 - - [02/Oct/2022:17:31:31 -0700] "GET / HTTP/1.1" 200 1286 "-" "Mozilla/5.0 (Macintosh; Intel Mac OS X 10_11) AppleWebKit/601.1.27 (KHTML, like Gecko) Chrome/47.0.2526.106 Safari/601.1.27" "savemoki.com"
61.147.15.67 - - [02/Oct/2022:17:31:36 -0700] "GET / HTTP/1.1" 200 1286 "-" "Mozilla/5.0 (Macintosh; Intel Mac OS X 10_11) AppleWebKit/601.1.27 (KHTML, like Gecko) Chrome/47.0.2526.106 Safari/601.1.27" "savemoki.com"
61.147.15.67 - - [02/Oct/2022:17:32:03 -0700] "GET / HTTP/1.1" 200 1286 "-" "Dalvik/2.1.0 (Linux; U; Android 9.0; ZTE BA520 Build/MRA58K)" "savemoki.com"
61.147.15.65 - - [02/Oct/2022:17:33:54 -0700] "GET / HTTP/1.1" 200 1286 "-" "Mozilla/5.0 (iPhone; CPU iPhone OS 9_2 like Mac OS X) AppleWebKit/601.1.46 (KHTML, like Gecko) Mobile/13C75 MicroMessenger/6.7.1 NetType/4G Language/zh_CN" "savemoki.com"
61.147.15.65 - - [02/Oct/2022:17:33:56 -0700] "GET /favicon.ico HTTP/1.1" 404 88 "-" "Dalvik/2.1.0 (Linux; U; Android 9.0; ZTE BA520 Build/MRA58K)" "savemoki.com"
114.119.139.148 - - [02/Oct/2022:17:34:19 -0700] "GET /sitebuilder/scripts/?C=N%3BO%3DD HTTP/1.1" 200 373 "https://www.savemoki.com/sitebuilder/scripts/?C=D%3BO%3DA" "Mozilla/5.0 (Linux; Android 7.0;) AppleWebKit/537.36 (KHTML, like Gecko) Mobile Safari/537.36 (compatible; PetalBot;+https://webmaster.petalsearch.com/site/petalbot)" "www.savemoki.com"
61.147.15.65 - - [02/Oct/2022:17:37:11 -0700] "GET / HTTP/1.1" 200 1286 "-" "Mozilla/5.0 (X11; U; Linux i686; en-US; rv:1.7) Gecko/20040917 Firefox/0.9.3" "savemoki.com"
185.191.171.15 - - [02/Oct/2022:17:38:38 -0700] "GET /robots.txt HTTP/1.1" 200 55 "-" "Mozilla/5.0 (compatible; SemrushBot/7~bl; +http://www.semrush.com/bot.html)" "savemoki.com"
185.191.171.33 - - [02/Oct/2022:17:38:38 -0700] "GET /temporarypreviewfile.html HTTP/1.1" 200 309 "-" "Mozilla/5.0 (compatible; SemrushBot/7~bl; +http://www.semrush.com/bot.html)" "savemoki.com"
114.119.139.166 - - [02/Oct/2022:17:39:56 -0700] "GET /navigation_bars?N=D HTTP/1.1" 301 1421 "https://www.savemoki.com/navigation_bars?N=A" "Mozilla/5.0 (Linux; Android 7.0;) AppleWebKit/537.36 (KHTML, like Gecko) Mobile Safari/537.36 (compatible; PetalBot;+https://webmaster.petalsearch.com/site/petalbot)" "www.savemoki.com"
114.119.139.166 - - [02/Oct/2022:17:39:58 -0700] "GET /navigation_bars/?N=D HTTP/1.1" 200 408 "https://www.savemoki.com/navigation_bars?N=A" "Mozilla/5.0 (Linux; Android 7.0;) AppleWebKit/537.36 (KHTML, like Gecko) Mobile Safari/537.36 (compatible; PetalBot;+https://webmaster.petalsearch.com/site/petalbot)" "www.savemoki.com"
207.46.13.143 - - [02/Oct/2022:17:42:51 -0700] "GET /sitebuilder/images/header_1-223x9766.jpg HTTP/1.1" 200 45739 "-" "Mozilla/5.0 (compatible; bingbot/2.0; +http://www.bing.com/bingbot.htm)" "savemoki.com"
114.119.139.167 - - [02/Oct/2022:17:45:36 -0700] "GET /clipart/backgrounds?C=M%3BO%3DA HTTP/1.1" 301 1427 "https://www.savemoki.com/clipart/backgrounds?N=A" "Mozilla/5.0 (Linux; Android 7.0;) AppleWebKit/537.36 (KHTML, like Gecko) Mobile Safari/537.36 (compatible; PetalBot;+https://webmaster.petalsearch.com/site/petalbot)" "www.savemoki.com"
114.119.139.167 - - [02/Oct/2022:17:45:37 -0700] "GET /clipart/backgrounds/?C=M%3BO%3DA HTTP/1.1" 200 366 "https://www.savemoki.com/clipart/backgrounds?N=A" "Mozilla/5.0 (Linux; Android 7.0;) AppleWebKit/537.36 (KHTML, like Gecko) Mobile Safari/537.36 (compatible; PetalBot;+https://webmaster.petalsearch.com/site/petalbot)" "www.savemoki.com"
114.119.139.167 - - [02/Oct/2022:17:51:15 -0700] "GET /Links.html HTTP/1.1" 200 8682 "http://www.savemoki.com/Mokislabpage3.html" "Mozilla/5.0 (Linux; Android 7.0;) AppleWebKit/537.36 (KHTML, like Gecko) Mobile Safari/537.36 (compatible; PetalBot;+https://webmaster.petalsearch.com/site/petalbot)" "www.savemoki.com"
114.119.133.194 - - [02/Oct/2022:17:54:33 -0700] "GET /robots.txt HTTP/1.1" 200 55 "-" "Mozilla/5.0 (compatible;PetalBot;+https://webmaster.petalsearch.com/site/petalbot)" "savemoki.com"
114.119.139.166 - - [02/Oct/2022:17:56:56 -0700] "GET /sitebuilder/images/?C=S%3BO%3DA HTTP/1.1" 200 3814 "https://www.savemoki.com/sitebuilder/images?S=A" "Mozilla/5.0 (Linux; Android 7.0;) AppleWebKit/537.36 (KHTML, like Gecko) Mobile Safari/537.36 (compatible; PetalBot;+https://webmaster.petalsearch.com/site/petalbot)" "www.savemoki.com"
95.12.127.202 - - [02/Oct/2022:17:57:19 -0700] "GET /blog1/2015/05/07/test-post/ HTTP/1.1" 404 73 "http://savemoki.com/blog1/2015/05/07/test-post/" "Mozilla/5.0 (Windows NT 10.0; Win64; x64) AppleWebKit/537.36 (KHTML, like Gecko) Chrome/90.0.4430.85 Safari/537.36" "savemoki.com"
95.12.127.202 - - [02/Oct/2022:17:57:20 -0700] "GET / HTTP/1.1" 200 7350 "http://savemoki.com/" "Mozilla/5.0 (Windows NT 10.0; Win64; x64) AppleWebKit/537.36 (KHTML, like Gecko) Chrome/90.0.4430.85 Safari/537.36" "savemoki.com"
95.12.127.202 - - [02/Oct/2022:17:57:20 -0700] "GET /blog/ HTTP/1.1" 200 698 "http://savemoki.com/blog/" "Mozilla/5.0 (Windows NT 10.0; Win64; x64) AppleWebKit/537.36 (KHTML, like Gecko) Chrome/90.0.4430.85 Safari/537.36" "savemoki.com"
95.12.127.202 - - [02/Oct/2022:17:57:21 -0700] "GET /blog/contact_us.html HTTP/1.1" 404 73 "http://savemoki.com/blog/contact_us.html" "Mozilla/5.0 (Windows NT 10.0; Win64; x64) AppleWebKit/537.36 (KHTML, like Gecko) Chrome/90.0.4430.85 Safari/537.36" "savemoki.com"
95.12.127.202 - - [02/Oct/2022:17:57:21 -0700] "GET /contact_us.html HTTP/1.1" 200 18024 "http://savemoki.com/contact_us.html" "Mozilla/5.0 (Windows NT 10.0; Win64; x64) AppleWebKit/537.36 (KHTML, like Gecko) Chrome/90.0.4430.85 Safari/537.36" "savemoki.com"
45.91.21.13 - - [02/Oct/2022:17:59:28 -0700] "GET /blog1/2015/05/07/test-post/ HTTP/1.1" 404 73 "http://savemoki.com/blog1/2015/05/07/test-post/" "Mozilla/5.0 (Windows NT 10.0; Win64; x64) AppleWebKit/537.36 (KHTML, like Gecko) Chrome/90.0.4430.85 Safari/537.36" "savemoki.com"
45.91.21.13 - - [02/Oct/2022:17:59:29 -0700] "GET / HTTP/1.1" 200 7350 "http://savemoki.com/" "Mozilla/5.0 (Windows NT 10.0; Win64; x64) AppleWebKit/537.36 (KHTML, like Gecko) Chrome/90.0.4430.85 Safari/537.36" "savemoki.com"
45.91.21.13 - - [02/Oct/2022:17:59:30 -0700] "GET /blog/ HTTP/1.1" 200 698 "http://savemoki.com/blog/" "Mozilla/5.0 (Windows NT 10.0; Win64; x64) AppleWebKit/537.36 (KHTML, like Gecko) Chrome/90.0.4430.85 Safari/537.36" "savemoki.com"
114.119.139.185 - - [02/Oct/2022:18:02:37 -0700] "GET /navigation_bars?C=S%3BO%3DA HTTP/1.1" 301 1425 "https://savemoki.com/navigation_bars?C=M%3BO%3DA" "Mozilla/5.0 (Linux; Android 7.0;) AppleWebKit/537.36 (KHTML, like Gecko) Mobile Safari/537.36 (compatible; PetalBot;+https://webmaster.petalsearch.com/site/petalbot)" "savemoki.com"
114.119.139.185 - - [02/Oct/2022:18:02:37 -0700] "GET /navigation_bars/?C=S%3BO%3DA HTTP/1.1" 200 408 "https://savemoki.com/navigation_bars?C=M%3BO%3DA" "Mozilla/5.0 (Linux; Android 7.0;) AppleWebKit/537.36 (KHTML, like Gecko) Mobile Safari/537.36 (compatible; PetalBot;+https://webmaster.petalsearch.com/site/petalbot)" "savemoki.com"
114.119.139.167 - - [02/Oct/2022:18:08:19 -0700] "GET /sitebuilder/scripts?M=A HTTP/1.1" 301 1423 "https://www.savemoki.com/sitebuilder/scripts?S=D" "Mozilla/5.0 (Linux; Android 7.0;) AppleWebKit/537.36 (KHTML, like Gecko) Mobile Safari/537.36 (compatible; PetalBot;+https://webmaster.petalsearch.com/site/petalbot)" "www.savemoki.com"
114.119.139.167 - - [02/Oct/2022:18:08:20 -0700] "GET /sitebuilder/scripts/?M=A HTTP/1.1" 200 373 "https://www.savemoki.com/sitebuilder/scripts?S=D" "Mozilla/5.0 (Linux; Android 7.0;) AppleWebKit/537.36 (KHTML, like Gecko) Mobile Safari/537.36 (compatible; PetalBot;+https://webmaster.petalsearch.com/site/petalbot)" "www.savemoki.com"
114.119.133.125 - - [02/Oct/2022:18:11:56 -0700] "GET /robots.txt HTTP/1.1" 200 55 "-" "Mozilla/5.0 (compatible;PetalBot;+https://webmaster.petalsearch.com/site/petalbot)" "www.savemoki.com"
114.119.139.148 - - [02/Oct/2022:18:13:58 -0700] "GET /socialenginetrial?D=D HTTP/1.1" 301 1422 "https://www.savemoki.com/socialenginetrial?D=A" "Mozilla/5.0 (Linux; Android 7.0;) AppleWebKit/537.36 (KHTML, like Gecko) Mobile Safari/537.36 (compatible; PetalBot;+https://webmaster.petalsearch.com/site/petalbot)" "www.savemoki.com"
114.119.139.148 - - [02/Oct/2022:18:13:59 -0700] "GET /socialenginetrial/?D=D HTTP/1.1" 200 318 "https://www.savemoki.com/socialenginetrial?D=A" "Mozilla/5.0 (Linux; Android 7.0;) AppleWebKit/537.36 (KHTML, like Gecko) Mobile Safari/537.36 (compatible; PetalBot;+https://webmaster.petalsearch.com/site/petalbot)" "www.savemoki.com"
35.166.96.65 - - [02/Oct/2022:18:16:23 -0700] "GET / HTTP/1.1" 200 1286 "-" "Mozilla/5.0 (X11; Linux x86_64) AppleWebKit/537.36 (KHTML, like Gecko) Chrome/83.0.4103.97 Safari/537.36" "savemoki.com"
34.215.242.244 - - [02/Oct/2022:18:16:48 -0700] "GET /favicon.ico HTTP/1.1" 404 88 "-" "Mozilla/5.0 (X11; Linux x86_64) AppleWebKit/537.36 (KHTML, like Gecko) Chrome/83.0.4103.97 Safari/537.36" "savemoki.com"
34.215.242.244 - - [02/Oct/2022:18:16:55 -0700] "GET / HTTP/1.1" 200 1286 "-" "Mozilla/5.0 (X11; Linux x86_64) AppleWebKit/537.36 (KHTML, like Gecko) Chrome/83.0.4103.97 Safari/537.36" "savemoki.com"
64.124.8.44 - - [02/Oct/2022:18:19:20 -0700] "GET /clipart/buttons/themes/rectangle_yellow/ HTTP/1.1" 200 427 "-" "Mozilla/5.0 (X11; Linux x86_64) AppleWebKit/537.36 (KHTML, like Gecko) Chrome/61.0.3163.79 Safari/537.36" "savemoki.com"
114.119.139.185 - - [02/Oct/2022:18:19:37 -0700] "GET /clipart/bullets/ HTTP/1.1" 200 429 "https://savemoki.com/clipart?C=D%3BO%3DA" "Mozilla/5.0 (Linux; Android 7.0;) AppleWebKit/537.36 (KHTML, like Gecko) Mobile Safari/537.36 (compatible; PetalBot;+https://webmaster.petalsearch.com/site/petalbot)" "savemoki.com"
34.221.161.236 - - [02/Oct/2022:18:20:23 -0700] "GET / HTTP/1.1" 200 1286 "-" "Mozilla/5.0 (X11; Linux x86_64) AppleWebKit/537.36 (KHTML, like Gecko) Chrome/83.0.4103.97 Safari/537.36" "savemoki.com"
64.124.8.44 - - [02/Oct/2022:18:20:32 -0700] "GET /robots.txt HTTP/1.1" 200 55 "-" "Mozilla/5.0 (X11; Linux x86_64) AppleWebKit/537.36 (KHTML, like Gecko) Chrome/61.0.3163.79 Safari/537.36" "savemoki.com"
64.124.8.44 - - [02/Oct/2022:18:20:32 -0700] "GET /clipart/buttons/themes/swoosh_blue/ HTTP/1.1" 200 418 "-" "Mozilla/5.0 (X11; Linux x86_64) AppleWebKit/537.36 (KHTML, like Gecko) Chrome/61.0.3163.79 Safari/537.36" "savemoki.com"
35.89.138.34 - - [02/Oct/2022:18:20:48 -0700] "GET /favicon.ico HTTP/1.1" 404 88 "-" "Mozilla/5.0 (X11; Linux x86_64) AppleWebKit/537.36 (KHTML, like Gecko) Chrome/83.0.4103.97 Safari/537.36" "savemoki.com"
35.89.138.34 - - [02/Oct/2022:18:20:50 -0700] "GET / HTTP/1.1" 200 1286 "-" "Mozilla/5.0 (X11; Linux x86_64) AppleWebKit/537.36 (KHTML, like Gecko) Chrome/83.0.4103.97 Safari/537.36" "savemoki.com"
37.139.53.81 - - [02/Oct/2022:18:23:34 -0700] "GET /contact_us.html HTTP/1.1" 200 18024 "http://savemoki.com/contact_us.html" "Mozilla/5.0 (Windows NT 10.0; Win64; x64) AppleWebKit/537.36 (KHTML, like Gecko) Chrome/83.0.4099.2 Safari/537.36" "savemoki.com"
114.119.139.166 - - [02/Oct/2022:18:25:14 -0700] "GET / HTTP/1.1" 200 1286 "http://www.savemoki.com/socialenginetrial/?C=D%3BO%3DA" "Mozilla/5.0 (Linux; Android 7.0;) AppleWebKit/537.36 (KHTML, like Gecko) Mobile Safari/537.36 (compatible; PetalBot;+https://webmaster.petalsearch.com/site/petalbot)" "www.savemoki.com"
185.191.171.37 - - [02/Oct/2022:18:29:26 -0700] "GET /Donate HTTP/1.1" 200 2982 "-" "Mozilla/5.0 (compatible; SemrushBot/7~bl; +http://www.semrush.com/bot.html)" "savemoki.com"
114.119.139.166 - - [02/Oct/2022:18:30:53 -0700] "GET /clipart/images/sidebars/?C=M%3BO%3DA HTTP/1.1" 200 432 "https://www.savemoki.com/clipart/images/sidebars/?C=N%3BO%3DD" "Mozilla/5.0 (Linux; Android 7.0;) AppleWebKit/537.36 (KHTML, like Gecko) Mobile Safari/537.36 (compatible; PetalBot;+https://webmaster.petalsearch.com/site/petalbot)" "www.savemoki.com"
77.88.5.159 - - [02/Oct/2022:18:34:11 -0700] "GET /robots.txt HTTP/1.1" 200 39 "-" "Mozilla/5.0 (compatible; YandexBot/3.0; +http://yandex.com/bots)" "savemoki.com"
77.88.5.174 - - [02/Oct/2022:18:34:14 -0700] "GET /?C=M;O=A HTTP/1.1" 200 1285 "-" "Mozilla/5.0 (compatible; YandexBot/3.0; +http://yandex.com/bots)" "savemoki.com"
114.119.139.167 - - [02/Oct/2022:18:36:40 -0700] "GET /yahoo_site_admin/ HTTP/1.1" 200 5367 "https://savemoki.com/?C=D%3BO%3DA" "Mozilla/5.0 (Linux; Android 7.0;) AppleWebKit/537.36 (KHTML, like Gecko) Mobile Safari/537.36 (compatible; PetalBot;+https://webmaster.petalsearch.com/site/petalbot)" "savemoki.com"
194.169.217.98 - - [02/Oct/2022:18:40:21 -0700] "GET /blog1/2015/05/07/test-post/ HTTP/1.1" 404 73 "http://savemoki.com/blog1/2015/05/07/test-post/" "Mozilla/5.0 (Windows NT 10.0; Win64; x64) AppleWebKit/537.36 (KHTML, like Gecko) Chrome/90.0.4430.85 Safari/537.36 Edg/90.0.818.46" "savemoki.com"
194.169.217.98 - - [02/Oct/2022:18:40:22 -0700] "GET / HTTP/1.1" 200 7350 "http://savemoki.com/" "Mozilla/5.0 (Windows NT 10.0; Win64; x64) AppleWebKit/537.36 (KHTML, like Gecko) Chrome/90.0.4430.85 Safari/537.36 Edg/90.0.818.46" "savemoki.com"
194.169.217.98 - - [02/Oct/2022:18:40:23 -0700] "GET /blog/ HTTP/1.1" 200 698 "http://savemoki.com/blog/" "Mozilla/5.0 (Windows NT 10.0; Win64; x64) AppleWebKit/537.36 (KHTML, like Gecko) Chrome/90.0.4430.85 Safari/537.36 Edg/90.0.818.46" "savemoki.com"
114.119.139.166 - - [02/Oct/2022:18:42:19 -0700] "GET /Special_Thanks.html HTTP/1.1" 200 3182 "https://www.savemoki.com/?C=N%3BO%3DD" "Mozilla/5.0 (Linux; Android 7.0;) AppleWebKit/537.36 (KHTML, like Gecko) Mobile Safari/537.36 (compatible; PetalBot;+https://webmaster.petalsearch.com/site/petalbot)" "www.savemoki.com"
64.124.8.44 - - [02/Oct/2022:18:43:12 -0700] "GET /clipart/backgrounds/ HTTP/1.1" 200 366 "-" "Mozilla/5.0 (X11; Linux x86_64) AppleWebKit/537.36 (KHTML, like Gecko) Chrome/61.0.3163.79 Safari/537.36" "savemoki.com"
114.119.139.166 - - [02/Oct/2022:18:48:02 -0700] "GET /clipart/images/sidebars?C=N%3BO%3DD HTTP/1.1" 301 1433 "https://savemoki.com/clipart/images/sidebars?C=S%3BO%3DA" "Mozilla/5.0 (Linux; Android 7.0;) AppleWebKit/537.36 (KHTML, like Gecko) Mobile Safari/537.36 (compatible; PetalBot;+https://webmaster.petalsearch.com/site/petalbot)" "savemoki.com"
114.119.139.166 - - [02/Oct/2022:18:48:05 -0700] "GET /clipart/images/sidebars/?C=N%3BO%3DD HTTP/1.1" 200 432 "https://savemoki.com/clipart/images/sidebars?C=S%3BO%3DA" "Mozilla/5.0 (Linux; Android 7.0;) AppleWebKit/537.36 (KHTML, like Gecko) Mobile Safari/537.36 (compatible; PetalBot;+https://webmaster.petalsearch.com/site/petalbot)" "savemoki.com"
114.119.139.166 - - [02/Oct/2022:18:53:43 -0700] "GET /contact_us HTTP/1.1" 200 7366 "https://www.savemoki.com/links" "Mozilla/5.0 (Linux; Android 7.0;) AppleWebKit/537.36 (KHTML, like Gecko) Mobile Safari/537.36 (compatible; PetalBot;+https://webmaster.petalsearch.com/site/petalbot)" "www.savemoki.com"
114.119.139.185 - - [02/Oct/2022:18:59:26 -0700] "GET /2test/index.php/courses/seventh-grade HTTP/1.1" 200 20426 "https://savemoki.com/2test/index.php/2020/04/03/sample-page" "Mozilla/5.0 (Linux; Android 7.0;) AppleWebKit/537.36 (KHTML, like Gecko) Mobile Safari/537.36 (compatible; PetalBot;+https://webmaster.petalsearch.com/site/petalbot)" "savemoki.com"
10.213.116.62 - - [02/Oct/2022:18:59:30 -0700] "POST /2test/wp-cron.php?doing_wp_cron=1664762370.8859651088714599609375 HTTP/1.1" 200 - "https://savemoki.com/2test/wp-cron.php?doing_wp_cron=1664762370.8859651088714599609375" "WordPress/5.4.11; https://savemoki.com/2test" "savemoki.com"
114.119.156.133 - - [02/Oct/2022:19:05:03 -0700] "GET /sitebuilder/scripts/?C=S%3BO%3DA HTTP/1.1" 200 373 "https://www.savemoki.com/sitebuilder/scripts/?C=D%3BO%3DA" "Mozilla/5.0 (Linux; Android 7.0;) AppleWebKit/537.36 (KHTML, like Gecko) Mobile Safari/537.36 (compatible; PetalBot;+https://webmaster.petalsearch.com/site/petalbot)" "www.savemoki.com"
64.124.8.44 - - [02/Oct/2022:19:07:14 -0700] "GET /2test/index.php/heritage-junior-high-school/ HTTP/1.1" 200 19135 "-" "Mozilla/5.0 (X11; Linux x86_64) AppleWebKit/537.36 (KHTML, like Gecko) Chrome/61.0.3163.79 Safari/537.36" "savemoki.com"
118.184.177.11 - - [02/Oct/2022:19:10:28 -0700] "GET / HTTP/1.1" 200 1286 "-" "Sogou web spider/4.0(+http://www.sogou.com/docs/help/webmasters.htm#07)" "www.savemoki.com"
114.119.156.133 - - [02/Oct/2022:19:10:44 -0700] "GET /sitebuilder/scripts/ HTTP/1.1" 200 373 "https://savemoki.com/sitebuilder" "Mozilla/5.0 (Linux; Android 7.0;) AppleWebKit/537.36 (KHTML, like Gecko) Mobile Safari/537.36 (compatible; PetalBot;+https://webmaster.petalsearch.com/site/petalbot)" "savemoki.com"
192.99.4.140 - - [02/Oct/2022:19:14:07 -0700] "GET /robots.txt HTTP/1.1" 200 39 "-" "Mozilla/5.0 (compatible; MJ12bot/v1.4.8; http://mj12bot.com/)" "www.savemoki.com"
192.99.4.140 - - [02/Oct/2022:19:14:09 -0700] "GET /blog/?C=D;O=D HTTP/1.1" 200 350 "-" "Mozilla/5.0 (compatible; MJ12bot/v1.4.8; http://mj12bot.com/)" "www.savemoki.com"
192.99.4.140 - - [02/Oct/2022:19:14:13 -0700] "GET /blog/?C=N;O=A HTTP/1.1" 200 352 "-" "Mozilla/5.0 (compatible; MJ12bot/v1.4.8; http://mj12bot.com/)" "www.savemoki.com"
192.99.4.140 - - [02/Oct/2022:19:14:15 -0700] "GET /blog/wp-content/themes/?C=D;O=D HTTP/1.1" 200 403 "-" "Mozilla/5.0 (compatible; MJ12bot/v1.4.8; http://mj12bot.com/)" "www.savemoki.com"
192.99.4.140 - - [02/Oct/2022:19:14:16 -0700] "GET /blog/wp-content/themes/?C=N;O=A HTTP/1.1" 200 405 "-" "Mozilla/5.0 (compatible; MJ12bot/v1.4.8; http://mj12bot.com/)" "www.savemoki.com"
192.99.4.140 - - [02/Oct/2022:19:14:18 -0700] "GET /blog/wp-content/themes/?C=S;O=D HTTP/1.1" 200 403 "-" "Mozilla/5.0 (compatible; MJ12bot/v1.4.8; http://mj12bot.com/)" "www.savemoki.com"
192.99.4.140 - - [02/Oct/2022:19:14:21 -0700] "GET /clipart/backgrounds/fullpage/?C=D;O=D HTTP/1.1" 200 387 "-" "Mozilla/5.0 (compatible; MJ12bot/v1.4.8; http://mj12bot.com/)" "www.savemoki.com"
192.99.4.140 - - [02/Oct/2022:19:14:23 -0700] "GET /clipart/backgrounds/fullpage/?C=M;O=D HTTP/1.1" 200 387 "-" "Mozilla/5.0 (compatible; MJ12bot/v1.4.8; http://mj12bot.com/)" "www.savemoki.com"
192.99.4.140 - - [02/Oct/2022:19:14:24 -0700] "GET /clipart/backgrounds/fullpage/?C=N;O=A HTTP/1.1" 200 389 "-" "Mozilla/5.0 (compatible; MJ12bot/v1.4.8; http://mj12bot.com/)" "www.savemoki.com"
192.99.4.140 - - [02/Oct/2022:19:14:27 -0700] "GET /clipart/backgrounds/fullpage/?C=S;O=D HTTP/1.1" 200 387 "-" "Mozilla/5.0 (compatible; MJ12bot/v1.4.8; http://mj12bot.com/)" "www.savemoki.com"
192.99.4.140 - - [02/Oct/2022:19:14:30 -0700] "GET /clipart/buttons/themes/?C=D;O=D HTTP/1.1" 200 397 "-" "Mozilla/5.0 (compatible; MJ12bot/v1.4.8; http://mj12bot.com/)" "www.savemoki.com"
192.99.4.140 - - [02/Oct/2022:19:14:35 -0700] "GET /clipart/buttons/themes/?C=M;O=D HTTP/1.1" 200 397 "-" "Mozilla/5.0 (compatible; MJ12bot/v1.4.8; http://mj12bot.com/)" "www.savemoki.com"
192.99.4.140 - - [02/Oct/2022:19:14:37 -0700] "GET /clipart/buttons/themes/?C=N;O=A HTTP/1.1" 200 404 "-" "Mozilla/5.0 (compatible; MJ12bot/v1.4.8; http://mj12bot.com/)" "www.savemoki.com"
192.99.4.140 - - [02/Oct/2022:19:14:38 -0700] "GET /clipart/buttons/themes/?C=S;O=D HTTP/1.1" 200 397 "-" "Mozilla/5.0 (compatible; MJ12bot/v1.4.8; http://mj12bot.com/)" "www.savemoki.com"
192.99.4.140 - - [02/Oct/2022:19:14:40 -0700] "GET /clipart/images/frames/?C=D;O=D HTTP/1.1" 200 377 "-" "Mozilla/5.0 (compatible; MJ12bot/v1.4.8; http://mj12bot.com/)" "www.savemoki.com"
192.99.4.140 - - [02/Oct/2022:19:14:42 -0700] "GET /clipart/images/frames/?C=M;O=D HTTP/1.1" 200 377 "-" "Mozilla/5.0 (compatible; MJ12bot/v1.4.8; http://mj12bot.com/)" "www.savemoki.com"
192.99.4.140 - - [02/Oct/2022:19:14:44 -0700] "GET /clipart/images/frames/?C=N;O=A HTTP/1.1" 200 379 "-" "Mozilla/5.0 (compatible; MJ12bot/v1.4.8; http://mj12bot.com/)" "www.savemoki.com"
192.99.4.140 - - [02/Oct/2022:19:14:46 -0700] "GET /clipart/images/sidebars/?C=D;O=D HTTP/1.1" 200 431 "-" "Mozilla/5.0 (compatible; MJ12bot/v1.4.8; http://mj12bot.com/)" "www.savemoki.com"
192.99.4.140 - - [02/Oct/2022:19:14:48 -0700] "GET /clipart/images/sidebars/?C=M;O=D HTTP/1.1" 200 431 "-" "Mozilla/5.0 (compatible; MJ12bot/v1.4.8; http://mj12bot.com/)" "www.savemoki.com"
192.99.4.140 - - [02/Oct/2022:19:14:52 -0700] "GET /clipart/images/sidebars/?C=N;O=A HTTP/1.1" 200 432 "-" "Mozilla/5.0 (compatible; MJ12bot/v1.4.8; http://mj12bot.com/)" "www.savemoki.com"
192.99.4.140 - - [02/Oct/2022:19:14:54 -0700] "GET /clipart/images/sidebars/?C=S;O=D HTTP/1.1" 200 431 "-" "Mozilla/5.0 (compatible; MJ12bot/v1.4.8; http://mj12bot.com/)" "www.savemoki.com"
192.99.4.140 - - [02/Oct/2022:19:14:56 -0700] "GET /clipart/lines/horizontal/?C=D;O=D HTTP/1.1" 200 405 "-" "Mozilla/5.0 (compatible; MJ12bot/v1.4.8; http://mj12bot.com/)" "www.savemoki.com"
192.99.4.140 - - [02/Oct/2022:19:14:59 -0700] "GET /clipart/lines/horizontal/?C=M;O=D HTTP/1.1" 200 405 "-" "Mozilla/5.0 (compatible; MJ12bot/v1.4.8; http://mj12bot.com/)" "www.savemoki.com"
192.99.4.140 - - [02/Oct/2022:19:15:00 -0700] "GET /clipart/lines/horizontal/?C=N;O=A HTTP/1.1" 200 408 "-" "Mozilla/5.0 (compatible; MJ12bot/v1.4.8; http://mj12bot.com/)" "www.savemoki.com"
114.119.156.133 - - [02/Oct/2022:19:16:30 -0700] "GET /sitebuilder/?C=D%3BO%3DA HTTP/1.1" 200 372 "https://savemoki.com/sitebuilder" "Mozilla/5.0 (Linux; Android 7.0;) AppleWebKit/537.36 (KHTML, like Gecko) Mobile Safari/537.36 (compatible; PetalBot;+https://webmaster.petalsearch.com/site/petalbot)" "savemoki.com"
178.159.37.4 - - [02/Oct/2022:19:18:57 -0700] "GET /blog1/2015/05/07/test-post/ HTTP/1.1" 404 73 "http://savemoki.com/blog1/2015/05/07/test-post/" "Mozilla/5.0 (Windows NT 6.1; Win64; x64) AppleWebKit/537.36 (KHTML, like Gecko) Chrome/90.0.4430.93 Safari/537.36" "savemoki.com"
178.159.37.4 - - [02/Oct/2022:19:18:58 -0700] "GET / HTTP/1.1" 200 7350 "http://savemoki.com/" "Mozilla/5.0 (Windows NT 6.1; Win64; x64) AppleWebKit/537.36 (KHTML, like Gecko) Chrome/90.0.4430.93 Safari/537.36" "savemoki.com"
178.159.37.4 - - [02/Oct/2022:19:18:58 -0700] "GET /blog/ HTTP/1.1" 200 698 "http://savemoki.com/blog/" "Mozilla/5.0 (Windows NT 6.1; Win64; x64) AppleWebKit/537.36 (KHTML, like Gecko) Chrome/90.0.4430.93 Safari/537.36" "savemoki.com"
178.159.37.4 - - [02/Oct/2022:19:18:59 -0700] "GET /blog/contact_us.html HTTP/1.1" 404 73 "http://savemoki.com/blog/contact_us.html" "Mozilla/5.0 (Windows NT 6.1; Win64; x64) AppleWebKit/537.36 (KHTML, like Gecko) Chrome/90.0.4430.93 Safari/537.36" "savemoki.com"
178.159.37.4 - - [02/Oct/2022:19:18:59 -0700] "GET /contact_us.html HTTP/1.1" 200 18024 "http://savemoki.com/contact_us.html" "Mozilla/5.0 (Windows NT 6.1; Win64; x64) AppleWebKit/537.36 (KHTML, like Gecko) Chrome/90.0.4430.93 Safari/537.36" "savemoki.com"
